[INFO] fetching crate saola-sql-ddl 0.1.0...
[INFO] testing saola-sql-ddl-0.1.0 against 1.100.0-beta.1 for beta-1.100-2
[INFO] extracting crate saola-sql-ddl 0.1.0 into /workspace/builds/worker-5-tc2/source
[INFO] started tweaking crates.io crate saola-sql-ddl 0.1.0
[INFO] finished tweaking crates.io crate saola-sql-ddl 0.1.0
[INFO] tweaked toml for crates.io crate saola-sql-ddl 0.1.0 written to /workspace/builds/worker-5-tc2/source/Cargo.toml
[INFO] validating manifest of crates.io crate saola-sql-ddl 0.1.0 on toolchain 1.100.0-beta.1
[INFO] running `Command { std: CARGO_HOME="/workspace/cargo-home" RUSTUP_HOME="/workspace/rustup-home" "/workspace/cargo-home/bin/cargo" "+1.100.0-beta.1" "metadata" "--manifest-path" "Cargo.toml" "--no-deps", kill_on_drop: false }`
[INFO] crate crates.io crate saola-sql-ddl 0.1.0 already has a lockfile, it will not be regenerated
[INFO] running `Command { std: CARGO_HOME="/workspace/cargo-home" RUSTUP_HOME="/workspace/rustup-home" "/workspace/cargo-home/bin/cargo" "+1.100.0-beta.1" "fetch" "--manifest-path" "Cargo.toml", kill_on_drop: false }`
[INFO] [stderr]     Blocking waiting for file lock on package cache
[INFO] [stderr]     Blocking waiting for file lock on package cache
[INFO] running `Command { std: "docker" "create" "-v" "/var/lib/crater-agent-workspace/builds/worker-5-tc2/source:/opt/rustwide/workdir:ro,Z" "-v" "/var/lib/crater-agent-workspace/builds/worker-5-tc2/target:/opt/rustwide/target:rw,Z" "-v" "/var/lib/crater-agent-workspace/cargo-home:/opt/rustwide/cargo-home:ro,Z" "-v" "/var/lib/crater-agent-workspace/rustup-home:/opt/rustwide/rustup-home:ro,Z" "-m" "1610612736" "--network" "none" "ghcr.io/rust-lang/crates-build-env/linux@sha256:3111399a4047eeb3a02b7a90e478d715f38a8c6669b5c4b49d30a17385265909" "sleep" "infinity", kill_on_drop: false }`
[INFO] [stdout] 069cd6b5dfa9ddfd64258d0d4a28b9ea590e79f809c556ecfd82c9006d3de89d
[INFO] running `Command { std: "docker" "start" "069cd6b5dfa9ddfd64258d0d4a28b9ea590e79f809c556ecfd82c9006d3de89d", kill_on_drop: false }`
[INFO] running `Command { std: "docker" "inspect" "069cd6b5dfa9ddfd64258d0d4a28b9ea590e79f809c556ecfd82c9006d3de89d", kill_on_drop: false }`
[INFO] running `Command { std: "docker" "exec" "-e" "SOURCE_DIR=/opt/rustwide/workdir" "-e" "CARGO_HOME=/opt/rustwide/cargo-home" "-e" "RUSTUP_HOME=/opt/rustwide/rustup-home" "-e" "CARGO_TARGET_DIR=/opt/rustwide/target" "-w" "/opt/rustwide/workdir" "--user" "0:0" "069cd6b5dfa9ddfd64258d0d4a28b9ea590e79f809c556ecfd82c9006d3de89d" "/opt/rustwide/cargo-home/bin/cargo" "+1.100.0-beta.1" "metadata" "--no-deps" "--format-version=1", kill_on_drop: false }`
[INFO] running `Command { std: "docker" "inspect" "069cd6b5dfa9ddfd64258d0d4a28b9ea590e79f809c556ecfd82c9006d3de89d", kill_on_drop: false }`
[INFO] running `Command { std: "docker" "exec" "-e" "SOURCE_DIR=/opt/rustwide/workdir" "-e" "CARGO_HOME=/opt/rustwide/cargo-home" "-e" "RUSTUP_HOME=/opt/rustwide/rustup-home" "-e" "CARGO_TARGET_DIR=/opt/rustwide/target" "-e" "CARGO_INCREMENTAL=0" "-e" "RUST_BACKTRACE=full" "-e" "RUSTFLAGS=--cap-lints=warn" "-e" "RUSTDOCFLAGS=--cap-lints=warn" "-w" "/opt/rustwide/workdir" "--user" "0:0" "069cd6b5dfa9ddfd64258d0d4a28b9ea590e79f809c556ecfd82c9006d3de89d" "/opt/rustwide/cargo-home/bin/cargo" "+1.100.0-beta.1" "build" "--frozen" "--message-format=json", kill_on_drop: false }`
[INFO] [stderr]    Compiling saola-sql-ddl v0.1.0 (/opt/rustwide/workdir)
[INFO] [stderr]     Finished `dev` profile [unoptimized + debuginfo] target(s) in 0.47s
[INFO] running `Command { std: "docker" "inspect" "069cd6b5dfa9ddfd64258d0d4a28b9ea590e79f809c556ecfd82c9006d3de89d", kill_on_drop: false }`
[INFO] running `Command { std: "docker" "exec" "-e" "SOURCE_DIR=/opt/rustwide/workdir" "-e" "CARGO_HOME=/opt/rustwide/cargo-home" "-e" "RUSTUP_HOME=/opt/rustwide/rustup-home" "-e" "CARGO_TARGET_DIR=/opt/rustwide/target" "-e" "CARGO_INCREMENTAL=0" "-e" "RUST_BACKTRACE=full" "-e" "RUSTFLAGS=--cap-lints=warn" "-e" "RUSTDOCFLAGS=--cap-lints=warn" "-w" "/opt/rustwide/workdir" "--user" "0:0" "069cd6b5dfa9ddfd64258d0d4a28b9ea590e79f809c556ecfd82c9006d3de89d" "/opt/rustwide/cargo-home/bin/cargo" "+1.100.0-beta.1" "test" "--frozen" "--no-run" "--message-format=json", kill_on_drop: false }`
[INFO] [stderr]    Compiling indoc v2.0.7
[INFO] [stderr]    Compiling saola-sql-ddl v0.1.0 (/opt/rustwide/workdir)
[INFO] [stderr]     Finished `test` profile [unoptimized + debuginfo] target(s) in 1.29s
[INFO] running `Command { std: "docker" "inspect" "069cd6b5dfa9ddfd64258d0d4a28b9ea590e79f809c556ecfd82c9006d3de89d", kill_on_drop: false }`
[INFO] running `Command { std: "docker" "exec" "-e" "SOURCE_DIR=/opt/rustwide/workdir" "-e" "CARGO_HOME=/opt/rustwide/cargo-home" "-e" "RUSTUP_HOME=/opt/rustwide/rustup-home" "-e" "CARGO_TARGET_DIR=/opt/rustwide/target" "-e" "CARGO_INCREMENTAL=0" "-e" "RUST_BACKTRACE=full" "-e" "RUSTFLAGS=--cap-lints=warn" "-e" "RUSTDOCFLAGS=--cap-lints=warn" "-w" "/opt/rustwide/workdir" "--user" "0:0" "069cd6b5dfa9ddfd64258d0d4a28b9ea590e79f809c556ecfd82c9006d3de89d" "/opt/rustwide/cargo-home/bin/cargo" "+1.100.0-beta.1" "test" "--frozen", kill_on_drop: false }`
[INFO] [stderr]     Finished `test` profile [unoptimized + debuginfo] target(s) in 0.03s
[INFO] [stderr]      Running unittests src/lib.rs (/opt/rustwide/target/debug/build/saola-sql-ddl/d817218905fb4938/out/saola_sql_ddl-d817218905fb4938)
[INFO] [stdout] 
[INFO] [stdout] running 12 tests
[INFO] [stdout] test postgres::tests::create_enum_with_variants ... ok
[INFO] [stdout] test postgres::tests::create_hash_index ... ok
[INFO] [stdout] test mysql::tests::full_create_table ... ok
[INFO] [stdout] test sqlite::tests::basic_create_table ... ok
[INFO] [stdout] test postgres::tests::full_alter_table_add_foreign_key ... ok
[INFO] [stdout] test mysql::tests::alter_table_add_foreign_key ... ok
[INFO] [stdout] test postgres::tests::rename_table ... ok
[INFO] [stdout] test postgres::tests::create_enum_without_variants ... ok
[INFO] [stdout] test sqlite::tests::create_table_with_primary_key_and_foreign_keys ... ok
[INFO] [stdout] test sqlite::tests::create_table_with_primary_key ... ok
[INFO] [stdout] test postgres::tests::create_unique_index_sort_order ... ok
[INFO] [stdout] test postgres::tests::create_unique_index ... ok
[INFO] [stdout] 
[INFO] [stdout] test result: ok. 12 passed; 0 failed; 0 ignored; 0 measured; 0 filtered out; finished in 0.00s
[INFO] [stdout] 
[INFO] [stderr]    Doc-tests saola_sql_ddl
[INFO] [stdout] 
[INFO] [stdout] running 4 tests
[INFO] [stdout] test src/postgres.rs - postgres::DropType (line 146) ... FAILED
[INFO] [stdout] test src/postgres.rs - postgres::DropTable (line 115) ... FAILED
[INFO] [stdout] test src/postgres.rs - postgres::DropView (line 167) ... FAILED
[INFO] [stdout] test src/postgres.rs - postgres::DropIndex (line 94) ... FAILED
[INFO] [stdout] 
[INFO] [stdout] failures:
[INFO] [stdout] 
[INFO] [stdout] ---- src/postgres.rs - postgres::DropType (line 146) stdout ----
[INFO] [stdout] error[E0433]: cannot find module or crate `sql_ddl` in this scope
[INFO] [stdout]    --> src/postgres.rs:147:5
[INFO] [stdout]     |
[INFO] [stdout] 147 | use sql_ddl::postgres::DropType;
[INFO] [stdout]     |     ^^^^^^^ use of unresolved module or unlinked crate `sql_ddl`
[INFO] [stdout]     |
[INFO] [stdout]     = help: if you wanted to use a crate named `sql_ddl`, use `cargo add sql_ddl` to add it to your `Cargo.toml`
[INFO] [stdout] 
[INFO] [stdout] error: aborting due to 1 previous error
[INFO] [stdout] 
[INFO] [stdout] For more information about this error, try `rustc --explain E0433`.
[INFO] [stdout] Couldn't compile the test.
[INFO] [stdout] ---- src/postgres.rs - postgres::DropTable (line 115) stdout ----
[INFO] [stdout] error[E0433]: cannot find module or crate `sql_ddl` in this scope
[INFO] [stdout]    --> src/postgres.rs:116:5
[INFO] [stdout]     |
[INFO] [stdout] 116 | use sql_ddl::postgres::DropTable;
[INFO] [stdout]     |     ^^^^^^^ use of unresolved module or unlinked crate `sql_ddl`
[INFO] [stdout]     |
[INFO] [stdout]     = help: if you wanted to use a crate named `sql_ddl`, use `cargo add sql_ddl` to add it to your `Cargo.toml`
[INFO] [stdout] 
[INFO] [stdout] error: aborting due to 1 previous error
[INFO] [stdout] 
[INFO] [stdout] For more information about this error, try `rustc --explain E0433`.
[INFO] [stdout] Couldn't compile the test.
[INFO] [stdout] ---- src/postgres.rs - postgres::DropView (line 167) stdout ----
[INFO] [stdout] error[E0433]: cannot find module or crate `sql_ddl` in this scope
[INFO] [stdout]    --> src/postgres.rs:168:5
[INFO] [stdout]     |
[INFO] [stdout] 168 | use sql_ddl::postgres::DropView;
[INFO] [stdout]     |     ^^^^^^^ use of unresolved module or unlinked crate `sql_ddl`
[INFO] [stdout]     |
[INFO] [stdout]     = help: if you wanted to use a crate named `sql_ddl`, use `cargo add sql_ddl` to add it to your `Cargo.toml`
[INFO] [stdout] 
[INFO] [stdout] error: aborting due to 1 previous error
[INFO] [stdout] 
[INFO] [stdout] For more information about this error, try `rustc --explain E0433`.
[INFO] [stdout] Couldn't compile the test.
[INFO] [stdout] ---- src/postgres.rs - postgres::DropIndex (line 94) stdout ----
[INFO] [stdout] error[E0433]: cannot find module or crate `sql_ddl` in this scope
[INFO] [stdout]   --> src/postgres.rs:95:5
[INFO] [stdout]    |
[INFO] [stdout] 95 | use sql_ddl::postgres::DropIndex;
[INFO] [stdout]    |     ^^^^^^^ use of unresolved module or unlinked crate `sql_ddl`
[INFO] [stdout]    |
[INFO] [stdout]    = help: if you wanted to use a crate named `sql_ddl`, use `cargo add sql_ddl` to add it to your `Cargo.toml`
[INFO] [stdout] 
[INFO] [stdout] error: aborting due to 1 previous error
[INFO] [stdout] 
[INFO] [stdout] For more information about this error, try `rustc --explain E0433`.
[INFO] [stdout] Couldn't compile the test.
[INFO] [stdout] 
[INFO] [stdout] failures:
[INFO] [stdout]     src/postgres.rs - postgres::DropIndex (line 94)
[INFO] [stdout]     src/postgres.rs - postgres::DropTable (line 115)
[INFO] [stdout]     src/postgres.rs - postgres::DropType (line 146)
[INFO] [stdout]     src/postgres.rs - postgres::DropView (line 167)
[INFO] [stdout] 
[INFO] [stdout] test result: FAILED. 0 passed; 4 failed; 0 ignored; 0 measured; 0 filtered out; finished in 0.14s
[INFO] [stdout] 
[INFO] [stdout] all doctests ran in 0.23s; merged doctests compilation took 0.08s
[INFO] [stderr] error: doctest failed, to rerun pass `--doc`
[INFO] running `Command { std: "docker" "inspect" "069cd6b5dfa9ddfd64258d0d4a28b9ea590e79f809c556ecfd82c9006d3de89d", kill_on_drop: false }`
[INFO] running `Command { std: "docker" "rm" "-f" "069cd6b5dfa9ddfd64258d0d4a28b9ea590e79f809c556ecfd82c9006d3de89d", kill_on_drop: false }`
[INFO] [stdout] 069cd6b5dfa9ddfd64258d0d4a28b9ea590e79f809c556ecfd82c9006d3de89d
