[INFO] fetching crate safer-ring 0.0.1...
[INFO] testing safer-ring-0.0.1 against 1.100.0-beta.1 for beta-1.100-2
[INFO] extracting crate safer-ring 0.0.1 into /workspace/builds/worker-1-tc2/source
[INFO] started tweaking crates.io crate safer-ring 0.0.1
[INFO] removed 0 missing examples
[INFO] removed 0 missing tests
[INFO] finished tweaking crates.io crate safer-ring 0.0.1
[INFO] tweaked toml for crates.io crate safer-ring 0.0.1 written to /workspace/builds/worker-1-tc2/source/Cargo.toml
[INFO] validating manifest of crates.io crate safer-ring 0.0.1 on toolchain 1.100.0-beta.1
[INFO] running `Command { std: CARGO_HOME="/workspace/cargo-home" RUSTUP_HOME="/workspace/rustup-home" "/workspace/cargo-home/bin/cargo" "+1.100.0-beta.1" "metadata" "--manifest-path" "Cargo.toml" "--no-deps", kill_on_drop: false }`
[INFO] crate crates.io crate safer-ring 0.0.1 already has a lockfile, it will not be regenerated
[INFO] running `Command { std: CARGO_HOME="/workspace/cargo-home" RUSTUP_HOME="/workspace/rustup-home" "/workspace/cargo-home/bin/cargo" "+1.100.0-beta.1" "fetch" "--manifest-path" "Cargo.toml", kill_on_drop: false }`
[INFO] [stderr] warning: `package.homepage` is redundant with `package.repository`
[INFO] [stderr]    --> Cargo.toml:143:12
[INFO] [stderr]     |
[INFO] [stderr] 143 | homepage = "https://github.com/whit3rabbit/safer-ring"
[INFO] [stderr]     |            ^^^^^^^^^^^^^^^^^^^^^^^^^^^^^^^^^^^^^^^^^^^
[INFO] [stderr] ...
[INFO] [stderr] 148 | repository = "https://github.com/whit3rabbit/safer-ring"
[INFO] [stderr]     |              -------------------------------------------
[INFO] [stderr]     |
[INFO] [stderr]     = note: `cargo::redundant_homepage` is set to `warn` by default
[INFO] [stderr] help: consider removing `package.homepage`
[INFO] [stderr] warning: `safer-ring` (manifest) generated 1 warning
[INFO] running `Command { std: "docker" "create" "-v" "/var/lib/crater-agent-workspace/builds/worker-1-tc2/source:/opt/rustwide/workdir:ro,Z" "-v" "/var/lib/crater-agent-workspace/builds/worker-1-tc2/target:/opt/rustwide/target:rw,Z" "-v" "/var/lib/crater-agent-workspace/cargo-home:/opt/rustwide/cargo-home:ro,Z" "-v" "/var/lib/crater-agent-workspace/rustup-home:/opt/rustwide/rustup-home:ro,Z" "-m" "1610612736" "--network" "none" "ghcr.io/rust-lang/crates-build-env/linux@sha256:3111399a4047eeb3a02b7a90e478d715f38a8c6669b5c4b49d30a17385265909" "sleep" "infinity", kill_on_drop: false }`
[INFO] [stdout] 4328dd85a548819e515edd33f365f8b604126b252c0b288114927c6fa610797b
[INFO] running `Command { std: "docker" "start" "4328dd85a548819e515edd33f365f8b604126b252c0b288114927c6fa610797b", kill_on_drop: false }`
[INFO] running `Command { std: "docker" "inspect" "4328dd85a548819e515edd33f365f8b604126b252c0b288114927c6fa610797b", kill_on_drop: false }`
[INFO] running `Command { std: "docker" "exec" "-e" "SOURCE_DIR=/opt/rustwide/workdir" "-e" "CARGO_HOME=/opt/rustwide/cargo-home" "-e" "RUSTUP_HOME=/opt/rustwide/rustup-home" "-e" "CARGO_TARGET_DIR=/opt/rustwide/target" "-w" "/opt/rustwide/workdir" "--user" "0:0" "4328dd85a548819e515edd33f365f8b604126b252c0b288114927c6fa610797b" "/opt/rustwide/cargo-home/bin/cargo" "+1.100.0-beta.1" "metadata" "--no-deps" "--format-version=1", kill_on_drop: false }`
[INFO] running `Command { std: "docker" "inspect" "4328dd85a548819e515edd33f365f8b604126b252c0b288114927c6fa610797b", kill_on_drop: false }`
[INFO] running `Command { std: "docker" "exec" "-e" "SOURCE_DIR=/opt/rustwide/workdir" "-e" "CARGO_HOME=/opt/rustwide/cargo-home" "-e" "RUSTUP_HOME=/opt/rustwide/rustup-home" "-e" "CARGO_TARGET_DIR=/opt/rustwide/target" "-e" "CARGO_INCREMENTAL=0" "-e" "RUST_BACKTRACE=full" "-e" "RUSTFLAGS=--cap-lints=warn" "-e" "RUSTDOCFLAGS=--cap-lints=warn" "-w" "/opt/rustwide/workdir" "--user" "0:0" "4328dd85a548819e515edd33f365f8b604126b252c0b288114927c6fa610797b" "/opt/rustwide/cargo-home/bin/cargo" "+1.100.0-beta.1" "build" "--frozen" "--message-format=json", kill_on_drop: false }`
[INFO] [stderr] warning: `package.homepage` is redundant with `package.repository`
[INFO] [stderr]    --> Cargo.toml:143:12
[INFO] [stderr]     |
[INFO] [stderr] 143 | homepage = "https://github.com/whit3rabbit/safer-ring"
[INFO] [stderr]     |            ^^^^^^^^^^^^^^^^^^^^^^^^^^^^^^^^^^^^^^^^^^^
[INFO] [stderr] ...
[INFO] [stderr] 148 | repository = "https://github.com/whit3rabbit/safer-ring"
[INFO] [stderr]     |              -------------------------------------------
[INFO] [stderr]     |
[INFO] [stderr]     = note: `cargo::redundant_homepage` is set to `warn` by default
[INFO] [stderr] help: consider removing `package.homepage`
[INFO] [stderr] warning: `safer-ring` (manifest) generated 1 warning
[INFO] [stderr]    Compiling proc-macro2 v1.0.101
[INFO] [stderr]    Compiling io-uring v0.7.10
[INFO] [stderr]    Compiling bytes v1.10.1
[INFO] [stderr]    Compiling pin-project-lite v0.2.16
[INFO] [stderr]    Compiling bitflags v2.9.4
[INFO] [stderr]    Compiling socket2 v0.6.0
[INFO] [stderr]    Compiling mio v1.0.4
[INFO] [stderr]    Compiling num_cpus v1.17.0
[INFO] [stderr]    Compiling quote v1.0.40
[INFO] [stderr]    Compiling syn v2.0.106
[INFO] [stderr]    Compiling tokio-macros v2.5.0
[INFO] [stderr]    Compiling pin-project-internal v1.1.10
[INFO] [stderr]    Compiling thiserror-impl v1.0.69
[INFO] [stderr]    Compiling tokio v1.47.1
[INFO] [stderr]    Compiling pin-project v1.1.10
[INFO] [stderr]    Compiling thiserror v1.0.69
[INFO] [stderr]    Compiling safer-ring v0.0.1 (/opt/rustwide/workdir)
[INFO] [stderr] warning: unused dependency `pin-project`
[INFO] [stderr]   --> Cargo.toml:25:15
[INFO] [stderr]    |
[INFO] [stderr] 25 | [dependencies.pin-project]
[INFO] [stderr]    |               ^^^^^^^^^^^^
[INFO] [stderr]    |
[INFO] [stderr]    = note: `cargo::unused_dependencies` is set to `warn` by default
[INFO] [stderr] help: consider removing the dependency on `pin-project`
[INFO] [stderr] warning: `safer-ring` (manifest) generated 1 warning
[INFO] [stderr]     Finished `dev` profile [unoptimized + debuginfo] target(s) in 21.24s
[INFO] running `Command { std: "docker" "inspect" "4328dd85a548819e515edd33f365f8b604126b252c0b288114927c6fa610797b", kill_on_drop: false }`
[INFO] running `Command { std: "docker" "exec" "-e" "SOURCE_DIR=/opt/rustwide/workdir" "-e" "CARGO_HOME=/opt/rustwide/cargo-home" "-e" "RUSTUP_HOME=/opt/rustwide/rustup-home" "-e" "CARGO_TARGET_DIR=/opt/rustwide/target" "-e" "CARGO_INCREMENTAL=0" "-e" "RUST_BACKTRACE=full" "-e" "RUSTFLAGS=--cap-lints=warn" "-e" "RUSTDOCFLAGS=--cap-lints=warn" "-w" "/opt/rustwide/workdir" "--user" "0:0" "4328dd85a548819e515edd33f365f8b604126b252c0b288114927c6fa610797b" "/opt/rustwide/cargo-home/bin/cargo" "+1.100.0-beta.1" "test" "--frozen" "--no-run" "--message-format=json", kill_on_drop: false }`
[INFO] [stderr] warning: `package.homepage` is redundant with `package.repository`
[INFO] [stderr]    --> Cargo.toml:143:12
[INFO] [stderr]     |
[INFO] [stderr] 143 | homepage = "https://github.com/whit3rabbit/safer-ring"
[INFO] [stderr]     |            ^^^^^^^^^^^^^^^^^^^^^^^^^^^^^^^^^^^^^^^^^^^
[INFO] [stderr] ...
[INFO] [stderr] 148 | repository = "https://github.com/whit3rabbit/safer-ring"
[INFO] [stderr]     |              -------------------------------------------
[INFO] [stderr]     |
[INFO] [stderr]     = note: `cargo::redundant_homepage` is set to `warn` by default
[INFO] [stderr] help: consider removing `package.homepage`
[INFO] [stderr] warning: `safer-ring` (manifest) generated 1 warning
[INFO] [stderr]    Compiling libc v0.2.175
[INFO] [stderr]    Compiling shlex v1.3.0
[INFO] [stderr]    Compiling find-msvc-tools v0.1.0
[INFO] [stderr]    Compiling serde v1.0.219
[INFO] [stderr]    Compiling getrandom v0.3.3
[INFO] [stderr]    Compiling memchr v2.7.5
[INFO] [stderr]    Compiling once_cell v1.21.3
[INFO] [stderr]    Compiling serde_derive v1.0.219
[INFO] [stderr]    Compiling cc v1.2.35
[INFO] [stderr]    Compiling regex-syntax v0.8.6
[INFO] [stderr]    Compiling num-traits v0.2.19
[INFO] [stderr]    Compiling itoa v1.0.15
[INFO] [stderr]    Compiling bitflags v2.9.4
[INFO] [stderr]    Compiling futures-core v0.3.31
[INFO] [stderr]    Compiling rustix v1.0.8
[INFO] [stderr]    Compiling serde_json v1.0.143
[INFO] [stderr]    Compiling log v0.4.27
[INFO] [stderr]    Compiling ryu v1.0.20
[INFO] [stderr]    Compiling either v1.15.0
[INFO] [stderr]    Compiling linux-raw-sys v0.9.4
[INFO] [stderr]    Compiling ahash v0.8.12
[INFO] [stderr]    Compiling tracing-core v0.1.34
[INFO] [stderr]    Compiling half v2.6.0
[INFO] [stderr]    Compiling cpp_demangle v0.4.4
[INFO] [stderr]    Compiling fastrand v2.3.0
[INFO] [stderr]    Compiling object v0.36.7
[INFO] [stderr]    Compiling futures-sink v0.3.31
[INFO] [stderr]    Compiling anstyle v1.0.11
[INFO] [stderr]    Compiling uuid v1.18.1
[INFO] [stderr]    Compiling clap_lex v0.7.5
[INFO] [stderr]    Compiling futures-channel v0.3.31
[INFO] [stderr]    Compiling findshlibs v0.10.2
[INFO] [stderr]    Compiling generator v0.8.7
[INFO] [stderr]    Compiling debugid v0.8.0
[INFO] [stderr]    Compiling jemalloc-sys v0.5.4+5.3.0-patched
[INFO] [stderr]    Compiling clap_builder v4.5.47
[INFO] [stderr]    Compiling ciborium-ll v0.2.2
[INFO] [stderr]    Compiling itertools v0.10.5
[INFO] [stderr]    Compiling mio v1.0.4
[INFO] [stderr]    Compiling rand_core v0.9.3
[INFO] [stderr]    Compiling socket2 v0.6.0
[INFO] [stderr]    Compiling is-terminal v0.4.16
[INFO] [stderr]    Compiling memmap2 v0.9.8
[INFO] [stderr]    Compiling regex-automata v0.4.10
[INFO] [stderr]    Compiling tokio v1.47.1
[INFO] [stderr]    Compiling tempfile v3.21.0
[INFO] [stderr]    Compiling futures-macro v0.3.31
[INFO] [stderr]    Compiling equator-macro v0.4.2
[INFO] [stderr]    Compiling slab v0.4.11
[INFO] [stderr]    Compiling hashbrown v0.15.5
[INFO] [stderr]    Compiling futures-io v0.3.31
[INFO] [stderr]    Compiling target-triple v0.1.4
[INFO] [stderr]    Compiling futures-task v0.3.31
[INFO] [stderr]    Compiling gimli v0.31.1
[INFO] [stderr]    Compiling smallvec v1.15.1
[INFO] [stderr]    Compiling winnow v0.7.13
[INFO] [stderr]    Compiling symbolic-demangle v12.16.2
[INFO] [stderr]    Compiling stable_deref_trait v1.2.0
[INFO] [stderr]    Compiling bytemuck v1.23.2
[INFO] [stderr]    Compiling pin-utils v0.1.0
[INFO] [stderr]    Compiling rustc-demangle v0.1.26
[INFO] [stderr]    Compiling criterion-plot v0.5.0
[INFO] [stderr]    Compiling rgb v0.8.52
[INFO] [stderr]    Compiling futures-util v0.3.31
[INFO] [stderr]    Compiling symbolic-common v12.16.2
[INFO] [stderr]    Compiling toml_parser v1.0.2
[INFO] [stderr]    Compiling indexmap v2.11.0
[INFO] [stderr]    Compiling equator v0.4.2
[INFO] [stderr]    Compiling regex v1.11.2
[INFO] [stderr]    Compiling matchers v0.2.0
[INFO] [stderr]    Compiling num-format v0.4.4
[INFO] [stderr]    Compiling clap v4.5.47
[INFO] [stderr]    Compiling wait-timeout v0.2.1
[INFO] [stderr]    Compiling serde_spanned v1.0.0
[INFO] [stderr]    Compiling toml_datetime v0.7.0
[INFO] [stderr]    Compiling ciborium v0.2.2
[INFO] [stderr]    Compiling addr2line v0.24.2
[INFO] [stderr]    Compiling rayon v1.11.0
[INFO] [stderr]    Compiling tinytemplate v1.2.1
[INFO] [stderr]    Compiling plotters v0.3.7
[INFO] [stderr]    Compiling tracing-log v0.2.0
[INFO] [stderr]    Compiling tracing v0.1.41
[INFO] [stderr]    Compiling quick-xml v0.26.0
[INFO] [stderr]    Compiling ppv-lite86 v0.2.21
[INFO] [stderr]    Compiling async-stream-impl v0.3.6
[INFO] [stderr]    Compiling thread_local v1.1.9
[INFO] [stderr]    Compiling toml_writer v1.0.2
[INFO] [stderr]    Compiling pprof v0.14.1
[INFO] [stderr]    Compiling bit-vec v0.8.0
[INFO] [stderr]    Compiling str_stack v0.1.0
[INFO] [stderr]    Compiling quick-error v1.2.3
[INFO] [stderr]    Compiling nu-ansi-term v0.50.1
[INFO] [stderr]    Compiling nix v0.26.4
[INFO] [stderr]    Compiling rusty-fork v0.3.0
[INFO] [stderr]    Compiling inferno v0.11.21
[INFO] [stderr]    Compiling bit-set v0.8.0
[INFO] [stderr]    Compiling criterion v0.5.1
[INFO] [stderr]    Compiling tracing-subscriber v0.3.20
[INFO] [stderr]    Compiling async-stream v0.3.6
[INFO] [stderr]    Compiling toml v0.9.5
[INFO] [stderr]    Compiling rand_chacha v0.9.0
[INFO] [stderr]    Compiling futures-executor v0.3.31
[INFO] [stderr]    Compiling tokio-stream v0.1.17
[INFO] [stderr]    Compiling backtrace v0.3.75
[INFO] [stderr]    Compiling io-uring v0.7.10
[INFO] [stderr]    Compiling aligned-vec v0.6.4
[INFO] [stderr]    Compiling spin v0.10.0
[INFO] [stderr]    Compiling rand_xorshift v0.4.0
[INFO] [stderr]    Compiling rand v0.9.2
[INFO] [stderr]    Compiling num_cpus v1.17.0
[INFO] [stderr]    Compiling scoped-tls v1.0.1
[INFO] [stderr]    Compiling unarray v0.1.4
[INFO] [stderr]    Compiling iana-time-zone v0.1.63
[INFO] [stderr]    Compiling glob v0.3.3
[INFO] [stderr]    Compiling chrono v0.4.41
[INFO] [stderr]    Compiling trybuild v1.0.110
[INFO] [stderr]    Compiling proptest v1.7.0
[INFO] [stderr]    Compiling loom v0.7.2
[INFO] [stderr]    Compiling tokio-test v0.4.4
[INFO] [stderr]    Compiling futures v0.3.31
[INFO] [stderr]    Compiling safer-ring v0.0.1 (/opt/rustwide/workdir)
[INFO] [stderr]    Compiling jemallocator v0.5.4
[INFO] [stderr] warning: unused dependency `pin-project`
[INFO] [stderr]   --> Cargo.toml:25:15
[INFO] [stderr]    |
[INFO] [stderr] 25 | [dependencies.pin-project]
[INFO] [stderr]    |               ^^^^^^^^^^^^
[INFO] [stderr]    |
[INFO] [stderr]    = note: `cargo::unused_dependencies` is set to `warn` by default
[INFO] [stderr] help: consider removing the dependency on `pin-project`
[INFO] [stderr] warning: `safer-ring` (manifest) generated 1 warning
[INFO] [stderr]     Finished `test` profile [unoptimized + debuginfo] target(s) in 4m 49s
[INFO] running `Command { std: "docker" "inspect" "4328dd85a548819e515edd33f365f8b604126b252c0b288114927c6fa610797b", kill_on_drop: false }`
[INFO] running `Command { std: "docker" "exec" "-e" "SOURCE_DIR=/opt/rustwide/workdir" "-e" "CARGO_HOME=/opt/rustwide/cargo-home" "-e" "RUSTUP_HOME=/opt/rustwide/rustup-home" "-e" "CARGO_TARGET_DIR=/opt/rustwide/target" "-e" "CARGO_INCREMENTAL=0" "-e" "RUST_BACKTRACE=full" "-e" "RUSTFLAGS=--cap-lints=warn" "-e" "RUSTDOCFLAGS=--cap-lints=warn" "-w" "/opt/rustwide/workdir" "--user" "0:0" "4328dd85a548819e515edd33f365f8b604126b252c0b288114927c6fa610797b" "/opt/rustwide/cargo-home/bin/cargo" "+1.100.0-beta.1" "test" "--frozen", kill_on_drop: false }`
[INFO] [stderr] warning: `package.homepage` is redundant with `package.repository`
[INFO] [stderr]    --> Cargo.toml:143:12
[INFO] [stderr]     |
[INFO] [stderr] 143 | homepage = "https://github.com/whit3rabbit/safer-ring"
[INFO] [stderr]     |            ^^^^^^^^^^^^^^^^^^^^^^^^^^^^^^^^^^^^^^^^^^^
[INFO] [stderr] ...
[INFO] [stderr] 148 | repository = "https://github.com/whit3rabbit/safer-ring"
[INFO] [stderr]     |              -------------------------------------------
[INFO] [stderr]     |
[INFO] [stderr]     = note: `cargo::redundant_homepage` is set to `warn` by default
[INFO] [stderr] help: consider removing `package.homepage`
[INFO] [stderr] warning: `safer-ring` (manifest) generated 1 warning
[INFO] [stderr] warning: unused dependency `pin-project`
[INFO] [stderr]   --> Cargo.toml:25:15
[INFO] [stderr]    |
[INFO] [stderr] 25 | [dependencies.pin-project]
[INFO] [stderr]    |               ^^^^^^^^^^^^
[INFO] [stderr]    |
[INFO] [stderr]    = note: `cargo::unused_dependencies` is set to `warn` by default
[INFO] [stderr] help: consider removing the dependency on `pin-project`
[INFO] [stderr] warning: `safer-ring` (manifest) generated 1 warning
[INFO] [stderr]     Finished `test` profile [unoptimized + debuginfo] target(s) in 0.41s
[INFO] [stderr]      Running unittests src/lib.rs (/opt/rustwide/target/debug/build/safer-ring/d874d83cec2e3094/out/safer_ring-d874d83cec2e3094)
[INFO] [stdout] 
[INFO] [stdout] running 190 tests
[INFO] [stdout] test advanced::config::tests::test_builder_pattern ... ok
[INFO] [stdout] test advanced::config::tests::test_default_config ... ok
[INFO] [stdout] test advanced::config::tests::test_development_config ... ok
[INFO] [stdout] test advanced::config::tests::test_enabled_features ... ok
[INFO] [stdout] test advanced::config::tests::test_feature_count ... ok
[INFO] [stdout] test advanced::config::tests::test_new_config ... ok
[INFO] [stdout] test advanced::config::tests::test_performance_config ... ok
[INFO] [stdout] test advanced::config::tests::test_resource_intensive_validation ... ok
[INFO] [stdout] test advanced::buffer_group::tests::test_invalid_parameters ... ok
[INFO] [stdout] test advanced::buffer_group::tests::test_buffer_group_creation ... ok
[INFO] [stdout] test advanced::config::tests::test_stable_config ... ok
[INFO] [stdout] test advanced::config::tests::test_validation ... ok
[INFO] [stdout] test advanced::feature_detection::tests::test_create_optimal_config_new_features ... ok
[INFO] [stdout] test advanced::feature_detection::tests::test_feature_version_requirements ... ok
[INFO] [stdout] test advanced::feature_detection::tests::test_has_feature_new_features ... ok
[INFO] [stdout] test advanced::feature_detection::tests::test_kernel_612_features ... ok
[INFO] [stdout] test advanced::config::tests::test_sq_poll_configuration ... ok
[INFO] [stdout] test advanced::feature_detection::tests::test_feature_detection ... ok
[INFO] [stdout] test advanced::buffer_group::tests::test_buffer_allocation ... ok
[INFO] [stdout] test advanced::feature_detection::tests::test_kernel_61_features ... ok
[INFO] [stdout] test advanced::feature_detection::tests::test_kernel_62_features ... ok
[INFO] [stdout] test advanced::feature_detection::tests::test_kernel_66_features ... ok
[INFO] [stdout] test advanced::feature_detection::tests::test_kernel_version_comparison ... ok
[INFO] [stdout] test advanced::feature_detection::tests::test_kernel_version_parsing ... ok
[INFO] [stdout] test advanced::feature_detection::tests::test_feature_detection_consistency ... ok
[INFO] [stdout] test advanced::feature_detection::tests::test_new_with_probing_fallback ... ok
[INFO] [stdout] test advanced::multi_shot::tests::test_builder_pattern ... ok
[INFO] [stdout] test compat::tests::test_async_read_adapter_creation ... ok
[INFO] [stdout] test compat::tests::test_async_write_adapter_creation ... ok
[INFO] [stdout] test compat::tests::test_socket_wrapper_creation ... ok
[INFO] [stdout] test compat::tests::test_file_wrapper_creation ... ok
[INFO] [stdout] test compat::tests::test_adapter_buffer_size ... ok
[INFO] [stdout] test advanced::multi_shot::tests::test_default_config ... ok
[INFO] [stdout] test config::tests::test_config_validation ... ok
[INFO] [stdout] test config::tests::test_default_config ... ok
[INFO] [stdout] test config::tests::test_development_config ... ok
[INFO] [stdout] test error::tests::error_conversion::io_uring_error_conversion ... ignored
[INFO] [stdout] test config::tests::test_production_config ... ok
[INFO] [stdout] test error::tests::error_conversion::io_error_conversion ... ok
[INFO] [stdout] test error::tests::error_messages::buffer_in_flight ... ok
[INFO] [stdout] test error::tests::error_messages::invalid_state_transition ... ok
[INFO] [stdout] test error::tests::error_messages::not_registered ... ok
[INFO] [stdout] test error::tests::error_messages::operation_pending ... ok
[INFO] [stdout] test config::tests::test_config_builder ... ok
[INFO] [stdout] test config::tests::test_high_throughput_config ... ok
[INFO] [stdout] test config::tests::test_low_latency_config ... ok
[INFO] [stdout] test error::tests::error_messages::operations_in_flight ... ok
[INFO] [stdout] test error::tests::error_messages::pool_empty ... ok
[INFO] [stdout] test error::tests::error_traits::implements_error_trait ... ok
[INFO] [stdout] test config::tests::test_auto_detect_config ... ok
[INFO] [stdout] test future::tests::waker_registry_basic_functionality ... ok
[INFO] [stdout] test future::waker::tests::new_registry_is_empty ... ok
[INFO] [stdout] test error::tests::error_traits::preserves_error_source ... ok
[INFO] [stdout] test future::tests::waker_registry_cleanup ... ok
[INFO] [stdout] test error::tests::error_traits::debug_formatting ... ok
[INFO] [stdout] test error::tests::result_alias::error_case ... ok
[INFO] [stdout] test error::tests::result_alias::success_case ... ok
[INFO] [stdout] test future::waker::tests::register_and_wake_waker ... ok
[INFO] [stdout] test future::waker::tests::remove_nonexistent_waker ... ok
[INFO] [stdout] test future::waker::tests::remove_waker_without_waking ... ok
[INFO] [stdout] test logging::tests::test_global_logger ... ok
[INFO] [stdout] test future::waker::tests::replace_existing_waker ... ok
[INFO] [stdout] test future::waker::tests::wake_nonexistent_operation ... ok
[INFO] [stdout] test logging::tests::test_log_entry_creation ... ok
[INFO] [stdout] test logging::tests::test_logger_creation ... ok
[INFO] [stdout] test logging::tests::test_log_entry_formatting ... ok
[INFO] [stdout] test logging::tests::test_log_entry_json_formatting ... ok
[INFO] [stdout] test logging::tests::test_performance_metrics ... ok
[INFO] [stdout] test operation::tests::test_builder_pattern_fluency ... ok
[INFO] [stdout] test operation::tests::test_completed_operation_access ... ok
[INFO] [stdout] test operation::tests::test_default_implementation ... ok
[INFO] [stdout] test operation::tests::test_operation_builder_methods ... ok
[INFO] [stdout] test operation::tests::test_operation_creation ... ok
[INFO] [stdout] test operation::tests::test_operation_properties ... ok
[INFO] [stdout] test advanced::feature_detection::tests::test_available_features_includes_new_features ... ok
[INFO] [stdout] test operation::tests::test_operation_state_machine_invariants ... ok
[INFO] [stdout] test operation::tests::test_operation_types ... ok
[INFO] [stdout] test operation::tests::test_operation_validation_rules ... ok
[INFO] [stdout] test operation::tests::test_operation_validation ... ok
[INFO] [stdout] test operation::tests::test_operation_with_buffer ... ok
[INFO] [stdout] test operation::tests::test_state_transitions ... ok
[INFO] [stdout] test operation::tracker::tests::complete_nonexistent_operation ... ok
[INFO] [stdout] test operation::tracker::tests::debug_info ... ok
[INFO] [stdout] test ownership::tests::test_buffer_from_slice ... ok
[INFO] [stdout] test ownership::tests::test_clone_handle ... ok
[INFO] [stdout] test operation::tracker::tests::register_and_complete_operations ... ok
[INFO] [stdout] test ownership::tests::test_buffer_access_guard ... ok
[INFO] [stdout] test ownership::tests::test_kernel_ownership_transfer ... ok
[INFO] [stdout] test operation::tracker::tests::id_wraparound ... ok
[INFO] [stdout] test operation::types::tests::test_operation_type_display ... ok
[INFO] [stdout] test operation::tracker::tests::new_tracker_is_empty ... ok
[INFO] [stdout] test operation::types::tests::test_operation_type_properties ... ok
[INFO] [stdout] test ownership::tests::test_owned_buffer_creation ... ok
[INFO] [stdout] test ownership::tests::test_return_from_kernel ... ok
[INFO] [stdout] test perf::tests::test_memory_tracker ... ok
[INFO] [stdout] test perf::tests::test_concurrent_perf_counter ... ok
[INFO] [stdout] test perf::tests::test_perf_counter ... ok
[INFO] [stdout] test perf::tests::test_perf_registry ... ok
[INFO] [stdout] test pool::tests::buffer_allocation_and_return ... ok
[INFO] [stdout] test pool::tests::pool_creation ... ok
[INFO] [stdout] test pool::tests::pool_snapshot ... ok
[INFO] [stdout] test pool::tests::pool_stats ... ok
[INFO] [stdout] test pool::tests::pool_with_factory ... ok
[INFO] [stdout] test pool::tests::pool_stats_enhanced_methods ... ok
[INFO] [stdout] test pool::tests::pooled_buffer_operations ... ok
[INFO] [stdout] test registry::tests::basic_functionality::default_registry_is_empty ... ok
[INFO] [stdout] test registry::tests::buffer_registration::is_buffer_registered_works ... ok
[INFO] [stdout] test registry::tests::basic_functionality::new_registry_is_empty ... ok
[INFO] [stdout] test registry::tests::buffer_registration::get_buffer_works ... ok
[INFO] [stdout] test registry::tests::buffer_registration::register_empty_buffer_fails ... ok
[INFO] [stdout] test perf::tests::test_perf_timer ... ok
[INFO] [stdout] test registry::tests::fd_registration::register_multiple_fds ... ok
[INFO] [stdout] test registry::tests::buffer_registration::register_multiple_buffers ... ok
[INFO] [stdout] test registry::tests::fd_registration::register_valid_fd ... ok
[INFO] [stdout] test registry::tests::fd_registration::is_fd_registered_works ... ok
[INFO] [stdout] test registry::tests::buffer_registration::register_valid_buffer ... ok
[INFO] [stdout] test registry::tests::fd_registration::get_raw_fd_works ... ok
[INFO] [stdout] test registry::tests::lifecycle_safety::drop_with_no_resources_in_use_succeeds ... ok
[INFO] [stdout] test registry::tests::slot_reuse::buffer_slot_reuse_works ... ok
[INFO] [stdout] test registry::tests::slot_reuse::fd_slot_reuse_works ... ok
[INFO] [stdout] test registry::tests::slot_reuse::mixed_registration_and_slot_reuse ... ok
[INFO] [stdout] test registry::tests::unregistration::unregister_buffer_success ... ok
[INFO] [stdout] test registry::tests::unregistration::unregister_fd_in_use_fails ... ok
[INFO] [stdout] test ownership::tests::test_mismatched_submission_id_panic - should panic ... ok
[INFO] [stdout] test registry::tests::unregistration::unregister_buffer_in_use_fails ... ok
[INFO] [stdout] test pool::tests::pool_creation_zero_buffer_size - should panic ... ok
[INFO] [stdout] test registry::tests::unregistration::unregister_fd_success ... ok
[INFO] [stdout] test pool::tests::pool_creation_zero_capacity - should panic ... ok
[INFO] [stdout] test registry::tests::usage_tracking::mark_buffer_in_use_works ... ok
[INFO] [stdout] test registry::tests::lifecycle_safety::drop_with_buffers_in_use_panics - should panic ... ok
[INFO] [stdout] test registry::tests::fd_registration::register_negative_fd_fails ... ok
[INFO] [stdout] test registry::tests::lifecycle_safety::drop_with_fds_in_use_panics - should panic ... ok
[INFO] [stdout] test registry::tests::unregistration::unregister_nonexistent_buffer_fails ... ok
[INFO] [stdout] test registry::tests::unregistration::unregister_nonexistent_fd_fails ... ok
[INFO] [stdout] test ring::batch::tests::add_dependency ... ok
[INFO] [stdout] test registry::tests::usage_tracking::mark_fd_in_use_works ... ok
[INFO] [stdout] test registry::tests::usage_tracking::mark_nonexistent_buffer_in_use_fails ... ok
[INFO] [stdout] test registry::tests::usage_tracking::mark_nonexistent_fd_in_use_fails ... ok
[INFO] [stdout] test ring::batch::tests::add_multiple_operations ... ok
[INFO] [stdout] test ring::batch::tests::batch_with_capacity ... ok
[INFO] [stdout] test ring::batch::tests::invalid_dependency_indices ... ok
[INFO] [stdout] test ring::batch::tests::add_operation ... ok
[INFO] [stdout] test ring::batch::tests::cycle_detection ... ok
[INFO] [stdout] test ring::batch::tests::new_batch_is_empty ... ok
[INFO] [stdout] test ring::batch::tests::batch_result_creation ... ok
[INFO] [stdout] test ring::batch::tests::dependency_order_simple ... ok
[INFO] [stdout] test ring::batch::tests::self_dependency_error ... ok
[INFO] [stdout] test ring::batch::tests::add_operation_with_user_data ... ok
[INFO] [stdout] test ring::batch::tests::clear_batch ... ok
[INFO] [stdout] test ring::batch::tests::operation_result_methods ... ok
[INFO] [stdout] test ring::tests::completion_processing::completion_queue_stats ... ok
[INFO] [stdout] test ring::tests::completion_processing::try_complete_by_id_not_found ... ok
[INFO] [stdout] test ring::tests::completion_processing::try_complete_empty_queue ... ok
[INFO] [stdout] test ring::tests::completion_processing::wait_for_completion_no_operations ... ok
[INFO] [stdout] test ring::tests::creation::new_ring_zero_entries ... ok
[INFO] [stdout] test ring::tests::completion_processing::error_handling_invalid_operation_id ... FAILED
[INFO] [stdout] test ring::tests::creation::ring_capacity ... FAILED
[INFO] [stdout] test ring::tests::lifecycle::empty_ring_drop ... ok
[INFO] [stdout] test ring::tests::creation::new_ring_success ... FAILED
[INFO] [stderr] 
[INFO] [stderr] thread 'ring::tests::completion_processing::completion_queue_stats_after_submission' (7109) panicked at /rustc/e3feeb59cd1bdd011a2bfcc0747b55125d9b8527/library/core/src/panicking.rs:233:5:
[INFO] [stderr] panic in a destructor during cleanup
[INFO] [stderr] thread caused non-unwinding panic. aborting.
[INFO] [stdout] 
[INFO] [stdout] thread 'ring::tests::completion_processing::completion_queue_stats_after_submission' (7109) panicked at src/ring/tests.rs:360:49:
[INFO] [stdout] called `Result::unwrap()` on an `Err` value: Io(Os { code: 1, kind: PermissionDenied, message: "Operation not permitted" })
[INFO] [stdout] stack backtrace:
[INFO] [stdout]    0:     0x5715ed9327e1 - std[617be2ca0a6fd877]::backtrace_rs::backtrace::libunwind::trace
[INFO] [stdout]                                at /rustc/e3feeb59cd1bdd011a2bfcc0747b55125d9b8527/library/std/src/../../backtrace/src/backtrace/libunwind.rs:117:9
[INFO] [stdout]    1:     0x5715ed9327e1 - std[617be2ca0a6fd877]::backtrace_rs::backtrace::trace_unsynchronized::<std[617be2ca0a6fd877]::sys::backtrace::_print_fmt::{closure#1}>
[INFO] [stdout]                                at /rustc/e3feeb59cd1bdd011a2bfcc0747b55125d9b8527/library/std/src/../../backtrace/src/backtrace/mod.rs:66:14
[INFO] [stdout]    2:     0x5715ed9327e1 - std[617be2ca0a6fd877]::sys::backtrace::_print_fmt
[INFO] [stdout]                                at /rustc/e3feeb59cd1bdd011a2bfcc0747b55125d9b8527/library/std/src/sys/backtrace.rs:74:9
[INFO] [stdout]    3:     0x5715ed9327e1 - <<std[617be2ca0a6fd877]::sys::backtrace::BacktraceLock>::print::DisplayBacktrace as core[a373ad73a504971]::fmt::Display>::fmt
[INFO] [stdout]                                at /rustc/e3feeb59cd1bdd011a2bfcc0747b55125d9b8527/library/std/src/sys/backtrace.rs:44:26
[INFO] [stdout]    4:     0x5715ed9486aa - <core[a373ad73a504971]::fmt::rt::Argument>::fmt
[INFO] [stdout]                                at /rustc/e3feeb59cd1bdd011a2bfcc0747b55125d9b8527/library/core/src/fmt/rt.rs:152:76
[INFO] [stdout]    5:     0x5715ed9486aa - core[a373ad73a504971]::fmt::write
[INFO] [stdout]    6:     0x5715ed936c3c - core[a373ad73a504971]::io::write::default_write_fmt::<alloc[2e1b2a31b91974c5]::vec::Vec<u8>>
[INFO] [stdout]                                at /rustc/e3feeb59cd1bdd011a2bfcc0747b55125d9b8527/library/core/src/io/write.rs:402:11
[INFO] [stdout]    7:     0x5715ed936c3c - <alloc[2e1b2a31b91974c5]::vec::Vec<u8> as core[a373ad73a504971]::io::write::Write>::write_fmt
[INFO] [stdout]                                at /rustc/e3feeb59cd1bdd011a2bfcc0747b55125d9b8527/library/core/src/io/write.rs:335:13
[INFO] [stdout]    8:     0x5715ed90e2d6 - <std[617be2ca0a6fd877]::sys::backtrace::BacktraceLock>::print
[INFO] [stdout]                                at /rustc/e3feeb59cd1bdd011a2bfcc0747b55125d9b8527/library/std/src/sys/backtrace.rs:47:9
[INFO] [stdout]    9:     0x5715ed90e2d6 - std[617be2ca0a6fd877]::panicking::default_hook::{closure#0}
[INFO] [stdout]                                at /rustc/e3feeb59cd1bdd011a2bfcc0747b55125d9b8527/library/std/src/panicking.rs:289:27
[INFO] [stdout]   10:     0x5715ed92aa19 - std[617be2ca0a6fd877]::panicking::default_hook
[INFO] [stdout]                                at /rustc/e3feeb59cd1bdd011a2bfcc0747b55125d9b8527/library/std/src/panicking.rs:313:9
[INFO] [stdout]   11:     0x5715ed8676d0 - <alloc[2e1b2a31b91974c5]::boxed::Box<dyn for<'a, 'b> core[a373ad73a504971]::ops::function::Fn<(&'a std[617be2ca0a6fd877]::panic::PanicHookInfo<'b>,), Output = ()> + core[a373ad73a504971]::marker::Sync + core[a373ad73a504971]::marker::Send> as core[a373ad73a504971]::ops::function::Fn<(&std[617be2ca0a6fd877]::panic::PanicHookInfo,)>>::call
[INFO] [stdout]                                at /rustc/e3feeb59cd1bdd011a2bfcc0747b55125d9b8527/library/alloc/src/boxed.rs:2328:9
[INFO] [stdout]   12:     0x5715ed8676d0 - test[aada8e7e76ba119b]::test_main_inner::{closure#0}
[INFO] [stdout]                                at /rustc/e3feeb59cd1bdd011a2bfcc0747b55125d9b8527/library/test/src/lib.rs:137:21
[INFO] [stdout]   13:     0x5715ed92abd2 - <alloc[2e1b2a31b91974c5]::boxed::Box<dyn for<'a, 'b> core[a373ad73a504971]::ops::function::Fn<(&'a std[617be2ca0a6fd877]::panic::PanicHookInfo<'b>,), Output = ()> + core[a373ad73a504971]::marker::Sync + core[a373ad73a504971]::marker::Send> as core[a373ad73a504971]::ops::function::Fn<(&std[617be2ca0a6fd877]::panic::PanicHookInfo,)>>::call
[INFO] [stdout]                                at /rustc/e3feeb59cd1bdd011a2bfcc0747b55125d9b8527/library/alloc/src/boxed.rs:2328:9
[INFO] [stdout]   14:     0x5715ed92abd2 - std[617be2ca0a6fd877]::panicking::panic_with_hook
[INFO] [stdout]                                at /rustc/e3feeb59cd1bdd011a2bfcc0747b55125d9b8527/library/std/src/panicking.rs:819:13
[INFO] [stdout]   15:     0x5715ed90e382 - std[617be2ca0a6fd877]::panicking::panic_handler::{closure#0}
[INFO] [stdout]                                at /rustc/e3feeb59cd1bdd011a2bfcc0747b55125d9b8527/library/std/src/panicking.rs:685:13
[INFO] [stdout]   16:     0x5715ed906f09 - std[617be2ca0a6fd877]::sys::backtrace::__rust_end_short_backtrace::<std[617be2ca0a6fd877]::panicking::panic_handler::{closure#0}, !>
[INFO] [stdout]                                at /rustc/e3feeb59cd1bdd011a2bfcc0747b55125d9b8527/library/std/src/sys/backtrace.rs:182:18
[INFO] [stdout]   17:     0x5715ed90ef8d - __rustc[ea4f61d10b84890b]::rust_begin_unwind
[INFO] [stdout]                                at /rustc/e3feeb59cd1bdd011a2bfcc0747b55125d9b8527/library/std/src/panicking.rs:676:5
[INFO] [stdout]   18:     0x5715ed948ecc - core[a373ad73a504971]::panicking::panic_fmt
[INFO] [stdout]                                at /rustc/e3feeb59cd1bdd011a2bfcc0747b55125d9b8527/library/core/src/panicking.rs:80:14
[INFO] [stdout]   19:     0x5715ed948c22 - core[a373ad73a504971]::result::unwrap_failed
[INFO] [stdout]                                at /rustc/e3feeb59cd1bdd011a2bfcc0747b55125d9b8527/library/core/src/result.rs:1870:5
[INFO] [stdout]   20:     0x5715ed84acfa - <core[a373ad73a504971]::result::Result<safer_ring[eb5084066b4bc690]::operation::core::Operation<safer_ring[eb5084066b4bc690]::operation::states::Submitted>, safer_ring[eb5084066b4bc690]::error::SaferRingError>>::unwrap
[INFO] [stdout]                                at /rustc/e3feeb59cd1bdd011a2bfcc0747b55125d9b8527/library/core/src/result.rs:1232:23
[INFO] [stdout]   21:     0x5715ed84acfa - safer_ring[eb5084066b4bc690]::ring::tests::completion_processing::completion_queue_stats_after_submission
[INFO] [stdout]                                at /opt/rustwide/workdir/src/ring/tests.rs:360:49
[INFO] [stdout]   22:     0x5715ed845c67 - safer_ring[eb5084066b4bc690]::ring::tests::completion_processing::completion_queue_stats_after_submission::{closure#0}
[INFO] [stdout]                                at /opt/rustwide/workdir/src/ring/tests.rs:349:49
[INFO] [stdout]   23:     0x5715ed82aec6 - <safer_ring[eb5084066b4bc690]::ring::tests::completion_processing::completion_queue_stats_after_submission::{closure#0} as core[a373ad73a504971]::ops::function::FnOnce<()>>::call_once
[INFO] [stdout]                                at /rustc/e3feeb59cd1bdd011a2bfcc0747b55125d9b8527/library/core/src/ops/function.rs:250:5
[INFO] [stdout]   24:     0x5715ed85ab1b - <fn() -> core[a373ad73a504971]::result::Result<(), alloc[2e1b2a31b91974c5]::string::String> as core[a373ad73a504971]::ops::function::FnOnce<()>>::call_once
[INFO] [stdout]                                at /rustc/e3feeb59cd1bdd011a2bfcc0747b55125d9b8527/library/core/src/ops/function.rs:250:5
[INFO] [stdout]   25:     0x5715ed85ab1b - test[aada8e7e76ba119b]::__rust_begin_short_backtrace::<core[a373ad73a504971]::result::Result<(), alloc[2e1b2a31b91974c5]::string::String>, fn() -> core[a373ad73a504971]::result::Result<(), alloc[2e1b2a31b91974c5]::string::String>>
[INFO] [stdout]                                at /rustc/e3feeb59cd1bdd011a2bfcc0747b55125d9b8527/library/test/src/lib.rs:701:18
[INFO] [stdout]   26:     0x5715ed867cf5 - test[aada8e7e76ba119b]::run_test_in_process::{closure#0}
[INFO] [stdout]                                at /rustc/e3feeb59cd1bdd011a2bfcc0747b55125d9b8527/library/test/src/lib.rs:724:74
[INFO] [stdout]   27:     0x5715ed867cf5 - <core[a373ad73a504971]::panic::unwind_safe::AssertUnwindSafe<test[aada8e7e76ba119b]::run_test_in_process::{closure#0}> as core[a373ad73a504971]::ops::function::FnOnce<()>>::call_once
[INFO] [stdout]                                at /rustc/e3feeb59cd1bdd011a2bfcc0747b55125d9b8527/library/core/src/panic/unwind_safe.rs:275:9
[INFO] [stdout]   28:     0x5715ed867cf5 - std[617be2ca0a6fd877]::panicking::catch_unwind::do_call::<core[a373ad73a504971]::panic::unwind_safe::AssertUnwindSafe<test[aada8e7e76ba119b]::run_test_in_process::{closure#0}>, core[a373ad73a504971]::result::Result<(), alloc[2e1b2a31b91974c5]::string::String>>
[INFO] [stdout]                                at /rustc/e3feeb59cd1bdd011a2bfcc0747b55125d9b8527/library/std/src/panicking.rs:573:43
[INFO] [stdout]   29:     0x5715ed867cf5 - std[617be2ca0a6fd877]::panicking::catch_unwind::<core[a373ad73a504971]::result::Result<(), alloc[2e1b2a31b91974c5]::string::String>, core[a373ad73a504971]::panic::unwind_safe::AssertUnwindSafe<test[aada8e7e76ba119b]::run_test_in_process::{closure#0}>>
[INFO] [stdout]                                at /rustc/e3feeb59cd1bdd011a2bfcc0747b55125d9b8527/library/std/src/panicking.rs:541:19
[INFO] [stdout]   30:     0x5715ed867cf5 - std[617be2ca0a6fd877]::panic::catch_unwind::<core[a373ad73a504971]::panic::unwind_safe::AssertUnwindSafe<test[aada8e7e76ba119b]::run_test_in_process::{closure#0}>, core[a373ad73a504971]::result::Result<(), alloc[2e1b2a31b91974c5]::string::String>>
[INFO] [stdout]                                at /rustc/e3feeb59cd1bdd011a2bfcc0747b55125d9b8527/library/std/src/panic.rs:359:14
[INFO] [stdout]   31:     0x5715ed867cf5 - test[aada8e7e76ba119b]::run_test_in_process
[INFO] [stdout]                                at /rustc/e3feeb59cd1bdd011a2bfcc0747b55125d9b8527/library/test/src/lib.rs:724:27
[INFO] [stdout]   32:     0x5715ed867cf5 - test[aada8e7e76ba119b]::run_test::{closure#0}
[INFO] [stdout]                                at /rustc/e3feeb59cd1bdd011a2bfcc0747b55125d9b8527/library/test/src/lib.rs:645:43
[INFO] [stdout]   33:     0x5715ed8615e4 - test[aada8e7e76ba119b]::run_test::{closure#1}
[INFO] [stdout]                                at /rustc/e3feeb59cd1bdd011a2bfcc0747b55125d9b8527/library/test/src/lib.rs:675:41
[INFO] [stdout]   34:     0x5715ed8615e4 - std[617be2ca0a6fd877]::sys::backtrace::__rust_begin_short_backtrace::<test[aada8e7e76ba119b]::run_test::{closure#1}, ()>
[INFO] [stdout]                                at /rustc/e3feeb59cd1bdd011a2bfcc0747b55125d9b8527/library/std/src/sys/backtrace.rs:166:18
[INFO] [stdout]   35:     0x5715ed86ad82 - std[617be2ca0a6fd877]::thread::lifecycle::spawn_unchecked::<test[aada8e7e76ba119b]::run_test::{closure#1}, ()>::{closure#1}::{closure#0}
[INFO] [stdout]                                at /rustc/e3feeb59cd1bdd011a2bfcc0747b55125d9b8527/library/std/src/thread/lifecycle.rs:70:13
[INFO] [stdout]   36:     0x5715ed86ad82 - <core[a373ad73a504971]::panic::unwind_safe::AssertUnwindSafe<std[617be2ca0a6fd877]::thread::lifecycle::spawn_unchecked<test[aada8e7e76ba119b]::run_test::{closure#1}, ()>::{closure#1}::{closure#0}> as core[a373ad73a504971]::ops::function::FnOnce<()>>::call_once
[INFO] [stdout]                                at /rustc/e3feeb59cd1bdd011a2bfcc0747b55125d9b8527/library/core/src/panic/unwind_safe.rs:275:9
[INFO] [stdout]   37:     0x5715ed86ad82 - std[617be2ca0a6fd877]::panicking::catch_unwind::do_call::<core[a373ad73a504971]::panic::unwind_safe::AssertUnwindSafe<std[617be2ca0a6fd877]::thread::lifecycle::spawn_unchecked<test[aada8e7e76ba119b]::run_test::{closure#1}, ()>::{closure#1}::{closure#0}>, ()>
[INFO] [stdout]                                at /rustc/e3feeb59cd1bdd011a2bfcc0747b55125d9b8527/library/std/src/panicking.rs:573:43
[INFO] [stdout]   38:     0x5715ed86ad82 - std[617be2ca0a6fd877]::panicking::catch_unwind::<(), core[a373ad73a504971]::panic::unwind_safe::AssertUnwindSafe<std[617be2ca0a6fd877]::thread::lifecycle::spawn_unchecked<test[aada8e7e76ba119b]::run_test::{closure#1}, ()>::{closure#1}::{closure#0}>>
[INFO] [stdout]                                at /rustc/e3feeb59cd1bdd011a2bfcc0747b55125d9b8527/library/std/src/panicking.rs:541:19
[INFO] [stdout]   39:     0x5715ed86ad82 - std[617be2ca0a6fd877]::panic::catch_unwind::<core[a373ad73a504971]::panic::unwind_safe::AssertUnwindSafe<std[617be2ca0a6fd877]::thread::lifecycle::spawn_unchecked<test[aada8e7e76ba119b]::run_test::{closure#1}, ()>::{closure#1}::{closure#0}>, ()>
[INFO] [stdout]                                at /rustc/e3feeb59cd1bdd011a2bfcc0747b55125d9b8527/library/std/src/panic.rs:359:14
[INFO] [stdout]   40:     0x5715ed86ad82 - std[617be2ca0a6fd877]::thread::lifecycle::spawn_unchecked::<test[aada8e7e76ba119b]::run_test::{closure#1}, ()>::{closure#1}
[INFO] [stdout]                                at /rustc/e3feeb59cd1bdd011a2bfcc0747b55125d9b8527/library/std/src/thread/lifecycle.rs:68:26
[INFO] [stdout]   41:     0x5715ed86ad82 - <std[617be2ca0a6fd877]::thread::lifecycle::spawn_unchecked<test[aada8e7e76ba119b]::run_test::{closure#1}, ()>::{closure#1} as core[a373ad73a504971]::ops::function::FnOnce<()>>::call_once::{shim:vtable#0}
[INFO] [stdout]                                at /rustc/e3feeb59cd1bdd011a2bfcc0747b55125d9b8527/library/core/src/ops/function.rs:250:5
[INFO] [stdout]   42:     0x5715ed931cdf - <alloc[2e1b2a31b91974c5]::boxed::Box<dyn core[a373ad73a504971]::ops::function::FnOnce<(), Output = ()> + core[a373ad73a504971]::marker::Send> as core[a373ad73a504971]::ops::function::FnOnce<()>>::call_once
[INFO] [stdout]                                at /rustc/e3feeb59cd1bdd011a2bfcc0747b55125d9b8527/library/alloc/src/boxed.rs:2314:9
[INFO] [stdout]   43:     0x5715ed931cdf - <std[617be2ca0a6fd877]::sys::thread::unix::Thread>::new::thread_start
[INFO] [stdout]                                at /rustc/e3feeb59cd1bdd011a2bfcc0747b55125d9b8527/library/std/src/sys/thread/unix.rs:127:17
[INFO] [stdout]   44:     0x74dff4f91dfa - <unknown>
[INFO] [stdout]   45:     0x74dff50253d4 - clone
[INFO] [stdout]   46:                0x0 - <unknown>
[INFO] [stdout] 
[INFO] [stdout] thread 'ring::tests::completion_processing::completion_queue_stats_after_submission' (7109) panicked at src/ring/core/mod.rs:468:13:
[INFO] [stdout] Ring dropped with 1 operations in flight:
[INFO] [stdout]   - Operation 1: Accept on fd 0
[INFO] [stdout] All operations must complete before dropping the ring.
[INFO] [stdout] stack backtrace:
[INFO] [stdout]    0:     0x5715ed9327e1 - std[617be2ca0a6fd877]::backtrace_rs::backtrace::libunwind::trace
[INFO] [stdout]                                at /rustc/e3feeb59cd1bdd011a2bfcc0747b55125d9b8527/library/std/src/../../backtrace/src/backtrace/libunwind.rs:117:9
[INFO] [stdout]    1:     0x5715ed9327e1 - std[617be2ca0a6fd877]::backtrace_rs::backtrace::trace_unsynchronized::<std[617be2ca0a6fd877]::sys::backtrace::_print_fmt::{closure#1}>
[INFO] [stdout]                                at /rustc/e3feeb59cd1bdd011a2bfcc0747b55125d9b8527/library/std/src/../../backtrace/src/backtrace/mod.rs:66:14
[INFO] [stdout]    2:     0x5715ed9327e1 - std[617be2ca0a6fd877]::sys::backtrace::_print_fmt
[INFO] [stdout]                                at /rustc/e3feeb59cd1bdd011a2bfcc0747b55125d9b8527/library/std/src/sys/backtrace.rs:74:9
[INFO] [stdout]    3:     0x5715ed9327e1 - <<std[617be2ca0a6fd877]::sys::backtrace::BacktraceLock>::print::DisplayBacktrace as core[a373ad73a504971]::fmt::Display>::fmt
[INFO] [stdout]                                at /rustc/e3feeb59cd1bdd011a2bfcc0747b55125d9b8527/library/std/src/sys/backtrace.rs:44:26
[INFO] [stdout]    4:     0x5715ed9486aa - <core[a373ad73a504971]::fmt::rt::Argument>::fmt
[INFO] [stdout]                                at /rustc/e3feeb59cd1bdd011a2bfcc0747b55125d9b8527/library/core/src/fmt/rt.rs:152:76
[INFO] [stdout]    5:     0x5715ed9486aa - core[a373ad73a504971]::fmt::write
[INFO] [stdout]    6:     0x5715ed936c3c - core[a373ad73a504971]::io::write::default_write_fmt::<alloc[2e1b2a31b91974c5]::vec::Vec<u8>>
[INFO] [stdout]                                at /rustc/e3feeb59cd1bdd011a2bfcc0747b55125d9b8527/library/core/src/io/write.rs:402:11
[INFO] [stdout]    7:     0x5715ed936c3c - <alloc[2e1b2a31b91974c5]::vec::Vec<u8> as core[a373ad73a504971]::io::write::Write>::write_fmt
[INFO] [stdout]                                at /rustc/e3feeb59cd1bdd011a2bfcc0747b55125d9b8527/library/core/src/io/write.rs:335:13
[INFO] [stdout]    8:     0x5715ed90e2d6 - <std[617be2ca0a6fd877]::sys::backtrace::BacktraceLock>::print
[INFO] [stdout]                                at /rustc/e3feeb59cd1bdd011a2bfcc0747b55125d9b8527/library/std/src/sys/backtrace.rs:47:9
[INFO] [stdout]    9:     0x5715ed90e2d6 - std[617be2ca0a6fd877]::panicking::default_hook::{closure#0}
[INFO] [stdout]                                at /rustc/e3feeb59cd1bdd011a2bfcc0747b55125d9b8527/library/std/src/panicking.rs:289:27
[INFO] [stdout]   10:     0x5715ed92aa19 - std[617be2ca0a6fd877]::panicking::default_hook
[INFO] [stdout]                                at /rustc/e3feeb59cd1bdd011a2bfcc0747b55125d9b8527/library/std/src/panicking.rs:313:9
[INFO] [stdout]   11:     0x5715ed8676d0 - <alloc[2e1b2a31b91974c5]::boxed::Box<dyn for<'a, 'b> core[a373ad73a504971]::ops::function::Fn<(&'a std[617be2ca0a6fd877]::panic::PanicHookInfo<'b>,), Output = ()> + core[a373ad73a504971]::marker::Sync + core[a373ad73a504971]::marker::Send> as core[a373ad73a504971]::ops::function::Fn<(&std[617be2ca0a6fd877]::panic::PanicHookInfo,)>>::call
[INFO] [stdout]                                at /rustc/e3feeb59cd1bdd011a2bfcc0747b55125d9b8527/library/alloc/src/boxed.rs:2328:9
[INFO] [stdout]   12:     0x5715ed8676d0 - test[aada8e7e76ba119b]::test_main_inner::{closure#0}
[INFO] [stdout]                                at /rustc/e3feeb59cd1bdd011a2bfcc0747b55125d9b8527/library/test/src/lib.rs:137:21
[INFO] [stdout]   13:     0x5715ed92abd2 - <alloc[2e1b2a31b91974c5]::boxed::Box<dyn for<'a, 'b> core[a373ad73a504971]::ops::function::Fn<(&'a std[617be2ca0a6fd877]::panic::PanicHookInfo<'b>,), Output = ()> + core[a373ad73a504971]::marker::Sync + core[a373ad73a504971]::marker::Send> as core[a373ad73a504971]::ops::function::Fn<(&std[617be2ca0a6fd877]::panic::PanicHookInfo,)>>::call
[INFO] [stdout]                                at /rustc/e3feeb59cd1bdd011a2bfcc0747b55125d9b8527/library/alloc/src/boxed.rs:2328:9
[INFO] [stdout]   14:     0x5715ed92abd2 - std[617be2ca0a6fd877]::panicking::panic_with_hook
[INFO] [stdout]                                at /rustc/e3feeb59cd1bdd011a2bfcc0747b55125d9b8527/library/std/src/panicking.rs:819:13
[INFO] [stdout]   15:     0x5715ed90e382 - std[617be2ca0a6fd877]::panicking::panic_handler::{closure#0}
[INFO] [stdout]                                at /rustc/e3feeb59cd1bdd011a2bfcc0747b55125d9b8527/library/std/src/panicking.rs:685:13
[INFO] [stdout]   16:     0x5715ed906f09 - std[617be2ca0a6fd877]::sys::backtrace::__rust_end_short_backtrace::<std[617be2ca0a6fd877]::panicking::panic_handler::{closure#0}, !>
[INFO] [stdout]                                at /rustc/e3feeb59cd1bdd011a2bfcc0747b55125d9b8527/library/std/src/sys/backtrace.rs:182:18
[INFO] [stdout]   17:     0x5715ed90ef8d - __rustc[ea4f61d10b84890b]::rust_begin_unwind
[INFO] [stdout]                                at /rustc/e3feeb59cd1bdd011a2bfcc0747b55125d9b8527/library/std/src/panicking.rs:676:5
[INFO] [stdout]   18:     0x5715ed948ecc - core[a373ad73a504971]::panicking::panic_fmt
[INFO] [stdout]                                at /rustc/e3feeb59cd1bdd011a2bfcc0747b55125d9b8527/library/core/src/panicking.rs:80:14
[INFO] [stdout]   19:     0x5715ed81d068 - core[a373ad73a504971]::panicking::panic_display::<alloc[2e1b2a31b91974c5]::string::String>
[INFO] [stdout]                                at /rustc/e3feeb59cd1bdd011a2bfcc0747b55125d9b8527/library/core/src/panicking.rs:259:5
[INFO] [stdout]   20:     0x5715ed80c0c5 - <safer_ring[eb5084066b4bc690]::ring::core::Ring as core[a373ad73a504971]::ops::drop::Drop>::drop
[INFO] [stdout]                                at /opt/rustwide/workdir/src/ring/core/mod.rs:468:13
[INFO] [stdout]   21:     0x5715ed824fe3 - core[a373ad73a504971]::ptr::drop_glue::<safer_ring[eb5084066b4bc690]::ring::core::Ring>
[INFO] [stdout]                                at /rustc/e3feeb59cd1bdd011a2bfcc0747b55125d9b8527/library/core/src/ptr/mod.rs:848:1
[INFO] [stdout]   22:     0x5715ed84ab73 - safer_ring[eb5084066b4bc690]::ring::tests::completion_processing::completion_queue_stats_after_submission
[INFO] [stdout]                                at /opt/rustwide/workdir/src/ring/tests.rs:369:5
[INFO] [stdout]   23:     0x5715ed845c67 - safer_ring[eb5084066b4bc690]::ring::tests::completion_processing::completion_queue_stats_after_submission::{closure#0}
[INFO] [stdout]                                at /opt/rustwide/workdir/src/ring/tests.rs:349:49
[INFO] [stdout]   24:     0x5715ed82aec6 - <safer_ring[eb5084066b4bc690]::ring::tests::completion_processing::completion_queue_stats_after_submission::{closure#0} as core[a373ad73a504971]::ops::function::FnOnce<()>>::call_once
[INFO] [stdout]                                at /rustc/e3feeb59cd1bdd011a2bfcc0747b55125d9b8527/library/core/src/ops/function.rs:250:5
[INFO] [stdout]   25:     0x5715ed85ab1b - <fn() -> core[a373ad73a504971]::result::Result<(), alloc[2e1b2a31b91974c5]::string::String> as core[a373ad73a504971]::ops::function::FnOnce<()>>::call_once
[INFO] [stdout]                                at /rustc/e3feeb59cd1bdd011a2bfcc0747b55125d9b8527/library/core/src/ops/function.rs:250:5
[INFO] [stdout]   26:     0x5715ed85ab1b - test[aada8e7e76ba119b]::__rust_begin_short_backtrace::<core[a373ad73a504971]::result::Result<(), alloc[2e1b2a31b91974c5]::string::String>, fn() -> core[a373ad73a504971]::result::Result<(), alloc[2e1b2a31b91974c5]::string::String>>
[INFO] [stdout]                                at /rustc/e3feeb59cd1bdd011a2bfcc0747b55125d9b8527/library/test/src/lib.rs:701:18
[INFO] [stdout]   27:     0x5715ed867cf5 - test[aada8e7e76ba119b]::run_test_in_process::{closure#0}
[INFO] [stdout]                                at /rustc/e3feeb59cd1bdd011a2bfcc0747b55125d9b8527/library/test/src/lib.rs:724:74
[INFO] [stdout]   28:     0x5715ed867cf5 - <core[a373ad73a504971]::panic::unwind_safe::AssertUnwindSafe<test[aada8e7e76ba119b]::run_test_in_process::{closure#0}> as core[a373ad73a504971]::ops::function::FnOnce<()>>::call_once
[INFO] [stdout]                                at /rustc/e3feeb59cd1bdd011a2bfcc0747b55125d9b8527/library/core/src/panic/unwind_safe.rs:275:9
[INFO] [stdout]   29:     0x5715ed867cf5 - std[617be2ca0a6fd877]::panicking::catch_unwind::do_call::<core[a373ad73a504971]::panic::unwind_safe::AssertUnwindSafe<test[aada8e7e76ba119b]::run_test_in_process::{closure#0}>, core[a373ad73a504971]::result::Result<(), alloc[2e1b2a31b91974c5]::string::String>>
[INFO] [stdout]                                at /rustc/e3feeb59cd1bdd011a2bfcc0747b55125d9b8527/library/std/src/panicking.rs:573:43
[INFO] [stdout]   30:     0x5715ed867cf5 - std[617be2ca0a6fd877]::panicking::catch_unwind::<core[a373ad73a504971]::result::Result<(), alloc[2e1b2a31b91974c5]::string::String>, core[a373ad73a504971]::panic::unwind_safe::AssertUnwindSafe<test[aada8e7e76ba119b]::run_test_in_process::{closure#0}>>
[INFO] [stdout]                                at /rustc/e3feeb59cd1bdd011a2bfcc0747b55125d9b8527/library/std/src/panicking.rs:541:19
[INFO] [stdout]   31:     0x5715ed867cf5 - std[617be2ca0a6fd877]::panic::catch_unwind::<core[a373ad73a504971]::panic::unwind_safe::AssertUnwindSafe<test[aada8e7e76ba119b]::run_test_in_process::{closure#0}>, core[a373ad73a504971]::result::Result<(), alloc[2e1b2a31b91974c5]::string::String>>
[INFO] [stdout]                                at /rustc/e3feeb59cd1bdd011a2bfcc0747b55125d9b8527/library/std/src/panic.rs:359:14
[INFO] [stdout]   32:     0x5715ed867cf5 - test[aada8e7e76ba119b]::run_test_in_process
[INFO] [stdout]                                at /rustc/e3feeb59cd1bdd011a2bfcc0747b55125d9b8527/library/test/src/lib.rs:724:27
[INFO] [stdout]   33:     0x5715ed867cf5 - test[aada8e7e76ba119b]::run_test::{closure#0}
[INFO] [stdout]                                at /rustc/e3feeb59cd1bdd011a2bfcc0747b55125d9b8527/library/test/src/lib.rs:645:43
[INFO] [stdout]   34:     0x5715ed8615e4 - test[aada8e7e76ba119b]::run_test::{closure#1}
[INFO] [stdout]                                at /rustc/e3feeb59cd1bdd011a2bfcc0747b55125d9b8527/library/test/src/lib.rs:675:41
[INFO] [stdout]   35:     0x5715ed8615e4 - std[617be2ca0a6fd877]::sys::backtrace::__rust_begin_short_backtrace::<test[aada8e7e76ba119b]::run_test::{closure#1}, ()>
[INFO] [stdout]                                at /rustc/e3feeb59cd1bdd011a2bfcc0747b55125d9b8527/library/std/src/sys/backtrace.rs:166:18
[INFO] [stdout]   36:     0x5715ed86ad82 - std[617be2ca0a6fd877]::thread::lifecycle::spawn_unchecked::<test[aada8e7e76ba119b]::run_test::{closure#1}, ()>::{closure#1}::{closure#0}
[INFO] [stdout]                                at /rustc/e3feeb59cd1bdd011a2bfcc0747b55125d9b8527/library/std/src/thread/lifecycle.rs:70:13
[INFO] [stdout]   37:     0x5715ed86ad82 - <core[a373ad73a504971]::panic::unwind_safe::AssertUnwindSafe<std[617be2ca0a6fd877]::thread::lifecycle::spawn_unchecked<test[aada8e7e76ba119b]::run_test::{closure#1}, ()>::{closure#1}::{closure#0}> as core[a373ad73a504971]::ops::function::FnOnce<()>>::call_once
[INFO] [stdout]                                at /rustc/e3feeb59cd1bdd011a2bfcc0747b55125d9b8527/library/core/src/panic/unwind_safe.rs:275:9
[INFO] [stdout]   38:     0x5715ed86ad82 - std[617be2ca0a6fd877]::panicking::catch_unwind::do_call::<core[a373ad73a504971]::panic::unwind_safe::AssertUnwindSafe<std[617be2ca0a6fd877]::thread::lifecycle::spawn_unchecked<test[aada8e7e76ba119b]::run_test::{closure#1}, ()>::{closure#1}::{closure#0}>, ()>
[INFO] [stdout]                                at /rustc/e3feeb59cd1bdd011a2bfcc0747b55125d9b8527/library/std/src/panicking.rs:573:43
[INFO] [stdout]   39:     0x5715ed86ad82 - std[617be2ca0a6fd877]::panicking::catch_unwind::<(), core[a373ad73a504971]::panic::unwind_safe::AssertUnwindSafe<std[617be2ca0a6fd877]::thread::lifecycle::spawn_unchecked<test[aada8e7e76ba119b]::run_test::{closure#1}, ()>::{closure#1}::{closure#0}>>
[INFO] [stdout]                                at /rustc/e3feeb59cd1bdd011a2bfcc0747b55125d9b8527/library/std/src/panicking.rs:541:19
[INFO] [stdout]   40:     0x5715ed86ad82 - std[617be2ca0a6fd877]::panic::catch_unwind::<core[a373ad73a504971]::panic::unwind_safe::AssertUnwindSafe<std[617be2ca0a6fd877]::thread::lifecycle::spawn_unchecked<test[aada8e7e76ba119b]::run_test::{closure#1}, ()>::{closure#1}::{closure#0}>, ()>
[INFO] [stdout]                                at /rustc/e3feeb59cd1bdd011a2bfcc0747b55125d9b8527/library/std/src/panic.rs:359:14
[INFO] [stdout]   41:     0x5715ed86ad82 - std[617be2ca0a6fd877]::thread::lifecycle::spawn_unchecked::<test[aada8e7e76ba119b]::run_test::{closure#1}, ()>::{closure#1}
[INFO] [stdout]                                at /rustc/e3feeb59cd1bdd011a2bfcc0747b55125d9b8527/library/std/src/thread/lifecycle.rs:68:26
[INFO] [stdout]   42:     0x5715ed86ad82 - <std[617be2ca0a6fd877]::thread::lifecycle::spawn_unchecked<test[aada8e7e76ba119b]::run_test::{closure#1}, ()>::{closure#1} as core[a373ad73a504971]::ops::function::FnOnce<()>>::call_once::{shim:vtable#0}
[INFO] [stdout]                                at /rustc/e3feeb59cd1bdd011a2bfcc0747b55125d9b8527/library/core/src/ops/function.rs:250:5
[INFO] [stdout]   43:     0x5715ed931cdf - <alloc[2e1b2a31b91974c5]::boxed::Box<dyn core[a373ad73a504971]::ops::function::FnOnce<(), Output = ()> + core[a373ad73a504971]::marker::Send> as core[a373ad73a504971]::ops::function::FnOnce<()>>::call_once
[INFO] [stdout]                                at /rustc/e3feeb59cd1bdd011a2bfcc0747b55125d9b8527/library/alloc/src/boxed.rs:2314:9
[INFO] [stdout]   44:     0x5715ed931cdf - <std[617be2ca0a6fd877]::sys::thread::unix::Thread>::new::thread_start
[INFO] [stdout]                                at /rustc/e3feeb59cd1bdd011a2bfcc0747b55125d9b8527/library/std/src/sys/thread/unix.rs:127:17
[INFO] [stdout]   45:     0x74dff4f91dfa - <unknown>
[INFO] [stdout]   46:     0x74dff50253d4 - clone
[INFO] [stdout]   47:                0x0 - <unknown>
[INFO] [stderr] error: test failed, to rerun pass `--lib`
[INFO] [stderr] 
[INFO] [stderr] Caused by:
[INFO] [stderr]   process didn't exit successfully: `/opt/rustwide/target/debug/build/safer-ring/d874d83cec2e3094/out/safer_ring-d874d83cec2e3094` (signal: 6, SIGABRT: process abort signal)
[INFO] running `Command { std: "docker" "inspect" "4328dd85a548819e515edd33f365f8b604126b252c0b288114927c6fa610797b", kill_on_drop: false }`
[INFO] running `Command { std: "docker" "rm" "-f" "4328dd85a548819e515edd33f365f8b604126b252c0b288114927c6fa610797b", kill_on_drop: false }`
[INFO] [stdout] 4328dd85a548819e515edd33f365f8b604126b252c0b288114927c6fa610797b
