[INFO] fetching crate sacp-cbor-abi 0.10.0...
[INFO] testing sacp-cbor-abi-0.10.0 against 1.100.0-beta.1 for beta-1.100-2
[INFO] extracting crate sacp-cbor-abi 0.10.0 into /workspace/builds/worker-5-tc2/source
[INFO] started tweaking crates.io crate sacp-cbor-abi 0.10.0
[INFO] removed 0 missing tests
[INFO] finished tweaking crates.io crate sacp-cbor-abi 0.10.0
[INFO] tweaked toml for crates.io crate sacp-cbor-abi 0.10.0 written to /workspace/builds/worker-5-tc2/source/Cargo.toml
[INFO] validating manifest of crates.io crate sacp-cbor-abi 0.10.0 on toolchain 1.100.0-beta.1
[INFO] running `Command { std: CARGO_HOME="/workspace/cargo-home" RUSTUP_HOME="/workspace/rustup-home" "/workspace/cargo-home/bin/cargo" "+1.100.0-beta.1" "metadata" "--manifest-path" "Cargo.toml" "--no-deps", kill_on_drop: false }`
[INFO] crate crates.io crate sacp-cbor-abi 0.10.0 already has a lockfile, it will not be regenerated
[INFO] running `Command { std: CARGO_HOME="/workspace/cargo-home" RUSTUP_HOME="/workspace/rustup-home" "/workspace/cargo-home/bin/cargo" "+1.100.0-beta.1" "fetch" "--manifest-path" "Cargo.toml", kill_on_drop: false }`
[INFO] [stderr]     Blocking waiting for file lock on package cache
[INFO] running `Command { std: "docker" "create" "-v" "/var/lib/crater-agent-workspace/builds/worker-5-tc2/source:/opt/rustwide/workdir:ro,Z" "-v" "/var/lib/crater-agent-workspace/builds/worker-5-tc2/target:/opt/rustwide/target:rw,Z" "-v" "/var/lib/crater-agent-workspace/cargo-home:/opt/rustwide/cargo-home:ro,Z" "-v" "/var/lib/crater-agent-workspace/rustup-home:/opt/rustwide/rustup-home:ro,Z" "-m" "1610612736" "--network" "none" "ghcr.io/rust-lang/crates-build-env/linux@sha256:3111399a4047eeb3a02b7a90e478d715f38a8c6669b5c4b49d30a17385265909" "sleep" "infinity", kill_on_drop: false }`
[INFO] [stdout] 89859deeb0b98139e14e04c940dfc780d9473b0f98d2a6a55dc531d5ef7f646d
[INFO] running `Command { std: "docker" "start" "89859deeb0b98139e14e04c940dfc780d9473b0f98d2a6a55dc531d5ef7f646d", kill_on_drop: false }`
[INFO] running `Command { std: "docker" "inspect" "89859deeb0b98139e14e04c940dfc780d9473b0f98d2a6a55dc531d5ef7f646d", kill_on_drop: false }`
[INFO] running `Command { std: "docker" "exec" "-e" "SOURCE_DIR=/opt/rustwide/workdir" "-e" "CARGO_HOME=/opt/rustwide/cargo-home" "-e" "RUSTUP_HOME=/opt/rustwide/rustup-home" "-e" "CARGO_TARGET_DIR=/opt/rustwide/target" "-w" "/opt/rustwide/workdir" "--user" "0:0" "89859deeb0b98139e14e04c940dfc780d9473b0f98d2a6a55dc531d5ef7f646d" "/opt/rustwide/cargo-home/bin/cargo" "+1.100.0-beta.1" "metadata" "--no-deps" "--format-version=1", kill_on_drop: false }`
[INFO] running `Command { std: "docker" "inspect" "89859deeb0b98139e14e04c940dfc780d9473b0f98d2a6a55dc531d5ef7f646d", kill_on_drop: false }`
[INFO] running `Command { std: "docker" "exec" "-e" "SOURCE_DIR=/opt/rustwide/workdir" "-e" "CARGO_HOME=/opt/rustwide/cargo-home" "-e" "RUSTUP_HOME=/opt/rustwide/rustup-home" "-e" "CARGO_TARGET_DIR=/opt/rustwide/target" "-e" "CARGO_INCREMENTAL=0" "-e" "RUST_BACKTRACE=full" "-e" "RUSTFLAGS=--cap-lints=warn" "-e" "RUSTDOCFLAGS=--cap-lints=warn" "-w" "/opt/rustwide/workdir" "--user" "0:0" "89859deeb0b98139e14e04c940dfc780d9473b0f98d2a6a55dc531d5ef7f646d" "/opt/rustwide/cargo-home/bin/cargo" "+1.100.0-beta.1" "build" "--frozen" "--message-format=json", kill_on_drop: false }`
[INFO] [stderr]    Compiling hybrid-array v0.4.14
[INFO] [stderr]    Compiling syn v2.0.114
[INFO] [stderr]    Compiling block-buffer v0.12.1
[INFO] [stderr]    Compiling crypto-common v0.2.2
[INFO] [stderr]    Compiling digest v0.11.3
[INFO] [stderr]    Compiling sha2 v0.11.0
[INFO] [stderr]    Compiling sacp-cbor v0.19.0
[INFO] [stderr]    Compiling sacp-cbor-abi-derive v0.7.0
[INFO] [stderr]    Compiling sacp-cbor-abi v0.10.0 (/opt/rustwide/workdir)
[INFO] [stderr]     Finished `dev` profile [unoptimized + debuginfo] target(s) in 13.80s
[INFO] running `Command { std: "docker" "inspect" "89859deeb0b98139e14e04c940dfc780d9473b0f98d2a6a55dc531d5ef7f646d", kill_on_drop: false }`
[INFO] running `Command { std: "docker" "exec" "-e" "SOURCE_DIR=/opt/rustwide/workdir" "-e" "CARGO_HOME=/opt/rustwide/cargo-home" "-e" "RUSTUP_HOME=/opt/rustwide/rustup-home" "-e" "CARGO_TARGET_DIR=/opt/rustwide/target" "-e" "CARGO_INCREMENTAL=0" "-e" "RUST_BACKTRACE=full" "-e" "RUSTFLAGS=--cap-lints=warn" "-e" "RUSTDOCFLAGS=--cap-lints=warn" "-w" "/opt/rustwide/workdir" "--user" "0:0" "89859deeb0b98139e14e04c940dfc780d9473b0f98d2a6a55dc531d5ef7f646d" "/opt/rustwide/cargo-home/bin/cargo" "+1.100.0-beta.1" "test" "--frozen" "--no-run" "--message-format=json", kill_on_drop: false }`
[INFO] [stderr]    Compiling target-triple v1.0.0
[INFO] [stderr]    Compiling winnow v0.7.15
[INFO] [stderr]    Compiling serde v1.0.228
[INFO] [stderr]    Compiling toml_datetime v1.0.0+spec-1.1.0
[INFO] [stderr]    Compiling serde_spanned v1.0.4
[INFO] [stderr]    Compiling serde_json v1.0.149
[INFO] [stderr]    Compiling serde_derive v1.0.228
[INFO] [stderr]    Compiling termcolor v1.4.1
[INFO] [stderr]    Compiling toml_parser v1.0.9+spec-1.1.0
[INFO] [stderr]    Compiling toml v1.0.6+spec-1.1.0
[INFO] [stderr]    Compiling trybuild v1.0.116
[INFO] [stderr]    Compiling sacp-cbor-abi v0.10.0 (/opt/rustwide/workdir)
[INFO] [stderr]     Finished `test` profile [unoptimized + debuginfo] target(s) in 20.78s
[INFO] running `Command { std: "docker" "inspect" "89859deeb0b98139e14e04c940dfc780d9473b0f98d2a6a55dc531d5ef7f646d", kill_on_drop: false }`
[INFO] running `Command { std: "docker" "exec" "-e" "SOURCE_DIR=/opt/rustwide/workdir" "-e" "CARGO_HOME=/opt/rustwide/cargo-home" "-e" "RUSTUP_HOME=/opt/rustwide/rustup-home" "-e" "CARGO_TARGET_DIR=/opt/rustwide/target" "-e" "CARGO_INCREMENTAL=0" "-e" "RUST_BACKTRACE=full" "-e" "RUSTFLAGS=--cap-lints=warn" "-e" "RUSTDOCFLAGS=--cap-lints=warn" "-w" "/opt/rustwide/workdir" "--user" "0:0" "89859deeb0b98139e14e04c940dfc780d9473b0f98d2a6a55dc531d5ef7f646d" "/opt/rustwide/cargo-home/bin/cargo" "+1.100.0-beta.1" "test" "--frozen", kill_on_drop: false }`
[INFO] [stderr]     Finished `test` profile [unoptimized + debuginfo] target(s) in 0.11s
[INFO] [stderr]      Running unittests src/lib.rs (/opt/rustwide/target/debug/build/sacp-cbor-abi/e0581a08284c5c2f/out/sacp_cbor_abi-e0581a08284c5c2f)
[INFO] [stdout] 
[INFO] [stdout] running 0 tests
[INFO] [stdout] 
[INFO] [stdout] test result: ok. 0 passed; 0 failed; 0 ignored; 0 measured; 0 filtered out; finished in 0.00s
[INFO] [stdout] 
[INFO] [stderr]      Running tests/abi_roundtrip.rs (/opt/rustwide/target/debug/build/sacp-cbor-abi/9c53c32eee0ffaaf/out/abi_roundtrip-9c53c32eee0ffaaf)
[INFO] [stdout] 
[INFO] [stdout] running 16 tests
[INFO] [stdout] test borrowed_text_fields_decode_without_copying ... ok
[INFO] [stdout] test enum_abi_preserves_unknown_variants ... ok
[INFO] [stdout] test generated_view_integer_accessors_preserve_bignum_semantics ... ok
[INFO] [stdout] test generated_view_rejects_invalid_field_ids ... ok
[INFO] [stdout] test optional_none_is_omitted ... ok
[INFO] [stdout] test struct_abi_uses_sorted_numeric_ids ... ok
[INFO] [stdout] test transparent_newtype_uses_inner_wire_encoding ... ok
[INFO] [stdout] test transparent_semantic_invariant_is_checked_only_by_owned_decode ... ok
[INFO] [stdout] test generated_view_accessors_are_zero_copy ... ok
[INFO] [stdout] test unknown_field_collisions_are_rejected_on_encode ... ok
[INFO] [stdout] test decode_rejects_missing_unknown_duplicate_and_unsorted_fields ... ok
[INFO] [stdout] test wire_hash_ignores_metadata_and_full_hash_includes_it ... ok
[INFO] [stdout] test abi_field_set_editor_merges_raw_and_encoded_ops ... ok
[INFO] [stdout] test generated_enum_view_validates_and_caches_payload ... ok
[INFO] [stdout] test generated_view_arrays_decode_items_lazily ... ok
[INFO] [stdout] test unknown_fields_can_be_ignored_or_preserved ... ok
[INFO] [stderr]      Running tests/borrowed_view_observer.rs (/opt/rustwide/target/debug/build/sacp-cbor-abi/b35a0433e6620061/out/borrowed_view_observer-b35a0433e6620061)
[INFO] [stdout] 
[INFO] [stdout] test result: ok. 16 passed; 0 failed; 0 ignored; 0 measured; 0 filtered out; finished in 0.01s
[INFO] [stdout] 
[INFO] [stdout] 
[INFO] [stdout] running 8 tests
[INFO] [stdout] test generated_manifest_record_scan_cancels_inside_huge_nested_array ... ok
[INFO] [stdout] test one_session_enters_a_record_from_an_outer_cursor_then_cancels_in_its_inner_cursor ... ok
[INFO] [stdout] test generated_transparent_root_scan_uses_the_callers_session ... ok
[INFO] [stdout] test generated_manifest_array_view_cancels_after_iteration_started ... ok
[INFO] [stdout] test generated_enum_payload_scan_uses_the_callers_session ... ok
[INFO] [stdout] test transparent_field_and_inner_methods_preserve_observation ... ok
[INFO] [stdout] test generated_record_initial_scan_is_observed_and_interruptible ... ok
[INFO] [stdout] test one_session_spans_generated_view_construction_and_two_lazy_fields ... ok
[INFO] [stdout] 
[INFO] [stdout] test result: ok. 8 passed; 0 failed; 0 ignored; 0 measured; 0 filtered out; finished in 0.07s
[INFO] [stdout] 
[INFO] [stderr]      Running tests/compatibility.rs (/opt/rustwide/target/debug/build/sacp-cbor-abi/5f6a70d61e2ed1a2/out/compatibility-5f6a70d61e2ed1a2)
[INFO] [stdout] 
[INFO] [stdout] running 5 tests
[INFO] [stdout] test metadata_rename_keeps_wire_hash_and_read_compatibility ... ok
[INFO] [stdout] test type_change_is_incompatible_in_every_direction ... ok
[INFO] [stderr]      Running tests/decode_allocations.rs (/opt/rustwide/target/debug/build/sacp-cbor-abi/8a354ee4672b9b01/out/decode_allocations-8a354ee4672b9b01)
[INFO] [stdout] test enum_variant_addition_requires_unknown_variant_preservation ... ok
[INFO] [stdout] test optional_field_addition_is_directional ... ok
[INFO] [stdout] test required_field_addition_blocks_new_reads_old ... ok
[INFO] [stdout] 
[INFO] [stdout] test result: ok. 5 passed; 0 failed; 0 ignored; 0 measured; 0 filtered out; finished in 0.01s
[INFO] [stdout] 
[INFO] [stdout] 
[INFO] [stdout] running 11 tests
[INFO] [stdout] test preserved_unknown_fields_still_roundtrip_through_owned_decode ... ok
[INFO] [stdout] test nested_canonical_decode_reports_reservation_failure_at_payload_offset ... ok
[INFO] [stdout] test context_refusal_precedes_every_owned_reservation_and_copy_boundary ... ok
[INFO] [stdout] test nested_vec_decode_reports_reservation_failure_at_nested_array_offset ... ok
[INFO] [stdout] test owned_passthrough_decoders_preserve_core_allocation_failures ... ok
[INFO] [stdout] test preserved_unknown_fields_reserve_before_the_first_push ... ok
[INFO] [stdout] test named_enum_payload_unknown_fields_reserve_before_the_first_push ... ok
[INFO] [stdout] test transparent_try_from_view_is_borrowed_and_defers_semantics_without_allocation ... ok
[INFO] [stderr]      Running tests/decode_context.rs (/opt/rustwide/target/debug/build/sacp-cbor-abi/e89dc693dcd1fa7b/out/decode_context-e89dc693dcd1fa7b)
[INFO] [stdout] test vec_decode_accepts_bounded_arrays_and_rejects_the_first_excess_header ... ok
[INFO] [stdout] test vec_decode_reports_initial_reservation_failure_at_array_offset ... ok
[INFO] [stdout] test transparent_try_from_invariant_runs_only_for_owned_decode ... ok
[INFO] [stdout] 
[INFO] [stdout] test result: ok. 11 passed; 0 failed; 0 ignored; 0 measured; 0 filtered out; finished in 0.02s
[INFO] [stdout] 
[INFO] [stdout] 
[INFO] [stdout] running 5 tests
[INFO] [stdout] test preserved_unknowns_are_admitted_by_actual_count_before_payload_ownership ... ok
[INFO] [stdout] test cumulative_budget_accepts_exact_n_and_rejects_n_minus_one_with_typed_boundary ... ok
[INFO] [stdout] test grammar_and_core_limits_refuse_before_context_but_truncation_follows_header_admission ... ok
[INFO] [stdout] test borrowed_values_do_not_consume_owned_admission_budget ... ok
[INFO] [stdout] test one_context_observes_only_semantic_owned_values_in_recursive_order ... ok
[INFO] [stdout] 
[INFO] [stdout] test result: ok. 5 passed; 0 failed; 0 ignored; 0 measured; 0 filtered out; finished in 0.01s
[INFO] [stdout] 
[INFO] [stderr]      Running tests/facade.rs (/opt/rustwide/target/debug/build/sacp-cbor-abi/c34e3a77fa4da7ef/out/facade-c34e3a77fa4da7ef)
[INFO] [stdout] 
[INFO] [stdout] running 1 test
[INFO] [stdout] test facade_abi_derive_roundtrips ... ok
[INFO] [stdout] 
[INFO] [stdout] test result: ok. 1 passed; 0 failed; 0 ignored; 0 measured; 0 filtered out; finished in 0.01s
[INFO] [stdout] 
[INFO] [stderr]      Running tests/projection_encoding.rs (/opt/rustwide/target/debug/build/sacp-cbor-abi/0ed38a644040b3dc/out/projection_encoding-0ed38a644040b3dc)
[INFO] [stdout] 
[INFO] [stdout] running 9 tests
[INFO] [stdout] test impossible_sequence_length_fails_before_projection ... ok
[INFO] [stdout] test source_underfill_and_overfill_are_typed_and_sticky ... ok
[INFO] [stdout] test indexed_sizing_cancels_only_after_projection_loop_progress ... ok
[INFO] [stdout] test projection_failure_is_typed_stops_later_getters_and_poisons_the_encoder ... ok
[INFO] [stdout] test source_cannot_swallow_work_cancellation ... ok
[INFO] [stdout] test source_emitter_cancels_only_after_emit_loop_progress ... ok
[INFO] [stdout] test owned_slice_indexed_and_source_driven_projections_are_byte_identical ... ok
[INFO] [stdout] test semantic_enum_visitor_matches_owned_wire_bytes_and_preserves_typed_errors ... ok
[INFO] [stdout] test interior_length_mutation_cannot_produce_a_successful_value ... ok
[INFO] [stdout] 
[INFO] [stdout] test result: ok. 9 passed; 0 failed; 0 ignored; 0 measured; 0 filtered out; finished in 0.02s
[INFO] [stdout] 
[INFO] [stderr]      Running tests/readme_examples.rs (/opt/rustwide/target/debug/build/sacp-cbor-abi/4bc26105171fa725/out/readme_examples-4bc26105171fa725)
[INFO] [stdout] 
[INFO] [stdout] running 2 tests
[INFO] [stdout] test stable_public_abi_readme_examples_match_api ... ok
[INFO] [stdout] test stable_public_abi_readme_schema_and_facade_examples_match_api ... ok
[INFO] [stdout] 
[INFO] [stdout] test result: ok. 2 passed; 0 failed; 0 ignored; 0 measured; 0 filtered out; finished in 0.00s
[INFO] [stdout] 
[INFO] [stderr]      Running tests/runtime.rs (/opt/rustwide/target/debug/build/sacp-cbor-abi/3b6395545f279fb8/out/runtime-3b6395545f279fb8)
[INFO] [stdout] 
[INFO] [stdout] running 6 tests
[INFO] [stdout] test enum_runtime_distinguishes_unit_from_an_empty_field_set ... ok
[INFO] [stdout] test runtime_validation_rejects_unresolved_names_and_bad_sequence_items ... ok
[INFO] [stdout] test workspace_is_reusable_after_validation_failure ... ok
[INFO] [stdout] test explicit_runtime_budgets_fail_at_their_typed_boundaries ... ok
[INFO] [stdout] test static_runtime_schema_validates_named_and_sequence_fields_without_compilation ... ok
[INFO] [stdout] test prepared_runtime_validation_and_direct_schema_hashing_do_not_allocate ... ok
[INFO] [stdout] 
[INFO] [stdout] test result: ok. 6 passed; 0 failed; 0 ignored; 0 measured; 0 filtered out; finished in 0.01s
[INFO] [stdout] 
[INFO] [stderr]      Running tests/runtime_miri.rs (/opt/rustwide/target/debug/build/sacp-cbor-abi/57eec8ccf3825838/out/runtime_miri-57eec8ccf3825838)
[INFO] [stdout] 
[INFO] [stdout] running 1 test
[INFO] [stderr]      Running tests/trybuild.rs (/opt/rustwide/target/debug/build/sacp-cbor-abi/d94f8abd3ba4aa21/out/trybuild-d94f8abd3ba4aa21)
[INFO] [stdout] test runtime_workspace_frames_remain_valid_across_failure_and_reuse ... ok
[INFO] [stdout] 
[INFO] [stdout] test result: ok. 1 passed; 0 failed; 0 ignored; 0 measured; 0 filtered out; finished in 0.00s
[INFO] [stdout] 
[INFO] [stdout] 
[INFO] [stdout] running 1 test
[INFO] [stderr]     Checking typenum v1.20.1
[INFO] [stderr]    Compiling proc-macro2 v1.0.106
[INFO] [stderr]    Compiling quote v1.0.44
[INFO] [stderr]    Compiling unicode-ident v1.0.22
[INFO] [stderr]     Checking cfg-if v1.0.4
[INFO] [stderr]     Checking cpufeatures v0.3.0
[INFO] [stderr]    Compiling syn v2.0.114
[INFO] [stderr]     Checking hybrid-array v0.4.14
[INFO] [stderr]     Checking block-buffer v0.12.1
[INFO] [stderr]     Checking crypto-common v0.2.2
[INFO] [stderr]     Checking digest v0.11.3
[INFO] [stderr]     Checking sha2 v0.11.0
[INFO] [stderr]     Checking sacp-cbor v0.19.0
[INFO] [stderr]    Compiling sacp-cbor-abi-derive v0.7.0
[INFO] [stderr]     Checking sacp-cbor-abi v0.10.0 (/opt/rustwide/workdir)
[INFO] [stderr]     Checking sacp-cbor-abi-tests v0.0.0 (/opt/rustwide/target/tests/trybuild/sacp-cbor-abi)
[INFO] [stderr]     Finished `dev` profile [unoptimized + debuginfo] target(s) in 16.55s
[INFO] [stderr] 
[INFO] [stderr] 
[INFO] [stderr] test tests/ui/missing_field_id.rs ... ok
[INFO] [stderr] test tests/ui/zero_field_id.rs ... ok
[INFO] [stderr] test tests/ui/duplicate_field_id.rs ... ok
[INFO] [stderr] test tests/ui/required_option.rs ... ok
[INFO] [stderr] test tests/ui/tuple_struct.rs ... ok
[INFO] [stderr] test tests/ui/duplicate_variant_id.rs ... ok
[INFO] [stderr] test tests/ui/zero_variant_id.rs ... ok
[INFO] [stderr] test tests/ui/unknown_fields_without_storage.rs ... ok
[INFO] [stderr] test tests/ui/invalid_unknown_variant.rs ... ok
[INFO] [stderr] test tests/ui/ty_version_without_ty.rs ... ok
[INFO] [stderr] test tests/ui/string_wire_override.rs ... ok
[INFO] [stderr] test tests/ui/iterator_is_not_exact_sequence.rs ... mismatch
[INFO] [stderr] 
[INFO] [stderr] EXPECTED:
[INFO] [stderr] ┈┈┈┈┈┈┈┈┈┈┈┈┈┈┈┈┈┈┈┈┈┈┈┈┈┈┈┈┈┈┈┈┈┈┈┈┈┈┈┈┈┈┈┈┈┈┈┈┈┈┈┈┈┈┈┈┈┈┈┈
[INFO] [stderr] error[E0277]: the trait bound `std::slice::Iter<'a, u64>: SequenceProjection<sacp_cbor_abi::wire::U64>` is not satisfied
[INFO] [stderr]   --> tests/ui/iterator_is_not_exact_sequence.rs:17:11
[INFO] [stderr]    |
[INFO] [stderr] 17 |         = ProjectedSequence<core::slice::Iter<'a, u64>>
[INFO] [stderr]    |           ^^^^^^^^^^^^^^^^^^^^^^^^^^^^^^^^^^^^^^^^^^^^^ the trait `SequenceProjection<sacp_cbor_abi::wire::U64>` is not implemented for `std::slice::Iter<'a, u64>`
[INFO] [stderr]    |
[INFO] [stderr] help: the trait `AbiEncodeAs<sacp_cbor_abi::wire::Sequence<W>, <P as SequenceProjection<W>>::Error>` is implemented for `ProjectedSequence<P>`
[INFO] [stderr]   --> src/encode_abi.rs
[INFO] [stderr]    |
[INFO] [stderr]    | / impl<P, W> AbiEncodeAs<wire::Sequence<W>, P::Error> for ProjectedSequence<P>
[INFO] [stderr]    | | where
[INFO] [stderr]    | |     W: AbiWireType,
[INFO] [stderr]    | |     P: SequenceProjection<W>,
[INFO] [stderr]    | |_____________________________^
[INFO] [stderr]    = note: required for `ProjectedSequence<std::slice::Iter<'a, u64>>` to implement `AbiEncodeAs<sacp_cbor_abi::wire::Sequence<sacp_cbor_abi::wire::U64>, Infallible>`
[INFO] [stderr] note: required by a bound in `BatchAbiProjection::FieldValues`
[INFO] [stderr]   --> tests/ui/iterator_is_not_exact_sequence.rs:5:10
[INFO] [stderr]    |
[INFO] [stderr]  5 | #[derive(CborAbi)]
[INFO] [stderr]    |          ^^^^^^^ required by this bound in `BatchAbiProjection::FieldValues`
[INFO] [stderr]    = note: this error originates in the derive macro `CborAbi` (in Nightly builds, run with -Z macro-backtrace for more info)
[INFO] [stderr] ┈┈┈┈┈┈┈┈┈┈┈┈┈┈┈┈┈┈┈┈┈┈┈┈┈┈┈┈┈┈┈┈┈┈┈┈┈┈┈┈┈┈┈┈┈┈┈┈┈┈┈┈┈┈┈┈┈┈┈┈
[INFO] [stderr] 
[INFO] [stderr] ACTUAL OUTPUT:
[INFO] [stderr] ┈┈┈┈┈┈┈┈┈┈┈┈┈┈┈┈┈┈┈┈┈┈┈┈┈┈┈┈┈┈┈┈┈┈┈┈┈┈┈┈┈┈┈┈┈┈┈┈┈┈┈┈┈┈┈┈┈┈┈┈
[INFO] [stderr] error[E0277]: the trait bound `std::slice::Iter<'a, u64>: SequenceProjection<sacp_cbor_abi::wire::U64>` is not satisfied
[INFO] [stderr]   --> tests/ui/iterator_is_not_exact_sequence.rs:17:11
[INFO] [stderr]    |
[INFO] [stderr] 17 |         = ProjectedSequence<core::slice::Iter<'a, u64>>
[INFO] [stderr]    |           ^^^^^^^^^^^^^^^^^^^^^^^^^^^^^^^^^^^^^^^^^^^^^ the trait `SequenceProjection<sacp_cbor_abi::wire::U64>` is not implemented for `std::slice::Iter<'a, u64>`
[INFO] [stderr]    |
[INFO] [stderr] help: the trait `AbiEncodeAs<sacp_cbor_abi::wire::Sequence<W>, <P as SequenceProjection<W>>::Error>` is conditionally implemented for `ProjectedSequence<P>`
[INFO] [stderr]   --> src/encode_abi.rs
[INFO] [stderr]    |
[INFO] [stderr]    | / impl<P, W> AbiEncodeAs<wire::Sequence<W>, P::Error> for ProjectedSequence<P>
[INFO] [stderr]    | | where
[INFO] [stderr]    | |     W: AbiWireType,
[INFO] [stderr]    | |     P: SequenceProjection<W>,
[INFO] [stderr]    | |________---------------------^
[INFO] [stderr]    |          |
[INFO] [stderr]    |          unsatisfied requirement introduced here: `std::slice::Iter<'a, u64>: SequenceProjection<sacp_cbor_abi::wire::U64>`
[INFO] [stderr]    = note: required for `ProjectedSequence<std::slice::Iter<'a, u64>>` to implement `AbiEncodeAs<sacp_cbor_abi::wire::Sequence<sacp_cbor_abi::wire::U64>, !>`
[INFO] [stderr] note: required by a bound in `BatchAbiProjection::FieldValues`
[INFO] [stderr]   --> tests/ui/iterator_is_not_exact_sequence.rs:5:10
[INFO] [stderr]    |
[INFO] [stderr]  5 | #[derive(CborAbi)]
[INFO] [stderr]    |          ^^^^^^^ required by this bound in `BatchAbiProjection::FieldValues`
[INFO] [stderr]    = note: this error originates in the derive macro `CborAbi` (in Nightly builds, run with -Z macro-backtrace for more info)
[INFO] [stderr] ┈┈┈┈┈┈┈┈┈┈┈┈┈┈┈┈┈┈┈┈┈┈┈┈┈┈┈┈┈┈┈┈┈┈┈┈┈┈┈┈┈┈┈┈┈┈┈┈┈┈┈┈┈┈┈┈┈┈┈┈
[INFO] [stderr] note: If the actual output is the correct output you can bless it by rerunning
[INFO] [stderr]       your test with the environment variable TRYBUILD=overwrite
[INFO] [stderr] 
[INFO] [stderr] test tests/ui/legacy_decode_trait.rs ... ok
[INFO] [stderr] test tests/ui/legacy_decode_method.rs ... ok
[INFO] [stderr] test tests/ui/legacy_decode_root.rs ... ok
[INFO] [stderr] test tests/ui/legacy_decode_canonical_root.rs ... ok
[INFO] [stderr] test tests/ui/legacy_view_to_owned.rs ... mismatch
[INFO] [stderr] 
[INFO] [stderr] EXPECTED:
[INFO] [stderr] ┈┈┈┈┈┈┈┈┈┈┈┈┈┈┈┈┈┈┈┈┈┈┈┈┈┈┈┈┈┈┈┈┈┈┈┈┈┈┈┈┈┈┈┈┈┈┈┈┈┈┈┈┈┈┈┈┈┈┈┈
[INFO] [stderr] error[E0061]: this method takes 1 argument but 0 arguments were supplied
[INFO] [stderr]   --> tests/ui/legacy_view_to_owned.rs:15:18
[INFO] [stderr]    |
[INFO] [stderr] 15 |     let _ = view.to_owned();
[INFO] [stderr]    |                  ^^^^^^^^-- argument #1 of type `&mut _` is missing
[INFO] [stderr]    |
[INFO] [stderr] note: method defined here
[INFO] [stderr]   --> tests/ui/legacy_view_to_owned.rs:4:10
[INFO] [stderr]    |
[INFO] [stderr]  4 | #[derive(CborAbi)]
[INFO] [stderr]    |          ^^^^^^^
[INFO] [stderr]    = note: this error originates in the derive macro `CborAbi` (in Nightly builds, run with -Z macro-backtrace for more info)
[INFO] [stderr] help: provide the argument
[INFO] [stderr]    |
[INFO] [stderr] 15 |     let _ = view.to_owned(/* context */);
[INFO] [stderr]    |                           +++++++++++++
[INFO] [stderr] ┈┈┈┈┈┈┈┈┈┈┈┈┈┈┈┈┈┈┈┈┈┈┈┈┈┈┈┈┈┈┈┈┈┈┈┈┈┈┈┈┈┈┈┈┈┈┈┈┈┈┈┈┈┈┈┈┈┈┈┈
[INFO] [stderr] 
[INFO] [stderr] ACTUAL OUTPUT:
[INFO] [stderr] ┈┈┈┈┈┈┈┈┈┈┈┈┈┈┈┈┈┈┈┈┈┈┈┈┈┈┈┈┈┈┈┈┈┈┈┈┈┈┈┈┈┈┈┈┈┈┈┈┈┈┈┈┈┈┈┈┈┈┈┈
[INFO] [stderr] error[E0061]: this method takes 1 argument but 0 arguments were supplied
[INFO] [stderr]   --> tests/ui/legacy_view_to_owned.rs:15:18
[INFO] [stderr]    |
[INFO] [stderr] 15 |     let _ = view.to_owned();
[INFO] [stderr]    |                  ^^^^^^^^-- argument #1 of type `&mut _` is missing
[INFO] [stderr]    |
[INFO] [stderr] note: the `to_owned` call is resolved to the method in `LegacyViewView<'__sacp_view>`, shadowing the method of the same name on trait `std::borrow::ToOwned`
[INFO] [stderr]   --> tests/ui/legacy_view_to_owned.rs:15:18
[INFO] [stderr]    |
[INFO] [stderr] 15 |     let _ = view.to_owned();
[INFO] [stderr]    |                  ^^^^^^^^ refers to `LegacyViewView::<'__sacp_view>::to_owned`
[INFO] [stderr] note: method defined here
[INFO] [stderr]   --> tests/ui/legacy_view_to_owned.rs:4:10
[INFO] [stderr]    |
[INFO] [stderr]  4 | #[derive(CborAbi)]
[INFO] [stderr]    |          ^^^^^^^
[INFO] [stderr]    = note: this error originates in the derive macro `CborAbi` (in Nightly builds, run with -Z macro-backtrace for more info)
[INFO] [stderr] help: you might have meant to call the other method; you can use the fully-qualified path to call it explicitly
[INFO] [stderr]    |
[INFO] [stderr] 15 -     let _ = view.to_owned();
[INFO] [stderr] 15 +     let _ = <_ as std::borrow::ToOwned>::to_owned(&view);
[INFO] [stderr]    |
[INFO] [stderr] help: provide the argument
[INFO] [stderr]    |
[INFO] [stderr] 15 |     let _ = view.to_owned(/* context */);
[INFO] [stderr]    |                           +++++++++++++
[INFO] [stderr] ┈┈┈┈┈┈┈┈┈┈┈┈┈┈┈┈┈┈┈┈┈┈┈┈┈┈┈┈┈┈┈┈┈┈┈┈┈┈┈┈┈┈┈┈┈┈┈┈┈┈┈┈┈┈┈┈┈┈┈┈
[INFO] [stderr] note: If the actual output is the correct output you can bless it by rerunning
[INFO] [stderr]       your test with the environment variable TRYBUILD=overwrite
[INFO] [stderr] 
[INFO] [stderr] 
[INFO] [stderr] 
[INFO] [stdout] test abi_schema_errors_fail_to_compile ... FAILED
[INFO] [stdout] 
[INFO] [stdout] failures:
[INFO] [stdout] 
[INFO] [stdout] ---- abi_schema_errors_fail_to_compile stdout ----
[INFO] [stdout] 
[INFO] [stdout] thread 'abi_schema_errors_fail_to_compile' (691) panicked at /opt/rustwide/cargo-home/registry/src/index.crates.io-1949cf8c6b5b557f/trybuild-1.0.116/src/run.rs:102:13:
[INFO] [stdout] 2 of 17 tests failed
[INFO] [stdout] stack backtrace:
[INFO] [stdout]    0:     0x5865a01ebe41 - std[617be2ca0a6fd877]::backtrace_rs::backtrace::libunwind::trace
[INFO] [stdout]                                at /rustc/e3feeb59cd1bdd011a2bfcc0747b55125d9b8527/library/std/src/../../backtrace/src/backtrace/libunwind.rs:117:9
[INFO] [stdout]    1:     0x5865a01ebe41 - std[617be2ca0a6fd877]::backtrace_rs::backtrace::trace_unsynchronized::<std[617be2ca0a6fd877]::sys::backtrace::_print_fmt::{closure#1}>
[INFO] [stdout]                                at /rustc/e3feeb59cd1bdd011a2bfcc0747b55125d9b8527/library/std/src/../../backtrace/src/backtrace/mod.rs:66:14
[INFO] [stdout]    2:     0x5865a01ebe41 - std[617be2ca0a6fd877]::sys::backtrace::_print_fmt
[INFO] [stdout]                                at /rustc/e3feeb59cd1bdd011a2bfcc0747b55125d9b8527/library/std/src/sys/backtrace.rs:74:9
[INFO] [stdout]    3:     0x5865a01ebe41 - <<std[617be2ca0a6fd877]::sys::backtrace::BacktraceLock>::print::DisplayBacktrace as core[a373ad73a504971]::fmt::Display>::fmt
[INFO] [stdout]                                at /rustc/e3feeb59cd1bdd011a2bfcc0747b55125d9b8527/library/std/src/sys/backtrace.rs:44:26
[INFO] [stdout]    4:     0x5865a020233a - <core[a373ad73a504971]::fmt::rt::Argument>::fmt
[INFO] [stdout]                                at /rustc/e3feeb59cd1bdd011a2bfcc0747b55125d9b8527/library/core/src/fmt/rt.rs:152:76
[INFO] [stdout]    5:     0x5865a020233a - core[a373ad73a504971]::fmt::write
[INFO] [stdout]    6:     0x5865a01f073c - core[a373ad73a504971]::io::write::default_write_fmt::<alloc[2e1b2a31b91974c5]::vec::Vec<u8>>
[INFO] [stdout]                                at /rustc/e3feeb59cd1bdd011a2bfcc0747b55125d9b8527/library/core/src/io/write.rs:402:11
[INFO] [stdout]    7:     0x5865a01f073c - <alloc[2e1b2a31b91974c5]::vec::Vec<u8> as core[a373ad73a504971]::io::write::Write>::write_fmt
[INFO] [stdout]                                at /rustc/e3feeb59cd1bdd011a2bfcc0747b55125d9b8527/library/core/src/io/write.rs:335:13
[INFO] [stdout]    8:     0x5865a01c52a6 - <std[617be2ca0a6fd877]::sys::backtrace::BacktraceLock>::print
[INFO] [stdout]                                at /rustc/e3feeb59cd1bdd011a2bfcc0747b55125d9b8527/library/std/src/sys/backtrace.rs:47:9
[INFO] [stdout]    9:     0x5865a01c52a6 - std[617be2ca0a6fd877]::panicking::default_hook::{closure#0}
[INFO] [stdout]                                at /rustc/e3feeb59cd1bdd011a2bfcc0747b55125d9b8527/library/std/src/panicking.rs:289:27
[INFO] [stdout]   10:     0x5865a01e33e9 - std[617be2ca0a6fd877]::panicking::default_hook
[INFO] [stdout]                                at /rustc/e3feeb59cd1bdd011a2bfcc0747b55125d9b8527/library/std/src/panicking.rs:313:9
[INFO] [stdout]   11:     0x5865a017c990 - <alloc[2e1b2a31b91974c5]::boxed::Box<dyn for<'a, 'b> core[a373ad73a504971]::ops::function::Fn<(&'a std[617be2ca0a6fd877]::panic::PanicHookInfo<'b>,), Output = ()> + core[a373ad73a504971]::marker::Sync + core[a373ad73a504971]::marker::Send> as core[a373ad73a504971]::ops::function::Fn<(&std[617be2ca0a6fd877]::panic::PanicHookInfo,)>>::call
[INFO] [stdout]                                at /rustc/e3feeb59cd1bdd011a2bfcc0747b55125d9b8527/library/alloc/src/boxed.rs:2328:9
[INFO] [stdout]   12:     0x5865a017c990 - test[aada8e7e76ba119b]::test_main_inner::{closure#0}
[INFO] [stdout]                                at /rustc/e3feeb59cd1bdd011a2bfcc0747b55125d9b8527/library/test/src/lib.rs:137:21
[INFO] [stdout]   13:     0x5865a01e35a2 - <alloc[2e1b2a31b91974c5]::boxed::Box<dyn for<'a, 'b> core[a373ad73a504971]::ops::function::Fn<(&'a std[617be2ca0a6fd877]::panic::PanicHookInfo<'b>,), Output = ()> + core[a373ad73a504971]::marker::Sync + core[a373ad73a504971]::marker::Send> as core[a373ad73a504971]::ops::function::Fn<(&std[617be2ca0a6fd877]::panic::PanicHookInfo,)>>::call
[INFO] [stdout]                                at /rustc/e3feeb59cd1bdd011a2bfcc0747b55125d9b8527/library/alloc/src/boxed.rs:2328:9
[INFO] [stdout]   14:     0x5865a01e35a2 - std[617be2ca0a6fd877]::panicking::panic_with_hook
[INFO] [stdout]                                at /rustc/e3feeb59cd1bdd011a2bfcc0747b55125d9b8527/library/std/src/panicking.rs:819:13
[INFO] [stdout]   15:     0x5865a01c5352 - std[617be2ca0a6fd877]::panicking::panic_handler::{closure#0}
[INFO] [stdout]                                at /rustc/e3feeb59cd1bdd011a2bfcc0747b55125d9b8527/library/std/src/panicking.rs:685:13
[INFO] [stdout]   16:     0x5865a01bdb79 - std[617be2ca0a6fd877]::sys::backtrace::__rust_end_short_backtrace::<std[617be2ca0a6fd877]::panicking::panic_handler::{closure#0}, !>
[INFO] [stdout]                                at /rustc/e3feeb59cd1bdd011a2bfcc0747b55125d9b8527/library/std/src/sys/backtrace.rs:182:18
[INFO] [stdout]   17:     0x5865a01c5f5d - __rustc[ea4f61d10b84890b]::rust_begin_unwind
[INFO] [stdout]                                at /rustc/e3feeb59cd1bdd011a2bfcc0747b55125d9b8527/library/std/src/panicking.rs:676:5
[INFO] [stdout]   18:     0x5865a0202b2c - core[a373ad73a504971]::panicking::panic_fmt
[INFO] [stdout]                                at /rustc/e3feeb59cd1bdd011a2bfcc0747b55125d9b8527/library/core/src/panicking.rs:80:14
[INFO] [stdout]   19:     0x58659ffc3604 - <trybuild[c9611698de607f8b]::Runner>::run
[INFO] [stdout]                                at /opt/rustwide/cargo-home/registry/src/index.crates.io-1949cf8c6b5b557f/trybuild-1.0.116/src/run.rs:102:13
[INFO] [stdout]   20:     0x58659ffd0358 - <trybuild[c9611698de607f8b]::TestCases as core[a373ad73a504971]::ops::drop::Drop>::drop
[INFO] [stdout]                                at /opt/rustwide/cargo-home/registry/src/index.crates.io-1949cf8c6b5b557f/trybuild-1.0.116/src/lib.rs:342:38
[INFO] [stdout]   21:     0x58659ff50a27 - core[a373ad73a504971]::ptr::drop_glue::<trybuild[c9611698de607f8b]::TestCases>
[INFO] [stdout]                                at /rustc/e3feeb59cd1bdd011a2bfcc0747b55125d9b8527/library/core/src/ptr/mod.rs:848:1
[INFO] [stdout]   22:     0x58659ff50db6 - trybuild[1cd12ef6c2f0cfcc]::abi_schema_errors_fail_to_compile
[INFO] [stdout]                                at /opt/rustwide/workdir/tests/trybuild.rs:21:1
[INFO] [stdout]   23:     0x58659ff50b87 - trybuild[1cd12ef6c2f0cfcc]::abi_schema_errors_fail_to_compile::{closure#0}
[INFO] [stdout]                                at /opt/rustwide/workdir/tests/trybuild.rs:2:39
[INFO] [stdout]   24:     0x58659ff51216 - <trybuild[1cd12ef6c2f0cfcc]::abi_schema_errors_fail_to_compile::{closure#0} as core[a373ad73a504971]::ops::function::FnOnce<()>>::call_once
[INFO] [stdout]                                at /rustc/e3feeb59cd1bdd011a2bfcc0747b55125d9b8527/library/core/src/ops/function.rs:250:5
[INFO] [stdout]   25:     0x5865a016fddb - <fn() -> core[a373ad73a504971]::result::Result<(), alloc[2e1b2a31b91974c5]::string::String> as core[a373ad73a504971]::ops::function::FnOnce<()>>::call_once
[INFO] [stdout]                                at /rustc/e3feeb59cd1bdd011a2bfcc0747b55125d9b8527/library/core/src/ops/function.rs:250:5
[INFO] [stdout]   26:     0x5865a016fddb - test[aada8e7e76ba119b]::__rust_begin_short_backtrace::<core[a373ad73a504971]::result::Result<(), alloc[2e1b2a31b91974c5]::string::String>, fn() -> core[a373ad73a504971]::result::Result<(), alloc[2e1b2a31b91974c5]::string::String>>
[INFO] [stdout]                                at /rustc/e3feeb59cd1bdd011a2bfcc0747b55125d9b8527/library/test/src/lib.rs:701:18
[INFO] [stdout]   27:     0x5865a017cfb5 - test[aada8e7e76ba119b]::run_test_in_process::{closure#0}
[INFO] [stdout]                                at /rustc/e3feeb59cd1bdd011a2bfcc0747b55125d9b8527/library/test/src/lib.rs:724:74
[INFO] [stdout]   28:     0x5865a017cfb5 - <core[a373ad73a504971]::panic::unwind_safe::AssertUnwindSafe<test[aada8e7e76ba119b]::run_test_in_process::{closure#0}> as core[a373ad73a504971]::ops::function::FnOnce<()>>::call_once
[INFO] [stdout]                                at /rustc/e3feeb59cd1bdd011a2bfcc0747b55125d9b8527/library/core/src/panic/unwind_safe.rs:275:9
[INFO] [stdout]   29:     0x5865a017cfb5 - std[617be2ca0a6fd877]::panicking::catch_unwind::do_call::<core[a373ad73a504971]::panic::unwind_safe::AssertUnwindSafe<test[aada8e7e76ba119b]::run_test_in_process::{closure#0}>, core[a373ad73a504971]::result::Result<(), alloc[2e1b2a31b91974c5]::string::String>>
[INFO] [stdout]                                at /rustc/e3feeb59cd1bdd011a2bfcc0747b55125d9b8527/library/std/src/panicking.rs:573:43
[INFO] [stdout]   30:     0x5865a017cfb5 - std[617be2ca0a6fd877]::panicking::catch_unwind::<core[a373ad73a504971]::result::Result<(), alloc[2e1b2a31b91974c5]::string::String>, core[a373ad73a504971]::panic::unwind_safe::AssertUnwindSafe<test[aada8e7e76ba119b]::run_test_in_process::{closure#0}>>
[INFO] [stdout]                                at /rustc/e3feeb59cd1bdd011a2bfcc0747b55125d9b8527/library/std/src/panicking.rs:541:19
[INFO] [stdout]   31:     0x5865a017cfb5 - std[617be2ca0a6fd877]::panic::catch_unwind::<core[a373ad73a504971]::panic::unwind_safe::AssertUnwindSafe<test[aada8e7e76ba119b]::run_test_in_process::{closure#0}>, core[a373ad73a504971]::result::Result<(), alloc[2e1b2a31b91974c5]::string::String>>
[INFO] [stdout]                                at /rustc/e3feeb59cd1bdd011a2bfcc0747b55125d9b8527/library/std/src/panic.rs:359:14
[INFO] [stdout]   32:     0x5865a017cfb5 - test[aada8e7e76ba119b]::run_test_in_process
[INFO] [stdout]                                at /rustc/e3feeb59cd1bdd011a2bfcc0747b55125d9b8527/library/test/src/lib.rs:724:27
[INFO] [stdout]   33:     0x5865a017cfb5 - test[aada8e7e76ba119b]::run_test::{closure#0}
[INFO] [stdout]                                at /rustc/e3feeb59cd1bdd011a2bfcc0747b55125d9b8527/library/test/src/lib.rs:645:43
[INFO] [stdout]   34:     0x5865a01768a4 - test[aada8e7e76ba119b]::run_test::{closure#1}
[INFO] [stdout]                                at /rustc/e3feeb59cd1bdd011a2bfcc0747b55125d9b8527/library/test/src/lib.rs:675:41
[INFO] [stdout]   35:     0x5865a01768a4 - std[617be2ca0a6fd877]::sys::backtrace::__rust_begin_short_backtrace::<test[aada8e7e76ba119b]::run_test::{closure#1}, ()>
[INFO] [stdout]                                at /rustc/e3feeb59cd1bdd011a2bfcc0747b55125d9b8527/library/std/src/sys/backtrace.rs:166:18
[INFO] [stdout]   36:     0x5865a0180042 - std[617be2ca0a6fd877]::thread::lifecycle::spawn_unchecked::<test[aada8e7e76ba119b]::run_test::{closure#1}, ()>::{closure#1}::{closure#0}
[INFO] [stdout]                                at /rustc/e3feeb59cd1bdd011a2bfcc0747b55125d9b8527/library/std/src/thread/lifecycle.rs:70:13
[INFO] [stdout]   37:     0x5865a0180042 - <core[a373ad73a504971]::panic::unwind_safe::AssertUnwindSafe<std[617be2ca0a6fd877]::thread::lifecycle::spawn_unchecked<test[aada8e7e76ba119b]::run_test::{closure#1}, ()>::{closure#1}::{closure#0}> as core[a373ad73a504971]::ops::function::FnOnce<()>>::call_once
[INFO] [stdout]                                at /rustc/e3feeb59cd1bdd011a2bfcc0747b55125d9b8527/library/core/src/panic/unwind_safe.rs:275:9
[INFO] [stdout]   38:     0x5865a0180042 - std[617be2ca0a6fd877]::panicking::catch_unwind::do_call::<core[a373ad73a504971]::panic::unwind_safe::AssertUnwindSafe<std[617be2ca0a6fd877]::thread::lifecycle::spawn_unchecked<test[aada8e7e76ba119b]::run_test::{closure#1}, ()>::{closure#1}::{closure#0}>, ()>
[INFO] [stdout]                                at /rustc/e3feeb59cd1bdd011a2bfcc0747b55125d9b8527/library/std/src/panicking.rs:573:43
[INFO] [stdout]   39:     0x5865a0180042 - std[617be2ca0a6fd877]::panicking::catch_unwind::<(), core[a373ad73a504971]::panic::unwind_safe::AssertUnwindSafe<std[617be2ca0a6fd877]::thread::lifecycle::spawn_unchecked<test[aada8e7e76ba119b]::run_test::{closure#1}, ()>::{closure#1}::{closure#0}>>
[INFO] [stdout]                                at /rustc/e3feeb59cd1bdd011a2bfcc0747b55125d9b8527/library/std/src/panicking.rs:541:19
[INFO] [stdout]   40:     0x5865a0180042 - std[617be2ca0a6fd877]::panic::catch_unwind::<core[a373ad73a504971]::panic::unwind_safe::AssertUnwindSafe<std[617be2ca0a6fd877]::thread::lifecycle::spawn_unchecked<test[aada8e7e76ba119b]::run_test::{closure#1}, ()>::{closure#1}::{closure#0}>, ()>
[INFO] [stdout]                                at /rustc/e3feeb59cd1bdd011a2bfcc0747b55125d9b8527/library/std/src/panic.rs:359:14
[INFO] [stdout]   41:     0x5865a0180042 - std[617be2ca0a6fd877]::thread::lifecycle::spawn_unchecked::<test[aada8e7e76ba119b]::run_test::{closure#1}, ()>::{closure#1}
[INFO] [stdout]                                at /rustc/e3feeb59cd1bdd011a2bfcc0747b55125d9b8527/library/std/src/thread/lifecycle.rs:68:26
[INFO] [stdout]   42:     0x5865a0180042 - <std[617be2ca0a6fd877]::thread::lifecycle::spawn_unchecked<test[aada8e7e76ba119b]::run_test::{closure#1}, ()>::{closure#1} as core[a373ad73a504971]::ops::function::FnOnce<()>>::call_once::{shim:vtable#0}
[INFO] [stdout]                                at /rustc/e3feeb59cd1bdd011a2bfcc0747b55125d9b8527/library/core/src/ops/function.rs:250:5
[INFO] [stdout]   43:     0x5865a01eb09f - <alloc[2e1b2a31b91974c5]::boxed::Box<dyn core[a373ad73a504971]::ops::function::FnOnce<(), Output = ()> + core[a373ad73a504971]::marker::Send> as core[a373ad73a504971]::ops::function::FnOnce<()>>::call_once
[INFO] [stdout]                                at /rustc/e3feeb59cd1bdd011a2bfcc0747b55125d9b8527/library/alloc/src/boxed.rs:2314:9
[INFO] [stdout]   44:     0x5865a01eb09f - <std[617be2ca0a6fd877]::sys::thread::unix::Thread>::new::thread_start
[INFO] [stdout]                                at /rustc/e3feeb59cd1bdd011a2bfcc0747b55125d9b8527/library/std/src/sys/thread/unix.rs:127:17
[INFO] [stdout]   45:     0x7e75a9755dfa - <unknown>
[INFO] [stdout]   46:     0x7e75a97e93d4 - clone
[INFO] [stdout]   47:                0x0 - <unknown>
[INFO] [stdout] 
[INFO] [stdout] 
[INFO] [stdout] failures:
[INFO] [stdout]     abi_schema_errors_fail_to_compile
[INFO] [stdout] 
[INFO] [stdout] test result: FAILED. 0 passed; 1 failed; 0 ignored; 0 measured; 0 filtered out; finished in 22.41s
[INFO] [stdout] 
[INFO] [stderr] error: test failed, to rerun pass `--test trybuild`
[INFO] running `Command { std: "docker" "inspect" "89859deeb0b98139e14e04c940dfc780d9473b0f98d2a6a55dc531d5ef7f646d", kill_on_drop: false }`
[INFO] running `Command { std: "docker" "rm" "-f" "89859deeb0b98139e14e04c940dfc780d9473b0f98d2a6a55dc531d5ef7f646d", kill_on_drop: false }`
[INFO] [stdout] 89859deeb0b98139e14e04c940dfc780d9473b0f98d2a6a55dc531d5ef7f646d
