[INFO] fetching crate ruvix-cli 0.1.0...
[INFO] testing ruvix-cli-0.1.0 against 1.99.0-beta.8 for beta-1.100-2
[INFO] extracting crate ruvix-cli 0.1.0 into /workspace/builds/worker-3-tc1/source
[INFO] started tweaking crates.io crate ruvix-cli 0.1.0
[INFO] finished tweaking crates.io crate ruvix-cli 0.1.0
[INFO] tweaked toml for crates.io crate ruvix-cli 0.1.0 written to /workspace/builds/worker-3-tc1/source/Cargo.toml
[INFO] validating manifest of crates.io crate ruvix-cli 0.1.0 on toolchain 1.99.0-beta.8
[INFO] running `Command { std: CARGO_HOME="/workspace/cargo-home" RUSTUP_HOME="/workspace/rustup-home" "/workspace/cargo-home/bin/cargo" "+1.99.0-beta.8" "metadata" "--manifest-path" "Cargo.toml" "--no-deps", kill_on_drop: false }`
[INFO] crate crates.io crate ruvix-cli 0.1.0 already has a lockfile, it will not be regenerated
[INFO] running `Command { std: CARGO_HOME="/workspace/cargo-home" RUSTUP_HOME="/workspace/rustup-home" "/workspace/cargo-home/bin/cargo" "+1.99.0-beta.8" "fetch" "--manifest-path" "Cargo.toml", kill_on_drop: false }`
[INFO] [stderr]     Updating crates.io index
[INFO] [stderr]  Downloading crates ...
[INFO] [stderr]   Downloaded libudev-sys v0.1.4
[INFO] [stderr]   Downloaded serialport v4.8.1
[INFO] [stderr]   Downloaded libudev v0.3.0
[INFO] [stderr]   Downloaded unescaper v0.1.8
[INFO] [stderr]   Downloaded wasm-bindgen-shared v0.2.114
[INFO] [stderr]   Downloaded wasm-bindgen-macro v0.2.114
[INFO] [stderr]   Downloaded ctrlc v3.5.2
[INFO] [stderr]   Downloaded ghash v0.5.1
[INFO] [stderr]   Downloaded ruvix-dtb v0.1.0
[INFO] [stderr]   Downloaded pem v3.0.6
[INFO] [stderr]   Downloaded assert_cmd v2.2.0
[INFO] [stderr]   Downloaded polyval v0.6.2
[INFO] [stderr]   Downloaded ctr v0.9.2
[INFO] [stderr]   Downloaded core-foundation v0.10.0
[INFO] [stderr]   Downloaded ruvix-types v0.1.0
[INFO] [stderr]   Downloaded dialoguer v0.11.0
[INFO] [stderr]   Downloaded clap v4.5.60
[INFO] [stderr]   Downloaded wasm-bindgen v0.2.114
[INFO] [stderr]   Downloaded wasm-bindgen-macro-support v0.2.114
[INFO] [stderr]   Downloaded zerocopy-derive v0.8.42
[INFO] [stderr]   Downloaded js-sys v0.3.91
[INFO] [stderr]   Downloaded mio v0.8.11
[INFO] [stderr]   Downloaded cc v1.2.57
[INFO] [stderr]   Downloaded aes-gcm v0.10.3
[INFO] [stderr]   Downloaded crossterm v0.27.0
[INFO] [stderr]   Downloaded clap_builder v4.5.60
[INFO] [stderr]   Downloaded zerocopy v0.8.42
[INFO] [stderr]   Downloaded nix v0.31.2
[INFO] [stderr]   Downloaded libc v0.2.183
[INFO] running `Command { std: "docker" "create" "-v" "/var/lib/crater-agent-workspace/builds/worker-3-tc1/source:/opt/rustwide/workdir:ro,Z" "-v" "/var/lib/crater-agent-workspace/builds/worker-3-tc1/target:/opt/rustwide/target:rw,Z" "-v" "/var/lib/crater-agent-workspace/cargo-home:/opt/rustwide/cargo-home:ro,Z" "-v" "/var/lib/crater-agent-workspace/rustup-home:/opt/rustwide/rustup-home:ro,Z" "-m" "1610612736" "--network" "none" "ghcr.io/rust-lang/crates-build-env/linux@sha256:3111399a4047eeb3a02b7a90e478d715f38a8c6669b5c4b49d30a17385265909" "sleep" "infinity", kill_on_drop: false }`
[INFO] [stdout] 02d7c92f9709840bbcc2b6edf641125aed2ab01fb845650eebdd71282b30a3ee
[INFO] running `Command { std: "docker" "start" "02d7c92f9709840bbcc2b6edf641125aed2ab01fb845650eebdd71282b30a3ee", kill_on_drop: false }`
[INFO] running `Command { std: "docker" "inspect" "02d7c92f9709840bbcc2b6edf641125aed2ab01fb845650eebdd71282b30a3ee", kill_on_drop: false }`
[INFO] running `Command { std: "docker" "exec" "-e" "SOURCE_DIR=/opt/rustwide/workdir" "-e" "CARGO_HOME=/opt/rustwide/cargo-home" "-e" "RUSTUP_HOME=/opt/rustwide/rustup-home" "-e" "CARGO_TARGET_DIR=/opt/rustwide/target" "-w" "/opt/rustwide/workdir" "--user" "0:0" "02d7c92f9709840bbcc2b6edf641125aed2ab01fb845650eebdd71282b30a3ee" "/opt/rustwide/cargo-home/bin/cargo" "+1.99.0-beta.8" "metadata" "--no-deps" "--format-version=1", kill_on_drop: false }`
[INFO] running `Command { std: "docker" "inspect" "02d7c92f9709840bbcc2b6edf641125aed2ab01fb845650eebdd71282b30a3ee", kill_on_drop: false }`
[INFO] running `Command { std: "docker" "exec" "-e" "SOURCE_DIR=/opt/rustwide/workdir" "-e" "CARGO_HOME=/opt/rustwide/cargo-home" "-e" "RUSTUP_HOME=/opt/rustwide/rustup-home" "-e" "CARGO_TARGET_DIR=/opt/rustwide/target" "-e" "CARGO_INCREMENTAL=0" "-e" "RUST_BACKTRACE=full" "-e" "RUSTFLAGS=--cap-lints=warn" "-e" "RUSTDOCFLAGS=--cap-lints=warn" "-w" "/opt/rustwide/workdir" "--user" "0:0" "02d7c92f9709840bbcc2b6edf641125aed2ab01fb845650eebdd71282b30a3ee" "/opt/rustwide/cargo-home/bin/cargo" "+1.99.0-beta.8" "build" "--frozen" "--message-format=json", kill_on_drop: false }`
[INFO] [stderr]    Compiling libc v0.2.183
[INFO] [stderr]    Compiling unicode-ident v1.0.24
[INFO] [stderr]    Compiling base64ct v1.8.3
[INFO] [stderr]    Compiling bitflags v2.11.0
[INFO] [stderr]    Compiling zerocopy v0.8.42
[INFO] [stderr]    Compiling const-oid v0.9.6
[INFO] [stderr]    Compiling pkg-config v0.3.32
[INFO] [stderr]    Compiling semver v1.0.27
[INFO] [stderr]    Compiling proc-macro2 v1.0.106
[INFO] [stderr]    Compiling serde_core v1.0.228
[INFO] [stderr]    Compiling thiserror v2.0.18
[INFO] [stderr]    Compiling cfg_aliases v0.2.1
[INFO] [stderr]    Compiling scopeguard v1.2.0
[INFO] [stderr]    Compiling inout v0.1.4
[INFO] [stderr]    Compiling anstyle-parse v0.2.7
[INFO] [stderr]    Compiling zmij v1.0.21
[INFO] [stderr]    Compiling log v0.4.29
[INFO] [stderr]    Compiling nix v0.31.2
[INFO] [stderr]    Compiling opaque-debug v0.3.1
[INFO] [stderr]    Compiling smallvec v1.15.1
[INFO] [stderr]    Compiling portable-atomic v1.13.1
[INFO] [stderr]    Compiling thiserror v1.0.69
[INFO] [stderr]    Compiling colorchoice v1.0.5
[INFO] [stderr]    Compiling rustix v1.1.4
[INFO] [stderr]    Compiling pem-rfc7468 v0.7.0
[INFO] [stderr]    Compiling rustc_version v0.4.1
[INFO] [stderr]    Compiling anstream v0.6.21
[INFO] [stderr]    Compiling lock_api v0.4.14
[INFO] [stderr]    Compiling anyhow v1.0.102
[INFO] [stderr]    Compiling serde v1.0.228
[INFO] [stderr]    Compiling serde_json v1.0.149
[INFO] [stderr]    Compiling clap_lex v1.1.0
[INFO] [stderr]    Compiling signature v2.2.0
[INFO] [stderr]    Compiling der v0.7.10
[INFO] [stderr]    Compiling clap_builder v4.5.60
[INFO] [stderr]    Compiling curve25519-dalek v4.1.3
[INFO] [stderr]    Compiling memchr v2.8.0
[INFO] [stderr]    Compiling base64 v0.22.1
[INFO] [stderr]    Compiling number_prefix v0.4.0
[INFO] [stderr]    Compiling ruvix-types v0.1.0
[INFO] [stderr]    Compiling quote v1.0.40
[INFO] [stderr]    Compiling colored v2.2.0
[INFO] [stderr]    Compiling syn v2.0.117
[INFO] [stderr]    Compiling libudev-sys v0.1.4
[INFO] [stderr]    Compiling ruvix-dtb v0.1.0
[INFO] [stderr]    Compiling pem v3.0.6
[INFO] [stderr]    Compiling chrono v0.4.44
[INFO] [stderr]    Compiling hex v0.4.3
[INFO] [stderr]    Compiling spki v0.7.3
[INFO] [stderr]    Compiling pkcs8 v0.10.2
[INFO] [stderr]    Compiling ed25519 v2.2.3
[INFO] [stderr]    Compiling getrandom v0.2.17
[INFO] [stderr]    Compiling errno v0.3.14
[INFO] [stderr]    Compiling parking_lot_core v0.9.12
[INFO] [stderr]    Compiling getrandom v0.4.2
[INFO] [stderr]    Compiling mio v0.8.11
[INFO] [stderr]    Compiling signal-hook-registry v1.4.8
[INFO] [stderr]    Compiling console v0.15.11
[INFO] [stderr]    Compiling libudev v0.3.0
[INFO] [stderr]    Compiling nix v0.26.4
[INFO] [stderr]    Compiling rand_core v0.6.4
[INFO] [stderr]    Compiling parking_lot v0.12.5
[INFO] [stderr]    Compiling signal-hook v0.3.18
[INFO] [stderr]    Compiling indicatif v0.17.11
[INFO] [stderr]    Compiling crypto-common v0.1.7
[INFO] [stderr]    Compiling password-hash v0.5.0
[INFO] [stderr]    Compiling digest v0.10.7
[INFO] [stderr]    Compiling universal-hash v0.5.1
[INFO] [stderr]    Compiling cipher v0.4.4
[INFO] [stderr]    Compiling polyval v0.6.2
[INFO] [stderr]    Compiling aead v0.5.2
[INFO] [stderr]    Compiling signal-hook-mio v0.2.5
[INFO] [stderr]    Compiling ghash v0.5.1
[INFO] [stderr]    Compiling aes v0.8.4
[INFO] [stderr]    Compiling ctr v0.9.2
[INFO] [stderr]    Compiling crossterm v0.27.0
[INFO] [stderr]    Compiling tempfile v3.27.0
[INFO] [stderr]    Compiling blake2 v0.10.6
[INFO] [stderr]    Compiling sha2 v0.10.9
[INFO] [stderr]    Compiling ctrlc v3.5.2
[INFO] [stderr]    Compiling argon2 v0.5.3
[INFO] [stderr]    Compiling aes-gcm v0.10.3
[INFO] [stderr]    Compiling thiserror-impl v2.0.18
[INFO] [stderr]    Compiling thiserror-impl v1.0.69
[INFO] [stderr]    Compiling curve25519-dalek-derive v0.1.1
[INFO] [stderr]    Compiling clap_derive v4.5.55
[INFO] [stderr]    Compiling serde_derive v1.0.228
[INFO] [stderr]    Compiling dialoguer v0.11.0
[INFO] [stderr]    Compiling clap v4.5.60
[INFO] [stderr]    Compiling unescaper v0.1.8
[INFO] [stderr]    Compiling serialport v4.8.1
[INFO] [stderr]    Compiling ppv-lite86 v0.2.21
[INFO] [stderr]    Compiling ed25519-dalek v2.2.0
[INFO] [stderr]    Compiling rand_chacha v0.3.1
[INFO] [stderr]    Compiling rand v0.8.5
[INFO] [stderr]    Compiling ruvix-cli v0.1.0 (/opt/rustwide/workdir)
[INFO] [stdout] warning: unused import: `Context`
[INFO] [stdout]  --> src/commands/build.rs:3:14
[INFO] [stdout]   |
[INFO] [stdout] 3 | use anyhow::{Context, Result};
[INFO] [stdout]   |              ^^^^^^^
[INFO] [stdout]   |
[INFO] [stdout]   = note: `#[warn(unused_imports)]` (part of `#[warn(unused)]`) on by default
[INFO] [stdout] 
[INFO] [stdout] 
[INFO] [stdout] warning: unused import: `Context`
[INFO] [stdout]  --> src/commands/config.rs:3:14
[INFO] [stdout]   |
[INFO] [stdout] 3 | use anyhow::{Context, Result};
[INFO] [stdout]   |              ^^^^^^^
[INFO] [stdout] 
[INFO] [stdout] 
[INFO] [stdout] warning: unused import: `bail`
[INFO] [stdout]  --> src/commands/flash.rs:3:14
[INFO] [stdout]   |
[INFO] [stdout] 3 | use anyhow::{bail, Context, Result};
[INFO] [stdout]   |              ^^^^
[INFO] [stdout] 
[INFO] [stdout] 
[INFO] [stdout] warning: unused import: `File`
[INFO] [stdout]   --> src/commands/keys.rs:15:21
[INFO] [stdout]    |
[INFO] [stdout] 15 | use std::fs::{self, File};
[INFO] [stdout]    |                     ^^^^
[INFO] [stdout] 
[INFO] [stdout] 
[INFO] [stdout] warning: unused import: `Read`
[INFO] [stdout]   --> src/commands/keys.rs:16:15
[INFO] [stdout]    |
[INFO] [stdout] 16 | use std::io::{Read, Write};
[INFO] [stdout]    |               ^^^^
[INFO] [stdout] 
[INFO] [stdout] 
[INFO] [stdout] warning: unused import: `zeroize::Zeroize`
[INFO] [stdout]   --> src/commands/keys.rs:18:5
[INFO] [stdout]    |
[INFO] [stdout] 18 | use zeroize::Zeroize;
[INFO] [stdout]    |     ^^^^^^^^^^^^^^^^
[INFO] [stdout] 
[INFO] [stdout] 
[INFO] [stdout] warning: unused import: `Context`
[INFO] [stdout]  --> src/commands/security.rs:3:14
[INFO] [stdout]   |
[INFO] [stdout] 3 | use anyhow::{Context, Result};
[INFO] [stdout]   |              ^^^^^^^
[INFO] [stdout] 
[INFO] [stdout] 
[INFO] [stdout] warning: use of deprecated function `base64::encode`: Use Engine::encode
[INFO] [stdout]    --> src/commands/keys.rs:947:34
[INFO] [stdout]     |
[INFO] [stdout] 947 |     format!("SHA256:{}", base64::encode(&hash[..12]))
[INFO] [stdout]     |                                  ^^^^^^
[INFO] [stdout]     |
[INFO] [stdout]     = note: `#[warn(deprecated)]` on by default
[INFO] [stdout] 
[INFO] [stdout] 
[INFO] [stdout] warning: unused import: `Write`
[INFO] [stdout]   --> src/commands/keys.rs:16:21
[INFO] [stdout]    |
[INFO] [stdout] 16 | use std::io::{Read, Write};
[INFO] [stdout]    |                     ^^^^^
[INFO] [stdout] 
[INFO] [stdout] 
[INFO] [stdout] warning: unused variable: `args`
[INFO] [stdout]    --> src/commands/build.rs:200:19
[INFO] [stdout]     |
[INFO] [stdout] 200 | fn compile_kernel(args: &BuildArgs, config: &BuildConfig) -> Result<()> {
[INFO] [stdout]     |                   ^^^^ help: if this is intentional, prefix it with an underscore: `_args`
[INFO] [stdout]     |
[INFO] [stdout]     = note: `#[warn(unused_variables)]` (part of `#[warn(unused)]`) on by default
[INFO] [stdout] 
[INFO] [stdout] 
[INFO] [stdout] warning: unused variable: `args`
[INFO] [stdout]    --> src/commands/build.rs:227:18
[INFO] [stdout]     |
[INFO] [stdout] 227 | fn strip_symbols(args: &BuildArgs) -> Result<()> {
[INFO] [stdout]     |                  ^^^^ help: if this is intentional, prefix it with an underscore: `_args`
[INFO] [stdout] 
[INFO] [stdout] 
[INFO] [stdout] warning: unused variable: `result`
[INFO] [stdout]    --> src/commands/security.rs:412:9
[INFO] [stdout]     |
[INFO] [stdout] 412 |     let result = if critical > 0 || high > 0 || (strict && medium > 0) {
[INFO] [stdout]     |         ^^^^^^ help: if this is intentional, prefix it with an underscore: `_result`
[INFO] [stdout] 
[INFO] [stdout] 
[INFO] [stdout] warning: unused variable: `verbose`
[INFO] [stdout]    --> src/commands/security.rs:586:5
[INFO] [stdout]     |
[INFO] [stdout] 586 |     verbose: bool,
[INFO] [stdout]     |     ^^^^^^^ help: if this is intentional, prefix it with an underscore: `_verbose`
[INFO] [stdout] 
[INFO] [stdout] 
[INFO] [stdout] warning: unused variable: `verbose`
[INFO] [stdout]    --> src/commands/security.rs:624:5
[INFO] [stdout]     |
[INFO] [stdout] 624 |     verbose: bool,
[INFO] [stdout]     |     ^^^^^^^ help: if this is intentional, prefix it with an underscore: `_verbose`
[INFO] [stdout] 
[INFO] [stdout] 
[INFO] [stdout] warning: struct `RuvixConfig` is never constructed
[INFO] [stdout]    --> src/commands/config.rs:166:8
[INFO] [stdout]     |
[INFO] [stdout] 166 | struct RuvixConfig {
[INFO] [stdout]     |        ^^^^^^^^^^^
[INFO] [stdout]     |
[INFO] [stdout]     = note: `#[warn(dead_code)]` (part of `#[warn(unused)]`) on by default
[INFO] [stdout] 
[INFO] [stdout] 
[INFO] [stdout] warning: struct `KernelConfig` is never constructed
[INFO] [stdout]    --> src/commands/config.rs:174:8
[INFO] [stdout]     |
[INFO] [stdout] 174 | struct KernelConfig {
[INFO] [stdout]     |        ^^^^^^^^^^^^
[INFO] [stdout] 
[INFO] [stdout] 
[INFO] [stdout] warning: struct `FeatureConfig` is never constructed
[INFO] [stdout]    --> src/commands/config.rs:182:8
[INFO] [stdout]     |
[INFO] [stdout] 182 | struct FeatureConfig {
[INFO] [stdout]     |        ^^^^^^^^^^^^^
[INFO] [stdout] 
[INFO] [stdout] 
[INFO] [stdout] warning: struct `MemoryConfig` is never constructed
[INFO] [stdout]    --> src/commands/config.rs:190:8
[INFO] [stdout]     |
[INFO] [stdout] 190 | struct MemoryConfig {
[INFO] [stdout]     |        ^^^^^^^^^^^^
[INFO] [stdout] 
[INFO] [stdout] 
[INFO] [stdout] warning: struct `BootConfig` is never constructed
[INFO] [stdout]    --> src/commands/config.rs:197:8
[INFO] [stdout]     |
[INFO] [stdout] 197 | struct BootConfig {
[INFO] [stdout]     |        ^^^^^^^^^^
[INFO] [stdout] 
[INFO] [stdout] 
[INFO] [stderr]     Finished `dev` profile [unoptimized + debuginfo] target(s) in 39.49s
[INFO] running `Command { std: "docker" "inspect" "02d7c92f9709840bbcc2b6edf641125aed2ab01fb845650eebdd71282b30a3ee", kill_on_drop: false }`
[INFO] running `Command { std: "docker" "exec" "-e" "SOURCE_DIR=/opt/rustwide/workdir" "-e" "CARGO_HOME=/opt/rustwide/cargo-home" "-e" "RUSTUP_HOME=/opt/rustwide/rustup-home" "-e" "CARGO_TARGET_DIR=/opt/rustwide/target" "-e" "CARGO_INCREMENTAL=0" "-e" "RUST_BACKTRACE=full" "-e" "RUSTFLAGS=--cap-lints=warn" "-e" "RUSTDOCFLAGS=--cap-lints=warn" "-w" "/opt/rustwide/workdir" "--user" "0:0" "02d7c92f9709840bbcc2b6edf641125aed2ab01fb845650eebdd71282b30a3ee" "/opt/rustwide/cargo-home/bin/cargo" "+1.99.0-beta.8" "test" "--frozen" "--no-run" "--message-format=json", kill_on_drop: false }`
[INFO] [stderr]    Compiling aho-corasick v1.1.4
[INFO] [stderr]    Compiling regex-syntax v0.8.10
[INFO] [stderr]    Compiling predicates-core v1.0.10
[INFO] [stderr]    Compiling assert_cmd v2.2.0
[INFO] [stderr]    Compiling wait-timeout v0.2.1
[INFO] [stderr]    Compiling predicates-tree v1.0.13
[INFO] [stderr]    Compiling regex-automata v0.4.14
[INFO] [stderr]    Compiling regex v1.12.3
[INFO] [stderr]    Compiling bstr v1.12.1
[INFO] [stderr]    Compiling predicates v3.1.4
[INFO] [stderr]    Compiling ruvix-cli v0.1.0 (/opt/rustwide/workdir)
[INFO] [stdout] warning: unused import: `Context`
[INFO] [stdout]  --> src/commands/build.rs:3:14
[INFO] [stdout]   |
[INFO] [stdout] 3 | use anyhow::{Context, Result};
[INFO] [stdout]   |              ^^^^^^^
[INFO] [stdout]   |
[INFO] [stdout]   = note: `#[warn(unused_imports)]` (part of `#[warn(unused)]`) on by default
[INFO] [stdout] 
[INFO] [stdout] 
[INFO] [stdout] warning: unused import: `Context`
[INFO] [stdout]  --> src/commands/config.rs:3:14
[INFO] [stdout]   |
[INFO] [stdout] 3 | use anyhow::{Context, Result};
[INFO] [stdout]   |              ^^^^^^^
[INFO] [stdout] 
[INFO] [stdout] 
[INFO] [stdout] warning: unused import: `bail`
[INFO] [stdout]  --> src/commands/flash.rs:3:14
[INFO] [stdout]   |
[INFO] [stdout] 3 | use anyhow::{bail, Context, Result};
[INFO] [stdout]   |              ^^^^
[INFO] [stdout] 
[INFO] [stdout] 
[INFO] [stdout] warning: unused import: `File`
[INFO] [stdout]   --> src/commands/keys.rs:15:21
[INFO] [stdout]    |
[INFO] [stdout] 15 | use std::fs::{self, File};
[INFO] [stdout]    |                     ^^^^
[INFO] [stdout] 
[INFO] [stdout] 
[INFO] [stdout] warning: unused import: `Read`
[INFO] [stdout]   --> src/commands/keys.rs:16:15
[INFO] [stdout]    |
[INFO] [stdout] 16 | use std::io::{Read, Write};
[INFO] [stdout]    |               ^^^^
[INFO] [stdout] 
[INFO] [stdout] 
[INFO] [stdout] warning: unused import: `zeroize::Zeroize`
[INFO] [stdout]   --> src/commands/keys.rs:18:5
[INFO] [stdout]    |
[INFO] [stdout] 18 | use zeroize::Zeroize;
[INFO] [stdout]    |     ^^^^^^^^^^^^^^^^
[INFO] [stdout] 
[INFO] [stdout] 
[INFO] [stdout] warning: unused import: `Context`
[INFO] [stdout]  --> src/commands/security.rs:3:14
[INFO] [stdout]   |
[INFO] [stdout] 3 | use anyhow::{Context, Result};
[INFO] [stdout]   |              ^^^^^^^
[INFO] [stdout] 
[INFO] [stdout] 
[INFO] [stdout] warning: use of deprecated function `base64::encode`: Use Engine::encode
[INFO] [stdout]    --> src/commands/keys.rs:947:34
[INFO] [stdout]     |
[INFO] [stdout] 947 |     format!("SHA256:{}", base64::encode(&hash[..12]))
[INFO] [stdout]     |                                  ^^^^^^
[INFO] [stdout]     |
[INFO] [stdout]     = note: `#[warn(deprecated)]` on by default
[INFO] [stdout] 
[INFO] [stdout] 
[INFO] [stdout] warning: unused import: `Write`
[INFO] [stdout]   --> src/commands/keys.rs:16:21
[INFO] [stdout]    |
[INFO] [stdout] 16 | use std::io::{Read, Write};
[INFO] [stdout]    |                     ^^^^^
[INFO] [stdout] 
[INFO] [stdout] 
[INFO] [stdout] warning: unused variable: `args`
[INFO] [stdout]    --> src/commands/build.rs:200:19
[INFO] [stdout]     |
[INFO] [stdout] 200 | fn compile_kernel(args: &BuildArgs, config: &BuildConfig) -> Result<()> {
[INFO] [stdout]     |                   ^^^^ help: if this is intentional, prefix it with an underscore: `_args`
[INFO] [stdout]     |
[INFO] [stdout]     = note: `#[warn(unused_variables)]` (part of `#[warn(unused)]`) on by default
[INFO] [stdout] 
[INFO] [stdout] 
[INFO] [stdout] warning: unused variable: `args`
[INFO] [stdout]    --> src/commands/build.rs:227:18
[INFO] [stdout]     |
[INFO] [stdout] 227 | fn strip_symbols(args: &BuildArgs) -> Result<()> {
[INFO] [stdout]     |                  ^^^^ help: if this is intentional, prefix it with an underscore: `_args`
[INFO] [stdout] 
[INFO] [stdout] 
[INFO] [stdout] warning: unused variable: `result`
[INFO] [stdout]    --> src/commands/security.rs:412:9
[INFO] [stdout]     |
[INFO] [stdout] 412 |     let result = if critical > 0 || high > 0 || (strict && medium > 0) {
[INFO] [stdout]     |         ^^^^^^ help: if this is intentional, prefix it with an underscore: `_result`
[INFO] [stdout] 
[INFO] [stdout] 
[INFO] [stdout] warning: unused variable: `verbose`
[INFO] [stdout]    --> src/commands/security.rs:586:5
[INFO] [stdout]     |
[INFO] [stdout] 586 |     verbose: bool,
[INFO] [stdout]     |     ^^^^^^^ help: if this is intentional, prefix it with an underscore: `_verbose`
[INFO] [stdout] 
[INFO] [stdout] 
[INFO] [stdout] warning: unused variable: `verbose`
[INFO] [stdout]    --> src/commands/security.rs:624:5
[INFO] [stdout]     |
[INFO] [stdout] 624 |     verbose: bool,
[INFO] [stdout]     |     ^^^^^^^ help: if this is intentional, prefix it with an underscore: `_verbose`
[INFO] [stdout] 
[INFO] [stdout] 
[INFO] [stdout] warning: struct `RuvixConfig` is never constructed
[INFO] [stdout]    --> src/commands/config.rs:166:8
[INFO] [stdout]     |
[INFO] [stdout] 166 | struct RuvixConfig {
[INFO] [stdout]     |        ^^^^^^^^^^^
[INFO] [stdout]     |
[INFO] [stdout]     = note: `#[warn(dead_code)]` (part of `#[warn(unused)]`) on by default
[INFO] [stdout] 
[INFO] [stdout] 
[INFO] [stdout] warning: struct `KernelConfig` is never constructed
[INFO] [stdout]    --> src/commands/config.rs:174:8
[INFO] [stdout]     |
[INFO] [stdout] 174 | struct KernelConfig {
[INFO] [stdout]     |        ^^^^^^^^^^^^
[INFO] [stdout] 
[INFO] [stdout] 
[INFO] [stdout] warning: struct `FeatureConfig` is never constructed
[INFO] [stdout]    --> src/commands/config.rs:182:8
[INFO] [stdout]     |
[INFO] [stdout] 182 | struct FeatureConfig {
[INFO] [stdout]     |        ^^^^^^^^^^^^^
[INFO] [stdout] 
[INFO] [stdout] 
[INFO] [stdout] warning: struct `MemoryConfig` is never constructed
[INFO] [stdout]    --> src/commands/config.rs:190:8
[INFO] [stdout]     |
[INFO] [stdout] 190 | struct MemoryConfig {
[INFO] [stdout]     |        ^^^^^^^^^^^^
[INFO] [stdout] 
[INFO] [stdout] 
[INFO] [stdout] warning: struct `BootConfig` is never constructed
[INFO] [stdout]    --> src/commands/config.rs:197:8
[INFO] [stdout]     |
[INFO] [stdout] 197 | struct BootConfig {
[INFO] [stdout]     |        ^^^^^^^^^^
[INFO] [stdout] 
[INFO] [stdout] 
[INFO] [stderr]     Finished `test` profile [unoptimized + debuginfo] target(s) in 13.56s
[INFO] running `Command { std: "docker" "inspect" "02d7c92f9709840bbcc2b6edf641125aed2ab01fb845650eebdd71282b30a3ee", kill_on_drop: false }`
[INFO] running `Command { std: "docker" "exec" "-e" "SOURCE_DIR=/opt/rustwide/workdir" "-e" "CARGO_HOME=/opt/rustwide/cargo-home" "-e" "RUSTUP_HOME=/opt/rustwide/rustup-home" "-e" "CARGO_TARGET_DIR=/opt/rustwide/target" "-e" "CARGO_INCREMENTAL=0" "-e" "RUST_BACKTRACE=full" "-e" "RUSTFLAGS=--cap-lints=warn" "-e" "RUSTDOCFLAGS=--cap-lints=warn" "-w" "/opt/rustwide/workdir" "--user" "0:0" "02d7c92f9709840bbcc2b6edf641125aed2ab01fb845650eebdd71282b30a3ee" "/opt/rustwide/cargo-home/bin/cargo" "+1.99.0-beta.8" "test" "--frozen", kill_on_drop: false }`
[INFO] [stderr] warning: unused import: `Context`
[INFO] [stderr]  --> src/commands/build.rs:3:14
[INFO] [stderr]   |
[INFO] [stderr] 3 | use anyhow::{Context, Result};
[INFO] [stderr]   |              ^^^^^^^
[INFO] [stderr]   |
[INFO] [stderr]   = note: `#[warn(unused_imports)]` (part of `#[warn(unused)]`) on by default
[INFO] [stderr] 
[INFO] [stderr] warning: unused import: `Context`
[INFO] [stderr]  --> src/commands/config.rs:3:14
[INFO] [stderr]   |
[INFO] [stderr] 3 | use anyhow::{Context, Result};
[INFO] [stderr]   |              ^^^^^^^
[INFO] [stderr] 
[INFO] [stderr] warning: unused import: `bail`
[INFO] [stderr]  --> src/commands/flash.rs:3:14
[INFO] [stderr]   |
[INFO] [stderr] 3 | use anyhow::{bail, Context, Result};
[INFO] [stderr]   |              ^^^^
[INFO] [stderr] 
[INFO] [stderr] warning: unused import: `File`
[INFO] [stderr]   --> src/commands/keys.rs:15:21
[INFO] [stderr]    |
[INFO] [stderr] 15 | use std::fs::{self, File};
[INFO] [stderr]    |                     ^^^^
[INFO] [stderr] 
[INFO] [stderr] warning: unused import: `Read`
[INFO] [stderr]   --> src/commands/keys.rs:16:15
[INFO] [stderr]    |
[INFO] [stderr] 16 | use std::io::{Read, Write};
[INFO] [stderr]    |               ^^^^
[INFO] [stderr] 
[INFO] [stderr] warning: unused import: `zeroize::Zeroize`
[INFO] [stderr]   --> src/commands/keys.rs:18:5
[INFO] [stderr]    |
[INFO] [stderr] 18 | use zeroize::Zeroize;
[INFO] [stderr]    |     ^^^^^^^^^^^^^^^^
[INFO] [stderr] 
[INFO] [stderr] warning: unused import: `Context`
[INFO] [stderr]  --> src/commands/security.rs:3:14
[INFO] [stderr]   |
[INFO] [stderr] 3 | use anyhow::{Context, Result};
[INFO] [stderr]   |              ^^^^^^^
[INFO] [stderr] 
[INFO] [stderr] warning: use of deprecated function `base64::encode`: Use Engine::encode
[INFO] [stderr]    --> src/commands/keys.rs:947:34
[INFO] [stderr]     |
[INFO] [stderr] 947 |     format!("SHA256:{}", base64::encode(&hash[..12]))
[INFO] [stderr]     |                                  ^^^^^^
[INFO] [stderr]     |
[INFO] [stderr]     = note: `#[warn(deprecated)]` on by default
[INFO] [stderr] 
[INFO] [stderr] warning: unused import: `Write`
[INFO] [stderr]   --> src/commands/keys.rs:16:21
[INFO] [stderr]    |
[INFO] [stderr] 16 | use std::io::{Read, Write};
[INFO] [stderr]    |                     ^^^^^
[INFO] [stderr] 
[INFO] [stderr] warning: unused variable: `args`
[INFO] [stderr]    --> src/commands/build.rs:200:19
[INFO] [stderr]     |
[INFO] [stderr] 200 | fn compile_kernel(args: &BuildArgs, config: &BuildConfig) -> Result<()> {
[INFO] [stderr]     |                   ^^^^ help: if this is intentional, prefix it with an underscore: `_args`
[INFO] [stderr]     |
[INFO] [stderr]     = note: `#[warn(unused_variables)]` (part of `#[warn(unused)]`) on by default
[INFO] [stderr] 
[INFO] [stderr] warning: unused variable: `args`
[INFO] [stderr]    --> src/commands/build.rs:227:18
[INFO] [stderr]     |
[INFO] [stderr] 227 | fn strip_symbols(args: &BuildArgs) -> Result<()> {
[INFO] [stderr]     |                  ^^^^ help: if this is intentional, prefix it with an underscore: `_args`
[INFO] [stderr] 
[INFO] [stderr] warning: unused variable: `result`
[INFO] [stderr]    --> src/commands/security.rs:412:9
[INFO] [stderr]     |
[INFO] [stderr] 412 |     let result = if critical > 0 || high > 0 || (strict && medium > 0) {
[INFO] [stderr]     |         ^^^^^^ help: if this is intentional, prefix it with an underscore: `_result`
[INFO] [stderr] 
[INFO] [stderr] warning: unused variable: `verbose`
[INFO] [stderr]    --> src/commands/security.rs:586:5
[INFO] [stderr]     |
[INFO] [stderr] 586 |     verbose: bool,
[INFO] [stderr]     |     ^^^^^^^ help: if this is intentional, prefix it with an underscore: `_verbose`
[INFO] [stderr] 
[INFO] [stderr] warning: unused variable: `verbose`
[INFO] [stderr]    --> src/commands/security.rs:624:5
[INFO] [stderr]     |
[INFO] [stderr] 624 |     verbose: bool,
[INFO] [stderr]     |     ^^^^^^^ help: if this is intentional, prefix it with an underscore: `_verbose`
[INFO] [stderr] 
[INFO] [stderr] warning: struct `RuvixConfig` is never constructed
[INFO] [stderr]    --> src/commands/config.rs:166:8
[INFO] [stderr]     |
[INFO] [stderr] 166 | struct RuvixConfig {
[INFO] [stderr]     |        ^^^^^^^^^^^
[INFO] [stderr]     |
[INFO] [stderr]     = note: `#[warn(dead_code)]` (part of `#[warn(unused)]`) on by default
[INFO] [stderr] 
[INFO] [stderr] warning: struct `KernelConfig` is never constructed
[INFO] [stderr]    --> src/commands/config.rs:174:8
[INFO] [stderr]     |
[INFO] [stderr] 174 | struct KernelConfig {
[INFO] [stderr]     |        ^^^^^^^^^^^^
[INFO] [stderr] 
[INFO] [stderr] warning: struct `FeatureConfig` is never constructed
[INFO] [stderr]    --> src/commands/config.rs:182:8
[INFO] [stderr]     |
[INFO] [stderr] 182 | struct FeatureConfig {
[INFO] [stderr]     |        ^^^^^^^^^^^^^
[INFO] [stderr] 
[INFO] [stderr] warning: struct `MemoryConfig` is never constructed
[INFO] [stderr]    --> src/commands/config.rs:190:8
[INFO] [stderr]     |
[INFO] [stderr] 190 | struct MemoryConfig {
[INFO] [stderr]     |        ^^^^^^^^^^^^
[INFO] [stderr] 
[INFO] [stderr] warning: struct `BootConfig` is never constructed
[INFO] [stderr]    --> src/commands/config.rs:197:8
[INFO] [stderr]     |
[INFO] [stderr] 197 | struct BootConfig {
[INFO] [stderr]     |        ^^^^^^^^^^
[INFO] [stderr] 
[INFO] [stderr] warning: `ruvix-cli` (bin "ruvix" test) generated 19 warnings (run `cargo fix --bin "ruvix" -p ruvix-cli --tests` to apply 12 suggestions)
[INFO] [stderr]     Finished `test` profile [unoptimized + debuginfo] target(s) in 0.17s
[INFO] [stdout] 
[INFO] [stderr]      Running unittests src/main.rs (/opt/rustwide/target/debug/deps/ruvix-6102cd088ca306e5)
[INFO] [stdout] running 12 tests
[INFO] [stdout] test commands::build::tests::test_default_args ... ok
[INFO] [stdout] test commands::flash::tests::test_list_devices ... ok
[INFO] [stdout] test commands::monitor::tests::test_flow_control_conversion ... ok
[INFO] [stdout] test commands::monitor::tests::test_parity_conversion ... ok
[INFO] [stdout] test commands::security::tests::test_audit ... ok
[INFO] [stdout] test commands::keys::tests::test_generate_ed25519_keys ... ok
[INFO] [stdout] test commands::keys::tests::test_list_keys ... ok
[INFO] [stdout] test commands::keys::tests::test_sign_and_verify ... ok
[INFO] [stdout] test commands::dtb::tests::test_matches_pattern ... FAILED
[INFO] [stdout] test commands::monitor::tests::test_data_bits_conversion ... ok
[INFO] [stdout] test commands::monitor::tests::test_stop_bits_conversion ... ok
[INFO] [stdout] test commands::config::tests::test_get_config ... ok
[INFO] [stdout] 
[INFO] [stdout] failures:
[INFO] [stdout] 
[INFO] [stdout] ---- commands::dtb::tests::test_matches_pattern stdout ----
[INFO] [stdout] 
[INFO] [stdout] thread 'commands::dtb::tests::test_matches_pattern' (1748) panicked at src/commands/dtb.rs:1099:9:
[INFO] [stdout] assertion failed: matches_pattern("uart0", "*uart*")
[INFO] [stdout] stack backtrace:
[INFO] [stdout]    0:     0x620c6e423581 - std[70759c8f55707aa4]::backtrace_rs::backtrace::libunwind::trace
[INFO] [stdout]                                at /rustc/dfb0accb7f508ae8be965d8629557221c889dd98/library/std/src/../../backtrace/src/backtrace/libunwind.rs:117:9
[INFO] [stdout]    1:     0x620c6e423581 - std[70759c8f55707aa4]::backtrace_rs::backtrace::trace_unsynchronized::<std[70759c8f55707aa4]::sys::backtrace::_print_fmt::{closure#1}>
[INFO] [stdout]                                at /rustc/dfb0accb7f508ae8be965d8629557221c889dd98/library/std/src/../../backtrace/src/backtrace/mod.rs:66:14
[INFO] [stdout]    2:     0x620c6e423581 - std[70759c8f55707aa4]::sys::backtrace::_print_fmt
[INFO] [stdout]                                at /rustc/dfb0accb7f508ae8be965d8629557221c889dd98/library/std/src/sys/backtrace.rs:74:9
[INFO] [stdout]    3:     0x620c6e423581 - <<std[70759c8f55707aa4]::sys::backtrace::BacktraceLock>::print::DisplayBacktrace as core[df12db4294e9bfd3]::fmt::Display>::fmt
[INFO] [stdout]                                at /rustc/dfb0accb7f508ae8be965d8629557221c889dd98/library/std/src/sys/backtrace.rs:44:26
[INFO] [stdout]    4:     0x620c6e438c9a - <core[df12db4294e9bfd3]::fmt::rt::Argument>::fmt
[INFO] [stdout]                                at /rustc/dfb0accb7f508ae8be965d8629557221c889dd98/library/core/src/fmt/rt.rs:152:76
[INFO] [stdout]    5:     0x620c6e438c9a - core[df12db4294e9bfd3]::fmt::write
[INFO] [stdout]    6:     0x620c6e4282bc - core[df12db4294e9bfd3]::io::write::default_write_fmt::<alloc[2182bb758b4b3781]::vec::Vec<u8>>
[INFO] [stdout]                                at /rustc/dfb0accb7f508ae8be965d8629557221c889dd98/library/core/src/io/write.rs:402:11
[INFO] [stdout]    7:     0x620c6e4282bc - <alloc[2182bb758b4b3781]::vec::Vec<u8> as core[df12db4294e9bfd3]::io::write::Write>::write_fmt
[INFO] [stdout]                                at /rustc/dfb0accb7f508ae8be965d8629557221c889dd98/library/core/src/io/write.rs:335:13
[INFO] [stdout]    8:     0x620c6e3fd316 - <std[70759c8f55707aa4]::sys::backtrace::BacktraceLock>::print
[INFO] [stdout]                                at /rustc/dfb0accb7f508ae8be965d8629557221c889dd98/library/std/src/sys/backtrace.rs:47:9
[INFO] [stdout]    9:     0x620c6e3fd316 - std[70759c8f55707aa4]::panicking::default_hook::{closure#0}
[INFO] [stdout]                                at /rustc/dfb0accb7f508ae8be965d8629557221c889dd98/library/std/src/panicking.rs:292:27
[INFO] [stdout]   10:     0x620c6e41ad29 - std[70759c8f55707aa4]::panicking::default_hook
[INFO] [stdout]                                at /rustc/dfb0accb7f508ae8be965d8629557221c889dd98/library/std/src/panicking.rs:316:9
[INFO] [stdout]   11:     0x620c6e297ce0 - <alloc[2182bb758b4b3781]::boxed::Box<dyn for<'a, 'b> core[df12db4294e9bfd3]::ops::function::Fn<(&'a std[70759c8f55707aa4]::panic::PanicHookInfo<'b>,), Output = ()> + core[df12db4294e9bfd3]::marker::Send + core[df12db4294e9bfd3]::marker::Sync> as core[df12db4294e9bfd3]::ops::function::Fn<(&std[70759c8f55707aa4]::panic::PanicHookInfo,)>>::call
[INFO] [stdout]                                at /rustc/dfb0accb7f508ae8be965d8629557221c889dd98/library/alloc/src/boxed.rs:2334:9
[INFO] [stdout]   12:     0x620c6e297ce0 - test[9d35eded1c95d3be]::test_main_inner::<test[9d35eded1c95d3be]::test_main_static::{closure#0}>::{closure#0}
[INFO] [stdout]                                at /rustc/dfb0accb7f508ae8be965d8629557221c889dd98/library/test/src/lib.rs:155:21
[INFO] [stdout]   13:     0x620c6e41aee2 - <alloc[2182bb758b4b3781]::boxed::Box<dyn for<'a, 'b> core[df12db4294e9bfd3]::ops::function::Fn<(&'a std[70759c8f55707aa4]::panic::PanicHookInfo<'b>,), Output = ()> + core[df12db4294e9bfd3]::marker::Send + core[df12db4294e9bfd3]::marker::Sync> as core[df12db4294e9bfd3]::ops::function::Fn<(&std[70759c8f55707aa4]::panic::PanicHookInfo,)>>::call
[INFO] [stdout]                                at /rustc/dfb0accb7f508ae8be965d8629557221c889dd98/library/alloc/src/boxed.rs:2334:9
[INFO] [stdout]   14:     0x620c6e41aee2 - std[70759c8f55707aa4]::panicking::panic_with_hook
[INFO] [stdout]                                at /rustc/dfb0accb7f508ae8be965d8629557221c889dd98/library/std/src/panicking.rs:823:13
[INFO] [stdout]   15:     0x620c6e3fd3f4 - std[70759c8f55707aa4]::panicking::panic_handler::{closure#0}
[INFO] [stdout]                                at /rustc/dfb0accb7f508ae8be965d8629557221c889dd98/library/std/src/panicking.rs:681:13
[INFO] [stdout]   16:     0x620c6e3f57e9 - std[70759c8f55707aa4]::sys::backtrace::__rust_end_short_backtrace::<std[70759c8f55707aa4]::panicking::panic_handler::{closure#0}, !>
[INFO] [stdout]                                at /rustc/dfb0accb7f508ae8be965d8629557221c889dd98/library/std/src/sys/backtrace.rs:182:18
[INFO] [stdout]   17:     0x620c6e3fe20d - __rustc[8fa7c3cbc660c2b3]::rust_begin_unwind
[INFO] [stdout]                                at /rustc/dfb0accb7f508ae8be965d8629557221c889dd98/library/std/src/panicking.rs:679:5
[INFO] [stdout]   18:     0x620c6e43944c - core[df12db4294e9bfd3]::panicking::panic_fmt
[INFO] [stdout]                                at /rustc/dfb0accb7f508ae8be965d8629557221c889dd98/library/core/src/panicking.rs:80:14
[INFO] [stdout]   19:     0x620c6e439412 - core[df12db4294e9bfd3]::panicking::panic
[INFO] [stdout]                                at /rustc/dfb0accb7f508ae8be965d8629557221c889dd98/library/core/src/panicking.rs:150:5
[INFO] [stdout]   20:     0x620c6e24b563 - ruvix[a6a1a2ca8fa3818a]::commands::dtb::tests::test_matches_pattern
[INFO] [stdout]                                at /opt/rustwide/workdir/src/commands/dtb.rs:1099:9
[INFO] [stdout]   21:     0x620c6e247d37 - ruvix[a6a1a2ca8fa3818a]::commands::dtb::tests::test_matches_pattern::{closure#0}
[INFO] [stdout]                                at /opt/rustwide/workdir/src/commands/dtb.rs:1097:30
[INFO] [stdout]   22:     0x620c6e256816 - <ruvix[a6a1a2ca8fa3818a]::commands::dtb::tests::test_matches_pattern::{closure#0} as core[df12db4294e9bfd3]::ops::function::FnOnce<()>>::call_once
[INFO] [stdout]                                at /rustc/dfb0accb7f508ae8be965d8629557221c889dd98/library/core/src/ops/function.rs:250:5
[INFO] [stdout]   23:     0x620c6e28afcb - <fn() -> core[df12db4294e9bfd3]::result::Result<(), alloc[2182bb758b4b3781]::string::String> as core[df12db4294e9bfd3]::ops::function::FnOnce<()>>::call_once
[INFO] [stdout]                                at /rustc/dfb0accb7f508ae8be965d8629557221c889dd98/library/core/src/ops/function.rs:250:5
[INFO] [stdout]   24:     0x620c6e28afcb - test[9d35eded1c95d3be]::__rust_begin_short_backtrace::<core[df12db4294e9bfd3]::result::Result<(), alloc[2182bb758b4b3781]::string::String>, fn() -> core[df12db4294e9bfd3]::result::Result<(), alloc[2182bb758b4b3781]::string::String>>
[INFO] [stdout]                                at /rustc/dfb0accb7f508ae8be965d8629557221c889dd98/library/test/src/lib.rs:733:18
[INFO] [stdout]   25:     0x620c6e298635 - test[9d35eded1c95d3be]::run_test_in_process::{closure#0}
[INFO] [stdout]                                at /rustc/dfb0accb7f508ae8be965d8629557221c889dd98/library/test/src/lib.rs:756:74
[INFO] [stdout]   26:     0x620c6e298635 - <core[df12db4294e9bfd3]::panic::unwind_safe::AssertUnwindSafe<test[9d35eded1c95d3be]::run_test_in_process::{closure#0}> as core[df12db4294e9bfd3]::ops::function::FnOnce<()>>::call_once
[INFO] [stdout]                                at /rustc/dfb0accb7f508ae8be965d8629557221c889dd98/library/core/src/panic/unwind_safe.rs:275:9
[INFO] [stdout]   27:     0x620c6e298635 - std[70759c8f55707aa4]::panicking::catch_unwind::do_call::<core[df12db4294e9bfd3]::panic::unwind_safe::AssertUnwindSafe<test[9d35eded1c95d3be]::run_test_in_process::{closure#0}>, core[df12db4294e9bfd3]::result::Result<(), alloc[2182bb758b4b3781]::string::String>>
[INFO] [stdout]                                at /rustc/dfb0accb7f508ae8be965d8629557221c889dd98/library/std/src/panicking.rs:576:43
[INFO] [stdout]   28:     0x620c6e298635 - std[70759c8f55707aa4]::panicking::catch_unwind::<core[df12db4294e9bfd3]::result::Result<(), alloc[2182bb758b4b3781]::string::String>, core[df12db4294e9bfd3]::panic::unwind_safe::AssertUnwindSafe<test[9d35eded1c95d3be]::run_test_in_process::{closure#0}>>
[INFO] [stdout]                                at /rustc/dfb0accb7f508ae8be965d8629557221c889dd98/library/std/src/panicking.rs:544:19
[INFO] [stdout]   29:     0x620c6e298635 - std[70759c8f55707aa4]::panic::catch_unwind::<core[df12db4294e9bfd3]::panic::unwind_safe::AssertUnwindSafe<test[9d35eded1c95d3be]::run_test_in_process::{closure#0}>, core[df12db4294e9bfd3]::result::Result<(), alloc[2182bb758b4b3781]::string::String>>
[INFO] [stdout]                                at /rustc/dfb0accb7f508ae8be965d8629557221c889dd98/library/std/src/panic.rs:359:14
[INFO] [stdout]   30:     0x620c6e298635 - test[9d35eded1c95d3be]::run_test_in_process
[INFO] [stdout]                                at /rustc/dfb0accb7f508ae8be965d8629557221c889dd98/library/test/src/lib.rs:756:27
[INFO] [stdout]   31:     0x620c6e298635 - test[9d35eded1c95d3be]::run_test::{closure#0}
[INFO] [stdout]                                at /rustc/dfb0accb7f508ae8be965d8629557221c889dd98/library/test/src/lib.rs:677:43
[INFO] [stdout]   32:     0x620c6e291ef4 - test[9d35eded1c95d3be]::run_test::{closure#1}
[INFO] [stdout]                                at /rustc/dfb0accb7f508ae8be965d8629557221c889dd98/library/test/src/lib.rs:707:41
[INFO] [stdout]   33:     0x620c6e291ef4 - std[70759c8f55707aa4]::sys::backtrace::__rust_begin_short_backtrace::<test[9d35eded1c95d3be]::run_test::{closure#1}, ()>
[INFO] [stdout]                                at /rustc/dfb0accb7f508ae8be965d8629557221c889dd98/library/std/src/sys/backtrace.rs:166:18
[INFO] [stdout]   34:     0x620c6e29b792 - std[70759c8f55707aa4]::thread::lifecycle::spawn_unchecked::<test[9d35eded1c95d3be]::run_test::{closure#1}, ()>::{closure#1}::{closure#0}
[INFO] [stdout]                                at /rustc/dfb0accb7f508ae8be965d8629557221c889dd98/library/std/src/thread/lifecycle.rs:70:13
[INFO] [stdout]   35:     0x620c6e29b792 - <core[df12db4294e9bfd3]::panic::unwind_safe::AssertUnwindSafe<std[70759c8f55707aa4]::thread::lifecycle::spawn_unchecked<test[9d35eded1c95d3be]::run_test::{closure#1}, ()>::{closure#1}::{closure#0}> as core[df12db4294e9bfd3]::ops::function::FnOnce<()>>::call_once
[INFO] [stdout]                                at /rustc/dfb0accb7f508ae8be965d8629557221c889dd98/library/core/src/panic/unwind_safe.rs:275:9
[INFO] [stdout]   36:     0x620c6e29b792 - std[70759c8f55707aa4]::panicking::catch_unwind::do_call::<core[df12db4294e9bfd3]::panic::unwind_safe::AssertUnwindSafe<std[70759c8f55707aa4]::thread::lifecycle::spawn_unchecked<test[9d35eded1c95d3be]::run_test::{closure#1}, ()>::{closure#1}::{closure#0}>, ()>
[INFO] [stdout]                                at /rustc/dfb0accb7f508ae8be965d8629557221c889dd98/library/std/src/panicking.rs:576:43
[INFO] [stdout]   37:     0x620c6e29b792 - std[70759c8f55707aa4]::panicking::catch_unwind::<(), core[df12db4294e9bfd3]::panic::unwind_safe::AssertUnwindSafe<std[70759c8f55707aa4]::thread::lifecycle::spawn_unchecked<test[9d35eded1c95d3be]::run_test::{closure#1}, ()>::{closure#1}::{closure#0}>>
[INFO] [stdout]                                at /rustc/dfb0accb7f508ae8be965d8629557221c889dd98/library/std/src/panicking.rs:544:19
[INFO] [stdout]   38:     0x620c6e29b792 - std[70759c8f55707aa4]::panic::catch_unwind::<core[df12db4294e9bfd3]::panic::unwind_safe::AssertUnwindSafe<std[70759c8f55707aa4]::thread::lifecycle::spawn_unchecked<test[9d35eded1c95d3be]::run_test::{closure#1}, ()>::{closure#1}::{closure#0}>, ()>
[INFO] [stdout]                                at /rustc/dfb0accb7f508ae8be965d8629557221c889dd98/library/std/src/panic.rs:359:14
[INFO] [stdout]   39:     0x620c6e29b792 - std[70759c8f55707aa4]::thread::lifecycle::spawn_unchecked::<test[9d35eded1c95d3be]::run_test::{closure#1}, ()>::{closure#1}
[INFO] [stdout]                                at /rustc/dfb0accb7f508ae8be965d8629557221c889dd98/library/std/src/thread/lifecycle.rs:68:26
[INFO] [stdout]   40:     0x620c6e29b792 - <std[70759c8f55707aa4]::thread::lifecycle::spawn_unchecked<test[9d35eded1c95d3be]::run_test::{closure#1}, ()>::{closure#1} as core[df12db4294e9bfd3]::ops::function::FnOnce<()>>::call_once::{shim:vtable#0}
[INFO] [stdout]                                at /rustc/dfb0accb7f508ae8be965d8629557221c889dd98/library/core/src/ops/function.rs:250:5
[INFO] [stdout]   41:     0x620c6e422949 - <alloc[2182bb758b4b3781]::boxed::Box<dyn core[df12db4294e9bfd3]::ops::function::FnOnce<(), Output = ()> + core[df12db4294e9bfd3]::marker::Send> as core[df12db4294e9bfd3]::ops::function::FnOnce<()>>::call_once
[INFO] [stdout]                                at /rustc/dfb0accb7f508ae8be965d8629557221c889dd98/library/alloc/src/boxed.rs:2320:9
[INFO] [stdout]   42:     0x620c6e422949 - <std[70759c8f55707aa4]::sys::thread::unix::Thread>::new::thread_start
[INFO] [stdout]                                at /rustc/dfb0accb7f508ae8be965d8629557221c889dd98/library/std/src/sys/thread/unix.rs:123:17
[INFO] [stdout]   43:     0x7db4ef3c5dfa - <unknown>
[INFO] [stdout]   44:     0x7db4ef4593d4 - clone
[INFO] [stdout]   45:                0x0 - <unknown>
[INFO] [stdout] 
[INFO] [stdout] 
[INFO] [stdout] failures:
[INFO] [stdout]     commands::dtb::tests::test_matches_pattern
[INFO] [stdout] 
[INFO] [stdout] test result: FAILED. 11 passed; 1 failed; 0 ignored; 0 measured; 0 filtered out; finished in 0.22s
[INFO] [stdout] 
[INFO] [stderr] error: test failed, to rerun pass `--bin ruvix`
[INFO] running `Command { std: "docker" "inspect" "02d7c92f9709840bbcc2b6edf641125aed2ab01fb845650eebdd71282b30a3ee", kill_on_drop: false }`
[INFO] running `Command { std: "docker" "rm" "-f" "02d7c92f9709840bbcc2b6edf641125aed2ab01fb845650eebdd71282b30a3ee", kill_on_drop: false }`
[INFO] [stdout] 02d7c92f9709840bbcc2b6edf641125aed2ab01fb845650eebdd71282b30a3ee
