[INFO] fetching crate rutin_dashmap 0.1.0...
[INFO] testing rutin_dashmap-0.1.0 against 1.100.0-beta.1 for beta-1.100-2
[INFO] extracting crate rutin_dashmap 0.1.0 into /workspace/builds/worker-0-tc2/source
[INFO] started tweaking crates.io crate rutin_dashmap 0.1.0
[INFO] finished tweaking crates.io crate rutin_dashmap 0.1.0
[INFO] tweaked toml for crates.io crate rutin_dashmap 0.1.0 written to /workspace/builds/worker-0-tc2/source/Cargo.toml
[INFO] validating manifest of crates.io crate rutin_dashmap 0.1.0 on toolchain 1.100.0-beta.1
[INFO] running `Command { std: CARGO_HOME="/workspace/cargo-home" RUSTUP_HOME="/workspace/rustup-home" "/workspace/cargo-home/bin/cargo" "+1.100.0-beta.1" "metadata" "--manifest-path" "Cargo.toml" "--no-deps", kill_on_drop: false }`
[INFO] crate crates.io crate rutin_dashmap 0.1.0 already has a lockfile, it will not be regenerated
[INFO] running `Command { std: CARGO_HOME="/workspace/cargo-home" RUSTUP_HOME="/workspace/rustup-home" "/workspace/cargo-home/bin/cargo" "+1.100.0-beta.1" "fetch" "--manifest-path" "Cargo.toml", kill_on_drop: false }`
[INFO] running `Command { std: "docker" "create" "-v" "/var/lib/crater-agent-workspace/builds/worker-0-tc2/source:/opt/rustwide/workdir:ro,Z" "-v" "/var/lib/crater-agent-workspace/builds/worker-0-tc2/target:/opt/rustwide/target:rw,Z" "-v" "/var/lib/crater-agent-workspace/cargo-home:/opt/rustwide/cargo-home:ro,Z" "-v" "/var/lib/crater-agent-workspace/rustup-home:/opt/rustwide/rustup-home:ro,Z" "-m" "1610612736" "--network" "none" "ghcr.io/rust-lang/crates-build-env/linux@sha256:3111399a4047eeb3a02b7a90e478d715f38a8c6669b5c4b49d30a17385265909" "sleep" "infinity", kill_on_drop: false }`
[INFO] [stdout] 060f446bd03f9a3e2a4bc0d185f58338417227c850e5d2702e09c3f979bae97b
[INFO] running `Command { std: "docker" "start" "060f446bd03f9a3e2a4bc0d185f58338417227c850e5d2702e09c3f979bae97b", kill_on_drop: false }`
[INFO] running `Command { std: "docker" "inspect" "060f446bd03f9a3e2a4bc0d185f58338417227c850e5d2702e09c3f979bae97b", kill_on_drop: false }`
[INFO] running `Command { std: "docker" "exec" "-e" "SOURCE_DIR=/opt/rustwide/workdir" "-e" "CARGO_HOME=/opt/rustwide/cargo-home" "-e" "RUSTUP_HOME=/opt/rustwide/rustup-home" "-e" "CARGO_TARGET_DIR=/opt/rustwide/target" "-w" "/opt/rustwide/workdir" "--user" "0:0" "060f446bd03f9a3e2a4bc0d185f58338417227c850e5d2702e09c3f979bae97b" "/opt/rustwide/cargo-home/bin/cargo" "+1.100.0-beta.1" "metadata" "--no-deps" "--format-version=1", kill_on_drop: false }`
[INFO] running `Command { std: "docker" "inspect" "060f446bd03f9a3e2a4bc0d185f58338417227c850e5d2702e09c3f979bae97b", kill_on_drop: false }`
[INFO] running `Command { std: "docker" "exec" "-e" "SOURCE_DIR=/opt/rustwide/workdir" "-e" "CARGO_HOME=/opt/rustwide/cargo-home" "-e" "RUSTUP_HOME=/opt/rustwide/rustup-home" "-e" "CARGO_TARGET_DIR=/opt/rustwide/target" "-e" "CARGO_INCREMENTAL=0" "-e" "RUST_BACKTRACE=full" "-e" "RUSTFLAGS=--cap-lints=warn" "-e" "RUSTDOCFLAGS=--cap-lints=warn" "-w" "/opt/rustwide/workdir" "--user" "0:0" "060f446bd03f9a3e2a4bc0d185f58338417227c850e5d2702e09c3f979bae97b" "/opt/rustwide/cargo-home/bin/cargo" "+1.100.0-beta.1" "build" "--frozen" "--message-format=json", kill_on_drop: false }`
[INFO] [stderr]    Compiling autocfg v1.4.0
[INFO] [stderr]    Compiling libc v0.2.168
[INFO] [stderr]    Compiling parking_lot_core v0.9.10
[INFO] [stderr]    Compiling smallvec v1.13.2
[INFO] [stderr]    Compiling once_cell v1.20.2
[INFO] [stderr]    Compiling equivalent v1.0.1
[INFO] [stderr]    Compiling lock_api v0.4.12
[INFO] [stderr]    Compiling rutin_dashmap v0.1.0 (/opt/rustwide/workdir)
[INFO] [stderr]     Finished `dev` profile [unoptimized + debuginfo] target(s) in 2.69s
[INFO] running `Command { std: "docker" "inspect" "060f446bd03f9a3e2a4bc0d185f58338417227c850e5d2702e09c3f979bae97b", kill_on_drop: false }`
[INFO] running `Command { std: "docker" "exec" "-e" "SOURCE_DIR=/opt/rustwide/workdir" "-e" "CARGO_HOME=/opt/rustwide/cargo-home" "-e" "RUSTUP_HOME=/opt/rustwide/rustup-home" "-e" "CARGO_TARGET_DIR=/opt/rustwide/target" "-e" "CARGO_INCREMENTAL=0" "-e" "RUST_BACKTRACE=full" "-e" "RUSTFLAGS=--cap-lints=warn" "-e" "RUSTDOCFLAGS=--cap-lints=warn" "-w" "/opt/rustwide/workdir" "--user" "0:0" "060f446bd03f9a3e2a4bc0d185f58338417227c850e5d2702e09c3f979bae97b" "/opt/rustwide/cargo-home/bin/cargo" "+1.100.0-beta.1" "test" "--frozen" "--no-run" "--message-format=json", kill_on_drop: false }`
[INFO] [stderr]    Compiling rutin_dashmap v0.1.0 (/opt/rustwide/workdir)
[INFO] [stderr]     Finished `test` profile [unoptimized + debuginfo] target(s) in 1.34s
[INFO] running `Command { std: "docker" "inspect" "060f446bd03f9a3e2a4bc0d185f58338417227c850e5d2702e09c3f979bae97b", kill_on_drop: false }`
[INFO] running `Command { std: "docker" "exec" "-e" "SOURCE_DIR=/opt/rustwide/workdir" "-e" "CARGO_HOME=/opt/rustwide/cargo-home" "-e" "RUSTUP_HOME=/opt/rustwide/rustup-home" "-e" "CARGO_TARGET_DIR=/opt/rustwide/target" "-e" "CARGO_INCREMENTAL=0" "-e" "RUST_BACKTRACE=full" "-e" "RUSTFLAGS=--cap-lints=warn" "-e" "RUSTDOCFLAGS=--cap-lints=warn" "-w" "/opt/rustwide/workdir" "--user" "0:0" "060f446bd03f9a3e2a4bc0d185f58338417227c850e5d2702e09c3f979bae97b" "/opt/rustwide/cargo-home/bin/cargo" "+1.100.0-beta.1" "test" "--frozen", kill_on_drop: false }`
[INFO] [stderr]     Finished `test` profile [unoptimized + debuginfo] target(s) in 0.03s
[INFO] [stderr]      Running unittests src/lib.rs (/opt/rustwide/target/debug/build/rutin_dashmap/093f5464e348cbbd/out/rutin_dashmap-093f5464e348cbbd)
[INFO] [stdout] 
[INFO] [stdout] running 22 tests
[INFO] [stdout] test mapref::entry::tests::test_insert_entry_into_vacant ... ok
[INFO] [stdout] test iter::tests::iter_count ... ok
[INFO] [stdout] test mapref::entry_ref::tests::test_insert_entry_into_occupied ... ok
[INFO] [stdout] test mapref::entry::tests::test_insert_entry_into_occupied ... ok
[INFO] [stdout] test read_only::tests::test_get ... ok
[INFO] [stdout] test iter::tests::iter_mut_manual_count ... ok
[INFO] [stdout] test mapref::entry_ref::tests::test_insert_entry_into_vacant ... ok
[INFO] [stdout] test read_only::tests::test_iters ... ok
[INFO] [stdout] test set::tests::test_default ... ok
[INFO] [stdout] test read_only::tests::test_properties ... ok
[INFO] [stdout] test tests::test_try_reserve ... ok
[INFO] [stdout] test tests::test_default ... ok
[INFO] [stdout] test tests::test_basic ... ok
[INFO] [stdout] test set::tests::test_basic ... ok
[INFO] [stdout] test tests::test_map_view ... ok
[INFO] [stdout] test tests::test_more_complex_values ... ok
[INFO] [stdout] test set::tests::test_multiple_hashes ... ok
[INFO] [stdout] test tests::test_try_reserve_errors ... ok
[INFO] [stdout] test tests::test_different_hashers_randomstate ... ok
[INFO] [stdout] test tests::test_multiple_hashes ... ok
[INFO] [stdout] test tests::test_try_get ... ok
[INFO] [stdout] test iter::tests::iter_mut_count ... ok
[INFO] [stderr]    Doc-tests rutin_dashmap
[INFO] [stdout] 
[INFO] [stdout] test result: ok. 22 passed; 0 failed; 0 ignored; 0 measured; 0 filtered out; finished in 0.02s
[INFO] [stdout] 
[INFO] [stdout] 
[INFO] [stdout] running 46 tests
[INFO] [stdout] test src/lib.rs - DashMap<K,V,S>::is_empty (line 765) ... FAILED
[INFO] [stdout] test src/lib.rs - DashMap<K,V,S>::hasher (line 447) ... FAILED
[INFO] [stdout] test src/iter.rs - iter::OwningIter (line 16) ... FAILED
[INFO] [stdout] test src/lib.rs - DashMap<K,V,S>::get (line 607) ... FAILED
[INFO] [stdout] test src/lib.rs - DashMap<K,V,S>::alter_all (line 833) ... FAILED
[INFO] [stdout] test src/lib.rs - DashMap<K,V,S>::insert (line 467) ... FAILED
[INFO] [stdout] test src/lib.rs - DashMap<K,V,S>::clear (line 781) ... FAILED
[INFO] [stdout] test src/iter.rs - iter::Iter (line 105) ... FAILED
[INFO] [stdout] test src/lib.rs - DashMap<K,V,RandomState>::with_capacity (line 143) ... FAILED
[INFO] [stdout] test src/lib.rs - DashMap<K,V,RandomState>::with_capacity_and_shard_amount (line 179) ... FAILED
[INFO] [stdout] test src/lib.rs - DashMap<K,V,RandomState>::with_shard_amount (line 161) ... FAILED
[INFO] [stdout] test src/lib.rs - DashMap<K,V,S>::contains_key (line 884) ... FAILED
[INFO] [stdout] test src/lib.rs - DashMap<K,V,S>::get_mut (line 628) ... FAILED
[INFO] [stdout] test src/lib.rs - DashMap<K,V,S>::len (line 746) ... FAILED
[INFO] [stdout] test src/lib.rs - DashMap<K,V,S>::retain (line 726) ... FAILED
[INFO] [stdout] test src/lib.rs - DashMap<K,V,S>::remove_if (line 534) ... FAILED
[INFO] [stdout] test src/lib.rs - DashMap<K,V,S>::iter (line 572) ... FAILED
[INFO] [stdout] test src/iter.rs - iter::IterMut (line 190) ... FAILED
[INFO] [stdout] test src/lib.rs - DashMap<K,V,S>::with_hasher (line 205) ... FAILED
[INFO] [stdout] test src/lib.rs - DashMap<K,V,S>::remove (line 514) ... FAILED
[INFO] [stdout] test src/lib.rs - DashMap<K,V,S>::remove_if (line 542) ... FAILED
[INFO] [stdout] test src/lib.rs - DashMap<K,V,S>::with_capacity_and_hasher_and_shard_amount (line 261) ... FAILED
[INFO] [stdout] test src/lib.rs - DashMap<K,V,S>::try_get_mut (line 676) ... FAILED
[INFO] [stdout] test src/lib.rs - DashMap<K,V,S>::shrink_to_fit (line 704) ... FAILED
[INFO] [stdout] test src/lib.rs - DashMap<K,V,S>::alter (line 807) ... FAILED
[INFO] [stdout] test src/lib.rs - DashMap<K,V,RandomState>::new (line 129) ... FAILED
[INFO] [stdout] test src/set.rs - set::DashSet<K,RandomState>::new (line 58) ... FAILED
[INFO] [stdout] test src/lib.rs - DashMap<K,V,S>::iter_mut (line 589) ... FAILED
[INFO] [stdout] test src/set.rs - set::DashSet<K,S>::insert (line 200) ... FAILED
[INFO] [stdout] test src/set.rs - set::DashSet<K,RandomState>::with_capacity (line 72) ... FAILED
[INFO] [stdout] test src/lib.rs - DashMap<K,V,S>::try_get (line 649) ... FAILED
[INFO] [stdout] test src/set.rs - set::DashSet<K,S>::contains (line 374) ... FAILED
[INFO] [stdout] test src/set.rs - set::DashSet<K,S>::get (line 278) ... FAILED
[INFO] [stdout] test src/set.rs - set::DashSet<K,S>::is_empty (line 338) ... FAILED
[INFO] [stdout] test src/set.rs - set::DashSet<K,S>::remove_if (line 232) ... FAILED
[INFO] [stdout] test src/lib.rs - DashMap<K,V,S>::view (line 857) ... FAILED
[INFO] [stdout] test src/lib.rs - DashMap<K,V,S>::with_capacity_and_hasher (line 221) ... FAILED
[INFO] [stdout] test src/set.rs - set::DashSet<K,S>::retain (line 303) ... FAILED
[INFO] [stdout] test src/set.rs - set::DashSet<K,S>::clear (line 352) ... FAILED
[INFO] [stdout] test src/set.rs - set::DashSet<K,S>::iter (line 261) ... FAILED
[INFO] [stdout] test src/set.rs - set::DashSet<K,S>::with_capacity_and_hasher (line 105) ... FAILED
[INFO] [stdout] test src/set.rs - set::DashSet<K,S>::len (line 321) ... FAILED
[INFO] [stdout] test src/set.rs - set::DashSet<K,S>::remove (line 214) ... FAILED
[INFO] [stdout] test src/set.rs - set::DashSet<K,S>::with_hasher (line 89) ... FAILED
[INFO] [stdout] test src/lib.rs - DashMap<K,V,S>::with_hasher_and_shard_amount (line 241) ... FAILED
[INFO] [stdout] test src/set.rs - set::DashSet<K,S>::remove_if (line 240) ... FAILED
[INFO] [stdout] 
[INFO] [stdout] failures:
[INFO] [stdout] 
[INFO] [stdout] ---- src/lib.rs - DashMap<K,V,S>::is_empty (line 765) stdout ----
[INFO] [stdout] error[E0432]: unresolved import `dashmap`
[INFO] [stdout]    --> src/lib.rs:766:5
[INFO] [stdout]     |
[INFO] [stdout] 766 | use dashmap::DashMap;
[INFO] [stdout]     |     ^^^^^^^ use of unresolved module or unlinked crate `dashmap`
[INFO] [stdout]     |
[INFO] [stdout]     = help: if you wanted to use a crate named `dashmap`, use `cargo add dashmap` to add it to your `Cargo.toml`
[INFO] [stdout] 
[INFO] [stdout] error: aborting due to 1 previous error
[INFO] [stdout] 
[INFO] [stdout] For more information about this error, try `rustc --explain E0432`.
[INFO] [stdout] Couldn't compile the test.
[INFO] [stdout] ---- src/lib.rs - DashMap<K,V,S>::hasher (line 447) stdout ----
[INFO] [stdout] error[E0432]: unresolved import `dashmap`
[INFO] [stdout]    --> src/lib.rs:448:5
[INFO] [stdout]     |
[INFO] [stdout] 448 | use dashmap::DashMap;
[INFO] [stdout]     |     ^^^^^^^ use of unresolved module or unlinked crate `dashmap`
[INFO] [stdout]     |
[INFO] [stdout]     = help: if you wanted to use a crate named `dashmap`, use `cargo add dashmap` to add it to your `Cargo.toml`
[INFO] [stdout] 
[INFO] [stdout] error: aborting due to 1 previous error
[INFO] [stdout] 
[INFO] [stdout] For more information about this error, try `rustc --explain E0432`.
[INFO] [stdout] Couldn't compile the test.
[INFO] [stdout] ---- src/iter.rs - iter::OwningIter (line 16) stdout ----
[INFO] [stdout] error[E0432]: unresolved import `dashmap`
[INFO] [stdout]   --> src/iter.rs:17:5
[INFO] [stdout]    |
[INFO] [stdout] 17 | use dashmap::DashMap;
[INFO] [stdout]    |     ^^^^^^^ use of unresolved module or unlinked crate `dashmap`
[INFO] [stdout]    |
[INFO] [stdout]    = help: if you wanted to use a crate named `dashmap`, use `cargo add dashmap` to add it to your `Cargo.toml`
[INFO] [stdout] 
[INFO] [stdout] error: aborting due to 1 previous error
[INFO] [stdout] 
[INFO] [stdout] For more information about this error, try `rustc --explain E0432`.
[INFO] [stdout] Couldn't compile the test.
[INFO] [stdout] ---- src/lib.rs - DashMap<K,V,S>::get (line 607) stdout ----
[INFO] [stdout] error[E0432]: unresolved import `dashmap`
[INFO] [stdout]    --> src/lib.rs:608:5
[INFO] [stdout]     |
[INFO] [stdout] 608 | use dashmap::DashMap;
[INFO] [stdout]     |     ^^^^^^^ use of unresolved module or unlinked crate `dashmap`
[INFO] [stdout]     |
[INFO] [stdout]     = help: if you wanted to use a crate named `dashmap`, use `cargo add dashmap` to add it to your `Cargo.toml`
[INFO] [stdout] 
[INFO] [stdout] error: aborting due to 1 previous error
[INFO] [stdout] 
[INFO] [stdout] For more information about this error, try `rustc --explain E0432`.
[INFO] [stdout] Couldn't compile the test.
[INFO] [stdout] ---- src/lib.rs - DashMap<K,V,S>::alter_all (line 833) stdout ----
[INFO] [stdout] error[E0432]: unresolved import `dashmap`
[INFO] [stdout]    --> src/lib.rs:834:5
[INFO] [stdout]     |
[INFO] [stdout] 834 | use dashmap::DashMap;
[INFO] [stdout]     |     ^^^^^^^ use of unresolved module or unlinked crate `dashmap`
[INFO] [stdout]     |
[INFO] [stdout]     = help: if you wanted to use a crate named `dashmap`, use `cargo add dashmap` to add it to your `Cargo.toml`
[INFO] [stdout] 
[INFO] [stdout] error: aborting due to 1 previous error
[INFO] [stdout] 
[INFO] [stdout] For more information about this error, try `rustc --explain E0432`.
[INFO] [stdout] Couldn't compile the test.
[INFO] [stdout] ---- src/lib.rs - DashMap<K,V,S>::insert (line 467) stdout ----
[INFO] [stdout] error[E0432]: unresolved import `dashmap`
[INFO] [stdout]    --> src/lib.rs:468:5
[INFO] [stdout]     |
[INFO] [stdout] 468 | use dashmap::DashMap;
[INFO] [stdout]     |     ^^^^^^^ use of unresolved module or unlinked crate `dashmap`
[INFO] [stdout]     |
[INFO] [stdout]     = help: if you wanted to use a crate named `dashmap`, use `cargo add dashmap` to add it to your `Cargo.toml`
[INFO] [stdout] 
[INFO] [stdout] error: aborting due to 1 previous error
[INFO] [stdout] 
[INFO] [stdout] For more information about this error, try `rustc --explain E0432`.
[INFO] [stdout] Couldn't compile the test.
[INFO] [stdout] ---- src/lib.rs - DashMap<K,V,S>::clear (line 781) stdout ----
[INFO] [stdout] error[E0432]: unresolved import `dashmap`
[INFO] [stdout]    --> src/lib.rs:782:5
[INFO] [stdout]     |
[INFO] [stdout] 782 | use dashmap::DashMap;
[INFO] [stdout]     |     ^^^^^^^ use of unresolved module or unlinked crate `dashmap`
[INFO] [stdout]     |
[INFO] [stdout]     = help: if you wanted to use a crate named `dashmap`, use `cargo add dashmap` to add it to your `Cargo.toml`
[INFO] [stdout] 
[INFO] [stdout] error: aborting due to 1 previous error
[INFO] [stdout] 
[INFO] [stdout] For more information about this error, try `rustc --explain E0432`.
[INFO] [stdout] Couldn't compile the test.
[INFO] [stdout] ---- src/iter.rs - iter::Iter (line 105) stdout ----
[INFO] [stdout] error[E0432]: unresolved import `dashmap`
[INFO] [stdout]    --> src/iter.rs:106:5
[INFO] [stdout]     |
[INFO] [stdout] 106 | use dashmap::DashMap;
[INFO] [stdout]     |     ^^^^^^^ use of unresolved module or unlinked crate `dashmap`
[INFO] [stdout]     |
[INFO] [stdout]     = help: if you wanted to use a crate named `dashmap`, use `cargo add dashmap` to add it to your `Cargo.toml`
[INFO] [stdout] 
[INFO] [stdout] error: aborting due to 1 previous error
[INFO] [stdout] 
[INFO] [stdout] For more information about this error, try `rustc --explain E0432`.
[INFO] [stdout] Couldn't compile the test.
[INFO] [stdout] ---- src/lib.rs - DashMap<K,V,RandomState>::with_capacity (line 143) stdout ----
[INFO] [stdout] error[E0432]: unresolved import `dashmap`
[INFO] [stdout]    --> src/lib.rs:144:5
[INFO] [stdout]     |
[INFO] [stdout] 144 | use dashmap::DashMap;
[INFO] [stdout]     |     ^^^^^^^ use of unresolved module or unlinked crate `dashmap`
[INFO] [stdout]     |
[INFO] [stdout]     = help: if you wanted to use a crate named `dashmap`, use `cargo add dashmap` to add it to your `Cargo.toml`
[INFO] [stdout] 
[INFO] [stdout] error: aborting due to 1 previous error
[INFO] [stdout] 
[INFO] [stdout] For more information about this error, try `rustc --explain E0432`.
[INFO] [stdout] Couldn't compile the test.
[INFO] [stdout] ---- src/lib.rs - DashMap<K,V,RandomState>::with_capacity_and_shard_amount (line 179) stdout ----
[INFO] [stdout] error[E0432]: unresolved import `dashmap`
[INFO] [stdout]    --> src/lib.rs:180:5
[INFO] [stdout]     |
[INFO] [stdout] 180 | use dashmap::DashMap;
[INFO] [stdout]     |     ^^^^^^^ use of unresolved module or unlinked crate `dashmap`
[INFO] [stdout]     |
[INFO] [stdout]     = help: if you wanted to use a crate named `dashmap`, use `cargo add dashmap` to add it to your `Cargo.toml`
[INFO] [stdout] 
[INFO] [stdout] error: aborting due to 1 previous error
[INFO] [stdout] 
[INFO] [stdout] For more information about this error, try `rustc --explain E0432`.
[INFO] [stdout] Couldn't compile the test.
[INFO] [stdout] ---- src/lib.rs - DashMap<K,V,RandomState>::with_shard_amount (line 161) stdout ----
[INFO] [stdout] error[E0432]: unresolved import `dashmap`
[INFO] [stdout]    --> src/lib.rs:162:5
[INFO] [stdout]     |
[INFO] [stdout] 162 | use dashmap::DashMap;
[INFO] [stdout]     |     ^^^^^^^ use of unresolved module or unlinked crate `dashmap`
[INFO] [stdout]     |
[INFO] [stdout]     = help: if you wanted to use a crate named `dashmap`, use `cargo add dashmap` to add it to your `Cargo.toml`
[INFO] [stdout] 
[INFO] [stdout] error: aborting due to 1 previous error
[INFO] [stdout] 
[INFO] [stdout] For more information about this error, try `rustc --explain E0432`.
[INFO] [stdout] Couldn't compile the test.
[INFO] [stdout] ---- src/lib.rs - DashMap<K,V,S>::contains_key (line 884) stdout ----
[INFO] [stdout] error[E0432]: unresolved import `dashmap`
[INFO] [stdout]    --> src/lib.rs:885:5
[INFO] [stdout]     |
[INFO] [stdout] 885 | use dashmap::DashMap;
[INFO] [stdout]     |     ^^^^^^^ use of unresolved module or unlinked crate `dashmap`
[INFO] [stdout]     |
[INFO] [stdout]     = help: if you wanted to use a crate named `dashmap`, use `cargo add dashmap` to add it to your `Cargo.toml`
[INFO] [stdout] 
[INFO] [stdout] error: aborting due to 1 previous error
[INFO] [stdout] 
[INFO] [stdout] For more information about this error, try `rustc --explain E0432`.
[INFO] [stdout] Couldn't compile the test.
[INFO] [stdout] ---- src/lib.rs - DashMap<K,V,S>::get_mut (line 628) stdout ----
[INFO] [stdout] error[E0432]: unresolved import `dashmap`
[INFO] [stdout]    --> src/lib.rs:629:5
[INFO] [stdout]     |
[INFO] [stdout] 629 | use dashmap::DashMap;
[INFO] [stdout]     |     ^^^^^^^ use of unresolved module or unlinked crate `dashmap`
[INFO] [stdout]     |
[INFO] [stdout]     = help: if you wanted to use a crate named `dashmap`, use `cargo add dashmap` to add it to your `Cargo.toml`
[INFO] [stdout] 
[INFO] [stdout] error: aborting due to 1 previous error
[INFO] [stdout] 
[INFO] [stdout] For more information about this error, try `rustc --explain E0432`.
[INFO] [stdout] Couldn't compile the test.
[INFO] [stdout] ---- src/lib.rs - DashMap<K,V,S>::len (line 746) stdout ----
[INFO] [stdout] error[E0432]: unresolved import `dashmap`
[INFO] [stdout]    --> src/lib.rs:747:5
[INFO] [stdout]     |
[INFO] [stdout] 747 | use dashmap::DashMap;
[INFO] [stdout]     |     ^^^^^^^ use of unresolved module or unlinked crate `dashmap`
[INFO] [stdout]     |
[INFO] [stdout]     = help: if you wanted to use a crate named `dashmap`, use `cargo add dashmap` to add it to your `Cargo.toml`
[INFO] [stdout] 
[INFO] [stdout] error: aborting due to 1 previous error
[INFO] [stdout] 
[INFO] [stdout] For more information about this error, try `rustc --explain E0432`.
[INFO] [stdout] Couldn't compile the test.
[INFO] [stdout] ---- src/lib.rs - DashMap<K,V,S>::retain (line 726) stdout ----
[INFO] [stdout] error[E0432]: unresolved import `dashmap`
[INFO] [stdout]    --> src/lib.rs:727:5
[INFO] [stdout]     |
[INFO] [stdout] 727 | use dashmap::DashMap;
[INFO] [stdout]     |     ^^^^^^^ use of unresolved module or unlinked crate `dashmap`
[INFO] [stdout]     |
[INFO] [stdout]     = help: if you wanted to use a crate named `dashmap`, use `cargo add dashmap` to add it to your `Cargo.toml`
[INFO] [stdout] 
[INFO] [stdout] error: aborting due to 1 previous error
[INFO] [stdout] 
[INFO] [stdout] For more information about this error, try `rustc --explain E0432`.
[INFO] [stdout] Couldn't compile the test.
[INFO] [stdout] ---- src/lib.rs - DashMap<K,V,S>::remove_if (line 534) stdout ----
[INFO] [stdout] error[E0432]: unresolved import `dashmap`
[INFO] [stdout]    --> src/lib.rs:535:5
[INFO] [stdout]     |
[INFO] [stdout] 535 | use dashmap::DashMap;
[INFO] [stdout]     |     ^^^^^^^ use of unresolved module or unlinked crate `dashmap`
[INFO] [stdout]     |
[INFO] [stdout]     = help: if you wanted to use a crate named `dashmap`, use `cargo add dashmap` to add it to your `Cargo.toml`
[INFO] [stdout] 
[INFO] [stdout] error: aborting due to 1 previous error
[INFO] [stdout] 
[INFO] [stdout] For more information about this error, try `rustc --explain E0432`.
[INFO] [stdout] Couldn't compile the test.
[INFO] [stdout] ---- src/lib.rs - DashMap<K,V,S>::iter (line 572) stdout ----
[INFO] [stdout] error[E0432]: unresolved import `dashmap`
[INFO] [stdout]    --> src/lib.rs:573:5
[INFO] [stdout]     |
[INFO] [stdout] 573 | use dashmap::DashMap;
[INFO] [stdout]     |     ^^^^^^^ use of unresolved module or unlinked crate `dashmap`
[INFO] [stdout]     |
[INFO] [stdout]     = help: if you wanted to use a crate named `dashmap`, use `cargo add dashmap` to add it to your `Cargo.toml`
[INFO] [stdout] 
[INFO] [stdout] error: aborting due to 1 previous error
[INFO] [stdout] 
[INFO] [stdout] For more information about this error, try `rustc --explain E0432`.
[INFO] [stdout] Couldn't compile the test.
[INFO] [stdout] ---- src/iter.rs - iter::IterMut (line 190) stdout ----
[INFO] [stdout] error[E0432]: unresolved import `dashmap`
[INFO] [stdout]    --> src/iter.rs:191:5
[INFO] [stdout]     |
[INFO] [stdout] 191 | use dashmap::DashMap;
[INFO] [stdout]     |     ^^^^^^^ use of unresolved module or unlinked crate `dashmap`
[INFO] [stdout]     |
[INFO] [stdout]     = help: if you wanted to use a crate named `dashmap`, use `cargo add dashmap` to add it to your `Cargo.toml`
[INFO] [stdout] 
[INFO] [stdout] error: aborting due to 1 previous error
[INFO] [stdout] 
[INFO] [stdout] For more information about this error, try `rustc --explain E0432`.
[INFO] [stdout] Couldn't compile the test.
[INFO] [stdout] ---- src/lib.rs - DashMap<K,V,S>::with_hasher (line 205) stdout ----
[INFO] [stdout] error[E0432]: unresolved import `dashmap`
[INFO] [stdout]    --> src/lib.rs:206:5
[INFO] [stdout]     |
[INFO] [stdout] 206 | use dashmap::DashMap;
[INFO] [stdout]     |     ^^^^^^^ use of unresolved module or unlinked crate `dashmap`
[INFO] [stdout]     |
[INFO] [stdout]     = help: if you wanted to use a crate named `dashmap`, use `cargo add dashmap` to add it to your `Cargo.toml`
[INFO] [stdout] 
[INFO] [stdout] error: aborting due to 1 previous error
[INFO] [stdout] 
[INFO] [stdout] For more information about this error, try `rustc --explain E0432`.
[INFO] [stdout] Couldn't compile the test.
[INFO] [stdout] ---- src/lib.rs - DashMap<K,V,S>::remove (line 514) stdout ----
[INFO] [stdout] error[E0432]: unresolved import `dashmap`
[INFO] [stdout]    --> src/lib.rs:515:5
[INFO] [stdout]     |
[INFO] [stdout] 515 | use dashmap::DashMap;
[INFO] [stdout]     |     ^^^^^^^ use of unresolved module or unlinked crate `dashmap`
[INFO] [stdout]     |
[INFO] [stdout]     = help: if you wanted to use a crate named `dashmap`, use `cargo add dashmap` to add it to your `Cargo.toml`
[INFO] [stdout] 
[INFO] [stdout] error: aborting due to 1 previous error
[INFO] [stdout] 
[INFO] [stdout] For more information about this error, try `rustc --explain E0432`.
[INFO] [stdout] Couldn't compile the test.
[INFO] [stdout] ---- src/lib.rs - DashMap<K,V,S>::remove_if (line 542) stdout ----
[INFO] [stdout] error[E0432]: unresolved import `dashmap`
[INFO] [stdout]    --> src/lib.rs:543:5
[INFO] [stdout]     |
[INFO] [stdout] 543 | use dashmap::DashMap;
[INFO] [stdout]     |     ^^^^^^^ use of unresolved module or unlinked crate `dashmap`
[INFO] [stdout]     |
[INFO] [stdout]     = help: if you wanted to use a crate named `dashmap`, use `cargo add dashmap` to add it to your `Cargo.toml`
[INFO] [stdout] 
[INFO] [stdout] error: aborting due to 1 previous error
[INFO] [stdout] 
[INFO] [stdout] For more information about this error, try `rustc --explain E0432`.
[INFO] [stdout] Couldn't compile the test.
[INFO] [stdout] ---- src/lib.rs - DashMap<K,V,S>::with_capacity_and_hasher_and_shard_amount (line 261) stdout ----
[INFO] [stdout] error[E0432]: unresolved import `dashmap`
[INFO] [stdout]    --> src/lib.rs:262:5
[INFO] [stdout]     |
[INFO] [stdout] 262 | use dashmap::DashMap;
[INFO] [stdout]     |     ^^^^^^^ use of unresolved module or unlinked crate `dashmap`
[INFO] [stdout]     |
[INFO] [stdout]     = help: if you wanted to use a crate named `dashmap`, use `cargo add dashmap` to add it to your `Cargo.toml`
[INFO] [stdout] 
[INFO] [stdout] error: aborting due to 1 previous error
[INFO] [stdout] 
[INFO] [stdout] For more information about this error, try `rustc --explain E0432`.
[INFO] [stdout] Couldn't compile the test.
[INFO] [stdout] ---- src/lib.rs - DashMap<K,V,S>::try_get_mut (line 676) stdout ----
[INFO] [stdout] error[E0433]: cannot find module or crate `dashmap` in this scope
[INFO] [stdout]    --> src/lib.rs:678:5
[INFO] [stdout]     |
[INFO] [stdout] 678 | use dashmap::try_result::TryResult;
[INFO] [stdout]     |     ^^^^^^^ use of unresolved module or unlinked crate `dashmap`
[INFO] [stdout]     |
[INFO] [stdout]     = help: if you wanted to use a crate named `dashmap`, use `cargo add dashmap` to add it to your `Cargo.toml`
[INFO] [stdout] 
[INFO] [stdout] error[E0432]: unresolved import `dashmap`
[INFO] [stdout]    --> src/lib.rs:677:5
[INFO] [stdout]     |
[INFO] [stdout] 677 | use dashmap::DashMap;
[INFO] [stdout]     |     ^^^^^^^ use of unresolved module or unlinked crate `dashmap`
[INFO] [stdout]     |
[INFO] [stdout]     = help: if you wanted to use a crate named `dashmap`, use `cargo add dashmap` to add it to your `Cargo.toml`
[INFO] [stdout] 
[INFO] [stdout] error: aborting due to 2 previous errors
[INFO] [stdout] 
[INFO] [stdout] Some errors have detailed explanations: E0432, E0433.
[INFO] [stdout] For more information about an error, try `rustc --explain E0432`.
[INFO] [stdout] Couldn't compile the test.
[INFO] [stdout] ---- src/lib.rs - DashMap<K,V,S>::shrink_to_fit (line 704) stdout ----
[INFO] [stdout] error[E0433]: cannot find module or crate `dashmap` in this scope
[INFO] [stdout]    --> src/lib.rs:706:5
[INFO] [stdout]     |
[INFO] [stdout] 706 | use dashmap::try_result::TryResult;
[INFO] [stdout]     |     ^^^^^^^ use of unresolved module or unlinked crate `dashmap`
[INFO] [stdout]     |
[INFO] [stdout]     = help: if you wanted to use a crate named `dashmap`, use `cargo add dashmap` to add it to your `Cargo.toml`
[INFO] [stdout] 
[INFO] [stdout] error[E0432]: unresolved import `dashmap`
[INFO] [stdout]    --> src/lib.rs:705:5
[INFO] [stdout]     |
[INFO] [stdout] 705 | use dashmap::DashMap;
[INFO] [stdout]     |     ^^^^^^^ use of unresolved module or unlinked crate `dashmap`
[INFO] [stdout]     |
[INFO] [stdout]     = help: if you wanted to use a crate named `dashmap`, use `cargo add dashmap` to add it to your `Cargo.toml`
[INFO] [stdout] 
[INFO] [stdout] error: aborting due to 2 previous errors
[INFO] [stdout] 
[INFO] [stdout] Some errors have detailed explanations: E0432, E0433.
[INFO] [stdout] For more information about an error, try `rustc --explain E0432`.
[INFO] [stdout] Couldn't compile the test.
[INFO] [stdout] ---- src/lib.rs - DashMap<K,V,S>::alter (line 807) stdout ----
[INFO] [stdout] error[E0432]: unresolved import `dashmap`
[INFO] [stdout]    --> src/lib.rs:808:5
[INFO] [stdout]     |
[INFO] [stdout] 808 | use dashmap::DashMap;
[INFO] [stdout]     |     ^^^^^^^ use of unresolved module or unlinked crate `dashmap`
[INFO] [stdout]     |
[INFO] [stdout]     = help: if you wanted to use a crate named `dashmap`, use `cargo add dashmap` to add it to your `Cargo.toml`
[INFO] [stdout] 
[INFO] [stdout] error: aborting due to 1 previous error
[INFO] [stdout] 
[INFO] [stdout] For more information about this error, try `rustc --explain E0432`.
[INFO] [stdout] Couldn't compile the test.
[INFO] [stdout] ---- src/lib.rs - DashMap<K,V,RandomState>::new (line 129) stdout ----
[INFO] [stdout] error[E0432]: unresolved import `dashmap`
[INFO] [stdout]    --> src/lib.rs:130:5
[INFO] [stdout]     |
[INFO] [stdout] 130 | use dashmap::DashMap;
[INFO] [stdout]     |     ^^^^^^^ use of unresolved module or unlinked crate `dashmap`
[INFO] [stdout]     |
[INFO] [stdout]     = help: if you wanted to use a crate named `dashmap`, use `cargo add dashmap` to add it to your `Cargo.toml`
[INFO] [stdout] 
[INFO] [stdout] error: aborting due to 1 previous error
[INFO] [stdout] 
[INFO] [stdout] For more information about this error, try `rustc --explain E0432`.
[INFO] [stdout] Couldn't compile the test.
[INFO] [stdout] ---- src/set.rs - set::DashSet<K,RandomState>::new (line 58) stdout ----
[INFO] [stdout] error[E0432]: unresolved import `dashmap`
[INFO] [stdout]   --> src/set.rs:59:5
[INFO] [stdout]    |
[INFO] [stdout] 59 | use dashmap::DashSet;
[INFO] [stdout]    |     ^^^^^^^ use of unresolved module or unlinked crate `dashmap`
[INFO] [stdout]    |
[INFO] [stdout]    = help: if you wanted to use a crate named `dashmap`, use `cargo add dashmap` to add it to your `Cargo.toml`
[INFO] [stdout] 
[INFO] [stdout] error: aborting due to 1 previous error
[INFO] [stdout] 
[INFO] [stdout] For more information about this error, try `rustc --explain E0432`.
[INFO] [stdout] Couldn't compile the test.
[INFO] [stdout] ---- src/lib.rs - DashMap<K,V,S>::iter_mut (line 589) stdout ----
[INFO] [stdout] error[E0432]: unresolved import `dashmap`
[INFO] [stdout]    --> src/lib.rs:590:5
[INFO] [stdout]     |
[INFO] [stdout] 590 | use dashmap::DashMap;
[INFO] [stdout]     |     ^^^^^^^ use of unresolved module or unlinked crate `dashmap`
[INFO] [stdout]     |
[INFO] [stdout]     = help: if you wanted to use a crate named `dashmap`, use `cargo add dashmap` to add it to your `Cargo.toml`
[INFO] [stdout] 
[INFO] [stdout] error: aborting due to 1 previous error
[INFO] [stdout] 
[INFO] [stdout] For more information about this error, try `rustc --explain E0432`.
[INFO] [stdout] Couldn't compile the test.
[INFO] [stdout] ---- src/set.rs - set::DashSet<K,S>::insert (line 200) stdout ----
[INFO] [stdout] error[E0432]: unresolved import `dashmap`
[INFO] [stdout]    --> src/set.rs:201:5
[INFO] [stdout]     |
[INFO] [stdout] 201 | use dashmap::DashSet;
[INFO] [stdout]     |     ^^^^^^^ use of unresolved module or unlinked crate `dashmap`
[INFO] [stdout]     |
[INFO] [stdout]     = help: if you wanted to use a crate named `dashmap`, use `cargo add dashmap` to add it to your `Cargo.toml`
[INFO] [stdout] 
[INFO] [stdout] error: aborting due to 1 previous error
[INFO] [stdout] 
[INFO] [stdout] For more information about this error, try `rustc --explain E0432`.
[INFO] [stdout] Couldn't compile the test.
[INFO] [stdout] ---- src/set.rs - set::DashSet<K,RandomState>::with_capacity (line 72) stdout ----
[INFO] [stdout] error[E0432]: unresolved import `dashmap`
[INFO] [stdout]   --> src/set.rs:73:5
[INFO] [stdout]    |
[INFO] [stdout] 73 | use dashmap::DashSet;
[INFO] [stdout]    |     ^^^^^^^ use of unresolved module or unlinked crate `dashmap`
[INFO] [stdout]    |
[INFO] [stdout]    = help: if you wanted to use a crate named `dashmap`, use `cargo add dashmap` to add it to your `Cargo.toml`
[INFO] [stdout] 
[INFO] [stdout] error: aborting due to 1 previous error
[INFO] [stdout] 
[INFO] [stdout] For more information about this error, try `rustc --explain E0432`.
[INFO] [stdout] Couldn't compile the test.
[INFO] [stdout] ---- src/lib.rs - DashMap<K,V,S>::try_get (line 649) stdout ----
[INFO] [stdout] error[E0433]: cannot find module or crate `dashmap` in this scope
[INFO] [stdout]    --> src/lib.rs:651:5
[INFO] [stdout]     |
[INFO] [stdout] 651 | use dashmap::try_result::TryResult;
[INFO] [stdout]     |     ^^^^^^^ use of unresolved module or unlinked crate `dashmap`
[INFO] [stdout]     |
[INFO] [stdout]     = help: if you wanted to use a crate named `dashmap`, use `cargo add dashmap` to add it to your `Cargo.toml`
[INFO] [stdout] 
[INFO] [stdout] error[E0432]: unresolved import `dashmap`
[INFO] [stdout]    --> src/lib.rs:650:5
[INFO] [stdout]     |
[INFO] [stdout] 650 | use dashmap::DashMap;
[INFO] [stdout]     |     ^^^^^^^ use of unresolved module or unlinked crate `dashmap`
[INFO] [stdout]     |
[INFO] [stdout]     = help: if you wanted to use a crate named `dashmap`, use `cargo add dashmap` to add it to your `Cargo.toml`
[INFO] [stdout] 
[INFO] [stdout] error: aborting due to 2 previous errors
[INFO] [stdout] 
[INFO] [stdout] Some errors have detailed explanations: E0432, E0433.
[INFO] [stdout] For more information about an error, try `rustc --explain E0432`.
[INFO] [stdout] Couldn't compile the test.
[INFO] [stdout] ---- src/set.rs - set::DashSet<K,S>::contains (line 374) stdout ----
[INFO] [stdout] error[E0432]: unresolved import `dashmap`
[INFO] [stdout]    --> src/set.rs:375:5
[INFO] [stdout]     |
[INFO] [stdout] 375 | use dashmap::DashSet;
[INFO] [stdout]     |     ^^^^^^^ use of unresolved module or unlinked crate `dashmap`
[INFO] [stdout]     |
[INFO] [stdout]     = help: if you wanted to use a crate named `dashmap`, use `cargo add dashmap` to add it to your `Cargo.toml`
[INFO] [stdout] 
[INFO] [stdout] error: aborting due to 1 previous error
[INFO] [stdout] 
[INFO] [stdout] For more information about this error, try `rustc --explain E0432`.
[INFO] [stdout] Couldn't compile the test.
[INFO] [stdout] ---- src/set.rs - set::DashSet<K,S>::get (line 278) stdout ----
[INFO] [stdout] error[E0432]: unresolved import `dashmap`
[INFO] [stdout]    --> src/set.rs:279:5
[INFO] [stdout]     |
[INFO] [stdout] 279 | use dashmap::DashSet;
[INFO] [stdout]     |     ^^^^^^^ use of unresolved module or unlinked crate `dashmap`
[INFO] [stdout]     |
[INFO] [stdout]     = help: if you wanted to use a crate named `dashmap`, use `cargo add dashmap` to add it to your `Cargo.toml`
[INFO] [stdout] 
[INFO] [stdout] error: aborting due to 1 previous error
[INFO] [stdout] 
[INFO] [stdout] For more information about this error, try `rustc --explain E0432`.
[INFO] [stdout] Couldn't compile the test.
[INFO] [stdout] ---- src/set.rs - set::DashSet<K,S>::is_empty (line 338) stdout ----
[INFO] [stdout] error[E0432]: unresolved import `dashmap`
[INFO] [stdout]    --> src/set.rs:339:5
[INFO] [stdout]     |
[INFO] [stdout] 339 | use dashmap::DashSet;
[INFO] [stdout]     |     ^^^^^^^ use of unresolved module or unlinked crate `dashmap`
[INFO] [stdout]     |
[INFO] [stdout]     = help: if you wanted to use a crate named `dashmap`, use `cargo add dashmap` to add it to your `Cargo.toml`
[INFO] [stdout] 
[INFO] [stdout] error: aborting due to 1 previous error
[INFO] [stdout] 
[INFO] [stdout] For more information about this error, try `rustc --explain E0432`.
[INFO] [stdout] Couldn't compile the test.
[INFO] [stdout] ---- src/set.rs - set::DashSet<K,S>::remove_if (line 232) stdout ----
[INFO] [stdout] error[E0432]: unresolved import `dashmap`
[INFO] [stdout]    --> src/set.rs:233:5
[INFO] [stdout]     |
[INFO] [stdout] 233 | use dashmap::DashSet;
[INFO] [stdout]     |     ^^^^^^^ use of unresolved module or unlinked crate `dashmap`
[INFO] [stdout]     |
[INFO] [stdout]     = help: if you wanted to use a crate named `dashmap`, use `cargo add dashmap` to add it to your `Cargo.toml`
[INFO] [stdout] 
[INFO] [stdout] error: aborting due to 1 previous error
[INFO] [stdout] 
[INFO] [stdout] For more information about this error, try `rustc --explain E0432`.
[INFO] [stdout] Couldn't compile the test.
[INFO] [stdout] ---- src/lib.rs - DashMap<K,V,S>::view (line 857) stdout ----
[INFO] [stdout] error[E0432]: unresolved import `dashmap`
[INFO] [stdout]    --> src/lib.rs:858:5
[INFO] [stdout]     |
[INFO] [stdout] 858 | use dashmap::DashMap;
[INFO] [stdout]     |     ^^^^^^^ use of unresolved module or unlinked crate `dashmap`
[INFO] [stdout]     |
[INFO] [stdout]     = help: if you wanted to use a crate named `dashmap`, use `cargo add dashmap` to add it to your `Cargo.toml`
[INFO] [stdout] 
[INFO] [stdout] error: aborting due to 1 previous error
[INFO] [stdout] 
[INFO] [stdout] For more information about this error, try `rustc --explain E0432`.
[INFO] [stdout] Couldn't compile the test.
[INFO] [stdout] ---- src/lib.rs - DashMap<K,V,S>::with_capacity_and_hasher (line 221) stdout ----
[INFO] [stdout] error[E0432]: unresolved import `dashmap`
[INFO] [stdout]    --> src/lib.rs:222:5
[INFO] [stdout]     |
[INFO] [stdout] 222 | use dashmap::DashMap;
[INFO] [stdout]     |     ^^^^^^^ use of unresolved module or unlinked crate `dashmap`
[INFO] [stdout]     |
[INFO] [stdout]     = help: if you wanted to use a crate named `dashmap`, use `cargo add dashmap` to add it to your `Cargo.toml`
[INFO] [stdout] 
[INFO] [stdout] error: aborting due to 1 previous error
[INFO] [stdout] 
[INFO] [stdout] For more information about this error, try `rustc --explain E0432`.
[INFO] [stdout] Couldn't compile the test.
[INFO] [stdout] ---- src/set.rs - set::DashSet<K,S>::retain (line 303) stdout ----
[INFO] [stdout] error[E0432]: unresolved import `dashmap`
[INFO] [stdout]    --> src/set.rs:304:5
[INFO] [stdout]     |
[INFO] [stdout] 304 | use dashmap::DashSet;
[INFO] [stdout]     |     ^^^^^^^ use of unresolved module or unlinked crate `dashmap`
[INFO] [stdout]     |
[INFO] [stdout]     = help: if you wanted to use a crate named `dashmap`, use `cargo add dashmap` to add it to your `Cargo.toml`
[INFO] [stdout] 
[INFO] [stdout] error: aborting due to 1 previous error
[INFO] [stdout] 
[INFO] [stdout] For more information about this error, try `rustc --explain E0432`.
[INFO] [stdout] Couldn't compile the test.
[INFO] [stdout] ---- src/set.rs - set::DashSet<K,S>::clear (line 352) stdout ----
[INFO] [stdout] error[E0432]: unresolved import `dashmap`
[INFO] [stdout]    --> src/set.rs:353:5
[INFO] [stdout]     |
[INFO] [stdout] 353 | use dashmap::DashSet;
[INFO] [stdout]     |     ^^^^^^^ use of unresolved module or unlinked crate `dashmap`
[INFO] [stdout]     |
[INFO] [stdout]     = help: if you wanted to use a crate named `dashmap`, use `cargo add dashmap` to add it to your `Cargo.toml`
[INFO] [stdout] 
[INFO] [stdout] error: aborting due to 1 previous error
[INFO] [stdout] 
[INFO] [stdout] For more information about this error, try `rustc --explain E0432`.
[INFO] [stdout] Couldn't compile the test.
[INFO] [stdout] ---- src/set.rs - set::DashSet<K,S>::iter (line 261) stdout ----
[INFO] [stdout] error[E0432]: unresolved import `dashmap`
[INFO] [stdout]    --> src/set.rs:262:5
[INFO] [stdout]     |
[INFO] [stdout] 262 | use dashmap::DashSet;
[INFO] [stdout]     |     ^^^^^^^ use of unresolved module or unlinked crate `dashmap`
[INFO] [stdout]     |
[INFO] [stdout]     = help: if you wanted to use a crate named `dashmap`, use `cargo add dashmap` to add it to your `Cargo.toml`
[INFO] [stdout] 
[INFO] [stdout] error: aborting due to 1 previous error
[INFO] [stdout] 
[INFO] [stdout] For more information about this error, try `rustc --explain E0432`.
[INFO] [stdout] Couldn't compile the test.
[INFO] [stdout] ---- src/set.rs - set::DashSet<K,S>::with_capacity_and_hasher (line 105) stdout ----
[INFO] [stdout] error[E0432]: unresolved import `dashmap`
[INFO] [stdout]    --> src/set.rs:106:5
[INFO] [stdout]     |
[INFO] [stdout] 106 | use dashmap::DashSet;
[INFO] [stdout]     |     ^^^^^^^ use of unresolved module or unlinked crate `dashmap`
[INFO] [stdout]     |
[INFO] [stdout]     = help: if you wanted to use a crate named `dashmap`, use `cargo add dashmap` to add it to your `Cargo.toml`
[INFO] [stdout] 
[INFO] [stdout] error: aborting due to 1 previous error
[INFO] [stdout] 
[INFO] [stdout] For more information about this error, try `rustc --explain E0432`.
[INFO] [stdout] Couldn't compile the test.
[INFO] [stdout] ---- src/set.rs - set::DashSet<K,S>::len (line 321) stdout ----
[INFO] [stdout] error[E0432]: unresolved import `dashmap`
[INFO] [stdout]    --> src/set.rs:322:5
[INFO] [stdout]     |
[INFO] [stdout] 322 | use dashmap::DashSet;
[INFO] [stdout]     |     ^^^^^^^ use of unresolved module or unlinked crate `dashmap`
[INFO] [stdout]     |
[INFO] [stdout]     = help: if you wanted to use a crate named `dashmap`, use `cargo add dashmap` to add it to your `Cargo.toml`
[INFO] [stdout] 
[INFO] [stdout] error: aborting due to 1 previous error
[INFO] [stdout] 
[INFO] [stdout] For more information about this error, try `rustc --explain E0432`.
[INFO] [stdout] Couldn't compile the test.
[INFO] [stdout] ---- src/set.rs - set::DashSet<K,S>::remove (line 214) stdout ----
[INFO] [stdout] error[E0432]: unresolved import `dashmap`
[INFO] [stdout]    --> src/set.rs:215:5
[INFO] [stdout]     |
[INFO] [stdout] 215 | use dashmap::DashSet;
[INFO] [stdout]     |     ^^^^^^^ use of unresolved module or unlinked crate `dashmap`
[INFO] [stdout]     |
[INFO] [stdout]     = help: if you wanted to use a crate named `dashmap`, use `cargo add dashmap` to add it to your `Cargo.toml`
[INFO] [stdout] 
[INFO] [stdout] error: aborting due to 1 previous error
[INFO] [stdout] 
[INFO] [stdout] For more information about this error, try `rustc --explain E0432`.
[INFO] [stdout] Couldn't compile the test.
[INFO] [stdout] ---- src/set.rs - set::DashSet<K,S>::with_hasher (line 89) stdout ----
[INFO] [stdout] error[E0432]: unresolved import `dashmap`
[INFO] [stdout]   --> src/set.rs:90:5
[INFO] [stdout]    |
[INFO] [stdout] 90 | use dashmap::DashSet;
[INFO] [stdout]    |     ^^^^^^^ use of unresolved module or unlinked crate `dashmap`
[INFO] [stdout]    |
[INFO] [stdout]    = help: if you wanted to use a crate named `dashmap`, use `cargo add dashmap` to add it to your `Cargo.toml`
[INFO] [stdout] 
[INFO] [stdout] error: aborting due to 1 previous error
[INFO] [stdout] 
[INFO] [stdout] For more information about this error, try `rustc --explain E0432`.
[INFO] [stdout] Couldn't compile the test.
[INFO] [stdout] ---- src/lib.rs - DashMap<K,V,S>::with_hasher_and_shard_amount (line 241) stdout ----
[INFO] [stdout] error[E0432]: unresolved import `dashmap`
[INFO] [stdout]    --> src/lib.rs:242:5
[INFO] [stdout]     |
[INFO] [stdout] 242 | use dashmap::DashMap;
[INFO] [stdout]     |     ^^^^^^^ use of unresolved module or unlinked crate `dashmap`
[INFO] [stdout]     |
[INFO] [stdout]     = help: if you wanted to use a crate named `dashmap`, use `cargo add dashmap` to add it to your `Cargo.toml`
[INFO] [stdout] 
[INFO] [stdout] error: aborting due to 1 previous error
[INFO] [stdout] 
[INFO] [stdout] For more information about this error, try `rustc --explain E0432`.
[INFO] [stdout] Couldn't compile the test.
[INFO] [stdout] ---- src/set.rs - set::DashSet<K,S>::remove_if (line 240) stdout ----
[INFO] [stdout] error[E0432]: unresolved import `dashmap`
[INFO] [stdout]    --> src/set.rs:241:5
[INFO] [stdout]     |
[INFO] [stdout] 241 | use dashmap::DashSet;
[INFO] [stdout]     |     ^^^^^^^ use of unresolved module or unlinked crate `dashmap`
[INFO] [stdout]     |
[INFO] [stdout]     = help: if you wanted to use a crate named `dashmap`, use `cargo add dashmap` to add it to your `Cargo.toml`
[INFO] [stdout] 
[INFO] [stdout] error: aborting due to 1 previous error
[INFO] [stdout] 
[INFO] [stdout] For more information about this error, try `rustc --explain E0432`.
[INFO] [stdout] Couldn't compile the test.
[INFO] [stdout] 
[INFO] [stdout] failures:
[INFO] [stdout]     src/iter.rs - iter::Iter (line 105)
[INFO] [stdout]     src/iter.rs - iter::IterMut (line 190)
[INFO] [stdout]     src/iter.rs - iter::OwningIter (line 16)
[INFO] [stdout]     src/lib.rs - DashMap<K,V,RandomState>::new (line 129)
[INFO] [stdout]     src/lib.rs - DashMap<K,V,RandomState>::with_capacity (line 143)
[INFO] [stdout]     src/lib.rs - DashMap<K,V,RandomState>::with_capacity_and_shard_amount (line 179)
[INFO] [stdout]     src/lib.rs - DashMap<K,V,RandomState>::with_shard_amount (line 161)
[INFO] [stdout]     src/lib.rs - DashMap<K,V,S>::alter (line 807)
[INFO] [stdout]     src/lib.rs - DashMap<K,V,S>::alter_all (line 833)
[INFO] [stdout]     src/lib.rs - DashMap<K,V,S>::clear (line 781)
[INFO] [stdout]     src/lib.rs - DashMap<K,V,S>::contains_key (line 884)
[INFO] [stdout]     src/lib.rs - DashMap<K,V,S>::get (line 607)
[INFO] [stdout]     src/lib.rs - DashMap<K,V,S>::get_mut (line 628)
[INFO] [stdout]     src/lib.rs - DashMap<K,V,S>::hasher (line 447)
[INFO] [stdout]     src/lib.rs - DashMap<K,V,S>::insert (line 467)
[INFO] [stdout]     src/lib.rs - DashMap<K,V,S>::is_empty (line 765)
[INFO] [stdout]     src/lib.rs - DashMap<K,V,S>::iter (line 572)
[INFO] [stdout]     src/lib.rs - DashMap<K,V,S>::iter_mut (line 589)
[INFO] [stdout]     src/lib.rs - DashMap<K,V,S>::len (line 746)
[INFO] [stdout]     src/lib.rs - DashMap<K,V,S>::remove (line 514)
[INFO] [stdout]     src/lib.rs - DashMap<K,V,S>::remove_if (line 534)
[INFO] [stdout]     src/lib.rs - DashMap<K,V,S>::remove_if (line 542)
[INFO] [stdout]     src/lib.rs - DashMap<K,V,S>::retain (line 726)
[INFO] [stdout]     src/lib.rs - DashMap<K,V,S>::shrink_to_fit (line 704)
[INFO] [stdout]     src/lib.rs - DashMap<K,V,S>::try_get (line 649)
[INFO] [stdout]     src/lib.rs - DashMap<K,V,S>::try_get_mut (line 676)
[INFO] [stdout]     src/lib.rs - DashMap<K,V,S>::view (line 857)
[INFO] [stdout]     src/lib.rs - DashMap<K,V,S>::with_capacity_and_hasher (line 221)
[INFO] [stdout]     src/lib.rs - DashMap<K,V,S>::with_capacity_and_hasher_and_shard_amount (line 261)
[INFO] [stdout]     src/lib.rs - DashMap<K,V,S>::with_hasher (line 205)
[INFO] [stdout]     src/lib.rs - DashMap<K,V,S>::with_hasher_and_shard_amount (line 241)
[INFO] [stdout]     src/set.rs - set::DashSet<K,RandomState>::new (line 58)
[INFO] [stdout]     src/set.rs - set::DashSet<K,RandomState>::with_capacity (line 72)
[INFO] [stdout]     src/set.rs - set::DashSet<K,S>::clear (line 352)
[INFO] [stdout]     src/set.rs - set::DashSet<K,S>::contains (line 374)
[INFO] [stdout]     src/set.rs - set::DashSet<K,S>::get (line 278)
[INFO] [stdout]     src/set.rs - set::DashSet<K,S>::insert (line 200)
[INFO] [stdout]     src/set.rs - set::DashSet<K,S>::is_empty (line 338)
[INFO] [stdout]     src/set.rs - set::DashSet<K,S>::iter (line 261)
[INFO] [stdout]     src/set.rs - set::DashSet<K,S>::len (line 321)
[INFO] [stdout]     src/set.rs - set::DashSet<K,S>::remove (line 214)
[INFO] [stdout]     src/set.rs - set::DashSet<K,S>::remove_if (line 232)
[INFO] [stdout]     src/set.rs - set::DashSet<K,S>::remove_if (line 240)
[INFO] [stdout]     src/set.rs - set::DashSet<K,S>::retain (line 303)
[INFO] [stdout]     src/set.rs - set::DashSet<K,S>::with_capacity_and_hasher (line 105)
[INFO] [stdout]     src/set.rs - set::DashSet<K,S>::with_hasher (line 89)
[INFO] [stdout] 
[INFO] [stdout] test result: FAILED. 0 passed; 46 failed; 0 ignored; 0 measured; 0 filtered out; finished in 0.60s
[INFO] [stdout] 
[INFO] [stdout] all doctests ran in 0.85s; merged doctests compilation took 0.23s
[INFO] [stderr] error: doctest failed, to rerun pass `--doc`
[INFO] running `Command { std: "docker" "inspect" "060f446bd03f9a3e2a4bc0d185f58338417227c850e5d2702e09c3f979bae97b", kill_on_drop: false }`
[INFO] running `Command { std: "docker" "rm" "-f" "060f446bd03f9a3e2a4bc0d185f58338417227c850e5d2702e09c3f979bae97b", kill_on_drop: false }`
[INFO] [stdout] 060f446bd03f9a3e2a4bc0d185f58338417227c850e5d2702e09c3f979bae97b
