[INFO] fetching crate rustybook 0.2.1...
[INFO] testing rustybook-0.2.1 against 1.100.0-beta.1 for beta-1.100-2
[INFO] extracting crate rustybook 0.2.1 into /workspace/builds/worker-6-tc2/source
[INFO] started tweaking crates.io crate rustybook 0.2.1
[INFO] removed 0 missing examples
[INFO] finished tweaking crates.io crate rustybook 0.2.1
[INFO] tweaked toml for crates.io crate rustybook 0.2.1 written to /workspace/builds/worker-6-tc2/source/Cargo.toml
[INFO] validating manifest of crates.io crate rustybook 0.2.1 on toolchain 1.100.0-beta.1
[INFO] running `Command { std: CARGO_HOME="/workspace/cargo-home" RUSTUP_HOME="/workspace/rustup-home" "/workspace/cargo-home/bin/cargo" "+1.100.0-beta.1" "metadata" "--manifest-path" "Cargo.toml" "--no-deps", kill_on_drop: false }`
[INFO] crate crates.io crate rustybook 0.2.1 already has a lockfile, it will not be regenerated
[INFO] running `Command { std: CARGO_HOME="/workspace/cargo-home" RUSTUP_HOME="/workspace/rustup-home" "/workspace/cargo-home/bin/cargo" "+1.100.0-beta.1" "fetch" "--manifest-path" "Cargo.toml", kill_on_drop: false }`
[INFO] running `Command { std: "docker" "create" "-v" "/var/lib/crater-agent-workspace/builds/worker-6-tc2/source:/opt/rustwide/workdir:ro,Z" "-v" "/var/lib/crater-agent-workspace/builds/worker-6-tc2/target:/opt/rustwide/target:rw,Z" "-v" "/var/lib/crater-agent-workspace/cargo-home:/opt/rustwide/cargo-home:ro,Z" "-v" "/var/lib/crater-agent-workspace/rustup-home:/opt/rustwide/rustup-home:ro,Z" "-m" "1610612736" "--network" "none" "ghcr.io/rust-lang/crates-build-env/linux@sha256:3111399a4047eeb3a02b7a90e478d715f38a8c6669b5c4b49d30a17385265909" "sleep" "infinity", kill_on_drop: false }`
[INFO] [stdout] fbfa40068ea456dbef603e35f67f299c147dc18ed7289dd863fc8af07cbda520
[INFO] running `Command { std: "docker" "start" "fbfa40068ea456dbef603e35f67f299c147dc18ed7289dd863fc8af07cbda520", kill_on_drop: false }`
[INFO] running `Command { std: "docker" "inspect" "fbfa40068ea456dbef603e35f67f299c147dc18ed7289dd863fc8af07cbda520", kill_on_drop: false }`
[INFO] running `Command { std: "docker" "exec" "-e" "SOURCE_DIR=/opt/rustwide/workdir" "-e" "CARGO_HOME=/opt/rustwide/cargo-home" "-e" "RUSTUP_HOME=/opt/rustwide/rustup-home" "-e" "CARGO_TARGET_DIR=/opt/rustwide/target" "-w" "/opt/rustwide/workdir" "--user" "0:0" "fbfa40068ea456dbef603e35f67f299c147dc18ed7289dd863fc8af07cbda520" "/opt/rustwide/cargo-home/bin/cargo" "+1.100.0-beta.1" "metadata" "--no-deps" "--format-version=1", kill_on_drop: false }`
[INFO] running `Command { std: "docker" "inspect" "fbfa40068ea456dbef603e35f67f299c147dc18ed7289dd863fc8af07cbda520", kill_on_drop: false }`
[INFO] running `Command { std: "docker" "exec" "-e" "SOURCE_DIR=/opt/rustwide/workdir" "-e" "CARGO_HOME=/opt/rustwide/cargo-home" "-e" "RUSTUP_HOME=/opt/rustwide/rustup-home" "-e" "CARGO_TARGET_DIR=/opt/rustwide/target" "-e" "CARGO_INCREMENTAL=0" "-e" "RUST_BACKTRACE=full" "-e" "RUSTFLAGS=--cap-lints=warn" "-e" "RUSTDOCFLAGS=--cap-lints=warn" "-w" "/opt/rustwide/workdir" "--user" "0:0" "fbfa40068ea456dbef603e35f67f299c147dc18ed7289dd863fc8af07cbda520" "/opt/rustwide/cargo-home/bin/cargo" "+1.100.0-beta.1" "build" "--frozen" "--message-format=json", kill_on_drop: false }`
[INFO] [stderr]    Compiling quote v1.0.44
[INFO] [stderr]    Compiling libc v0.2.182
[INFO] [stderr]    Compiling smallvec v1.15.1
[INFO] [stderr]    Compiling stable_deref_trait v1.2.1
[INFO] [stderr]    Compiling itoa v1.0.17
[INFO] [stderr]    Compiling siphasher v1.0.2
[INFO] [stderr]    Compiling fastrand v2.3.0
[INFO] [stderr]    Compiling log v0.4.29
[INFO] [stderr]    Compiling tracing-core v0.1.36
[INFO] [stderr]    Compiling dunce v1.0.5
[INFO] [stderr]    Compiling fs_extra v1.3.0
[INFO] [stderr]    Compiling litemap v0.8.1
[INFO] [stderr]    Compiling writeable v0.6.2
[INFO] [stderr]    Compiling aws-lc-rs v1.15.4
[INFO] [stderr]    Compiling regex-syntax v0.8.9
[INFO] [stderr]    Compiling zeroize v1.8.2
[INFO] [stderr]    Compiling icu_normalizer_data v2.1.1
[INFO] [stderr]    Compiling icu_properties_data v2.1.2
[INFO] [stderr]    Compiling http v1.4.0
[INFO] [stderr]    Compiling phf_shared v0.13.1
[INFO] [stderr]    Compiling new_debug_unreachable v1.0.6
[INFO] [stderr]    Compiling slab v0.4.12
[INFO] [stderr]    Compiling simd-adler32 v0.3.8
[INFO] [stderr]    Compiling rustls-pki-types v1.14.0
[INFO] [stderr]    Compiling futures-sink v0.3.32
[INFO] [stderr]    Compiling alloc-no-stdlib v2.0.4
[INFO] [stderr]    Compiling hashbrown v0.16.1
[INFO] [stderr]    Compiling rustls v0.23.36
[INFO] [stderr]    Compiling precomputed-hash v0.1.1
[INFO] [stderr]    Compiling futures-task v0.3.32
[INFO] [stderr]    Compiling bitflags v2.11.0
[INFO] [stderr]    Compiling time-core v0.1.8
[INFO] [stderr]    Compiling num-conv v0.2.0
[INFO] [stderr]    Compiling miniz_oxide v0.8.9
[INFO] [stderr]    Compiling phf_generator v0.13.1
[INFO] [stderr]    Compiling alloc-stdlib v0.2.2
[INFO] [stderr]    Compiling futures-util v0.3.32
[INFO] [stderr]    Compiling try-lock v0.2.5
[INFO] [stderr]    Compiling brotli-decompressor v5.0.0
[INFO] [stderr]    Compiling mac v0.1.1
[INFO] [stderr]    Compiling ucd-trie v0.1.7
[INFO] [stderr]    Compiling unicode-width v0.2.2
[INFO] [stderr]    Compiling subtle v2.6.1
[INFO] [stderr]    Compiling powerfmt v0.2.0
[INFO] [stderr]    Compiling pest v2.8.6
[INFO] [stderr]    Compiling cookie v0.18.1
[INFO] [stderr]    Compiling syn v2.0.116
[INFO] [stderr]    Compiling phf_codegen v0.13.1
[INFO] [stderr]    Compiling string_cache_codegen v0.6.1
[INFO] [stderr]    Compiling indexmap v2.13.0
[INFO] [stderr]    Compiling deranged v0.5.6
[INFO] [stderr]    Compiling time-macros v0.2.27
[INFO] [stderr]    Compiling futf v0.1.5
[INFO] [stderr]    Compiling want v0.3.1
[INFO] [stderr]    Compiling serde_json v1.0.149
[INFO] [stderr]    Compiling flate2 v1.1.9
[INFO] [stderr]    Compiling dtoa v1.0.11
[INFO] [stderr]    Compiling lazy_static v1.5.0
[INFO] [stderr]    Compiling compression-core v0.4.31
[INFO] [stderr]    Compiling sharded-slab v0.1.7
[INFO] [stderr]    Compiling brotli v8.0.2
[INFO] [stderr]    Compiling http-body v1.0.1
[INFO] [stderr]    Compiling web_atoms v0.2.3
[INFO] [stderr]    Compiling tendril v0.4.3
[INFO] [stderr]    Compiling dtoa-short v0.3.5
[INFO] [stderr]    Compiling selectors v0.33.0
[INFO] [stderr]    Compiling tracing-log v0.2.0
[INFO] [stderr]    Compiling form_urlencoded v1.2.2
[INFO] [stderr]    Compiling sync_wrapper v1.0.2
[INFO] [stderr]    Compiling thread_local v1.1.9
[INFO] [stderr]    Compiling ipnet v2.11.0
[INFO] [stderr]    Compiling nu-ansi-term v0.50.3
[INFO] [stderr]    Compiling litrs v1.0.0
[INFO] [stderr]    Compiling parking_lot_core v0.9.12
[INFO] [stderr]    Compiling jobserver v0.1.34
[INFO] [stderr]    Compiling errno v0.3.14
[INFO] [stderr]    Compiling socket2 v0.6.2
[INFO] [stderr]    Compiling parking_lot v0.12.5
[INFO] [stderr]    Compiling signal-hook-registry v1.4.8
[INFO] [stderr]    Compiling mio v1.1.1
[INFO] [stderr]    Compiling string_cache v0.9.0
[INFO] [stderr]    Compiling time v0.3.47
[INFO] [stderr]    Compiling cc v1.2.56
[INFO] [stderr]    Compiling base64 v0.22.1
[INFO] [stderr]    Compiling psl-types v2.0.11
[INFO] [stderr]    Compiling owo-colors v4.2.3
[INFO] [stderr]    Compiling openssl-probe v0.2.1
[INFO] [stderr]    Compiling document-features v0.2.12
[INFO] [stderr]    Compiling rustls-native-certs v0.8.3
[INFO] [stderr]    Compiling http-body-util v0.1.3
[INFO] [stderr]    Compiling servo_arc v0.4.3
[INFO] [stderr]    Compiling iri-string v0.7.10
[INFO] [stderr]    Compiling object v0.37.3
[INFO] [stderr]    Compiling rustc-hash v2.1.1
[INFO] [stderr]    Compiling getopts v0.2.24
[INFO] [stderr]    Compiling encoding_rs v0.8.35
[INFO] [stderr]    Compiling pest_meta v2.8.6
[INFO] [stderr]    Compiling eyre v0.6.12
[INFO] [stderr]    Compiling color-spantrace v0.3.0
[INFO] [stderr]    Compiling ego-tree v0.10.0
[INFO] [stderr]    Compiling regex-automata v0.4.14
[INFO] [stderr]    Compiling mime v0.3.17
[INFO] [stderr]    Compiling gimli v0.32.3
[INFO] [stderr]    Compiling portable-atomic v1.13.1
[INFO] [stderr]    Compiling console v0.16.2
[INFO] [stderr]    Compiling indenter v0.3.4
[INFO] [stderr]    Compiling unit-prefix v0.5.2
[INFO] [stderr]    Compiling cmake v0.1.57
[INFO] [stderr]    Compiling rustc-demangle v0.1.27
[INFO] [stderr]    Compiling chrono v0.4.43
[INFO] [stderr]    Compiling indicatif v0.18.4
[INFO] [stderr]    Compiling aws-lc-sys v0.37.1
[INFO] [stderr]    Compiling compression-codecs v0.4.36
[INFO] [stderr]    Compiling matchers v0.2.0
[INFO] [stderr]    Compiling regex v1.12.3
[INFO] [stderr]    Compiling synstructure v0.13.2
[INFO] [stderr]    Compiling pest_generator v2.8.6
[INFO] [stderr]    Compiling addr2line v0.25.1
[INFO] [stderr]    Compiling backtrace v0.3.76
[INFO] [stderr]    Compiling zerofrom-derive v0.1.6
[INFO] [stderr]    Compiling yoke-derive v0.8.1
[INFO] [stderr]    Compiling zerovec-derive v0.11.2
[INFO] [stderr]    Compiling displaydoc v0.2.5
[INFO] [stderr]    Compiling tracing-attributes v0.1.31
[INFO] [stderr]    Compiling tokio-macros v2.6.0
[INFO] [stderr]    Compiling phf_macros v0.13.1
[INFO] [stderr]    Compiling serde_derive v1.0.228
[INFO] [stderr]    Compiling cssparser-macros v0.6.1
[INFO] [stderr]    Compiling derive_more-impl v2.1.1
[INFO] [stderr]    Compiling thiserror-impl v2.0.18
[INFO] [stderr]    Compiling zerofrom v0.1.6
[INFO] [stderr]    Compiling pest_derive v2.8.6
[INFO] [stderr]    Compiling yoke v0.8.1
[INFO] [stderr]    Compiling tokio v1.49.0
[INFO] [stderr]    Compiling zerotrie v0.2.3
[INFO] [stderr]    Compiling zerovec v0.11.5
[INFO] [stderr]    Compiling phf v0.13.1
[INFO] [stderr]    Compiling cssparser v0.36.0
[INFO] [stderr]    Compiling derive_more v2.1.1
[INFO] [stderr]    Compiling tracing v0.1.44
[INFO] [stderr]    Compiling tracing-subscriber v0.3.22
[INFO] [stderr]    Compiling thiserror v2.0.18
[INFO] [stderr]    Compiling jsonpath-rust v1.0.4
[INFO] [stderr]    Compiling tinystr v0.8.2
[INFO] [stderr]    Compiling potential_utf v0.1.4
[INFO] [stderr]    Compiling icu_collections v2.1.1
[INFO] [stderr]    Compiling icu_locale_core v2.1.1
[INFO] [stderr]    Compiling markup5ever v0.36.1
[INFO] [stderr]    Compiling html5ever v0.36.1
[INFO] [stderr]    Compiling icu_provider v2.1.1
[INFO] [stderr]    Compiling icu_properties v2.1.2
[INFO] [stderr]    Compiling icu_normalizer v2.1.1
[INFO] [stderr]    Compiling tracing-error v0.2.1
[INFO] [stderr]    Compiling rustybook-logging v0.2.1
[INFO] [stderr]    Compiling color-eyre v0.6.5
[INFO] [stderr]    Compiling scraper v0.25.0
[INFO] [stderr]    Compiling serde v1.0.228
[INFO] [stderr]    Compiling rustybook-extractor v0.2.1
[INFO] [stderr]    Compiling idna_adapter v1.2.1
[INFO] [stderr]    Compiling idna v1.1.0
[INFO] [stderr]    Compiling url v2.5.8
[INFO] [stderr]    Compiling publicsuffix v2.3.0
[INFO] [stderr]    Compiling cookie_store v0.22.1
[INFO] [stderr]    Compiling tokio-util v0.7.18
[INFO] [stderr]    Compiling async-compression v0.4.39
[INFO] [stderr]    Compiling tower v0.5.3
[INFO] [stderr]    Compiling h2 v0.4.13
[INFO] [stderr]    Compiling tower-http v0.6.8
[INFO] [stderr]    Compiling rustls-webpki v0.103.9
[INFO] [stderr]    Compiling hyper v1.8.1
[INFO] [stderr]    Compiling hyper-util v0.1.20
[INFO] [stderr]    Compiling tokio-rustls v0.26.4
[INFO] [stderr]    Compiling rustls-platform-verifier v0.6.2
[INFO] [stderr]    Compiling hyper-rustls v0.27.7
[INFO] [stderr]    Compiling reqwest v0.13.2
[INFO] [stderr]    Compiling reqwest_cookie_store v0.10.0
[INFO] [stderr]    Compiling rustybook-http v0.2.1
[INFO] [stderr]    Compiling rustybook v0.2.1 (/opt/rustwide/workdir)
[INFO] [stderr] warning: unused dependency `chrono`
[INFO] [stderr]  --> Cargo.toml:1:15
[INFO] [stderr]   |
[INFO] [stderr] 1 | [dependencies.chrono]
[INFO] [stderr]   |               ^^^^^^^
[INFO] [stderr]   |
[INFO] [stderr]   = note: `cargo::unused_dependencies` is set to `warn` by default
[INFO] [stderr] help: consider removing the dependency on `chrono`
[INFO] [stderr] warning: unused dependency `color-eyre`
[INFO] [stderr]  --> Cargo.toml:5:15
[INFO] [stderr]   |
[INFO] [stderr] 5 | [dependencies.color-eyre]
[INFO] [stderr]   |               ^^^^^^^^^^^
[INFO] [stderr]   |
[INFO] [stderr] help: consider removing the dependency on `color-eyre`
[INFO] [stderr] warning: unused dependency `rustybook-logging`
[INFO] [stderr]   --> Cargo.toml:24:15
[INFO] [stderr]    |
[INFO] [stderr] 24 | [dependencies.rustybook-logging]
[INFO] [stderr]    |               ^^^^^^^^^^^^^^^^^^
[INFO] [stderr]    |
[INFO] [stderr] help: consider removing the dependency on `rustybook-logging`
[INFO] [stderr] warning: `rustybook` (manifest) generated 3 warnings
[INFO] [stderr]     Finished `dev` profile [unoptimized + debuginfo] target(s) in 1m 26s
[INFO] running `Command { std: "docker" "inspect" "fbfa40068ea456dbef603e35f67f299c147dc18ed7289dd863fc8af07cbda520", kill_on_drop: false }`
[INFO] running `Command { std: "docker" "exec" "-e" "SOURCE_DIR=/opt/rustwide/workdir" "-e" "CARGO_HOME=/opt/rustwide/cargo-home" "-e" "RUSTUP_HOME=/opt/rustwide/rustup-home" "-e" "CARGO_TARGET_DIR=/opt/rustwide/target" "-e" "CARGO_INCREMENTAL=0" "-e" "RUST_BACKTRACE=full" "-e" "RUSTFLAGS=--cap-lints=warn" "-e" "RUSTDOCFLAGS=--cap-lints=warn" "-w" "/opt/rustwide/workdir" "--user" "0:0" "fbfa40068ea456dbef603e35f67f299c147dc18ed7289dd863fc8af07cbda520" "/opt/rustwide/cargo-home/bin/cargo" "+1.100.0-beta.1" "test" "--frozen" "--no-run" "--message-format=json", kill_on_drop: false }`
[INFO] [stderr]    Compiling async-trait v0.1.89
[INFO] [stderr]    Compiling rustybook v0.2.1 (/opt/rustwide/workdir)
[INFO] [stderr] warning: unused dependency `chrono`
[INFO] [stderr]  --> Cargo.toml:1:15
[INFO] [stderr]   |
[INFO] [stderr] 1 | [dependencies.chrono]
[INFO] [stderr]   |               ^^^^^^^
[INFO] [stderr]   |
[INFO] [stderr]   = note: `cargo::unused_dependencies` is set to `warn` by default
[INFO] [stderr] help: consider removing the dependency on `chrono`
[INFO] [stderr] warning: unused dependency `color-eyre`
[INFO] [stderr]  --> Cargo.toml:5:15
[INFO] [stderr]   |
[INFO] [stderr] 5 | [dependencies.color-eyre]
[INFO] [stderr]   |               ^^^^^^^^^^^
[INFO] [stderr]   |
[INFO] [stderr] help: consider removing the dependency on `color-eyre`
[INFO] [stderr] warning: unused dependency `rustybook-logging`
[INFO] [stderr]   --> Cargo.toml:24:15
[INFO] [stderr]    |
[INFO] [stderr] 24 | [dependencies.rustybook-logging]
[INFO] [stderr]    |               ^^^^^^^^^^^^^^^^^^
[INFO] [stderr]    |
[INFO] [stderr] help: consider removing the dependency on `rustybook-logging`
[INFO] [stderr] warning: `rustybook` (manifest) generated 3 warnings
[INFO] [stderr]     Finished `test` profile [unoptimized + debuginfo] target(s) in 1.85s
[INFO] running `Command { std: "docker" "inspect" "fbfa40068ea456dbef603e35f67f299c147dc18ed7289dd863fc8af07cbda520", kill_on_drop: false }`
[INFO] running `Command { std: "docker" "exec" "-e" "SOURCE_DIR=/opt/rustwide/workdir" "-e" "CARGO_HOME=/opt/rustwide/cargo-home" "-e" "RUSTUP_HOME=/opt/rustwide/rustup-home" "-e" "CARGO_TARGET_DIR=/opt/rustwide/target" "-e" "CARGO_INCREMENTAL=0" "-e" "RUST_BACKTRACE=full" "-e" "RUSTFLAGS=--cap-lints=warn" "-e" "RUSTDOCFLAGS=--cap-lints=warn" "-w" "/opt/rustwide/workdir" "--user" "0:0" "fbfa40068ea456dbef603e35f67f299c147dc18ed7289dd863fc8af07cbda520" "/opt/rustwide/cargo-home/bin/cargo" "+1.100.0-beta.1" "test" "--frozen", kill_on_drop: false }`
[INFO] [stderr] warning: unused dependency `chrono`
[INFO] [stderr]  --> Cargo.toml:1:15
[INFO] [stderr]   |
[INFO] [stderr] 1 | [dependencies.chrono]
[INFO] [stderr]   |               ^^^^^^^
[INFO] [stderr]   |
[INFO] [stderr]   = note: `cargo::unused_dependencies` is set to `warn` by default
[INFO] [stderr] help: consider removing the dependency on `chrono`
[INFO] [stderr] warning: unused dependency `color-eyre`
[INFO] [stderr]  --> Cargo.toml:5:15
[INFO] [stderr]   |
[INFO] [stderr] 5 | [dependencies.color-eyre]
[INFO] [stderr]   |               ^^^^^^^^^^^
[INFO] [stderr]   |
[INFO] [stderr] help: consider removing the dependency on `color-eyre`
[INFO] [stderr] warning: unused dependency `rustybook-logging`
[INFO] [stderr]   --> Cargo.toml:24:15
[INFO] [stderr]    |
[INFO] [stderr] 24 | [dependencies.rustybook-logging]
[INFO] [stderr]    |               ^^^^^^^^^^^^^^^^^^
[INFO] [stderr]    |
[INFO] [stderr] help: consider removing the dependency on `rustybook-logging`
[INFO] [stderr] warning: `rustybook` (manifest) generated 3 warnings
[INFO] [stderr]     Finished `test` profile [unoptimized + debuginfo] target(s) in 0.25s
[INFO] [stderr]      Running unittests src/client.rs (/opt/rustwide/target/debug/build/rustybook/d1499c1b3ebba31b/out/rustybook-d1499c1b3ebba31b)
[INFO] [stderr]    Doc-tests rustybook
[INFO] [stdout] 
[INFO] [stdout] running 0 tests
[INFO] [stdout] 
[INFO] [stdout] test result: ok. 0 passed; 0 failed; 0 ignored; 0 measured; 0 filtered out; finished in 0.00s
[INFO] [stdout] 
[INFO] [stdout] 
[INFO] [stdout] running 1 test
[INFO] [stdout] test src/../README.md - (line 19) ... FAILED
[INFO] [stdout] 
[INFO] [stdout] failures:
[INFO] [stdout] 
[INFO] [stdout] ---- src/../README.md - (line 19) stdout ----
[INFO] [stdout] Test executable failed (exit status: 101).
[INFO] [stdout] 
[INFO] [stdout] stderr:
[INFO] [stdout] 
[INFO] [stdout] thread 'main' (3684) panicked at /tmp/rustdoctestSlQ1HQ/doctest_bundle_2024.rs:9:31:
[INFO] [stdout] called `Result::unwrap()` on an `Err` value: Config("failed to read cookie file: No such file or directory (os error 2)")
[INFO] [stdout] stack backtrace:
[INFO] [stdout]    0:     0x5a02e5ebded1 - std[617be2ca0a6fd877]::backtrace_rs::backtrace::libunwind::trace
[INFO] [stdout]                                at /rustc/e3feeb59cd1bdd011a2bfcc0747b55125d9b8527/library/std/src/../../backtrace/src/backtrace/libunwind.rs:117:9
[INFO] [stdout]    1:     0x5a02e5ebded1 - std[617be2ca0a6fd877]::backtrace_rs::backtrace::trace_unsynchronized::<std[617be2ca0a6fd877]::sys::backtrace::_print_fmt::{closure#1}>
[INFO] [stdout]                                at /rustc/e3feeb59cd1bdd011a2bfcc0747b55125d9b8527/library/std/src/../../backtrace/src/backtrace/mod.rs:66:14
[INFO] [stdout]    2:     0x5a02e5ebded1 - std[617be2ca0a6fd877]::sys::backtrace::_print_fmt
[INFO] [stdout]                                at /rustc/e3feeb59cd1bdd011a2bfcc0747b55125d9b8527/library/std/src/sys/backtrace.rs:74:9
[INFO] [stdout]    3:     0x5a02e5ebded1 - <<std[617be2ca0a6fd877]::sys::backtrace::BacktraceLock>::print::DisplayBacktrace as core[a373ad73a504971]::fmt::Display>::fmt
[INFO] [stdout]                                at /rustc/e3feeb59cd1bdd011a2bfcc0747b55125d9b8527/library/std/src/sys/backtrace.rs:44:26
[INFO] [stdout]    4:     0x5a02e5ed45da - <core[a373ad73a504971]::fmt::rt::Argument>::fmt
[INFO] [stdout]                                at /rustc/e3feeb59cd1bdd011a2bfcc0747b55125d9b8527/library/core/src/fmt/rt.rs:152:76
[INFO] [stdout]    5:     0x5a02e5ed45da - core[a373ad73a504971]::fmt::write
[INFO] [stdout]    6:     0x5a02e5ec39fc - core[a373ad73a504971]::io::write::default_write_fmt::<std[617be2ca0a6fd877]::sys::stdio::unix::Stderr>
[INFO] [stdout]                                at /rustc/e3feeb59cd1bdd011a2bfcc0747b55125d9b8527/library/core/src/io/write.rs:402:11
[INFO] [stdout]    7:     0x5a02e5ec39fc - <std[617be2ca0a6fd877]::sys::stdio::unix::Stderr as core[a373ad73a504971]::io::write::Write>::write_fmt
[INFO] [stdout]                                at /rustc/e3feeb59cd1bdd011a2bfcc0747b55125d9b8527/library/core/src/io/write.rs:335:13
[INFO] [stdout]    8:     0x5a02e5e986f6 - <std[617be2ca0a6fd877]::sys::backtrace::BacktraceLock>::print
[INFO] [stdout]                                at /rustc/e3feeb59cd1bdd011a2bfcc0747b55125d9b8527/library/std/src/sys/backtrace.rs:47:9
[INFO] [stdout]    9:     0x5a02e5e986f6 - std[617be2ca0a6fd877]::panicking::default_hook::{closure#0}
[INFO] [stdout]                                at /rustc/e3feeb59cd1bdd011a2bfcc0747b55125d9b8527/library/std/src/panicking.rs:289:27
[INFO] [stdout]   10:     0x5a02e5eb5701 - std[617be2ca0a6fd877]::panicking::default_hook
[INFO] [stdout]                                at /rustc/e3feeb59cd1bdd011a2bfcc0747b55125d9b8527/library/std/src/panicking.rs:316:9
[INFO] [stdout]   11:     0x5a02e5eb5a2b - std[617be2ca0a6fd877]::panicking::panic_with_hook
[INFO] [stdout]                                at /rustc/e3feeb59cd1bdd011a2bfcc0747b55125d9b8527/library/std/src/panicking.rs:811:13
[INFO] [stdout]   12:     0x5a02e5e987a2 - std[617be2ca0a6fd877]::panicking::panic_handler::{closure#0}
[INFO] [stdout]                                at /rustc/e3feeb59cd1bdd011a2bfcc0747b55125d9b8527/library/std/src/panicking.rs:685:13
[INFO] [stdout]   13:     0x5a02e5e910f9 - std[617be2ca0a6fd877]::sys::backtrace::__rust_end_short_backtrace::<std[617be2ca0a6fd877]::panicking::panic_handler::{closure#0}, !>
[INFO] [stdout]                                at /rustc/e3feeb59cd1bdd011a2bfcc0747b55125d9b8527/library/std/src/sys/backtrace.rs:182:18
[INFO] [stdout]   14:     0x5a02e5e9971d - __rustc[ea4f61d10b84890b]::rust_begin_unwind
[INFO] [stdout]                                at /rustc/e3feeb59cd1bdd011a2bfcc0747b55125d9b8527/library/std/src/panicking.rs:676:5
[INFO] [stdout]   15:     0x5a02e5ed4e2c - core[a373ad73a504971]::panicking::panic_fmt
[INFO] [stdout]                                at /rustc/e3feeb59cd1bdd011a2bfcc0747b55125d9b8527/library/core/src/panicking.rs:80:14
[INFO] [stdout]   16:     0x5a02e5ed4b52 - core[a373ad73a504971]::result::unwrap_failed
[INFO] [stdout]                                at /rustc/e3feeb59cd1bdd011a2bfcc0747b55125d9b8527/library/core/src/result.rs:1870:5
[INFO] [stdout]   17:     0x5a02e586343e - doctest_bundle_2024[8cc95805e96201d2]::__doctest_0::main
[INFO] [stdout]   18:     0x5a02e586361e - doctest_bundle_2024[8cc95805e96201d2]::__doctest_0::__main_fn
[INFO] [stdout]   19:     0x5a02e58603e0 - doctest_runner_2024[a5234fb354d81c5]::__doctest_0::TEST::{closure#0}
[INFO] [stdout]   20:     0x5a02e5863186 - <doctest_runner_2024[a5234fb354d81c5]::__doctest_0::TEST::{closure#0} as core[a373ad73a504971]::ops::function::FnOnce<()>>::call_once
[INFO] [stdout]   21:     0x5a02e58607d9 - doctest_runner_2024[a5234fb354d81c5]::main
[INFO] [stdout]   22:     0x5a02e5863113 - <fn() -> std[617be2ca0a6fd877]::process::ExitCode as core[a373ad73a504971]::ops::function::FnOnce<()>>::call_once
[INFO] [stdout]   23:     0x5a02e585fda6 - std[617be2ca0a6fd877]::sys::backtrace::__rust_begin_short_backtrace::<fn() -> std[617be2ca0a6fd877]::process::ExitCode, std[617be2ca0a6fd877]::process::ExitCode>
[INFO] [stdout]   24:     0x5a02e5860219 - std[617be2ca0a6fd877]::rt::lang_start::<std[617be2ca0a6fd877]::process::ExitCode>::{closure#0}
[INFO] [stdout]   25:     0x5a02e5eb4728 - <&dyn core[a373ad73a504971]::ops::function::Fn<(), Output = i32> + core[a373ad73a504971]::marker::Sync + core[a373ad73a504971]::panic::unwind_safe::RefUnwindSafe as core[a373ad73a504971]::ops::function::FnOnce<()>>::call_once
[INFO] [stdout]                                at /rustc/e3feeb59cd1bdd011a2bfcc0747b55125d9b8527/library/core/src/ops/function.rs:287:21
[INFO] [stdout]   26:     0x5a02e5eb4728 - std[617be2ca0a6fd877]::panicking::catch_unwind::do_call::<&dyn core[a373ad73a504971]::ops::function::Fn<(), Output = i32> + core[a373ad73a504971]::marker::Sync + core[a373ad73a504971]::panic::unwind_safe::RefUnwindSafe, i32>
[INFO] [stdout]                                at /rustc/e3feeb59cd1bdd011a2bfcc0747b55125d9b8527/library/std/src/panicking.rs:573:43
[INFO] [stdout]   27:     0x5a02e5eb4728 - std[617be2ca0a6fd877]::panicking::catch_unwind::<i32, &dyn core[a373ad73a504971]::ops::function::Fn<(), Output = i32> + core[a373ad73a504971]::marker::Sync + core[a373ad73a504971]::panic::unwind_safe::RefUnwindSafe>
[INFO] [stdout]                                at /rustc/e3feeb59cd1bdd011a2bfcc0747b55125d9b8527/library/std/src/panicking.rs:541:19
[INFO] [stdout]   28:     0x5a02e5eb4728 - std[617be2ca0a6fd877]::panic::catch_unwind::<&dyn core[a373ad73a504971]::ops::function::Fn<(), Output = i32> + core[a373ad73a504971]::marker::Sync + core[a373ad73a504971]::panic::unwind_safe::RefUnwindSafe, i32>
[INFO] [stdout]                                at /rustc/e3feeb59cd1bdd011a2bfcc0747b55125d9b8527/library/std/src/panic.rs:359:14
[INFO] [stdout]   29:     0x5a02e5eb4728 - std[617be2ca0a6fd877]::rt::lang_start_internal::{closure#0}
[INFO] [stdout]                                at /rustc/e3feeb59cd1bdd011a2bfcc0747b55125d9b8527/library/std/src/rt.rs:175:24
[INFO] [stdout]   30:     0x5a02e5eb4728 - std[617be2ca0a6fd877]::panicking::catch_unwind::do_call::<std[617be2ca0a6fd877]::rt::lang_start_internal::{closure#0}, isize>
[INFO] [stdout]                                at /rustc/e3feeb59cd1bdd011a2bfcc0747b55125d9b8527/library/std/src/panicking.rs:573:43
[INFO] [stdout]   31:     0x5a02e5eb4728 - std[617be2ca0a6fd877]::panicking::catch_unwind::<isize, std[617be2ca0a6fd877]::rt::lang_start_internal::{closure#0}>
[INFO] [stdout]                                at /rustc/e3feeb59cd1bdd011a2bfcc0747b55125d9b8527/library/std/src/panicking.rs:541:19
[INFO] [stdout]   32:     0x5a02e5eb4728 - std[617be2ca0a6fd877]::panic::catch_unwind::<std[617be2ca0a6fd877]::rt::lang_start_internal::{closure#0}, isize>
[INFO] [stdout]                                at /rustc/e3feeb59cd1bdd011a2bfcc0747b55125d9b8527/library/std/src/panic.rs:359:14
[INFO] [stdout]   33:     0x5a02e5eb4728 - std[617be2ca0a6fd877]::rt::lang_start_internal
[INFO] [stdout]                                at /rustc/e3feeb59cd1bdd011a2bfcc0747b55125d9b8527/library/std/src/rt.rs:171:5
[INFO] [stdout]   34:     0x5a02e585f6e1 - std[617be2ca0a6fd877]::rt::lang_start::<std[617be2ca0a6fd877]::process::ExitCode>
[INFO] [stdout]   35:     0x5a02e5863265 - main
[INFO] [stdout]   36:     0x78ad2b4a9601 - <unknown>
[INFO] [stdout]   37:     0x78ad2b4a9718 - __libc_start_main
[INFO] [stdout]   38:     0x5a02e585e9a5 - _start
[INFO] [stdout]   39:                0x0 - <unknown>
[INFO] [stdout] 
[INFO] [stdout] 
[INFO] [stdout] 
[INFO] [stdout] failures:
[INFO] [stdout]     src/../README.md - (line 19)
[INFO] [stdout] 
[INFO] [stdout] test result: FAILED. 0 passed; 1 failed; 0 ignored; 0 measured; 0 filtered out; finished in 0.09s
[INFO] [stdout] 
[INFO] [stderr] error: doctest failed, to rerun pass `--doc`
[INFO] [stdout] all doctests ran in 1.30s; merged doctests compilation took 1.17s
[INFO] running `Command { std: "docker" "inspect" "fbfa40068ea456dbef603e35f67f299c147dc18ed7289dd863fc8af07cbda520", kill_on_drop: false }`
[INFO] running `Command { std: "docker" "rm" "-f" "fbfa40068ea456dbef603e35f67f299c147dc18ed7289dd863fc8af07cbda520", kill_on_drop: false }`
[INFO] [stdout] fbfa40068ea456dbef603e35f67f299c147dc18ed7289dd863fc8af07cbda520
