[INFO] fetching crate rusty-cdk-core 0.9.0...
[INFO] testing rusty-cdk-core-0.9.0 against 1.99.0-beta.8 for beta-1.100-2
[INFO] extracting crate rusty-cdk-core 0.9.0 into /workspace/builds/worker-1-tc1/source
[INFO] started tweaking crates.io crate rusty-cdk-core 0.9.0
[INFO] removed 0 missing tests
[INFO] finished tweaking crates.io crate rusty-cdk-core 0.9.0
[INFO] tweaked toml for crates.io crate rusty-cdk-core 0.9.0 written to /workspace/builds/worker-1-tc1/source/Cargo.toml
[INFO] validating manifest of crates.io crate rusty-cdk-core 0.9.0 on toolchain 1.99.0-beta.8
[INFO] running `Command { std: CARGO_HOME="/workspace/cargo-home" RUSTUP_HOME="/workspace/rustup-home" "/workspace/cargo-home/bin/cargo" "+1.99.0-beta.8" "metadata" "--manifest-path" "Cargo.toml" "--no-deps", kill_on_drop: false }`
[INFO] crate crates.io crate rusty-cdk-core 0.9.0 already has a lockfile, it will not be regenerated
[INFO] running `Command { std: CARGO_HOME="/workspace/cargo-home" RUSTUP_HOME="/workspace/rustup-home" "/workspace/cargo-home/bin/cargo" "+1.99.0-beta.8" "fetch" "--manifest-path" "Cargo.toml", kill_on_drop: false }`
[INFO] [stderr]     Updating crates.io index
[INFO] [stderr]  Downloading crates ...
[INFO] [stderr]   Downloaded toml_parser v1.0.6+spec-1.1.0
[INFO] [stderr]   Downloaded target-triple v1.0.0
[INFO] [stderr]   Downloaded wasm-bindgen-shared v0.2.108
[INFO] [stderr]   Downloaded wasm-bindgen-macro v0.2.108
[INFO] [stderr]   Downloaded toml_writer v1.0.6+spec-1.1.0
[INFO] [stderr]   Downloaded serde_spanned v1.0.4
[INFO] [stderr]   Downloaded wasm-bindgen-futures v0.4.58
[INFO] [stderr]   Downloaded zmij v1.0.17
[INFO] [stderr]   Downloaded trybuild v1.0.114
[INFO] [stderr]   Downloaded find-msvc-tools v0.1.8
[INFO] [stderr]   Downloaded wasm-bindgen-macro-support v0.2.108
[INFO] [stderr]   Downloaded js-sys v0.3.85
[INFO] [stderr]   Downloaded tempfile v3.24.0
[INFO] [stderr]   Downloaded toml v0.9.11+spec-1.1.0
[INFO] [stderr]   Downloaded socket2 v0.6.2
[INFO] [stderr]   Downloaded wasm-bindgen v0.2.108
[INFO] [stderr]   Downloaded cc v1.2.54
[INFO] [stderr]   Downloaded winnow v0.7.14
[INFO] [stderr]   Downloaded web-sys v0.3.85
[INFO] [stderr]   Downloaded rustls v0.23.36
[INFO] [stderr]   Downloaded aws-lc-rs v1.15.4
[INFO] [stderr]   Downloaded rustls-native-certs v0.8.3
[INFO] [stderr]   Downloaded security-framework v3.5.1
[INFO] [stderr]   Downloaded aws-types v1.3.11
[INFO] [stderr]   Downloaded libredox v0.1.12
[INFO] [stderr]   Downloaded aws-smithy-types v1.3.6
[INFO] [stderr]   Downloaded aws-smithy-eventstream v0.60.14
[INFO] [stderr]   Downloaded aws-smithy-xml v0.60.13
[INFO] [stderr]   Downloaded time-macros v0.2.26
[INFO] [stderr]   Downloaded aws-smithy-http v0.62.6
[INFO] [stderr]   Downloaded time v0.3.46
[INFO] [stderr]   Downloaded aws-smithy-observability v0.2.0
[INFO] [stderr]   Downloaded elliptic-curve v0.12.3
[INFO] [stderr]   Downloaded crc-fast v1.9.0
[INFO] [stderr]   Downloaded aws-smithy-async v1.2.7
[INFO] [stderr]   Downloaded aws-credential-types v1.2.11
[INFO] [stderr]   Downloaded der v0.6.1
[INFO] [stderr]   Downloaded aws-sdk-s3 v1.121.0
[INFO] [stderr]   Downloaded aws-smithy-runtime-api v1.10.0
[INFO] [stderr]   Downloaded aws-smithy-checksums v0.63.13
[INFO] [stderr]   Downloaded crc v3.3.0
[INFO] [stderr]   Downloaded sec1 v0.3.0
[INFO] [stderr]   Downloaded rfc6979 v0.3.1
[INFO] [stderr]   Downloaded aws-runtime v1.5.18
[INFO] [stderr]   Downloaded aws-config v1.8.12
[INFO] [stderr]   Downloaded aws-smithy-json v0.61.9
[INFO] [stderr]   Downloaded aws-sigv4 v1.3.7
[INFO] [stderr]   Downloaded pkcs8 v0.9.0
[INFO] [stderr]   Downloaded spki v0.6.0
[INFO] [stderr]   Downloaded uuid v1.20.0
[INFO] [stderr]   Downloaded p256 v0.11.1
[INFO] [stderr]   Downloaded crypto-bigint v0.4.9
[INFO] [stderr]   Downloaded aws-sdk-sso v1.92.0
[INFO] [stderr]   Downloaded zerocopy-derive v0.8.34
[INFO] [stderr]   Downloaded aws-smithy-runtime v1.9.8
[INFO] [stderr]   Downloaded ff v0.12.1
[INFO] [stderr]   Downloaded aws-smithy-query v0.60.9
[INFO] [stderr]   Downloaded ecdsa v0.14.8
[INFO] [stderr]   Downloaded group v0.12.1
[INFO] [stderr]   Downloaded aws-sdk-ssooidc v1.94.0
[INFO] [stderr]   Downloaded aws-smithy-http-client v1.1.5
[INFO] [stderr]   Downloaded zerocopy v0.8.34
[INFO] [stderr]   Downloaded aws-sdk-sts v1.96.0
[INFO] [stderr]   Downloaded aws-lc-sys v0.37.0
[INFO] [stderr]   Downloaded base16ct v0.1.1
[INFO] [stderr]   Downloaded rusty-cdk-macros v0.9.0
[INFO] running `Command { std: "docker" "create" "-v" "/var/lib/crater-agent-workspace/builds/worker-1-tc1/source:/opt/rustwide/workdir:ro,Z" "-v" "/var/lib/crater-agent-workspace/builds/worker-1-tc1/target:/opt/rustwide/target:rw,Z" "-v" "/var/lib/crater-agent-workspace/cargo-home:/opt/rustwide/cargo-home:ro,Z" "-v" "/var/lib/crater-agent-workspace/rustup-home:/opt/rustwide/rustup-home:ro,Z" "-m" "1610612736" "--network" "none" "ghcr.io/rust-lang/crates-build-env/linux@sha256:3111399a4047eeb3a02b7a90e478d715f38a8c6669b5c4b49d30a17385265909" "sleep" "infinity", kill_on_drop: false }`
[INFO] [stdout] bab3f4d2093c6edf1afaa33c1b9e890f9cd37c34448ececae5fea48a43558af9
[INFO] running `Command { std: "docker" "start" "bab3f4d2093c6edf1afaa33c1b9e890f9cd37c34448ececae5fea48a43558af9", kill_on_drop: false }`
[INFO] running `Command { std: "docker" "inspect" "bab3f4d2093c6edf1afaa33c1b9e890f9cd37c34448ececae5fea48a43558af9", kill_on_drop: false }`
[INFO] running `Command { std: "docker" "exec" "-e" "SOURCE_DIR=/opt/rustwide/workdir" "-e" "CARGO_HOME=/opt/rustwide/cargo-home" "-e" "RUSTUP_HOME=/opt/rustwide/rustup-home" "-e" "CARGO_TARGET_DIR=/opt/rustwide/target" "-w" "/opt/rustwide/workdir" "--user" "0:0" "bab3f4d2093c6edf1afaa33c1b9e890f9cd37c34448ececae5fea48a43558af9" "/opt/rustwide/cargo-home/bin/cargo" "+1.99.0-beta.8" "metadata" "--no-deps" "--format-version=1", kill_on_drop: false }`
[INFO] running `Command { std: "docker" "inspect" "bab3f4d2093c6edf1afaa33c1b9e890f9cd37c34448ececae5fea48a43558af9", kill_on_drop: false }`
[INFO] running `Command { std: "docker" "exec" "-e" "SOURCE_DIR=/opt/rustwide/workdir" "-e" "CARGO_HOME=/opt/rustwide/cargo-home" "-e" "RUSTUP_HOME=/opt/rustwide/rustup-home" "-e" "CARGO_TARGET_DIR=/opt/rustwide/target" "-e" "CARGO_INCREMENTAL=0" "-e" "RUST_BACKTRACE=full" "-e" "RUSTFLAGS=--cap-lints=warn" "-e" "RUSTDOCFLAGS=--cap-lints=warn" "-w" "/opt/rustwide/workdir" "--user" "0:0" "bab3f4d2093c6edf1afaa33c1b9e890f9cd37c34448ececae5fea48a43558af9" "/opt/rustwide/cargo-home/bin/cargo" "+1.99.0-beta.8" "build" "--frozen" "--message-format=json", kill_on_drop: false }`
[INFO] [stderr]    Compiling libc v0.2.180
[INFO] [stderr]    Compiling unicode-ident v1.0.22
[INFO] [stderr]    Compiling smallvec v1.15.1
[INFO] [stderr]    Compiling bytes v1.11.0
[INFO] [stderr]    Compiling find-msvc-tools v0.1.8
[INFO] [stderr]    Compiling pin-project-lite v0.2.16
[INFO] [stderr]    Compiling itoa v1.0.17
[INFO] [stderr]    Compiling futures-core v0.3.31
[INFO] [stderr]    Compiling futures-sink v0.3.31
[INFO] [stderr]    Compiling zeroize v1.8.2
[INFO] [stderr]    Compiling parking_lot_core v0.9.12
[INFO] [stderr]    Compiling lock_api v0.4.14
[INFO] [stderr]    Compiling once_cell v1.21.3
[INFO] [stderr]    Compiling pin-utils v0.1.0
[INFO] [stderr]    Compiling subtle v2.6.1
[INFO] [stderr]    Compiling slab v0.4.11
[INFO] [stderr]    Compiling memchr v2.7.6
[INFO] [stderr]    Compiling typenum v1.19.0
[INFO] [stderr]    Compiling futures-task v0.3.31
[INFO] [stderr]    Compiling futures-io v0.3.31
[INFO] [stderr]    Compiling proc-macro2 v1.0.106
[INFO] [stderr]    Compiling ryu v1.0.22
[INFO] [stderr]    Compiling generic-array v0.14.7
[INFO] [stderr]    Compiling num-traits v0.2.19
[INFO] [stderr]    Compiling powerfmt v0.2.0
[INFO] [stderr]    Compiling allocator-api2 v0.2.21
[INFO] [stderr]    Compiling foldhash v0.2.0
[INFO] [stderr]    Compiling equivalent v1.0.2
[INFO] [stderr]    Compiling tracing-core v0.1.36
[INFO] [stderr]    Compiling deranged v0.5.5
[INFO] [stderr]    Compiling either v1.15.0
[INFO] [stderr]    Compiling time-core v0.1.8
[INFO] [stderr]    Compiling num-conv v0.2.0
[INFO] [stderr]    Compiling outref v0.5.2
[INFO] [stderr]    Compiling vsimd v0.8.0
[INFO] [stderr]    Compiling untrusted v0.9.0
[INFO] [stderr]    Compiling percent-encoding v2.3.2
[INFO] [stderr]    Compiling httparse v1.10.1
[INFO] [stderr]    Compiling try-lock v0.2.5
[INFO] [stderr]    Compiling tower-service v0.3.3
[INFO] [stderr]    Compiling want v0.3.1
[INFO] [stderr]    Compiling futures-channel v0.3.31
[INFO] [stderr]    Compiling log v0.4.29
[INFO] [stderr]    Compiling aws-lc-rs v1.15.4
[INFO] [stderr]    Compiling rustls-pki-types v1.14.0
[INFO] [stderr]    Compiling const-oid v0.9.6
[INFO] [stderr]    Compiling atomic-waker v1.1.2
[INFO] [stderr]    Compiling der v0.6.1
[INFO] [stderr]    Compiling hashbrown v0.16.1
[INFO] [stderr]    Compiling base64ct v1.8.3
[INFO] [stderr]    Compiling crc32fast v1.5.0
[INFO] [stderr]    Compiling base64 v0.22.1
[INFO] [stderr]    Compiling rustls v0.23.36
[INFO] [stderr]    Compiling rustls v0.21.12
[INFO] [stderr]    Compiling quote v1.0.44
[INFO] [stderr]    Compiling ipnet v2.11.0
[INFO] [stderr]    Compiling futures-util v0.3.31
[INFO] [stderr]    Compiling syn v2.0.114
[INFO] [stderr]    Compiling http v1.4.0
[INFO] [stderr]    Compiling http v0.2.12
[INFO] [stderr]    Compiling bytes-utils v0.1.4
[INFO] [stderr]    Compiling sync_wrapper v1.0.2
[INFO] [stderr]    Compiling base64-simd v0.8.0
[INFO] [stderr]    Compiling base16ct v0.1.1
[INFO] [stderr]    Compiling tower-layer v0.3.3
[INFO] [stderr]    Compiling cpufeatures v0.2.17
[INFO] [stderr]    Compiling form_urlencoded v1.2.2
[INFO] [stderr]    Compiling openssl-probe v0.2.1
[INFO] [stderr]    Compiling semver v1.0.27
[INFO] [stderr]    Compiling httpdate v1.0.3
[INFO] [stderr]    Compiling litemap v0.8.1
[INFO] [stderr]    Compiling writeable v0.6.2
[INFO] [stderr]    Compiling rustls-native-certs v0.8.3
[INFO] [stderr]    Compiling indexmap v2.13.0
[INFO] [stderr]    Compiling icu_properties_data v2.1.2
[INFO] [stderr]    Compiling rustc_version v0.4.1
[INFO] [stderr]    Compiling icu_normalizer_data v2.1.1
[INFO] [stderr]    Compiling http-body v0.4.6
[INFO] [stderr]    Compiling num-integer v0.1.46
[INFO] [stderr]    Compiling hex v0.4.3
[INFO] [stderr]    Compiling spki v0.6.0
[INFO] [stderr]    Compiling fastrand v2.3.0
[INFO] [stderr]    Compiling jobserver v0.1.34
[INFO] [stderr]    Compiling errno v0.3.14
[INFO] [stderr]    Compiling mio v1.1.1
[INFO] [stderr]    Compiling socket2 v0.6.2
[INFO] [stderr]    Compiling getrandom v0.2.17
[INFO] [stderr]    Compiling pkcs8 v0.9.0
[INFO] [stderr]    Compiling signal-hook-registry v1.4.8
[INFO] [stderr]    Compiling http-body v1.0.1
[INFO] [stderr]    Compiling socket2 v0.5.10
[INFO] [stderr]    Compiling aws-types v1.3.11
[INFO] [stderr]    Compiling block-buffer v0.10.4
[INFO] [stderr]    Compiling crypto-common v0.1.7
[INFO] [stderr]    Compiling rand_core v0.6.4
[INFO] [stderr]    Compiling http-body-util v0.1.3
[INFO] [stderr]    Compiling sec1 v0.3.0
[INFO] [stderr]    Compiling foreign-types-shared v0.1.1
[INFO] [stderr]    Compiling parking_lot v0.12.5
[INFO] [stderr]    Compiling cc v1.2.54
[INFO] [stderr]    Compiling digest v0.10.7
[INFO] [stderr]    Compiling bitflags v2.10.0
[INFO] [stderr]    Compiling uuid v1.20.0
[INFO] [stderr]    Compiling hmac v0.12.1
[INFO] [stderr]    Compiling ff v0.12.1
[INFO] [stderr]    Compiling crypto-bigint v0.4.9
[INFO] [stderr]    Compiling group v0.12.1
[INFO] [stderr]    Compiling signature v1.6.4
[INFO] [stderr]    Compiling time v0.3.46
[INFO] [stderr]    Compiling sha2 v0.10.9
[INFO] [stderr]    Compiling crypto-bigint v0.5.5
[INFO] [stderr]    Compiling openssl v0.10.75
[INFO] [stderr]    Compiling foreign-types v0.3.2
[INFO] [stderr]    Compiling native-tls v0.2.14
[INFO] [stderr]    Compiling utf8_iter v1.0.4
[INFO] [stderr]    Compiling regex-lite v0.1.8
[INFO] [stderr]    Compiling xmlparser v0.13.6
[INFO] [stderr]    Compiling zmij v1.0.17
[INFO] [stderr]    Compiling zerocopy v0.8.34
[INFO] [stderr]    Compiling openssl-probe v0.1.6
[INFO] [stderr]    Compiling elliptic-curve v0.12.3
[INFO] [stderr]    Compiling rfc6979 v0.3.1
[INFO] [stderr]    Compiling crc-catalog v2.4.0
[INFO] [stderr]    Compiling urlencoding v2.1.3
[INFO] [stderr]    Compiling spin v0.10.0
[INFO] [stderr]    Compiling crc v3.3.0
[INFO] [stderr]    Compiling sha1 v0.10.6
[INFO] [stderr]    Compiling ecdsa v0.14.8
[INFO] [stderr]    Compiling aws-smithy-xml v0.60.13
[INFO] [stderr]    Compiling md-5 v0.10.6
[INFO] [stderr]    Compiling iri-string v0.7.10
[INFO] [stderr]    Compiling option-ext v0.2.0
[INFO] [stderr]    Compiling dirs-sys v0.5.0
[INFO] [stderr]    Compiling lru v0.16.3
[INFO] [stderr]    Compiling encoding_rs v0.8.35
[INFO] [stderr]    Compiling mime v0.3.17
[INFO] [stderr]    Compiling crc-fast v1.9.0
[INFO] [stderr]    Compiling dirs v6.0.0
[INFO] [stderr]    Compiling serde_json v1.0.149
[INFO] [stderr]    Compiling p256 v0.11.1
[INFO] [stderr]    Compiling cmake v0.1.57
[INFO] [stderr]    Compiling aws-lc-sys v0.37.0
[INFO] [stderr]    Compiling ring v0.17.14
[INFO] [stderr]    Compiling openssl-sys v0.9.111
[INFO] [stderr]    Compiling getrandom v0.3.4
[INFO] [stderr]    Compiling rand_core v0.9.5
[INFO] [stderr]    Compiling ppv-lite86 v0.2.21
[INFO] [stderr]    Compiling rand_chacha v0.9.0
[INFO] [stderr]    Compiling synstructure v0.13.2
[INFO] [stderr]    Compiling rand v0.9.2
[INFO] [stderr]    Compiling rustls-webpki v0.101.7
[INFO] [stderr]    Compiling sct v0.7.1
[INFO] [stderr]    Compiling tokio-macros v2.6.0
[INFO] [stderr]    Compiling tracing-attributes v0.1.31
[INFO] [stderr]    Compiling zerofrom-derive v0.1.6
[INFO] [stderr]    Compiling yoke-derive v0.8.1
[INFO] [stderr]    Compiling zerovec-derive v0.11.2
[INFO] [stderr]    Compiling displaydoc v0.2.5
[INFO] [stderr]    Compiling openssl-macros v0.1.1
[INFO] [stderr]    Compiling serde_derive v1.0.228
[INFO] [stderr]    Compiling tokio v1.49.0
[INFO] [stderr]    Compiling zerofrom v0.1.6
[INFO] [stderr]    Compiling tracing v0.1.44
[INFO] [stderr]    Compiling yoke v0.8.1
[INFO] [stderr]    Compiling zerovec v0.11.5
[INFO] [stderr]    Compiling zerotrie v0.2.3
[INFO] [stderr]    Compiling tinystr v0.8.2
[INFO] [stderr]    Compiling potential_utf v0.1.4
[INFO] [stderr]    Compiling icu_collections v2.1.1
[INFO] [stderr]    Compiling icu_locale_core v2.1.1
[INFO] [stderr]    Compiling icu_provider v2.1.1
[INFO] [stderr]    Compiling icu_normalizer v2.1.1
[INFO] [stderr]    Compiling icu_properties v2.1.2
[INFO] [stderr]    Compiling serde v1.0.228
[INFO] [stderr]    Compiling serde_urlencoded v0.7.1
[INFO] [stderr]    Compiling idna_adapter v1.2.1
[INFO] [stderr]    Compiling idna v1.1.0
[INFO] [stderr]    Compiling url v2.5.8
[INFO] [stderr]    Compiling tokio-util v0.7.18
[INFO] [stderr]    Compiling aws-smithy-async v1.2.7
[INFO] [stderr]    Compiling tower v0.5.3
[INFO] [stderr]    Compiling tokio-rustls v0.24.1
[INFO] [stderr]    Compiling tokio-native-tls v0.3.1
[INFO] [stderr]    Compiling tower-http v0.6.8
[INFO] [stderr]    Compiling aws-smithy-types v1.3.6
[INFO] [stderr]    Compiling h2 v0.4.13
[INFO] [stderr]    Compiling h2 v0.3.27
[INFO] [stderr]    Compiling rustls-webpki v0.103.9
[INFO] [stderr]    Compiling aws-smithy-runtime-api v1.10.0
[INFO] [stderr]    Compiling aws-smithy-eventstream v0.60.14
[INFO] [stderr]    Compiling aws-smithy-json v0.61.9
[INFO] [stderr]    Compiling aws-smithy-query v0.60.9
[INFO] [stderr]    Compiling aws-smithy-http v0.62.6
[INFO] [stderr]    Compiling aws-credential-types v1.2.11
[INFO] [stderr]    Compiling aws-smithy-observability v0.2.0
[INFO] [stderr]    Compiling aws-sigv4 v1.3.7
[INFO] [stderr]    Compiling aws-smithy-checksums v0.63.13
[INFO] [stderr]    Compiling hyper v0.14.32
[INFO] [stderr]    Compiling hyper v1.8.1
[INFO] [stderr]    Compiling hyper-util v0.1.19
[INFO] [stderr]    Compiling tokio-rustls v0.26.4
[INFO] [stderr]    Compiling hyper-rustls v0.27.7
[INFO] [stderr]    Compiling hyper-tls v0.6.0
[INFO] [stderr]    Compiling reqwest v0.12.28
[INFO] [stderr]    Compiling hyper-rustls v0.24.2
[INFO] [stderr]    Compiling aws-smithy-http-client v1.1.5
[INFO] [stderr]    Compiling aws-smithy-runtime v1.9.8
[INFO] [stderr]    Compiling aws-runtime v1.5.18
[INFO] [stderr]    Compiling aws-sdk-sts v1.96.0
[INFO] [stderr]    Compiling aws-sdk-sso v1.92.0
[INFO] [stderr]    Compiling aws-sdk-ssooidc v1.94.0
[INFO] [stderr]    Compiling aws-sdk-s3 v1.121.0
[INFO] [stderr]    Compiling aws-config v1.8.12
[INFO] [stderr]    Compiling rusty-cdk-macros v0.9.0
[INFO] [stderr]    Compiling rusty-cdk-core v0.9.0 (/opt/rustwide/workdir)
[INFO] [stderr]     Finished `dev` profile [unoptimized + debuginfo] target(s) in 2m 35s
[INFO] running `Command { std: "docker" "inspect" "bab3f4d2093c6edf1afaa33c1b9e890f9cd37c34448ececae5fea48a43558af9", kill_on_drop: false }`
[INFO] running `Command { std: "docker" "exec" "-e" "SOURCE_DIR=/opt/rustwide/workdir" "-e" "CARGO_HOME=/opt/rustwide/cargo-home" "-e" "RUSTUP_HOME=/opt/rustwide/rustup-home" "-e" "CARGO_TARGET_DIR=/opt/rustwide/target" "-e" "CARGO_INCREMENTAL=0" "-e" "RUST_BACKTRACE=full" "-e" "RUSTFLAGS=--cap-lints=warn" "-e" "RUSTDOCFLAGS=--cap-lints=warn" "-w" "/opt/rustwide/workdir" "--user" "0:0" "bab3f4d2093c6edf1afaa33c1b9e890f9cd37c34448ececae5fea48a43558af9" "/opt/rustwide/cargo-home/bin/cargo" "+1.99.0-beta.8" "test" "--frozen" "--no-run" "--message-format=json", kill_on_drop: false }`
[INFO] [stderr]    Compiling serde_core v1.0.228
[INFO] [stderr]    Compiling winnow v0.7.14
[INFO] [stderr]    Compiling target-triple v1.0.0
[INFO] [stderr]    Compiling toml_writer v1.0.6+spec-1.1.0
[INFO] [stderr]    Compiling glob v0.3.3
[INFO] [stderr]    Compiling toml_parser v1.0.6+spec-1.1.0
[INFO] [stderr]    Compiling serde v1.0.228
[INFO] [stderr]    Compiling serde_json v1.0.149
[INFO] [stderr]    Compiling toml_datetime v0.7.5+spec-1.1.0
[INFO] [stderr]    Compiling serde_spanned v1.0.4
[INFO] [stderr]    Compiling serde_urlencoded v0.7.1
[INFO] [stderr]    Compiling toml v0.9.11+spec-1.1.0
[INFO] [stderr]    Compiling reqwest v0.12.28
[INFO] [stderr]    Compiling trybuild v1.0.114
[INFO] [stderr]    Compiling rusty-cdk-macros v0.9.0
[INFO] [stderr]    Compiling rusty-cdk-core v0.9.0 (/opt/rustwide/workdir)
[INFO] [stderr]     Finished `test` profile [unoptimized + debuginfo] target(s) in 29.01s
[INFO] running `Command { std: "docker" "inspect" "bab3f4d2093c6edf1afaa33c1b9e890f9cd37c34448ececae5fea48a43558af9", kill_on_drop: false }`
[INFO] running `Command { std: "docker" "exec" "-e" "SOURCE_DIR=/opt/rustwide/workdir" "-e" "CARGO_HOME=/opt/rustwide/cargo-home" "-e" "RUSTUP_HOME=/opt/rustwide/rustup-home" "-e" "CARGO_TARGET_DIR=/opt/rustwide/target" "-e" "CARGO_INCREMENTAL=0" "-e" "RUST_BACKTRACE=full" "-e" "RUSTFLAGS=--cap-lints=warn" "-e" "RUSTDOCFLAGS=--cap-lints=warn" "-w" "/opt/rustwide/workdir" "--user" "0:0" "bab3f4d2093c6edf1afaa33c1b9e890f9cd37c34448ececae5fea48a43558af9" "/opt/rustwide/cargo-home/bin/cargo" "+1.99.0-beta.8" "test" "--frozen", kill_on_drop: false }`
[INFO] [stderr]     Finished `test` profile [unoptimized + debuginfo] target(s) in 0.28s
[INFO] [stderr]      Running unittests src/lib.rs (/opt/rustwide/target/debug/deps/rusty_cdk_core-30390ea91b0b464f)
[INFO] [stdout] 
[INFO] [stdout] running 8 tests
[INFO] [stdout] test stack::dto::tests::should_do_nothing_for_empty_stack ... ok
[INFO] [stdout] test iam::permission_mapper::tests::should_find_services_mentioned_in_dependencies_ignoring_dev_deps ... ok
[INFO] [stdout] test stack::dto::tests::should_do_nothing_for_empty_stack_and_empty_existing_ids ... ok
[INFO] [stdout] test stack::dto::tests::should_replace_topic_resource_id_with_the_existing_id ... ok
[INFO] [stdout] test stack::builder::tests::test_check_for_duplicate_ids ... ok
[INFO] [stdout] test stack::dto::tests::should_replace_topic_resource_id_with_the_existing_id_keeping_new_queue_id ... ok
[INFO] [stdout] test iam::permission_mapper::tests::should_find_services_mentioned_in_dependencies ... ok
[INFO] [stdout] test stack::dto::tests::should_produce_diff ... ok
[INFO] [stderr]      Running tests/compilation_failure_tests.rs (/opt/rustwide/target/debug/deps/compilation_failure_tests-01ce645be3399d5c)
[INFO] [stdout] 
[INFO] [stdout] test result: ok. 8 passed; 0 failed; 0 ignored; 0 measured; 0 filtered out; finished in 0.01s
[INFO] [stdout] 
[INFO] [stdout] 
[INFO] [stdout] running 1 test
[INFO] [stderr]    Compiling libc v0.2.180
[INFO] [stderr]    Compiling unicode-ident v1.0.22
[INFO] [stderr]    Compiling cfg-if v1.0.4
[INFO] [stderr]    Compiling smallvec v1.15.1
[INFO] [stderr]    Compiling bytes v1.11.0
[INFO] [stderr]    Compiling find-msvc-tools v0.1.8
[INFO] [stderr]    Compiling pin-project-lite v0.2.16
[INFO] [stderr]    Compiling parking_lot_core v0.9.12
[INFO] [stderr]    Compiling scopeguard v1.2.0
[INFO] [stderr]    Compiling futures-core v0.3.31
[INFO] [stderr]    Compiling itoa v1.0.17
[INFO] [stderr]    Compiling futures-sink v0.3.31
[INFO] [stderr]    Compiling zeroize v1.8.2
[INFO] [stderr]    Compiling once_cell v1.21.3
[INFO] [stderr]    Compiling pin-utils v0.1.0
[INFO] [stderr]    Compiling fnv v1.0.7
[INFO] [stderr]    Compiling subtle v2.6.1
[INFO] [stderr]    Compiling slab v0.4.11
[INFO] [stderr]    Compiling memchr v2.7.6
[INFO] [stderr]    Compiling lock_api v0.4.14
[INFO] [stderr]    Compiling version_check v0.9.5
[INFO] [stderr]    Compiling typenum v1.19.0
[INFO] [stderr]    Compiling proc-macro2 v1.0.106
[INFO] [stderr]    Compiling futures-io v0.3.31
[INFO] [stderr]    Compiling futures-task v0.3.31
[INFO] [stderr]    Compiling tracing-core v0.1.36
[INFO] [stderr]    Compiling autocfg v1.5.0
[INFO] [stderr]    Compiling ryu v1.0.22
[INFO] [stderr]    Compiling powerfmt v0.2.0
[INFO] [stderr]    Compiling foldhash v0.2.0
[INFO] [stderr]    Compiling outref v0.5.2
[INFO] [stderr]    Compiling equivalent v1.0.2
[INFO] [stderr]    Compiling num-conv v0.2.0
[INFO] [stderr]    Compiling allocator-api2 v0.2.21
[INFO] [stderr]    Compiling vsimd v0.8.0
[INFO] [stderr]    Compiling generic-array v0.14.7
[INFO] [stderr]    Compiling time-core v0.1.8
[INFO] [stderr]    Compiling deranged v0.5.5
[INFO] [stderr]    Compiling either v1.15.0
[INFO] [stderr]    Compiling untrusted v0.9.0
[INFO] [stderr]    Compiling percent-encoding v2.3.2
[INFO] [stderr]    Compiling dunce v1.0.5
[INFO] [stderr]    Compiling fs_extra v1.3.0
[INFO] [stderr]    Compiling httparse v1.10.1
[INFO] [stderr]    Compiling tower-service v0.3.3
[INFO] [stderr]    Compiling stable_deref_trait v1.2.1
[INFO] [stderr]    Compiling try-lock v0.2.5
[INFO] [stderr]    Compiling futures-channel v0.3.31
[INFO] [stderr]    Compiling quote v1.0.44
[INFO] [stderr]    Compiling want v0.3.1
[INFO] [stderr]    Compiling log v0.4.29
[INFO] [stderr]    Compiling http v1.4.0
[INFO] [stderr]    Compiling http v0.2.12
[INFO] [stderr]    Compiling bytes-utils v0.1.4
[INFO] [stderr]    Compiling syn v2.0.114
[INFO] [stderr]    Compiling hashbrown v0.16.1
[INFO] [stderr]    Compiling futures-util v0.3.31
[INFO] [stderr]    Compiling num-traits v0.2.19
[INFO] [stderr]    Compiling base64-simd v0.8.0
[INFO] [stderr]    Compiling aws-lc-rs v1.15.4
[INFO] [stderr]    Compiling rustls-pki-types v1.14.0
[INFO] [stderr]    Compiling atomic-waker v1.1.2
[INFO] [stderr]    Compiling const-oid v0.9.6
[INFO] [stderr]    Compiling crc32fast v1.5.0
[INFO] [stderr]    Compiling base64ct v1.8.3
[INFO] [stderr]    Compiling rustls v0.21.12
[INFO] [stderr]    Compiling rustls v0.23.36
[INFO] [stderr]    Compiling der v0.6.1
[INFO] [stderr]    Compiling ipnet v2.11.0
[INFO] [stderr]    Compiling base64 v0.22.1
[INFO] [stderr]    Compiling sync_wrapper v1.0.2
[INFO] [stderr]    Compiling http-body v0.4.6
[INFO] [stderr]    Compiling cpufeatures v0.2.17
[INFO] [stderr]    Compiling tower-layer v0.3.3
[INFO] [stderr]    Compiling base16ct v0.1.1
[INFO] [stderr]    Compiling form_urlencoded v1.2.2
[INFO] [stderr]    Compiling http-body v1.0.1
[INFO] [stderr]    Compiling litemap v0.8.1
[INFO] [stderr]    Compiling httpdate v1.0.3
[INFO] [stderr]    Compiling serde_core v1.0.228
[INFO] [stderr]    Compiling openssl-probe v0.2.1
[INFO] [stderr]    Compiling jobserver v0.1.34
[INFO] [stderr]    Compiling errno v0.3.14
[INFO] [stderr]    Compiling mio v1.1.1
[INFO] [stderr]    Compiling socket2 v0.6.2
[INFO] [stderr]    Compiling signal-hook-registry v1.4.8
[INFO] [stderr]    Compiling getrandom v0.2.17
[INFO] [stderr]    Compiling http-body-util v0.1.3
[INFO] [stderr]    Compiling parking_lot v0.12.5
[INFO] [stderr]    Compiling num-integer v0.1.46
[INFO] [stderr]    Compiling block-buffer v0.10.4
[INFO] [stderr]    Compiling cc v1.2.54
[INFO] [stderr]    Compiling crypto-common v0.1.7
[INFO] [stderr]    Compiling time v0.3.46
[INFO] [stderr]    Compiling indexmap v2.13.0
[INFO] [stderr]    Compiling rand_core v0.6.4
[INFO] [stderr]    Compiling spki v0.6.0
[INFO] [stderr]    Compiling digest v0.10.7
[INFO] [stderr]    Compiling socket2 v0.5.10
[INFO] [stderr]    Compiling crypto-bigint v0.4.9
[INFO] [stderr]    Compiling pkcs8 v0.9.0
[INFO] [stderr]    Compiling ff v0.12.1
[INFO] [stderr]    Compiling group v0.12.1
[INFO] [stderr]    Compiling sec1 v0.3.0
[INFO] [stderr]    Compiling hmac v0.12.1
[INFO] [stderr]    Compiling semver v1.0.27
[INFO] [stderr]    Compiling writeable v0.6.2
[INFO] [stderr]    Compiling signature v1.6.4
[INFO] [stderr]    Compiling sha2 v0.10.9
[INFO] [stderr]    Compiling rustls-native-certs v0.8.3
[INFO] [stderr]    Compiling icu_normalizer_data v2.1.1
[INFO] [stderr]    Compiling icu_properties_data v2.1.2
[INFO] [stderr]    Compiling hex v0.4.3
[INFO] [stderr]    Compiling rustc_version v0.4.1
[INFO] [stderr]    Compiling crypto-bigint v0.5.5
[INFO] [stderr]    Compiling fastrand v2.3.0
[INFO] [stderr]    Compiling openssl v0.10.75
[INFO] [stderr]    Compiling uuid v1.20.0
[INFO] [stderr]    Compiling bitflags v2.10.0
[INFO] [stderr]    Compiling zmij v1.0.17
[INFO] [stderr]    Compiling foreign-types-shared v0.1.1
[INFO] [stderr]    Compiling serde v1.0.228
[INFO] [stderr]    Compiling foreign-types v0.3.2
[INFO] [stderr]    Compiling utf8_iter v1.0.4
[INFO] [stderr]    Compiling native-tls v0.2.14
[INFO] [stderr]    Compiling regex-lite v0.1.8
[INFO] [stderr]    Compiling rustversion v1.0.22
[INFO] [stderr]    Compiling zerocopy v0.8.34
[INFO] [stderr]    Compiling rfc6979 v0.3.1
[INFO] [stderr]    Compiling elliptic-curve v0.12.3
[INFO] [stderr]    Compiling aws-types v1.3.11
[INFO] [stderr]    Compiling getrandom v0.3.4
[INFO] [stderr]    Compiling xmlparser v0.13.6
[INFO] [stderr]    Compiling serde_json v1.0.149
[INFO] [stderr]    Compiling crc-catalog v2.4.0
[INFO] [stderr]    Compiling openssl-probe v0.1.6
[INFO] [stderr]    Compiling cmake v0.1.57
[INFO] [stderr]    Compiling crc v3.3.0
[INFO] [stderr]    Compiling spin v0.10.0
[INFO] [stderr]    Compiling aws-smithy-xml v0.60.13
[INFO] [stderr]    Compiling urlencoding v2.1.3
[INFO] [stderr]    Compiling ecdsa v0.14.8
[INFO] [stderr]    Compiling sha1 v0.10.6
[INFO] [stderr]    Compiling md-5 v0.10.6
[INFO] [stderr]    Compiling option-ext v0.2.0
[INFO] [stderr]    Compiling iri-string v0.7.10
[INFO] [stderr]    Compiling dirs-sys v0.5.0
[INFO] [stderr]    Compiling lru v0.16.3
[INFO] [stderr]    Compiling encoding_rs v0.8.35
[INFO] [stderr]    Compiling crc-fast v1.9.0
[INFO] [stderr]    Compiling mime v0.3.17
[INFO] [stderr]    Compiling p256 v0.11.1
[INFO] [stderr]    Compiling dirs v6.0.0
[INFO] [stderr]     Checking rand_core v0.9.5
[INFO] [stderr]    Compiling ring v0.17.14
[INFO] [stderr]    Compiling aws-lc-sys v0.37.0
[INFO] [stderr]    Compiling openssl-sys v0.9.111
[INFO] [stderr]    Compiling synstructure v0.13.2
[INFO] [stderr]     Checking ppv-lite86 v0.2.21
[INFO] [stderr]     Checking rand_chacha v0.9.0
[INFO] [stderr]     Checking rand v0.9.2
[INFO] [stderr]    Compiling tokio-macros v2.6.0
[INFO] [stderr]    Compiling tracing-attributes v0.1.31
[INFO] [stderr]    Compiling zerofrom-derive v0.1.6
[INFO] [stderr]    Compiling yoke-derive v0.8.1
[INFO] [stderr]    Compiling zerovec-derive v0.11.2
[INFO] [stderr]    Compiling displaydoc v0.2.5
[INFO] [stderr]    Compiling sct v0.7.1
[INFO] [stderr]    Compiling rustls-webpki v0.101.7
[INFO] [stderr]    Compiling openssl-macros v0.1.1
[INFO] [stderr]    Compiling serde_derive v1.0.228
[INFO] [stderr]    Compiling tokio v1.49.0
[INFO] [stderr]    Compiling tracing v0.1.44
[INFO] [stderr]    Compiling zerofrom v0.1.6
[INFO] [stderr]    Compiling yoke v0.8.1
[INFO] [stderr]    Compiling zerovec v0.11.5
[INFO] [stderr]    Compiling zerotrie v0.2.3
[INFO] [stderr]    Compiling tinystr v0.8.2
[INFO] [stderr]    Compiling potential_utf v0.1.4
[INFO] [stderr]    Compiling icu_locale_core v2.1.1
[INFO] [stderr]    Compiling icu_collections v2.1.1
[INFO] [stderr]    Compiling icu_provider v2.1.1
[INFO] [stderr]    Compiling icu_normalizer v2.1.1
[INFO] [stderr]    Compiling icu_properties v2.1.2
[INFO] [stderr]    Compiling serde_urlencoded v0.7.1
[INFO] [stderr]    Compiling idna_adapter v1.2.1
[INFO] [stdout] test should_not_compile has been running for over 60 seconds
[INFO] [stderr]    Compiling idna v1.1.0
[INFO] [stderr]    Compiling url v2.5.8
[INFO] [stderr]    Compiling tokio-util v0.7.18
[INFO] [stderr]    Compiling aws-smithy-async v1.2.7
[INFO] [stderr]    Compiling tower v0.5.3
[INFO] [stderr]    Compiling tokio-rustls v0.24.1
[INFO] [stderr]    Compiling tokio-native-tls v0.3.1
[INFO] [stderr]    Compiling aws-smithy-types v1.3.6
[INFO] [stderr]    Compiling h2 v0.4.13
[INFO] [stderr]    Compiling h2 v0.3.27
[INFO] [stderr]    Compiling tower-http v0.6.8
[INFO] [stderr]    Compiling aws-smithy-runtime-api v1.10.0
[INFO] [stderr]    Compiling aws-smithy-eventstream v0.60.14
[INFO] [stderr]    Compiling aws-smithy-json v0.61.9
[INFO] [stderr]    Compiling aws-smithy-query v0.60.9
[INFO] [stderr]    Compiling aws-smithy-http v0.62.6
[INFO] [stderr]    Compiling aws-credential-types v1.2.11
[INFO] [stderr]    Compiling aws-smithy-observability v0.2.0
[INFO] [stderr]    Compiling hyper v0.14.32
[INFO] [stderr]    Compiling aws-sigv4 v1.3.7
[INFO] [stderr]    Compiling aws-smithy-checksums v0.63.13
[INFO] [stderr]    Compiling hyper v1.8.1
[INFO] [stderr]    Compiling hyper-util v0.1.19
[INFO] [stderr]    Compiling hyper-tls v0.6.0
[INFO] [stderr]    Compiling reqwest v0.12.28
[INFO] [stderr]    Compiling rustls-webpki v0.103.9
[INFO] [stderr]    Compiling hyper-rustls v0.24.2
[INFO] [stderr]    Compiling tokio-rustls v0.26.4
[INFO] [stderr]    Compiling hyper-rustls v0.27.7
[INFO] [stderr]    Compiling aws-smithy-http-client v1.1.5
[INFO] [stderr]    Compiling aws-smithy-runtime v1.9.8
[INFO] [stderr]    Compiling aws-runtime v1.5.18
[INFO] [stderr]    Compiling aws-sdk-sso v1.92.0
[INFO] [stderr]    Compiling aws-sdk-sts v1.96.0
[INFO] [stderr]    Compiling aws-sdk-ssooidc v1.94.0
[INFO] [stderr]    Compiling aws-sdk-s3 v1.121.0
[INFO] [stderr]    Compiling aws-config v1.8.12
[INFO] [stderr] error: could not compile `aws-sdk-s3` (lib)
[INFO] [stderr] 
[INFO] [stderr] Caused by:
[INFO] [stderr]   process didn't exit successfully: `/opt/rustwide/rustup-home/toolchains/1.99.0-beta.8-x86_64-unknown-linux-gnu/bin/rustc --crate-name aws_sdk_s3 --edition=2021 /opt/rustwide/cargo-home/registry/src/index.crates.io-1949cf8c6b5b557f/aws-sdk-s3-1.121.0/src/lib.rs --error-format=json --json=diagnostic-rendered-ansi,artifacts,future-incompat --crate-type lib --emit=dep-info,metadata,link -C embed-bitcode=no -C debuginfo=2 --cfg 'feature="default"' --cfg 'feature="default-https-client"' --cfg 'feature="rt-tokio"' --cfg 'feature="rustls"' --cfg 'feature="sigv4a"' --check-cfg 'cfg(docsrs,test)' --check-cfg 'cfg(feature, values("behavior-version-latest", "default", "default-https-client", "gated-tests", "http-1x", "rt-tokio", "rustls", "sigv4a", "test-util"))' -C metadata=81f788c790917d0e -C extra-filename=-bce0bb6f7cb8948f --out-dir /opt/rustwide/target/tests/trybuild/debug/deps -L dependency=/opt/rustwide/target/tests/trybuild/debug/deps --extern aws_credential_types=/opt/rustwide/target/tests/trybuild/debug/deps/libaws_credential_types-7167225db94acb72.rmeta --extern aws_runtime=/opt/rustwide/target/tests/trybuild/debug/deps/libaws_runtime-f4477648df4ac0d5.rmeta --extern aws_sigv4=/opt/rustwide/target/tests/trybuild/debug/deps/libaws_sigv4-0bfde79e8b9a9e7e.rmeta --extern aws_smithy_async=/opt/rustwide/target/tests/trybuild/debug/deps/libaws_smithy_async-78a2fdfb07fd88a4.rmeta --extern aws_smithy_checksums=/opt/rustwide/target/tests/trybuild/debug/deps/libaws_smithy_checksums-cd1ccdb3e10ef440.rmeta --extern aws_smithy_eventstream=/opt/rustwide/target/tests/trybuild/debug/deps/libaws_smithy_eventstream-63fb7c4d43e0fafe.rmeta --extern aws_smithy_http=/opt/rustwide/target/tests/trybuild/debug/deps/libaws_smithy_http-e659d62fdb77ef1e.rmeta --extern aws_smithy_json=/opt/rustwide/target/tests/trybuild/debug/deps/libaws_smithy_json-edf062636eb3ca77.rmeta --extern aws_smithy_observability=/opt/rustwide/target/tests/trybuild/debug/deps/libaws_smithy_observability-3d37e162087a3f66.rmeta --extern aws_smithy_runtime=/opt/rustwide/target/tests/trybuild/debug/deps/libaws_smithy_runtime-ae1f247c3a42523c.rmeta --extern aws_smithy_runtime_api=/opt/rustwide/target/tests/trybuild/debug/deps/libaws_smithy_runtime_api-aacb858f52df6809.rmeta --extern aws_smithy_types=/opt/rustwide/target/tests/trybuild/debug/deps/libaws_smithy_types-59a904487294c4d1.rmeta --extern aws_smithy_xml=/opt/rustwide/target/tests/trybuild/debug/deps/libaws_smithy_xml-57ddda2994fe91b2.rmeta --extern aws_types=/opt/rustwide/target/tests/trybuild/debug/deps/libaws_types-07d3281ff6f9afc3.rmeta --extern bytes=/opt/rustwide/target/tests/trybuild/debug/deps/libbytes-1b0a21ceb08e2472.rmeta --extern fastrand=/opt/rustwide/target/tests/trybuild/debug/deps/libfastrand-a7ff09b5d36f706f.rmeta --extern hex=/opt/rustwide/target/tests/trybuild/debug/deps/libhex-e8b7dc335c9a1e46.rmeta --extern hmac=/opt/rustwide/target/tests/trybuild/debug/deps/libhmac-cdf0ee5f30f502ca.rmeta --extern http=/opt/rustwide/target/tests/trybuild/debug/deps/libhttp-c2753541f6b5e9f8.rmeta --extern http_1x=/opt/rustwide/target/tests/trybuild/debug/deps/libhttp-a353b09af26efc77.rmeta --extern http_body=/opt/rustwide/target/tests/trybuild/debug/deps/libhttp_body-cd6745100ef08bc3.rmeta --extern lru=/opt/rustwide/target/tests/trybuild/debug/deps/liblru-95fceefd41743273.rmeta --extern percent_encoding=/opt/rustwide/target/tests/trybuild/debug/deps/libpercent_encoding-eac644b53094cd18.rmeta --extern regex_lite=/opt/rustwide/target/tests/trybuild/debug/deps/libregex_lite-50e52da87053ecb7.rmeta --extern sha2=/opt/rustwide/target/tests/trybuild/debug/deps/libsha2-886979a1c064e17d.rmeta --extern tracing=/opt/rustwide/target/tests/trybuild/debug/deps/libtracing-593a0efb2e8662b9.rmeta --extern url=/opt/rustwide/target/tests/trybuild/debug/deps/liburl-732a9980929cb7e0.rmeta --cap-lints allow -L native=/opt/rustwide/target/tests/trybuild/debug/build/ring-eb262b9805815bb1/out -L native=/opt/rustwide/target/tests/trybuild/debug/build/aws-lc-sys-9e0e5f3d77520229/out` (signal: 9, SIGKILL: kill)
[INFO] [stdout] test should_not_compile ... FAILED
[INFO] [stdout] 
[INFO] [stdout] failures:
[INFO] [stdout] 
[INFO] [stdout] ---- should_not_compile stdout ----
[INFO] [stdout] 
[INFO] [stdout] thread 'should_not_compile' (4454) panicked at /opt/rustwide/cargo-home/registry/src/index.crates.io-1949cf8c6b5b557f/trybuild-1.0.114/src/run.rs:62:13:
[INFO] [stdout] tests failed
[INFO] [stdout] stack backtrace:
[INFO] [stdout]    0:     0x55dfc38a3a81 - std[70759c8f55707aa4]::backtrace_rs::backtrace::libunwind::trace
[INFO] [stdout]                                at /rustc/dfb0accb7f508ae8be965d8629557221c889dd98/library/std/src/../../backtrace/src/backtrace/libunwind.rs:117:9
[INFO] [stdout]    1:     0x55dfc38a3a81 - std[70759c8f55707aa4]::backtrace_rs::backtrace::trace_unsynchronized::<std[70759c8f55707aa4]::sys::backtrace::_print_fmt::{closure#1}>
[INFO] [stdout]                                at /rustc/dfb0accb7f508ae8be965d8629557221c889dd98/library/std/src/../../backtrace/src/backtrace/mod.rs:66:14
[INFO] [stdout]    2:     0x55dfc38a3a81 - std[70759c8f55707aa4]::sys::backtrace::_print_fmt
[INFO] [stdout]                                at /rustc/dfb0accb7f508ae8be965d8629557221c889dd98/library/std/src/sys/backtrace.rs:74:9
[INFO] [stdout]    3:     0x55dfc38a3a81 - <<std[70759c8f55707aa4]::sys::backtrace::BacktraceLock>::print::DisplayBacktrace as core[df12db4294e9bfd3]::fmt::Display>::fmt
[INFO] [stdout]                                at /rustc/dfb0accb7f508ae8be965d8629557221c889dd98/library/std/src/sys/backtrace.rs:44:26
[INFO] [stdout]    4:     0x55dfc38ba33a - <core[df12db4294e9bfd3]::fmt::rt::Argument>::fmt
[INFO] [stdout]                                at /rustc/dfb0accb7f508ae8be965d8629557221c889dd98/library/core/src/fmt/rt.rs:152:76
[INFO] [stdout]    5:     0x55dfc38ba33a - core[df12db4294e9bfd3]::fmt::write
[INFO] [stdout]    6:     0x55dfc38a85fc - core[df12db4294e9bfd3]::io::write::default_write_fmt::<alloc[2182bb758b4b3781]::vec::Vec<u8>>
[INFO] [stdout]                                at /rustc/dfb0accb7f508ae8be965d8629557221c889dd98/library/core/src/io/write.rs:402:11
[INFO] [stdout]    7:     0x55dfc38a85fc - <alloc[2182bb758b4b3781]::vec::Vec<u8> as core[df12db4294e9bfd3]::io::write::Write>::write_fmt
[INFO] [stdout]                                at /rustc/dfb0accb7f508ae8be965d8629557221c889dd98/library/core/src/io/write.rs:335:13
[INFO] [stdout]    8:     0x55dfc387cf66 - <std[70759c8f55707aa4]::sys::backtrace::BacktraceLock>::print
[INFO] [stdout]                                at /rustc/dfb0accb7f508ae8be965d8629557221c889dd98/library/std/src/sys/backtrace.rs:47:9
[INFO] [stdout]    9:     0x55dfc387cf66 - std[70759c8f55707aa4]::panicking::default_hook::{closure#0}
[INFO] [stdout]                                at /rustc/dfb0accb7f508ae8be965d8629557221c889dd98/library/std/src/panicking.rs:292:27
[INFO] [stdout]   10:     0x55dfc389b0f9 - std[70759c8f55707aa4]::panicking::default_hook
[INFO] [stdout]                                at /rustc/dfb0accb7f508ae8be965d8629557221c889dd98/library/std/src/panicking.rs:316:9
[INFO] [stdout]   11:     0x55dfc3834370 - <alloc[2182bb758b4b3781]::boxed::Box<dyn for<'a, 'b> core[df12db4294e9bfd3]::ops::function::Fn<(&'a std[70759c8f55707aa4]::panic::PanicHookInfo<'b>,), Output = ()> + core[df12db4294e9bfd3]::marker::Send + core[df12db4294e9bfd3]::marker::Sync> as core[df12db4294e9bfd3]::ops::function::Fn<(&std[70759c8f55707aa4]::panic::PanicHookInfo,)>>::call
[INFO] [stdout]                                at /rustc/dfb0accb7f508ae8be965d8629557221c889dd98/library/alloc/src/boxed.rs:2334:9
[INFO] [stdout]   12:     0x55dfc3834370 - test[9d35eded1c95d3be]::test_main_inner::<test[9d35eded1c95d3be]::test_main_static::{closure#0}>::{closure#0}
[INFO] [stdout]                                at /rustc/dfb0accb7f508ae8be965d8629557221c889dd98/library/test/src/lib.rs:155:21
[INFO] [stdout]   13:     0x55dfc389b2b2 - <alloc[2182bb758b4b3781]::boxed::Box<dyn for<'a, 'b> core[df12db4294e9bfd3]::ops::function::Fn<(&'a std[70759c8f55707aa4]::panic::PanicHookInfo<'b>,), Output = ()> + core[df12db4294e9bfd3]::marker::Send + core[df12db4294e9bfd3]::marker::Sync> as core[df12db4294e9bfd3]::ops::function::Fn<(&std[70759c8f55707aa4]::panic::PanicHookInfo,)>>::call
[INFO] [stdout]                                at /rustc/dfb0accb7f508ae8be965d8629557221c889dd98/library/alloc/src/boxed.rs:2334:9
[INFO] [stdout]   14:     0x55dfc389b2b2 - std[70759c8f55707aa4]::panicking::panic_with_hook
[INFO] [stdout]                                at /rustc/dfb0accb7f508ae8be965d8629557221c889dd98/library/std/src/panicking.rs:823:13
[INFO] [stdout]   15:     0x55dfc387d044 - std[70759c8f55707aa4]::panicking::panic_handler::{closure#0}
[INFO] [stdout]                                at /rustc/dfb0accb7f508ae8be965d8629557221c889dd98/library/std/src/panicking.rs:681:13
[INFO] [stdout]   16:     0x55dfc38758a9 - std[70759c8f55707aa4]::sys::backtrace::__rust_end_short_backtrace::<std[70759c8f55707aa4]::panicking::panic_handler::{closure#0}, !>
[INFO] [stdout]                                at /rustc/dfb0accb7f508ae8be965d8629557221c889dd98/library/std/src/sys/backtrace.rs:182:18
[INFO] [stdout]   17:     0x55dfc387dc0d - __rustc[8fa7c3cbc660c2b3]::rust_begin_unwind
[INFO] [stdout]                                at /rustc/dfb0accb7f508ae8be965d8629557221c889dd98/library/std/src/panicking.rs:679:5
[INFO] [stdout]   18:     0x55dfc38bab2c - core[df12db4294e9bfd3]::panicking::panic_fmt
[INFO] [stdout]                                at /rustc/dfb0accb7f508ae8be965d8629557221c889dd98/library/core/src/panicking.rs:80:14
[INFO] [stdout]   19:     0x55dfc3748441 - <trybuild[90d0b6721e8b9364]::Runner>::run::{closure#1}
[INFO] [stdout]                                at /opt/rustwide/cargo-home/registry/src/index.crates.io-1949cf8c6b5b557f/trybuild-1.0.114/src/run.rs:62:13
[INFO] [stdout]   20:     0x55dfc371cdb8 - <core[df12db4294e9bfd3]::result::Result<(trybuild[90d0b6721e8b9364]::run::Project, trybuild[90d0b6721e8b9364]::flock::Lock), trybuild[90d0b6721e8b9364]::error::Error>>::unwrap_or_else::<<trybuild[90d0b6721e8b9364]::Runner>::run::{closure#1}>
[INFO] [stdout]                                at /rustc/dfb0accb7f508ae8be965d8629557221c889dd98/library/core/src/result.rs:1621:23
[INFO] [stdout]   21:     0x55dfc36bf39f - <trybuild[90d0b6721e8b9364]::Runner>::run
[INFO] [stdout]                                at /opt/rustwide/cargo-home/registry/src/index.crates.io-1949cf8c6b5b557f/trybuild-1.0.114/src/run.rs:60:10
[INFO] [stdout]   22:     0x55dfc36cb4e8 - <trybuild[90d0b6721e8b9364]::TestCases as core[df12db4294e9bfd3]::ops::drop::Drop>::drop
[INFO] [stdout]                                at /opt/rustwide/cargo-home/registry/src/index.crates.io-1949cf8c6b5b557f/trybuild-1.0.114/src/lib.rs:342:38
[INFO] [stdout]   23:     0x55dfc3607c97 - core[df12db4294e9bfd3]::ptr::drop_glue::<trybuild[90d0b6721e8b9364]::TestCases>
[INFO] [stdout]                                at /rustc/dfb0accb7f508ae8be965d8629557221c889dd98/library/core/src/ptr/mod.rs:847:1
[INFO] [stdout]   24:     0x55dfc3607ea3 - compilation_failure_tests[e8c85828295a3666]::should_not_compile
[INFO] [stdout]                                at /opt/rustwide/workdir/tests/compilation_failure_tests.rs:5:1
[INFO] [stdout]   25:     0x55dfc3607df7 - compilation_failure_tests[e8c85828295a3666]::should_not_compile::{closure#0}
[INFO] [stdout]                                at /opt/rustwide/workdir/tests/compilation_failure_tests.rs:2:24
[INFO] [stdout]   26:     0x55dfc3608306 - <compilation_failure_tests[e8c85828295a3666]::should_not_compile::{closure#0} as core[df12db4294e9bfd3]::ops::function::FnOnce<()>>::call_once
[INFO] [stdout]                                at /rustc/dfb0accb7f508ae8be965d8629557221c889dd98/library/core/src/ops/function.rs:250:5
[INFO] [stdout]   27:     0x55dfc382765b - <fn() -> core[df12db4294e9bfd3]::result::Result<(), alloc[2182bb758b4b3781]::string::String> as core[df12db4294e9bfd3]::ops::function::FnOnce<()>>::call_once
[INFO] [stdout]                                at /rustc/dfb0accb7f508ae8be965d8629557221c889dd98/library/core/src/ops/function.rs:250:5
[INFO] [stdout]   28:     0x55dfc382765b - test[9d35eded1c95d3be]::__rust_begin_short_backtrace::<core[df12db4294e9bfd3]::result::Result<(), alloc[2182bb758b4b3781]::string::String>, fn() -> core[df12db4294e9bfd3]::result::Result<(), alloc[2182bb758b4b3781]::string::String>>
[INFO] [stdout]                                at /rustc/dfb0accb7f508ae8be965d8629557221c889dd98/library/test/src/lib.rs:733:18
[INFO] [stdout]   29:     0x55dfc3834cc5 - test[9d35eded1c95d3be]::run_test_in_process::{closure#0}
[INFO] [stdout]                                at /rustc/dfb0accb7f508ae8be965d8629557221c889dd98/library/test/src/lib.rs:756:74
[INFO] [stdout]   30:     0x55dfc3834cc5 - <core[df12db4294e9bfd3]::panic::unwind_safe::AssertUnwindSafe<test[9d35eded1c95d3be]::run_test_in_process::{closure#0}> as core[df12db4294e9bfd3]::ops::function::FnOnce<()>>::call_once
[INFO] [stdout]                                at /rustc/dfb0accb7f508ae8be965d8629557221c889dd98/library/core/src/panic/unwind_safe.rs:275:9
[INFO] [stdout]   31:     0x55dfc3834cc5 - std[70759c8f55707aa4]::panicking::catch_unwind::do_call::<core[df12db4294e9bfd3]::panic::unwind_safe::AssertUnwindSafe<test[9d35eded1c95d3be]::run_test_in_process::{closure#0}>, core[df12db4294e9bfd3]::result::Result<(), alloc[2182bb758b4b3781]::string::String>>
[INFO] [stdout]                                at /rustc/dfb0accb7f508ae8be965d8629557221c889dd98/library/std/src/panicking.rs:576:43
[INFO] [stdout]   32:     0x55dfc3834cc5 - std[70759c8f55707aa4]::panicking::catch_unwind::<core[df12db4294e9bfd3]::result::Result<(), alloc[2182bb758b4b3781]::string::String>, core[df12db4294e9bfd3]::panic::unwind_safe::AssertUnwindSafe<test[9d35eded1c95d3be]::run_test_in_process::{closure#0}>>
[INFO] [stdout]                                at /rustc/dfb0accb7f508ae8be965d8629557221c889dd98/library/std/src/panicking.rs:544:19
[INFO] [stdout]   33:     0x55dfc3834cc5 - std[70759c8f55707aa4]::panic::catch_unwind::<core[df12db4294e9bfd3]::panic::unwind_safe::AssertUnwindSafe<test[9d35eded1c95d3be]::run_test_in_process::{closure#0}>, core[df12db4294e9bfd3]::result::Result<(), alloc[2182bb758b4b3781]::string::String>>
[INFO] [stdout]                                at /rustc/dfb0accb7f508ae8be965d8629557221c889dd98/library/std/src/panic.rs:359:14
[INFO] [stdout]   34:     0x55dfc3834cc5 - test[9d35eded1c95d3be]::run_test_in_process
[INFO] [stdout]                                at /rustc/dfb0accb7f508ae8be965d8629557221c889dd98/library/test/src/lib.rs:756:27
[INFO] [stdout]   35:     0x55dfc3834cc5 - test[9d35eded1c95d3be]::run_test::{closure#0}
[INFO] [stdout]                                at /rustc/dfb0accb7f508ae8be965d8629557221c889dd98/library/test/src/lib.rs:677:43
[INFO] [stdout]   36:     0x55dfc382e584 - test[9d35eded1c95d3be]::run_test::{closure#1}
[INFO] [stdout]                                at /rustc/dfb0accb7f508ae8be965d8629557221c889dd98/library/test/src/lib.rs:707:41
[INFO] [stdout]   37:     0x55dfc382e584 - std[70759c8f55707aa4]::sys::backtrace::__rust_begin_short_backtrace::<test[9d35eded1c95d3be]::run_test::{closure#1}, ()>
[INFO] [stdout]                                at /rustc/dfb0accb7f508ae8be965d8629557221c889dd98/library/std/src/sys/backtrace.rs:166:18
[INFO] [stdout]   38:     0x55dfc3837e22 - std[70759c8f55707aa4]::thread::lifecycle::spawn_unchecked::<test[9d35eded1c95d3be]::run_test::{closure#1}, ()>::{closure#1}::{closure#0}
[INFO] [stdout]                                at /rustc/dfb0accb7f508ae8be965d8629557221c889dd98/library/std/src/thread/lifecycle.rs:70:13
[INFO] [stdout]   39:     0x55dfc3837e22 - <core[df12db4294e9bfd3]::panic::unwind_safe::AssertUnwindSafe<std[70759c8f55707aa4]::thread::lifecycle::spawn_unchecked<test[9d35eded1c95d3be]::run_test::{closure#1}, ()>::{closure#1}::{closure#0}> as core[df12db4294e9bfd3]::ops::function::FnOnce<()>>::call_once
[INFO] [stdout]                                at /rustc/dfb0accb7f508ae8be965d8629557221c889dd98/library/core/src/panic/unwind_safe.rs:275:9
[INFO] [stdout]   40:     0x55dfc3837e22 - std[70759c8f55707aa4]::panicking::catch_unwind::do_call::<core[df12db4294e9bfd3]::panic::unwind_safe::AssertUnwindSafe<std[70759c8f55707aa4]::thread::lifecycle::spawn_unchecked<test[9d35eded1c95d3be]::run_test::{closure#1}, ()>::{closure#1}::{closure#0}>, ()>
[INFO] [stdout]                                at /rustc/dfb0accb7f508ae8be965d8629557221c889dd98/library/std/src/panicking.rs:576:43
[INFO] [stdout]   41:     0x55dfc3837e22 - std[70759c8f55707aa4]::panicking::catch_unwind::<(), core[df12db4294e9bfd3]::panic::unwind_safe::AssertUnwindSafe<std[70759c8f55707aa4]::thread::lifecycle::spawn_unchecked<test[9d35eded1c95d3be]::run_test::{closure#1}, ()>::{closure#1}::{closure#0}>>
[INFO] [stdout]                                at /rustc/dfb0accb7f508ae8be965d8629557221c889dd98/library/std/src/panicking.rs:544:19
[INFO] [stdout]   42:     0x55dfc3837e22 - std[70759c8f55707aa4]::panic::catch_unwind::<core[df12db4294e9bfd3]::panic::unwind_safe::AssertUnwindSafe<std[70759c8f55707aa4]::thread::lifecycle::spawn_unchecked<test[9d35eded1c95d3be]::run_test::{closure#1}, ()>::{closure#1}::{closure#0}>, ()>
[INFO] [stdout]                                at /rustc/dfb0accb7f508ae8be965d8629557221c889dd98/library/std/src/panic.rs:359:14
[INFO] [stdout]   43:     0x55dfc3837e22 - std[70759c8f55707aa4]::thread::lifecycle::spawn_unchecked::<test[9d35eded1c95d3be]::run_test::{closure#1}, ()>::{closure#1}
[INFO] [stdout]                                at /rustc/dfb0accb7f508ae8be965d8629557221c889dd98/library/std/src/thread/lifecycle.rs:68:26
[INFO] [stdout]   44:     0x55dfc3837e22 - <std[70759c8f55707aa4]::thread::lifecycle::spawn_unchecked<test[9d35eded1c95d3be]::run_test::{closure#1}, ()>::{closure#1} as core[df12db4294e9bfd3]::ops::function::FnOnce<()>>::call_once::{shim:vtable#0}
[INFO] [stdout]                                at /rustc/dfb0accb7f508ae8be965d8629557221c889dd98/library/core/src/ops/function.rs:250:5
[INFO] [stdout]   45:     0x55dfc38a2d39 - <alloc[2182bb758b4b3781]::boxed::Box<dyn core[df12db4294e9bfd3]::ops::function::FnOnce<(), Output = ()> + core[df12db4294e9bfd3]::marker::Send> as core[df12db4294e9bfd3]::ops::function::FnOnce<()>>::call_once
[INFO] [stdout]                                at /rustc/dfb0accb7f508ae8be965d8629557221c889dd98/library/alloc/src/boxed.rs:2320:9
[INFO] [stdout]   46:     0x55dfc38a2d39 - <std[70759c8f55707aa4]::sys::thread::unix::Thread>::new::thread_start
[INFO] [stdout]                                at /rustc/dfb0accb7f508ae8be965d8629557221c889dd98/library/std/src/sys/thread/unix.rs:123:17
[INFO] [stdout]   47:     0x7b20feca3dfa - <unknown>
[INFO] [stdout]   48:     0x7b20fed373d4 - clone
[INFO] [stdout]   49:                0x0 - <unknown>
[INFO] [stdout] 
[INFO] [stdout] 
[INFO] [stdout] failures:
[INFO] [stdout]     should_not_compile
[INFO] [stdout] 
[INFO] [stdout] test result: FAILED. 0 passed; 1 failed; 0 ignored; 0 measured; 0 filtered out; finished in 151.96s
[INFO] [stdout] 
[INFO] [stderr] error: test failed, to rerun pass `--test compilation_failure_tests`
[INFO] running `Command { std: "docker" "inspect" "bab3f4d2093c6edf1afaa33c1b9e890f9cd37c34448ececae5fea48a43558af9", kill_on_drop: false }`
[INFO] running `Command { std: "docker" "rm" "-f" "bab3f4d2093c6edf1afaa33c1b9e890f9cd37c34448ececae5fea48a43558af9", kill_on_drop: false }`
[INFO] [stdout] bab3f4d2093c6edf1afaa33c1b9e890f9cd37c34448ececae5fea48a43558af9
