[INFO] fetching crate rustler_logger_macro 0.4.3...
[INFO] testing rustler_logger_macro-0.4.3 against 1.99.0-beta.8 for beta-1.100-2
[INFO] extracting crate rustler_logger_macro 0.4.3 into /workspace/builds/worker-3-tc1/source
[INFO] started tweaking crates.io crate rustler_logger_macro 0.4.3
[INFO] finished tweaking crates.io crate rustler_logger_macro 0.4.3
[INFO] tweaked toml for crates.io crate rustler_logger_macro 0.4.3 written to /workspace/builds/worker-3-tc1/source/Cargo.toml
[INFO] validating manifest of crates.io crate rustler_logger_macro 0.4.3 on toolchain 1.99.0-beta.8
[INFO] running `Command { std: CARGO_HOME="/workspace/cargo-home" RUSTUP_HOME="/workspace/rustup-home" "/workspace/cargo-home/bin/cargo" "+1.99.0-beta.8" "metadata" "--manifest-path" "Cargo.toml" "--no-deps", kill_on_drop: false }`
[INFO] crate crates.io crate rustler_logger_macro 0.4.3 already has a lockfile, it will not be regenerated
[INFO] running `Command { std: CARGO_HOME="/workspace/cargo-home" RUSTUP_HOME="/workspace/rustup-home" "/workspace/cargo-home/bin/cargo" "+1.99.0-beta.8" "fetch" "--manifest-path" "Cargo.toml", kill_on_drop: false }`
[INFO] [stderr]     Blocking waiting for file lock on package cache
[INFO] [stderr]     Updating crates.io index
[INFO] [stderr]  Downloading crates ...
[INFO] [stderr]   Downloaded inventory v0.3.21
[INFO] [stderr]   Downloaded rustler_codegen v0.37.2
[INFO] [stderr]   Downloaded regex-lite v0.1.8
[INFO] [stderr]   Downloaded rustler v0.37.2
[INFO] [stderr]   Downloaded winterval v0.1.5
[INFO] [stderr]   Downloaded proc_macro_tools v0.1.17
[INFO] [stderr]   Downloaded type_constructor v0.1.19
[INFO] running `Command { std: "docker" "create" "-v" "/var/lib/crater-agent-workspace/builds/worker-3-tc1/source:/opt/rustwide/workdir:ro,Z" "-v" "/var/lib/crater-agent-workspace/builds/worker-3-tc1/target:/opt/rustwide/target:rw,Z" "-v" "/var/lib/crater-agent-workspace/cargo-home:/opt/rustwide/cargo-home:ro,Z" "-v" "/var/lib/crater-agent-workspace/rustup-home:/opt/rustwide/rustup-home:ro,Z" "-m" "1610612736" "--network" "none" "ghcr.io/rust-lang/crates-build-env/linux@sha256:3111399a4047eeb3a02b7a90e478d715f38a8c6669b5c4b49d30a17385265909" "sleep" "infinity", kill_on_drop: false }`
[INFO] [stdout] 79429c0f2257c18a74a29c5005978fe4acdd52c553461d74bd5360bf8718b6c4
[INFO] running `Command { std: "docker" "start" "79429c0f2257c18a74a29c5005978fe4acdd52c553461d74bd5360bf8718b6c4", kill_on_drop: false }`
[INFO] running `Command { std: "docker" "inspect" "79429c0f2257c18a74a29c5005978fe4acdd52c553461d74bd5360bf8718b6c4", kill_on_drop: false }`
[INFO] running `Command { std: "docker" "exec" "-e" "SOURCE_DIR=/opt/rustwide/workdir" "-e" "CARGO_HOME=/opt/rustwide/cargo-home" "-e" "RUSTUP_HOME=/opt/rustwide/rustup-home" "-e" "CARGO_TARGET_DIR=/opt/rustwide/target" "-w" "/opt/rustwide/workdir" "--user" "0:0" "79429c0f2257c18a74a29c5005978fe4acdd52c553461d74bd5360bf8718b6c4" "/opt/rustwide/cargo-home/bin/cargo" "+1.99.0-beta.8" "metadata" "--no-deps" "--format-version=1", kill_on_drop: false }`
[INFO] running `Command { std: "docker" "inspect" "79429c0f2257c18a74a29c5005978fe4acdd52c553461d74bd5360bf8718b6c4", kill_on_drop: false }`
[INFO] running `Command { std: "docker" "exec" "-e" "SOURCE_DIR=/opt/rustwide/workdir" "-e" "CARGO_HOME=/opt/rustwide/cargo-home" "-e" "RUSTUP_HOME=/opt/rustwide/rustup-home" "-e" "CARGO_TARGET_DIR=/opt/rustwide/target" "-e" "CARGO_INCREMENTAL=0" "-e" "RUST_BACKTRACE=full" "-e" "RUSTFLAGS=--cap-lints=warn" "-e" "RUSTDOCFLAGS=--cap-lints=warn" "-w" "/opt/rustwide/workdir" "--user" "0:0" "79429c0f2257c18a74a29c5005978fe4acdd52c553461d74bd5360bf8718b6c4" "/opt/rustwide/cargo-home/bin/cargo" "+1.99.0-beta.8" "build" "--frozen" "--message-format=json", kill_on_drop: false }`
[INFO] [stderr]    Compiling proc-macro2 v1.0.105
[INFO] [stderr]    Compiling unicode-ident v1.0.22
[INFO] [stderr]    Compiling quote v1.0.43
[INFO] [stderr]    Compiling regex-lite v0.1.8
[INFO] [stderr]    Compiling syn v1.0.109
[INFO] [stderr]    Compiling cfg-if v1.0.4
[INFO] [stderr]    Compiling inventory v0.3.21
[INFO] [stderr]    Compiling type_constructor v0.1.19
[INFO] [stderr]    Compiling winterval v0.1.5
[INFO] [stderr]    Compiling libloading v0.9.0
[INFO] [stderr]    Compiling rustler v0.37.2
[INFO] [stderr]    Compiling syn v2.0.114
[INFO] [stderr]    Compiling proc_macro_tools v0.1.17
[INFO] [stderr]    Compiling rustler_codegen v0.37.2
[INFO] [stderr]    Compiling rustler_logger_macro v0.4.3 (/opt/rustwide/workdir)
[INFO] [stderr]     Finished `dev` profile [unoptimized + debuginfo] target(s) in 9.87s
[INFO] running `Command { std: "docker" "inspect" "79429c0f2257c18a74a29c5005978fe4acdd52c553461d74bd5360bf8718b6c4", kill_on_drop: false }`
[INFO] running `Command { std: "docker" "exec" "-e" "SOURCE_DIR=/opt/rustwide/workdir" "-e" "CARGO_HOME=/opt/rustwide/cargo-home" "-e" "RUSTUP_HOME=/opt/rustwide/rustup-home" "-e" "CARGO_TARGET_DIR=/opt/rustwide/target" "-e" "CARGO_INCREMENTAL=0" "-e" "RUST_BACKTRACE=full" "-e" "RUSTFLAGS=--cap-lints=warn" "-e" "RUSTDOCFLAGS=--cap-lints=warn" "-w" "/opt/rustwide/workdir" "--user" "0:0" "79429c0f2257c18a74a29c5005978fe4acdd52c553461d74bd5360bf8718b6c4" "/opt/rustwide/cargo-home/bin/cargo" "+1.99.0-beta.8" "test" "--frozen" "--no-run" "--message-format=json", kill_on_drop: false }`
[INFO] [stderr]    Compiling rustler_logger_macro v0.4.3 (/opt/rustwide/workdir)
[INFO] [stderr]     Finished `test` profile [unoptimized + debuginfo] target(s) in 0.53s
[INFO] running `Command { std: "docker" "inspect" "79429c0f2257c18a74a29c5005978fe4acdd52c553461d74bd5360bf8718b6c4", kill_on_drop: false }`
[INFO] running `Command { std: "docker" "exec" "-e" "SOURCE_DIR=/opt/rustwide/workdir" "-e" "CARGO_HOME=/opt/rustwide/cargo-home" "-e" "RUSTUP_HOME=/opt/rustwide/rustup-home" "-e" "CARGO_TARGET_DIR=/opt/rustwide/target" "-e" "CARGO_INCREMENTAL=0" "-e" "RUST_BACKTRACE=full" "-e" "RUSTFLAGS=--cap-lints=warn" "-e" "RUSTDOCFLAGS=--cap-lints=warn" "-w" "/opt/rustwide/workdir" "--user" "0:0" "79429c0f2257c18a74a29c5005978fe4acdd52c553461d74bd5360bf8718b6c4" "/opt/rustwide/cargo-home/bin/cargo" "+1.99.0-beta.8" "test" "--frozen", kill_on_drop: false }`
[INFO] [stderr]     Finished `test` profile [unoptimized + debuginfo] target(s) in 0.03s
[INFO] [stderr]      Running unittests src/lib.rs (/opt/rustwide/target/debug/deps/rustler_logger_macro-aaa4722b14433c90)
[INFO] [stdout] 
[INFO] [stdout] running 0 tests
[INFO] [stdout] 
[INFO] [stdout] test result: ok. 0 passed; 0 failed; 0 ignored; 0 measured; 0 filtered out; finished in 0.00s
[INFO] [stdout] 
[INFO] [stderr]    Doc-tests rustler_logger_macro
[INFO] [stdout] 
[INFO] [stdout] running 13 tests
[INFO] [stdout] test src/lib.rs - alert (line 181) ... ignored
[INFO] [stdout] test src/lib.rs - critical (line 165) ... ignored
[INFO] [stdout] test src/lib.rs - debug (line 71) ... ignored
[INFO] [stdout] test src/lib.rs - emergency (line 211) ... ignored
[INFO] [stdout] test src/lib.rs - error (line 149) ... ignored
[INFO] [stdout] test src/lib.rs - fatal (line 197) ... ignored
[INFO] [stdout] test src/lib.rs - info (line 87) ... ignored
[INFO] [stdout] test src/lib.rs - log (line 33) ... ignored
[INFO] [stdout] test src/lib.rs - notice (line 103) ... ignored
[INFO] [stdout] test src/lib.rs - trace (line 57) ... ignored
[INFO] [stdout] test src/lib.rs - warn (line 119) ... ignored
[INFO] [stdout] test src/lib.rs - warning (line 133) ... ignored
[INFO] [stdout] test src/lib.rs - log_to_elixir (line 17) ... FAILED
[INFO] [stdout] 
[INFO] [stdout] failures:
[INFO] [stdout] 
[INFO] [stdout] ---- src/lib.rs - log_to_elixir (line 17) stdout ----
[INFO] [stdout] error[E0432]: unresolved import `rustler_logger`
[INFO] [stdout]   --> src/lib.rs:18:5
[INFO] [stdout]    |
[INFO] [stdout] 18 | use rustler_logger::*;
[INFO] [stdout]    |     ^^^^^^^^^^^^^^ use of unresolved module or unlinked crate `rustler_logger`
[INFO] [stdout]    |
[INFO] [stdout]    = help: if you wanted to use a crate named `rustler_logger`, use `cargo add rustler_logger` to add it to your `Cargo.toml`
[INFO] [stdout] 
[INFO] [stdout] error: cannot find attribute `log_to_elixir` in this scope
[INFO] [stdout]   --> src/lib.rs:20:3
[INFO] [stdout]    |
[INFO] [stdout] 20 | #[log_to_elixir]
[INFO] [stdout]    |   ^^^^^^^^^^^^^
[INFO] [stdout] 
[INFO] [stdout] error: cannot find attribute `nif` in this scope
[INFO] [stdout]   --> src/lib.rs:21:3
[INFO] [stdout]    |
[INFO] [stdout] 21 | #[nif]
[INFO] [stdout]    |   ^^^
[INFO] [stdout] 
[INFO] [stdout] error: cannot find macro `info` in this scope
[INFO] [stdout]   --> src/lib.rs:23:5
[INFO] [stdout]    |
[INFO] [stdout] 23 |     info!("my NIF can log, because it's empowered by `log_to_elixir`")
[INFO] [stdout]    |     ^^^^
[INFO] [stdout] 
[INFO] [stdout] error: aborting due to 4 previous errors
[INFO] [stdout] 
[INFO] [stdout] For more information about this error, try `rustc --explain E0432`.
[INFO] [stdout] Couldn't compile the test.
[INFO] [stdout] 
[INFO] [stdout] failures:
[INFO] [stdout]     src/lib.rs - log_to_elixir (line 17)
[INFO] [stdout] 
[INFO] [stdout] test result: FAILED. 0 passed; 1 failed; 12 ignored; 0 measured; 0 filtered out; finished in 0.09s
[INFO] [stdout] 
[INFO] [stdout] all doctests ran in 0.15s; merged doctests compilation took 0.07s
[INFO] [stderr] error: doctest failed, to rerun pass `--doc`
[INFO] running `Command { std: "docker" "inspect" "79429c0f2257c18a74a29c5005978fe4acdd52c553461d74bd5360bf8718b6c4", kill_on_drop: false }`
[INFO] running `Command { std: "docker" "rm" "-f" "79429c0f2257c18a74a29c5005978fe4acdd52c553461d74bd5360bf8718b6c4", kill_on_drop: false }`
[INFO] [stdout] 79429c0f2257c18a74a29c5005978fe4acdd52c553461d74bd5360bf8718b6c4
