[INFO] fetching crate rustledger-parser 0.24.0...
[INFO] testing rustledger-parser-0.24.0 against 1.100.0-beta.1 for beta-1.100-2
[INFO] extracting crate rustledger-parser 0.24.0 into /workspace/builds/worker-4-tc2/source
[INFO] started tweaking crates.io crate rustledger-parser 0.24.0
[INFO] removed 0 missing examples
[INFO] removed 0 missing tests
[INFO] finished tweaking crates.io crate rustledger-parser 0.24.0
[INFO] tweaked toml for crates.io crate rustledger-parser 0.24.0 written to /workspace/builds/worker-4-tc2/source/Cargo.toml
[INFO] validating manifest of crates.io crate rustledger-parser 0.24.0 on toolchain 1.100.0-beta.1
[INFO] running `Command { std: CARGO_HOME="/workspace/cargo-home" RUSTUP_HOME="/workspace/rustup-home" "/workspace/cargo-home/bin/cargo" "+1.100.0-beta.1" "metadata" "--manifest-path" "Cargo.toml" "--no-deps", kill_on_drop: false }`
[INFO] crate crates.io crate rustledger-parser 0.24.0 already has a lockfile, it will not be regenerated
[INFO] running `Command { std: CARGO_HOME="/workspace/cargo-home" RUSTUP_HOME="/workspace/rustup-home" "/workspace/cargo-home/bin/cargo" "+1.100.0-beta.1" "fetch" "--manifest-path" "Cargo.toml", kill_on_drop: false }`
[INFO] running `Command { std: "docker" "create" "-v" "/var/lib/crater-agent-workspace/builds/worker-4-tc2/source:/opt/rustwide/workdir:ro,Z" "-v" "/var/lib/crater-agent-workspace/builds/worker-4-tc2/target:/opt/rustwide/target:rw,Z" "-v" "/var/lib/crater-agent-workspace/cargo-home:/opt/rustwide/cargo-home:ro,Z" "-v" "/var/lib/crater-agent-workspace/rustup-home:/opt/rustwide/rustup-home:ro,Z" "-m" "1610612736" "--network" "none" "ghcr.io/rust-lang/crates-build-env/linux@sha256:3111399a4047eeb3a02b7a90e478d715f38a8c6669b5c4b49d30a17385265909" "sleep" "infinity", kill_on_drop: false }`
[INFO] [stdout] e579f5749e47314a6a25a0935e7a430509f36be3c58848a19c2b4833a5c84287
[INFO] running `Command { std: "docker" "start" "e579f5749e47314a6a25a0935e7a430509f36be3c58848a19c2b4833a5c84287", kill_on_drop: false }`
[INFO] running `Command { std: "docker" "inspect" "e579f5749e47314a6a25a0935e7a430509f36be3c58848a19c2b4833a5c84287", kill_on_drop: false }`
[INFO] running `Command { std: "docker" "exec" "-e" "SOURCE_DIR=/opt/rustwide/workdir" "-e" "CARGO_HOME=/opt/rustwide/cargo-home" "-e" "RUSTUP_HOME=/opt/rustwide/rustup-home" "-e" "CARGO_TARGET_DIR=/opt/rustwide/target" "-w" "/opt/rustwide/workdir" "--user" "0:0" "e579f5749e47314a6a25a0935e7a430509f36be3c58848a19c2b4833a5c84287" "/opt/rustwide/cargo-home/bin/cargo" "+1.100.0-beta.1" "metadata" "--no-deps" "--format-version=1", kill_on_drop: false }`
[INFO] running `Command { std: "docker" "inspect" "e579f5749e47314a6a25a0935e7a430509f36be3c58848a19c2b4833a5c84287", kill_on_drop: false }`
[INFO] running `Command { std: "docker" "exec" "-e" "SOURCE_DIR=/opt/rustwide/workdir" "-e" "CARGO_HOME=/opt/rustwide/cargo-home" "-e" "RUSTUP_HOME=/opt/rustwide/rustup-home" "-e" "CARGO_TARGET_DIR=/opt/rustwide/target" "-e" "CARGO_INCREMENTAL=0" "-e" "RUST_BACKTRACE=full" "-e" "RUSTFLAGS=--cap-lints=warn" "-e" "RUSTDOCFLAGS=--cap-lints=warn" "-w" "/opt/rustwide/workdir" "--user" "0:0" "e579f5749e47314a6a25a0935e7a430509f36be3c58848a19c2b4833a5c84287" "/opt/rustwide/cargo-home/bin/cargo" "+1.100.0-beta.1" "build" "--frozen" "--message-format=json", kill_on_drop: false }`
[INFO] [stderr]    Compiling serde_core v1.0.229
[INFO] [stderr]    Compiling memchr v2.8.2
[INFO] [stderr]    Compiling winnow v1.0.3
[INFO] [stderr]    Compiling regex-syntax v0.8.11
[INFO] [stderr]    Compiling toml_datetime v1.1.1+spec-1.1.0
[INFO] [stderr]    Compiling simdutf8 v0.1.5
[INFO] [stderr]    Compiling bytemuck v1.25.0
[INFO] [stderr]    Compiling rust_decimal v1.42.1
[INFO] [stderr]    Compiling indexmap v2.14.0
[INFO] [stderr]    Compiling num-traits v0.2.19
[INFO] [stderr]    Compiling memoffset v0.9.1
[INFO] [stderr]    Compiling fnv v1.0.7
[INFO] [stderr]    Compiling bitmaps v3.2.1
[INFO] [stderr]    Compiling syn v2.0.117
[INFO] [stderr]    Compiling syn v3.0.2
[INFO] [stderr]    Compiling rand_core v0.9.5
[INFO] [stderr]    Compiling archery v1.2.2
[INFO] [stderr]    Compiling safe_arch v0.7.4
[INFO] [stderr]    Compiling rand_xoshiro v0.7.0
[INFO] [stderr]    Compiling arrayvec v0.7.6
[INFO] [stderr]    Compiling jiff-core v0.1.0
[INFO] [stderr]    Compiling countme v3.0.1
[INFO] [stderr]    Compiling hashbrown v0.14.5
[INFO] [stderr]    Compiling text-size v1.1.1
[INFO] [stderr]    Compiling rustc-hash v1.1.0
[INFO] [stderr]    Compiling wide v0.7.33
[INFO] [stderr]    Compiling imbl-sized-chunks v0.1.3
[INFO] [stderr]    Compiling aho-corasick v1.1.4
[INFO] [stderr]    Compiling rowan v0.17.0
[INFO] [stderr]    Compiling toml_parser v1.1.2+spec-1.1.0
[INFO] [stderr]    Compiling regex-automata v0.4.16
[INFO] [stderr]    Compiling toml_edit v0.25.12+spec-1.1.0
[INFO] [stderr]    Compiling serde_derive v1.0.229
[INFO] [stderr]    Compiling rkyv_derive v0.8.18
[INFO] [stderr]    Compiling proc-macro-crate v3.5.0
[INFO] [stderr]    Compiling serde_json v1.0.151
[INFO] [stderr]    Compiling jiff v0.2.35
[INFO] [stderr]    Compiling imbl v7.0.1
[INFO] [stderr]    Compiling serde v1.0.229
[INFO] [stderr]    Compiling ptr_meta_derive v0.3.1
[INFO] [stderr]    Compiling bytecheck_derive v0.8.2
[INFO] [stderr]    Compiling munge_macro v0.4.7
[INFO] [stderr]    Compiling rust_decimal_macros v1.40.0
[INFO] [stderr]    Compiling num_enum_derive v0.7.6
[INFO] [stderr]    Compiling logos-codegen v0.16.1
[INFO] [stderr]    Compiling ptr_meta v0.3.1
[INFO] [stderr]    Compiling rancor v0.1.1
[INFO] [stderr]    Compiling num_enum v0.7.6
[INFO] [stderr]    Compiling munge v0.4.7
[INFO] [stderr]    Compiling bytecheck v0.8.2
[INFO] [stderr]    Compiling rend v0.5.3
[INFO] [stderr]    Compiling logos-derive v0.16.1
[INFO] [stderr]    Compiling logos v0.16.1
[INFO] [stderr]    Compiling rkyv v0.8.18
[INFO] [stderr]    Compiling rustledger-core v0.24.0
[INFO] [stderr]    Compiling rustledger-parser v0.24.0 (/opt/rustwide/workdir)
[INFO] [stderr]     Finished `dev` profile [unoptimized + debuginfo] target(s) in 44.63s
[INFO] [stderr] warning: the following packages contain code that will be rejected by a future version of Rust: bytecheck v0.8.2, rkyv v0.8.18
[INFO] [stderr] note: to see what the problems were, use the option `--future-incompat-report`, or run `cargo report future-incompatibilities --id 3`
[INFO] running `Command { std: "docker" "inspect" "e579f5749e47314a6a25a0935e7a430509f36be3c58848a19c2b4833a5c84287", kill_on_drop: false }`
[INFO] running `Command { std: "docker" "exec" "-e" "SOURCE_DIR=/opt/rustwide/workdir" "-e" "CARGO_HOME=/opt/rustwide/cargo-home" "-e" "RUSTUP_HOME=/opt/rustwide/rustup-home" "-e" "CARGO_TARGET_DIR=/opt/rustwide/target" "-e" "CARGO_INCREMENTAL=0" "-e" "RUST_BACKTRACE=full" "-e" "RUSTFLAGS=--cap-lints=warn" "-e" "RUSTDOCFLAGS=--cap-lints=warn" "-w" "/opt/rustwide/workdir" "--user" "0:0" "e579f5749e47314a6a25a0935e7a430509f36be3c58848a19c2b4833a5c84287" "/opt/rustwide/cargo-home/bin/cargo" "+1.100.0-beta.1" "test" "--frozen" "--no-run" "--message-format=json", kill_on_drop: false }`
[INFO] [stderr]    Compiling zerocopy v0.8.52
[INFO] [stderr]    Compiling num-traits v0.2.19
[INFO] [stderr]    Compiling cc v1.2.64
[INFO] [stderr]    Compiling bitflags v2.13.0
[INFO] [stderr]    Compiling getrandom v0.3.4
[INFO] [stderr]    Compiling regex-automata v0.4.16
[INFO] [stderr]    Compiling zerocopy-derive v0.8.52
[INFO] [stderr]    Compiling crossbeam-epoch v0.9.20
[INFO] [stderr]    Compiling getrandom v0.4.2
[INFO] [stderr]    Compiling serde v1.0.229
[INFO] [stderr]    Compiling either v1.16.0
[INFO] [stderr]    Compiling fastrand v2.4.1
[INFO] [stderr]    Compiling wait-timeout v0.2.1
[INFO] [stderr]    Compiling bit-vec v0.8.0
[INFO] [stderr]    Compiling console v0.16.3
[INFO] [stderr]    Compiling rustix v1.1.4
[INFO] [stderr]    Compiling rand_core v0.9.5
[INFO] [stderr]    Compiling itertools v0.13.0
[INFO] [stderr]    Compiling page_size v0.6.0
[INFO] [stderr]    Compiling unarray v0.1.4
[INFO] [stderr]    Compiling similar v2.7.0
[INFO] [stderr]    Compiling rand_xoshiro v0.7.0
[INFO] [stderr]    Compiling rand_xorshift v0.4.0
[INFO] [stderr]    Compiling rand v0.9.4
[INFO] [stderr]    Compiling crossbeam-deque v0.8.6
[INFO] [stderr]    Compiling bit-set v0.8.0
[INFO] [stderr]    Compiling imbl v7.0.1
[INFO] [stderr]    Compiling rayon-core v1.13.0
[INFO] [stderr]    Compiling rayon v1.12.0
[INFO] [stderr]    Compiling plotters v0.3.7
[INFO] [stderr]    Compiling rust_decimal v1.42.1
[INFO] [stderr]    Compiling tinytemplate v1.2.1
[INFO] [stderr]    Compiling alloca v0.4.0
[INFO] [stderr]    Compiling blake3 v1.8.7
[INFO] [stderr]    Compiling criterion-plot v0.8.2
[INFO] [stderr]    Compiling tempfile v3.27.0
[INFO] [stderr]    Compiling rustledger-core v0.24.0
[INFO] [stderr]    Compiling regex v1.13.1
[INFO] [stderr]    Compiling rusty-fork v0.3.1
[INFO] [stderr]    Compiling insta v1.48.0
[INFO] [stderr]    Compiling logos-codegen v0.16.1
[INFO] [stderr]    Compiling logos-derive v0.16.1
[INFO] [stderr]    Compiling logos v0.16.1
[INFO] [stderr]    Compiling rustledger-parser v0.24.0 (/opt/rustwide/workdir)
[INFO] [stderr]    Compiling half v2.7.1
[INFO] [stderr]    Compiling ppv-lite86 v0.2.21
[INFO] [stderr]    Compiling ciborium-ll v0.2.2
[INFO] [stderr]    Compiling ciborium v0.2.2
[INFO] [stderr]    Compiling rand_chacha v0.9.0
[INFO] [stderr]    Compiling proptest v1.11.0
[INFO] [stderr]    Compiling criterion v0.8.2
[INFO] [stderr]     Finished `test` profile [unoptimized + debuginfo] target(s) in 55.59s
[INFO] [stderr] warning: the following packages contain code that will be rejected by a future version of Rust: bytecheck v0.8.2, rkyv v0.8.18
[INFO] [stderr] note: to see what the problems were, use the option `--future-incompat-report`, or run `cargo report future-incompatibilities --id 3`
[INFO] running `Command { std: "docker" "inspect" "e579f5749e47314a6a25a0935e7a430509f36be3c58848a19c2b4833a5c84287", kill_on_drop: false }`
[INFO] running `Command { std: "docker" "exec" "-e" "SOURCE_DIR=/opt/rustwide/workdir" "-e" "CARGO_HOME=/opt/rustwide/cargo-home" "-e" "RUSTUP_HOME=/opt/rustwide/rustup-home" "-e" "CARGO_TARGET_DIR=/opt/rustwide/target" "-e" "CARGO_INCREMENTAL=0" "-e" "RUST_BACKTRACE=full" "-e" "RUSTFLAGS=--cap-lints=warn" "-e" "RUSTDOCFLAGS=--cap-lints=warn" "-w" "/opt/rustwide/workdir" "--user" "0:0" "e579f5749e47314a6a25a0935e7a430509f36be3c58848a19c2b4833a5c84287" "/opt/rustwide/cargo-home/bin/cargo" "+1.100.0-beta.1" "test" "--frozen", kill_on_drop: false }`
[INFO] [stderr]     Finished `test` profile [unoptimized + debuginfo] target(s) in 0.28s
[INFO] [stderr] warning: the following packages contain code that will be rejected by a future version of Rust: bytecheck v0.8.2, rkyv v0.8.18
[INFO] [stderr] note: to see what the problems were, use the option `--future-incompat-report`, or run `cargo report future-incompatibilities --id 3`
[INFO] [stderr]      Running unittests src/lib.rs (/opt/rustwide/target/debug/build/rustledger-parser/a482f228acc08fe7/out/rustledger_parser-a482f228acc08fe7)
[INFO] [stdout] 
[INFO] [stdout] running 346 tests
[INFO] [stdout] test bom::tests::strip_leading_only_strips_one_bom ... ok
[INFO] [stdout] test bom::tests::strip_leading_strict_byte_0 ... ok
[INFO] [stdout] test bom::tests::strip_then_restore_round_trip ... ok
[INFO] [stdout] test bom::tests::restore_leading_idempotent_when_already_present ... ok
[INFO] [stdout] test cached_syntax_root_matches_fresh_parse::simple_directive ... ok
[INFO] [stdout] test bom::tests::restore_leading_prepends_when_requested ... ok
[INFO] [stdout] test bom::tests::strip_leading_does_not_match_after_whitespace ... ok
[INFO] [stdout] test bom::tests::strip_leading_no_bom_passthrough ... ok
[INFO] [stdout] test canonical_payload_determinism::serde_json_object_is_sorted ... ok
[INFO] [stdout] test bom::tests::restore_leading_noop_when_flag_false ... ok
[INFO] [stdout] test bom::tests::bom_len_matches_utf8_encoding ... ok
[INFO] [stdout] test canonical_payload_excludes_syntax_root::mutating_syntax_root_does_not_change_canonical_payload ... ok
[INFO] [stdout] test cst::convert::custom_rejected_values::valid_custom_values_survive_alongside_a_rejected_one ... ok
[INFO] [stdout] test cached_syntax_root_matches_fresh_parse::with_metadata_and_comments ... ok
[INFO] [stdout] test cst::convert::custom_rejected_values::a_tag_is_still_a_valid_metadata_value ... ok
[INFO] [stdout] test cst::convert::custom_rejected_values::a_rejected_custom_value_is_not_emitted ... ok
[INFO] [stdout] test cached_syntax_root_matches_fresh_parse::with_parse_errors ... ok
[INFO] [stdout] test canonical_payload_excludes_alignment::parse_leaves_the_alignment_uncomputed_until_asked ... ok
[INFO] [stdout] test cached_syntax_root_matches_fresh_parse::empty_source ... ok
[INFO] [stdout] test canonical_payload_excludes_alignment::mutating_alignment_does_not_change_canonical_payload ... ok
[INFO] [stdout] test cst::convert::tests::arithmetic_overflow_in_amount_emits_diagnostic ... ok
[INFO] [stdout] test cst::convert::tests::a_posting_flag_is_not_an_orphaned_amount_prefix ... ok
[INFO] [stdout] test cst::convert::tests::a_trailing_currency_closes_the_value_scan ... ok
[INFO] [stdout] test cst::convert::tests::account_occurrences_policy_for_failing_directives ... ok
[INFO] [stdout] test cached_syntax_root_matches_fresh_parse::every_directive_shape ... ok
[INFO] [stdout] test cst::convert::tests::balance_directive_basic ... ok
[INFO] [stdout] test cst::convert::tests::balance_directive_with_explicit_tolerance ... ok
[INFO] [stdout] test cst::convert::tests::balance_directive_without_amount_emits_error ... ok
[INFO] [stdout] test cst::convert::tests::bom_offset_is_included_in_spans ... ok
[INFO] [stdout] test cst::convert::tests::close_directive_basic ... ok
[INFO] [stdout] test cst::convert::tests::comments_dont_leak_across_failed_posting ... ok
[INFO] [stdout] test cst::convert::tests::commodity_directive_basic ... ok
[INFO] [stdout] test cst::convert::tests::body_line_tag_does_not_drop_following_postings_comment ... ok
[INFO] [stdout] test cst::convert::tests::cost_spec_latches_the_first_date_label_and_currency ... ok
[INFO] [stdout] test cst::convert::tests::balance_assertion_evaluates_arithmetic_value ... ok
[INFO] [stdout] test cst::convert::tests::cost_spec_n_hash_t_parses_as_compound ... ok
[INFO] [stdout] test cst::convert::tests::cost_spec_latch_closes_on_an_unparsable_first_token ... ok
[INFO] [stdout] test cst::convert::tests::custom_directive_basic ... ok
[INFO] [stdout] test cst::convert::tests::cost_spec_merge_flag_is_decided_by_the_first_token_after_an_opener ... ok
[INFO] [stdout] test cst::convert::tests::ast_is_merge_agrees_with_the_converted_cost_spec ... ok
[INFO] [stdout] test cst::convert::tests::custom_directive_with_amount_no_error ... ok
[INFO] [stdout] test cst::convert::tests::custom_directive_values_advance_one_value_at_a_time ... ok
[INFO] [stdout] test cst::convert::tests::custom_directive_heterogeneous_values ... ok
[INFO] [stdout] test cst::convert::tests::custom_values_terminate_on_a_long_run ... ok
[INFO] [stdout] test cst::convert::tests::custom_directive_scan_skips_the_header_and_non_values ... ok
[INFO] [stdout] test cst::convert::tests::custom_directive_with_bare_currency_emits_error ... ok
[INFO] [stdout] test cst::convert::tests::date_with_completely_invalid_value_still_emits_error ... ok
[INFO] [stdout] test cst::convert::tests::date_with_invalid_leap_year_emits_invalid_date_value ... ok
[INFO] [stdout] test cst::convert::tests::date_with_month_out_of_range_emits_invalid_date_value ... ok
[INFO] [stdout] test cst::convert::tests::date_with_single_digit_day_parses ... ok
[INFO] [stdout] test cst::convert::tests::date_with_single_digit_month_parses ... ok
[INFO] [stdout] test cst::convert::tests::date_with_single_digit_month_and_day_parses ... ok
[INFO] [stdout] test cst::convert::tests::document_directive_preserves_tags_and_links ... ok
[INFO] [stdout] test cst::convert::tests::error_recovery_classifies_bom_in_directive_body ... ok
[INFO] [stdout] test cst::convert::tests::document_directive_basic ... ok
[INFO] [stdout] test cst::convert::tests::diagnostic_spans_point_at_the_offending_text_with_and_without_a_bom ... ok
[INFO] [stdout] test cst::convert::tests::error_recovery_emits_both_invalid_account_and_bom_for_dual_line ... ok
[INFO] [stdout] test cst::convert::tests::event_directive_basic ... ok
[INFO] [stdout] test cst::convert::tests::include_directive_populates_includes_field ... ok
[INFO] [stdout] test cst::convert::tests::incomplete_open_at_eof_emits_error ... ok
[INFO] [stdout] test cst::convert::tests::error_recovery_classifies_unicode_account ... ok
[INFO] [stdout] test cst::convert::tests::indented_directive_after_blank_line_still_emits_error ... ok
[INFO] [stdout] test cst::convert::tests::indented_top_level_directive_emits_error ... ok
[INFO] [stdout] test cst::convert::tests::invalid_popmeta_on_mismatch_emits_diagnostic ... ok
[INFO] [stdout] test cst::convert::tests::invalid_poptag_on_mismatch_emits_diagnostic ... ok
[INFO] [stdout] test cst::convert::tests::leading_decimal_in_posting_amount_emits_error ... ok
[INFO] [stdout] test cst::convert::tests::merge_flag_ignores_tokens_before_the_opener ... ok
[INFO] [stdout] test cst::convert::tests::metadata_latches_the_first_token_of_each_kind ... ok
[INFO] [stdout] test cst::convert::tests::metadata_latches_bool_and_taglink_in_either_order ... ok
[INFO] [stdout] test cst::convert::tests::open_directive_basic ... ok
[INFO] [stdout] test cst::convert::tests::number_meta_value_int_vs_decimal_discriminator ... ok
[INFO] [stdout] test cst::convert::tests::note_directive_basic ... ok
[INFO] [stdout] test cst::convert::tests::open_directive_with_lowercase_account_emits_error ... ok
[INFO] [stdout] test cst::convert::tests::metadata_minus_applies_only_before_the_number ... ok
[INFO] [stdout] test cst::convert::tests::open_directive_with_currencies_and_booking ... ok
[INFO] [stdout] test cst::convert::tests::open_directive_with_metadata ... ok
[INFO] [stdout] test cst::convert::tests::metadata_values_cover_every_kind ... ok
[INFO] [stdout] test cst::convert::tests::open_directive_without_account_emits_error ... ok
[INFO] [stdout] test cst::convert::tests::negative_numbers_in_price_and_balance_keep_their_sign ... ok
[INFO] [stdout] test cst::convert::tests::open_directive_accepts_all_valid_booking_methods ... ok
[INFO] [stdout] test cst::convert::tests::option_directive_populates_options_field ... ok
[INFO] [stdout] test cst::convert::tests::open_directive_rejects_invalid_booking_method ... ok
[INFO] [stdout] test cst::convert::tests::orphan_detection_ignores_pre_account_and_non_sign_tokens ... ok
[INFO] [stdout] test cst::convert::tests::oversized_number_in_amount_emits_diagnostic ... ok
[INFO] [stdout] test cst::convert::tests::pad_directive_without_source_account_emits_error ... ok
[INFO] [stdout] test cst::convert::tests::plugin_directive_without_config ... ok
[INFO] [stdout] test cst::convert::tests::posting_amount_diagnostics_point_at_the_offending_amount ... ok
[INFO] [stdout] test cst::convert::tests::posting_amount_evaluates_addition_and_multiplication_precedence ... ok
[INFO] [stdout] test cst::convert::tests::plugin_directive_with_config ... ok
[INFO] [stdout] test cst::convert::tests::posting_amount_evaluates_parens_override_precedence ... ok
[INFO] [stdout] test cst::convert::tests::price_and_balance_fallback_re_signs_a_leading_minus ... ok
[INFO] [stdout] test cst::convert::tests::price_base_currency_before_the_number_is_not_a_malformed_value ... ok
[INFO] [stdout] test cst::convert::tests::price_directive_basic ... ok
[INFO] [stdout] test cst::convert::tests::posting_amount_evaluates_division ... ok
[INFO] [stdout] test cst::convert::tests::posting_amount_evaluates_subtraction_left_associative ... ok
[INFO] [stdout] test cst::convert::tests::price_directive_evaluates_arithmetic_value ... ok
[INFO] [stdout] test cst::convert::tests::posting_with_two_amount_siblings_emits_error_and_keeps_first ... ok
[INFO] [stdout] test cst::convert::tests::posting_trailing_comment_is_captured ... ok
[INFO] [stdout] test cst::convert::tests::pushmeta_shadow_pop_restores_prior_value ... ok
[INFO] [stdout] test cst::convert::tests::query_directive_basic ... ok
[INFO] [stdout] test cst::convert::tests::spans_end_at_the_next_input_directive_even_when_it_is_filtered_out ... ok
[INFO] [stdout] test cst::convert::tests::red_path_matches_green_on_posting_comments_and_orphan_detection ... ok
[INFO] [stdout] test cst::convert::tests::top_level_directive_at_column_0_no_diagnostic ... ok
[INFO] [stdout] test cst::convert::tests::transaction_basic_two_postings ... ok
[INFO] [stdout] test cst::convert::tests::transaction_implied_flag_via_leading_string ... ok
[INFO] [stdout] test cst::convert::tests::transaction_narration_only_no_payee ... ok
[INFO] [stdout] test cst::convert::tests::transaction_trailing_comments_after_final_posting ... ok
[INFO] [stdout] test cst::convert::tests::transaction_three_plus_header_strings_surface_last_as_narration ... ok
[INFO] [stdout] test cst::convert::tests::transaction_with_cost_spec_total ... ok
[INFO] [stdout] test cst::convert::tests::transaction_with_cost_spec_per_unit ... ok
[INFO] [stdout] test cst::convert::tests::transaction_with_metadata_on_directive_and_posting ... ok
[INFO] [stdout] test cst::convert::tests::transaction_with_pipe_emits_deprecated_pipe_symbol ... ok
[INFO] [stdout] test cst::convert::tests::transaction_with_posting_flag ... ok
[INFO] [stdout] test cst::convert::tests::pad_directive_basic ... ok
[INFO] [stdout] test cst::convert::tests::transaction_with_price_annotation_total ... ok
[INFO] [stdout] test cst::convert::tests::transaction_with_signed_amount ... ok
[INFO] [stdout] test cst::convert::tests::transaction_with_price_annotation_unit ... ok
[INFO] [stdout] test cst::convert::tests::transaction_with_tags_and_links ... ok
[INFO] [stdout] test cst::convert::tests::unclosed_pushmeta_at_eof_emits_diagnostic ... ok
[INFO] [stdout] test cst::convert::tests::unclosed_pushtag_at_eof_emits_diagnostic ... ok
[INFO] [stdout] test cst::convert::tests::unclosed_cost_brace_emits_error ... ok
[INFO] [stdout] test cst::convert::tests::unclosed_cost_brace_at_eof_emits_error ... ok
[INFO] [stdout] test cst::cost_spec_shape::tests::arithmetic_inside_a_component_is_valid ... ok
[INFO] [stdout] test cst::cost_spec_shape::tests::double_brace_total_cost_is_valid ... ok
[INFO] [stdout] test cst::cost_spec_shape::tests::empty_components_are_rejected ... ok
[INFO] [stdout] test cst::cost_spec_shape::tests::empty_cost_spec_is_valid ... ok
[INFO] [stdout] test cst::cost_spec_shape::tests::currency_only_is_left_to_the_booker ... ok
[INFO] [stdout] test cst::cost_spec_shape::tests::two_currencies_in_one_component_are_rejected ... ok
[INFO] [stdout] test cst::cost_spec_shape::tests::junk_after_a_complete_component_is_rejected ... ok
[INFO] [stdout] test cst::cost_spec_shape::tests::ordinary_specs_are_valid ... ok
[INFO] [stdout] test cst::format::tests::a_context_that_groups_nothing_yields_the_default_style ... ok
[INFO] [stdout] test cst::format::tests::a_single_commodity_can_opt_in ... ok
[INFO] [stdout] test cst::format::tests::balance_arithmetic_canonical ... ok
[INFO] [stdout] test cst::format::tests::balance_canonical ... ok
[INFO] [stdout] test cst::format::tests::balance_price_preserve_leading_unary_and_parens ... ok
[INFO] [stdout] test cst::format::tests::bare_cr_line_endings_normalized_to_lf_before_parse ... ok
[INFO] [stdout] test cst::format::tests::balance_with_tolerance_canonical ... ok
[INFO] [stdout] test cst::format::tests::balance_tolerance_is_emitted_exactly_once ... ok
[INFO] [stdout] test cst::format::tests::blank_lines_between_directives_preserved ... ok
[INFO] [stdout] test cst::format::tests::cr_outside_strings_present_distinguishes_in_string_cr ... ok
[INFO] [stdout] test cst::format::tests::canonicalize_directives_directive_count_mismatch_is_reported ... ok
[INFO] [stdout] test cst::format::tests::close_directive_canonical ... ok
[INFO] [stdout] test cst::format::tests::canonicalize_directives_honors_number_display_context ... ok
[INFO] [stdout] test cst::format::tests::canonicalize_pads_costs_and_prices_and_agrees_with_pass_one ... ok
[INFO] [stdout] test cst::format::tests::cost_spec_negative_cost_stays_tight ... ok
[INFO] [stdout] test cst::format::tests::canonicalize_directives_positive_count_check ... ok
[INFO] [stdout] test cst::format::tests::cost_spec_arithmetic_with_unary_stays_tight ... ok
[INFO] [stdout] test cst::format::tests::cost_spec_per_unit_plus_total_opener_preserved ... ok
[INFO] [stdout] test cst::format::tests::crlf_input_canonicalizes_to_lf ... ok
[INFO] [stdout] test cst::format::tests::commodity_directive_canonical ... ok
[INFO] [stdout] test cst::format::tests::cost_spec_comma_stays_tight_to_prev_token ... ok
[INFO] [stdout] test cst::format::tests::canonicalizing_typed_directives_keeps_tags_and_links ... ok
[INFO] [stdout] test cst::format::tests::custom_directive_preserves_date_value_arguments ... ok
[INFO] [stdout] test cst::format::tests::default_formatting_still_strips_separators ... ok
[INFO] [stdout] test cst::format::tests::file_level_adjacent_comments_stay_tight ... ok
[INFO] [stdout] test cst::format::tests::empty_input_yields_single_newline ... ok
[INFO] [stdout] test cst::format::tests::event_canonical ... ok
[INFO] [stdout] test cst::format::tests::directive_variant_fixture_names_resolve_in_matrix ... ok
[INFO] [stdout] test cst::format::tests::format_node_equals_format_node_with_alignment ... ok
[INFO] [stdout] test cst::format::tests::format_node_range_bails_when_snap_covers_error_node ... ok
[INFO] [stdout] test cst::format::tests::format_node_range_cursor_inside_directive ... ok
[INFO] [stdout] test cst::format::tests::format_node_range_error_node_only_returns_none ... ok
[INFO] [stdout] test cst::format::tests::format_node_range_first_directive_in_snap_keeps_leading_blank ... ok
[INFO] [stdout] test cst::format::tests::format_node_range_full_range_matches_format_node ... ok
[INFO] [stdout] test cst::format::tests::format_node_range_formats_directive_when_snap_does_not_cover_error_node ... ok
[INFO] [stdout] test cst::format::tests::format_node_range_includes_top_level_comments ... ok
[INFO] [stdout] test cst::format::tests::format_node_range_cursor_in_posting_snaps_to_transaction ... ok
[INFO] [stdout] test cst::format::tests::format_node_range_multi_directive_preserves_blank_lines ... ok
[INFO] [stdout] test cst::format::tests::format_node_range_past_eof_clamps ... ok
[INFO] [stdout] test cst::format::tests::format_node_range_single_directive ... ok
[INFO] [stdout] test cst::format::tests::format_node_range_trivia_only_returns_none ... ok
[INFO] [stdout] test cst::format::tests::format_node_range_cursor_at_directive_start_includes_directive ... ok
[INFO] [stdout] test cst::convert::tests::posting_amount_division_by_zero_drops_number ... ok
[INFO] [stdout] test cst::format::tests::format_node_range_matches_format_node_range_with_alignment ... ok
[INFO] [stdout] test cst::format::tests::document_with_tags_and_links_canonical ... ok
[INFO] [stdout] test cst::format::tests::formatting_preserves_a_notes_tags_and_links ... ok
[INFO] [stdout] test cst::format::tests::idempotent_on_canonical_input ... ok
[INFO] [stdout] test cst::format::tests::include_canonical ... ok
[INFO] [stdout] test cst::format::tests::grouping_converges_from_either_direction ... ok
[INFO] [stdout] test cst::format::tests::idempotence_matrix_mirrors_format_compat_pairs ... ok
[INFO] [stdout] test cst::format::tests::issue_1321_comment_before_document_keeps_tags ... ok
[INFO] [stdout] test cst::format::tests::issue_1321_comment_before_transaction_keeps_header_tags ... ok
[INFO] [stdout] test cst::format::tests::format_source_with_parsed_matches_format_source ... ok
[INFO] [stdout] test cst::format::tests::issue_1321_document_tags_links_idempotent_across_directives ... ok
[INFO] [stdout] test cst::format::tests::grouped_formatting_aligns_and_is_idempotent ... ok
[INFO] [stdout] test cst::format::tests::issue_1321_header_tags_links_idempotent_across_transactions ... ok
[INFO] [stdout] test cst::format::tests::grouping_is_resolved_per_commodity ... ok
[INFO] [stdout] test cst::format::tests::crlf_to_lf_preserves_crlf_inside_strings ... ok
[INFO] [stdout] test cst::format::tests::issue_1332_body_comments_in_metadata_preserved ... ok
[INFO] [stdout] test cst::format::tests::issue_1335_blank_lines_around_org_header_preserved ... ok
[INFO] [stdout] test cst::format::tests::custom_canonical ... ok
[INFO] [stdout] test cst::format::tests::lf_to_crlf_outside_strings_handles_emacs_directive_with_quote ... ok
[INFO] [stdout] test cst::format::tests::issue_1335_org_header_then_directive_keeps_header ... ok
[INFO] [stdout] test cst::format::tests::lf_to_crlf_outside_strings_handles_percent_comment_with_quote ... ok
[INFO] [stdout] test cst::format::tests::issue_1332_body_comments_between_postings_preserved ... ok
[INFO] [stdout] test cst::format::tests::lf_to_crlf_outside_strings_preserves_string_interior ... ok
[INFO] [stdout] test cst::format::tests::lf_to_crlf_outside_strings_handles_comment_with_quote ... ok
[INFO] [stdout] test cst::format::tests::metadata_number_thousands_separator_stripped ... ok
[INFO] [stdout] test cst::format::tests::metadata_value_with_unary_minus_stays_tight ... ok
[INFO] [stdout] test cst::format::tests::canonicalize_directives_roundtrips_every_synthesized_directive ... ok
[INFO] [stdout] test cst::format::tests::metadata_internal_whitespace_normalized ... ok
[INFO] [stdout] test cst::format::tests::open_currency_list_stays_comma_separated ... ok
[INFO] [stdout] test cst::format::tests::open_with_currencies_and_booking_canonical ... ok
[INFO] [stdout] test cst::format::tests::pad_canonical ... ok
[INFO] [stdout] test cst::format::tests::option_canonical ... ok
[INFO] [stdout] test cst::format::tests::issue_1337_posting_internal_comments_preserved ... ok
[INFO] [stdout] test cst::format::tests::lf_to_crlf_outside_strings_hash_mid_line_is_not_comment ... ok
[INFO] [stdout] test cst::format::tests::lf_to_crlf_outside_strings_handles_shebang_with_quote ... ok
[INFO] [stdout] test cst::format::tests::open_directive_canonical ... ok
[INFO] [stdout] test cst::format::tests::metadata_value_with_unary_plus_stays_tight ... ok
[INFO] [stdout] test cst::format::tests::issue_1335_org_headers_and_grouped_comments_preserved ... ok
[INFO] [stdout] test cst::format::tests::plugin_canonical_with_config ... ok
[INFO] [stdout] test cst::format::tests::note_canonical ... ok
[INFO] [stdout] test cst::format::tests::plugin_canonical_without_config ... ok
[INFO] [stdout] test cst::format::tests::price_canonical_strips_thousands_separators ... ok
[INFO] [stdout] test cst::format::tests::grouped_output_reparses_to_the_same_values ... ok
[INFO] [stdout] test cst::format::tests::pushmeta_popmeta_canonical ... ok
[INFO] [stdout] test cst::format::tests::query_canonical ... ok
[INFO] [stdout] test cst::format::tests::price_arithmetic_canonicalizes_spacing ... ok
[INFO] [stdout] test cst::format::tests::pushtag_poptag_canonical ... ok
[INFO] [stdout] test cst::format::tests::canonicalizing_every_fixture_preserves_the_model ... ok
[INFO] [stdout] test cst::format::tests::parse_result_alignment_drives_identical_format_output ... ok
[INFO] [stdout] test cst::format::tests::transaction_auto_balance_posting_no_amount ... ok
[INFO] [stdout] test cst::format::tests::trailing_comment_preserved_at_eof_without_newline ... ok
[INFO] [stdout] test cst::format::tests::trailing_newline_always_present ... ok
[INFO] [stdout] test cst::format::tests::transaction_elided_posting_does_not_widen_amount_column ... ok
[INFO] [stdout] test cst::format::tests::transaction_currency_only_posting_does_not_widen_amount_column ... ok
[INFO] [stdout] test cst::format::tests::transaction_file_wide_alignment_across_transactions ... ok
[INFO] [stdout] test cst::format::tests::source_state_classification_agrees_with_lexer ... ok
[INFO] [stdout] test cst::format::tests::transaction_header_tags_and_links ... ok
[INFO] [stdout] test cst::format::tests::transaction_arithmetic_amount ... ok
[INFO] [stdout] test cst::format::tests::transaction_idempotent ... ok
[INFO] [stdout] test cst::format::tests::formatting_preserves_the_tolerance_value ... ok
[INFO] [stdout] test cst::format::tests::transaction_posting_with_flag ... ok
[INFO] [stdout] test cst::format::tests::transaction_payee_and_narration ... ok
[INFO] [stdout] test cst::format::tests::transaction_strips_thousands_separators_in_postings ... ok
[INFO] [stdout] test cst::format::tests::transaction_posting_metadata_indented_four ... ok
[INFO] [stdout] test cst::format::tests::transaction_long_elided_account_matches_bean_format ... ok
[INFO] [stdout] test cst::format::tests::transaction_posting_with_total_price ... ok
[INFO] [stdout] test cst::format::tests::transaction_minimal_two_postings_aligns_amounts ... ok
[INFO] [stdout] test cst::format::tests::transaction_negative_amount ... ok
[INFO] [stdout] test cst::format::tests::transaction_posting_with_cost_spec ... ok
[INFO] [stdout] test cst::format::tests::transaction_pending_flag ... ok
[INFO] [stdout] test cst::format::tests::transaction_posting_with_total_cost_spec ... ok
[INFO] [stdout] test cst::format::tests::transaction_posting_with_per_unit_price ... ok
[INFO] [stdout] test cst::format::tests::issue_2142_numberless_posting_keeps_currency_cost_and_price ... ok
[INFO] [stdout] test cst::format::tests::transaction_txn_keyword_normalized_to_star ... ok
[INFO] [stdout] test cst::format::tests::try_format_source_returns_err_on_parse_error ... ok
[INFO] [stdout] test cst::green::child_tokens_offsets::a_child_node_advances_the_offset_for_later_tokens ... ok
[INFO] [stdout] test cst::green::negative_zero_tests::a_literal_negative_amount_keeps_its_sign ... ok
[INFO] [stdout] test cst::format::tests::try_format_source_returns_ok_on_clean_input ... ok
[INFO] [stdout] test cst::green::tests::green_node_spans_match_red ... ok
[INFO] [stdout] test cst::green::negative_zero_tests::a_literal_negative_zero_loads_unsigned ... ok
[INFO] [stdout] test cst::lossless_tokens::tests::directive_tiles_source ... ok
[INFO] [stdout] test cst::green::tests::green_txn_header_matches_red ... ok
[INFO] [stdout] test cst::lossless_tokens::tests::bom_recovered_as_first_token ... ok
[INFO] [stdout] test cst::lossless_tokens::tests::empty_source ... ok
[INFO] [stdout] test cst::lossless_tokens::tests::whitespace_only ... ok
[INFO] [stdout] test cst::green::tests::green_simple_posting_matches_red ... ok
[INFO] [stdout] test cst::parser::tests::empty_source ... ok
[INFO] [stdout] test cst::parser::tests::full_directive_round_trips ... ok
[INFO] [stdout] test cst::syntax_kind::tests::is_trivia_excludes_error_token ... ok
[INFO] [stdout] test cst::parser::tests::no_trailing_newline_round_trips ... ok
[INFO] [stdout] test cst::syntax_kind::tests::nodes_are_not_tokens ... ok
[INFO] [stdout] test cst::parser::tests::bom_round_trips ... ok
[INFO] [stdout] test cst::parser::tests::line_comment_round_trips ... ok
[INFO] [stdout] test cst::parser::tests::whitespace_only ... ok
[INFO] [stdout] test cst::parser::tests::is_comment_token_covers_all_comment_class_trivia ... ok
[INFO] [stdout] test cst::parser::tests::root_kind_is_source_file ... ok
[INFO] [stdout] test cst::format::tests::formatting_preserves_the_parsed_directives ... ok
[INFO] [stdout] test cst::syntax_kind::tests::rowan_language_round_trip ... ok
[INFO] [stdout] test cst::syntax_kind::tests::every_kind_partitions_token_xor_node ... ok
[INFO] [stdout] test cst::syntax_kind::tests::tokens_are_tokens ... ok
[INFO] [stdout] test cst::trivia::tests::adjacent_directives_no_blank_line ... ok
[INFO] [stdout] test cst::trivia::tests::emacs_directive_obeys_file_leading_rule ... ok
[INFO] [stdout] test cst::trivia::tests::rule_1_plus_rule_5_unterminated_directive_with_same_line_trailing ... ok
[INFO] [stdout] test cst::trivia::tests::percent_comment_obeys_directive_terminator_rule ... ok
[INFO] [stdout] test cst::trivia::tests::empty_file ... ok
[INFO] [stdout] test cst::trivia::tests::file_with_only_trivia ... ok
[INFO] [stdout] test cst::trivia::tests::all_rules_combined ... ok
[INFO] [stdout] test cst::format::tests::idempotence_matrix ... ok
[INFO] [stdout] test cst::trivia::tests::rule_3_copyright_header_under_source_file ... ok
[INFO] [stdout] test cst::trivia::tests::rule_4_trailing_comment_block_under_source_file ... ok
[INFO] [stdout] test error::tests::every_kind_sample_covers_every_variant ... ok
[INFO] [stdout] test cst::trivia::tests::rule_1_same_line_trailing_inside_preceding_directive ... ok
[INFO] [stdout] test cst::txn_header::tests::two_strings_is_not_too_many ... ok
[INFO] [stdout] test cst::trivia::tests::rule_5_unterminated_final_directive ... ok
[INFO] [stdout] test cst::trivia::tests::rule_2_blank_line_leads_following_directive ... ok
[INFO] [stdout] test cst::txn_header::tests::rejects_a_string_after_a_tag ... ok
[INFO] [stdout] test error::tests::test_kind_codes ... ok
[INFO] [stdout] test cst::trivia::tests::rule_3_bom_and_shebang_under_source_file ... ok
[INFO] [stdout] test error::tests::test_parse_error_with_context ... ok
[INFO] [stdout] test logos_lexer::tests::err_layout_transparency_all_bom_span_mismatch_is_noop ... ok
[INFO] [stdout] test error::tests::test_parse_error_with_hint ... ok
[INFO] [stdout] test logos_lexer::tests::err_layout_transparency_all_bom_not_at_line_start_is_noop ... ok
[INFO] [stdout] test logos_lexer::tests::err_layout_transparency_bom_flanking_non_bom_clobbers ... ok
[INFO] [stdout] test error::tests::test_parse_error_display_with_context ... ok
[INFO] [stdout] test error::tests::test_parse_error_is_error_trait ... ok
[INFO] [stdout] test error::tests::test_parse_error_new ... ok
[INFO] [stdout] test cst::txn_header::tests::reports_only_the_first_defect ... ok
[INFO] [stdout] test logos_lexer::tests::err_layout_transparency_coalesced_bom_with_trailing_content ... ok
[INFO] [stdout] test cst::txn_header::tests::accepts_single_char_currency_as_a_flag_but_not_elsewhere ... ok
[INFO] [stdout] test cst::txn_header::tests::rejects_more_than_two_strings ... ok
[INFO] [stdout] test cst::txn_header::tests::accepts_the_canonical_shapes ... ok
[INFO] [stdout] test cst::txn_header::tests::ignores_the_deprecated_pipe ... ok
[INFO] [stdout] test error::tests::test_error_labels ... ok
[INFO] [stdout] test logos_lexer::tests::err_layout_transparency_bom_head_non_bom_tail_clobbers ... ok
[INFO] [stdout] test logos_lexer::tests::err_layout_transparency_coalesced_double_bom_at_line_start ... ok
[INFO] [stdout] test logos_lexer::tests::test_mid_file_bom_at_line_start_preserves_following_indent ... ok
[INFO] [stdout] test logos_lexer::tests::err_layout_transparency_non_bom_clobbers ... ok
[INFO] [stdout] test logos_lexer::tests::test_single_char_currency_is_txn_flag ... ok
[INFO] [stdout] test logos_lexer::tests::err_layout_transparency_non_bom_head_clobbers ... ok
[INFO] [stdout] test logos_lexer::tests::test_tokenize_account ... ok
[INFO] [stdout] test error::tests::test_error_messages ... ok
[INFO] [stdout] test logos_lexer::tests::is_valid_account_name_matches_lexer_rule ... ok
[INFO] [stdout] test logos_lexer::tests::test_display_token_error_strips_embedded_bom ... ok
[INFO] [stdout] test logos_lexer::tests::test_consecutive_mid_file_boms_preserve_layout ... ok
[INFO] [stdout] test logos_lexer::tests::test_tokenize_currency ... ok
[INFO] [stdout] test logos_lexer::tests::test_tokenize_date ... ok
[INFO] [stdout] test logos_lexer::tests::test_tokenize_account_unicode ... ok
[INFO] [stdout] test logos_lexer::tests::test_tokenize_metadata_key ... ok
[INFO] [stdout] test logos_lexer::tests::err_layout_transparency_bom_only_in_any_arrangement_preserves ... ok
[INFO] [stdout] test logos_lexer::tests::test_tokenize_mid_file_bom_falls_into_error_path ... ok
[INFO] [stdout] test logos_lexer::tests::test_tokenize_date_single_digit_day ... ok
[INFO] [stdout] test logos_lexer::tests::test_tokenize_date_single_digit_month_and_day ... ok
[INFO] [stdout] test logos_lexer::tests::test_tokenize_date_slash_separator_single_digit ... ok
[INFO] [stdout] test logos_lexer::tests::test_tokenize_keywords ... ok
[INFO] [stdout] test logos_lexer::tests::test_tokenize_number ... ok
[INFO] [stdout] test logos_lexer::tests::test_tokenize_punctuation ... ok
[INFO] [stdout] test parse_result_alignment_cache::multi_transaction_varying_widths ... ok
[INFO] [stdout] test logos_lexer::tests::test_tokenize_single_char_currency ... ok
[INFO] [stdout] test logos_lexer::tests::test_tokenize_tag_and_link ... ok
[INFO] [stdout] test parse_result_alignment_cache::open_only_no_postings ... ok
[INFO] [stdout] test parse_result_alignment_cache::empty_source ... ok
[INFO] [stdout] test logos_lexer::tests::test_tokenize_transaction_line ... ok
[INFO] [stdout] test parse_result_alignment_cache::single_transaction ... ok
[INFO] [stdout] test logos_lexer::tests::test_tokenize_comment ... ok
[INFO] [stdout] test parse_result_alignment_cache::arithmetic_amounts ... ok
[INFO] [stdout] test logos_lexer::tests::test_tokenize_account_unicode_letters_after_ascii_start ... ok
[INFO] [stdout] test logos_lexer::tests::test_tokenize_date_single_digit_month ... ok
[INFO] [stdout] test logos_lexer::tests::test_tokenize_indentation ... ok
[INFO] [stdout] test parse_result_alignment_cache::parse_errors ... ok
[INFO] [stdout] test parse_result_alignment_cache::mid_transaction_error_node ... ok
[INFO] [stdout] test logos_lexer::tests::test_tokenize_string ... ok
[INFO] [stdout] test cst::green::tests::parse_green_eq_red_corpus ... ok
[INFO] [stdout] test cst::format::tests::format_source_with_parsed_panics_on_length_mismatch - should panic ... ok
[INFO] [stdout] 
[INFO] [stdout] test result: ok. 346 passed; 0 failed; 0 ignored; 0 measured; 0 filtered out; finished in 0.15s
[INFO] [stdout] 
[INFO] [stderr]      Running tests/ast.rs (/opt/rustwide/target/debug/build/rustledger-parser/a882d78ba308fa42/out/ast-a882d78ba308fa42)
[INFO] [stdout] 
[INFO] [stdout] running 65 tests
[INFO] [stdout] test amount_arithmetic_detected_and_currency_picked ... ok
[INFO] [stdout] test amount_currency_paren_arithmetic_with_outer_currency ... ok
[INFO] [stdout] test close_directive_accessors ... ok
[INFO] [stdout] test commodity_directive_accessors ... ok
[INFO] [stdout] test cost_spec_per_unit_plus_total_positive ... ok
[INFO] [stdout] test custom_directive_accessors ... ok
[INFO] [stdout] test cost_spec_total_double_brace ... ok
[INFO] [stdout] test directive_enum_can_cast_and_cast_agree_for_every_kind ... ok
[INFO] [stdout] test balance_directive_accessors ... ok
[INFO] [stdout] test cost_spec_is_merge_only_for_leading_star ... ok
[INFO] [stdout] test directive_values_are_not_truncated_to_the_first_number ... ok
[INFO] [stdout] test directive_values_accept_every_legal_shape ... ok
[INFO] [stdout] test amount_sign_typed_discriminators ... ok
[INFO] [stdout] test document_directive_accessors ... ok
[INFO] [stdout] test error_node_surfaces_through_typed_api ... ok
[INFO] [stdout] test error_node_text_is_syntaxtext_zero_alloc ... ok
[INFO] [stdout] test grouped_numerals_still_parse ... ok
[INFO] [stdout] test event_directive_accessors ... ok
[INFO] [stdout] test multi_character_currency_is_not_a_transaction_flag ... ok
[INFO] [stdout] test amount_currency_unclosed_paren_returns_none ... ok
[INFO] [stdout] test ast_node_cast_rejects_wrong_kind ... ok
[INFO] [stdout] test directive_implements_ast_node_trait ... ok
[INFO] [stdout] test option_directive_accessors ... ok
[INFO] [stdout] test pad_directive_accessors ... ok
[INFO] [stdout] test amount_currency_closed_paren_no_outer_currency_returns_none ... ok
[INFO] [stdout] test amount_arithmetic_paren_contents_stay_flat_under_amount ... ok
[INFO] [stdout] test ast_token_cast_rejects_wrong_kind ... ok
[INFO] [stdout] test cast_rejects_a_multi_character_currency_token ... ok
[INFO] [stdout] test cost_spec_is_not_merge_for_multiplication_star ... ok
[INFO] [stdout] test a_sign_separated_from_its_number_is_never_silently_dropped ... ok
[INFO] [stdout] test ast_token_text_is_borrowed_not_allocated ... ok
[INFO] [stdout] test include_directive_accessors ... ok
[INFO] [stdout] test meta_entry_typed_values ... ok
[INFO] [stdout] test open_directive_accessors ... ok
[INFO] [stdout] test posting_with_cost_and_price ... ok
[INFO] [stdout] test note_directive_accessors ... ok
[INFO] [stdout] test price_directive_accessors ... ok
[INFO] [stdout] test price_annotation_total_at_at ... ok
[INFO] [stdout] test syntax_text_is_reexported_from_ast ... ok
[INFO] [stdout] test payee_narration_zero_strings_returns_none ... ok
[INFO] [stdout] test string_lit_unquoted_handles_empty ... ok
[INFO] [stdout] test transaction_flag_recognizes_single_char_currency_letter ... ok
[INFO] [stdout] test posting_flag_typed_discriminators ... ok
[INFO] [stdout] test transaction_flag_classify_is_exhaustive ... ok
[INFO] [stdout] test popmeta_directive_accessors ... ok
[INFO] [stdout] test transaction_flag_scoped_to_pre_string_region ... ok
[INFO] [stdout] test posting_accessors_basic ... ok
[INFO] [stdout] test transaction_flag_classifies_every_form_and_its_predicates ... ok
[INFO] [stdout] test query_directive_accessors ... ok
[INFO] [stdout] test public_re_exports_exist ... ok
[INFO] [stdout] test pushtag_directive_accessors ... ok
[INFO] [stdout] test transaction_flag_typed_discriminators ... ok
[INFO] [stdout] test transaction_header_tokens_eof_without_newline ... ok
[INFO] [stdout] test posting_flag_classify_is_exhaustive ... ok
[INFO] [stdout] test posting_with_flag ... ok
[INFO] [stdout] test pushmeta_directive_accessors ... ok
[INFO] [stdout] test transaction_strings_excludes_malformed_body_strings ... ok
[INFO] [stdout] test posting_flag_classifies_every_form_and_its_predicates ... ok
[INFO] [stdout] test plugin_directive_accessors ... ok
[INFO] [stdout] test poptag_directive_accessors ... ok
[INFO] [stdout] test transaction_tags_links_excluded_from_body ... ok
[INFO] [stdout] test transaction_three_strings_payee_and_narration_return_none ... ok
[INFO] [stdout] test transaction_with_narration_only_no_payee ... ok
[INFO] [stdout] test transaction_with_payee_narration_tags_links ... ok
[INFO] [stdout] test transaction_strings_excludes_catch_all_body_leak ... ok
[INFO] [stdout] 
[INFO] [stdout] test result: ok. 65 passed; 0 failed; 0 ignored; 0 measured; 0 filtered out; finished in 0.06s
[INFO] [stdout] 
[INFO] [stderr]      Running tests/corpus_baseline.rs (/opt/rustwide/target/debug/build/rustledger-parser/2e58533d361adf51/out/corpus_baseline-2e58533d361adf51)
[INFO] [stdout] 
[INFO] [stdout] running 4 tests
[INFO] [stdout] test fingerprint_is_deterministic_within_one_binary ... ok
[INFO] [stdout] test fingerprint_covers_every_parse_result_field ... ok
[INFO] [stdout] test discovery_finds_in_tree_plugin_fixtures ... FAILED
[INFO] [stdout] test parser_output_matches_baseline ... FAILED
[INFO] [stdout] 
[INFO] [stdout] failures:
[INFO] [stdout] 
[INFO] [stdout] ---- discovery_finds_in_tree_plugin_fixtures stdout ----
[INFO] [stdout] 
[INFO] [stdout] thread 'discovery_finds_in_tree_plugin_fixtures' (2629) panicked at tests/baseline_common/mod.rs:75:13:
[INFO] [stdout] could not locate repo root from /opt/rustwide/workdir
[INFO] [stdout] stack backtrace:
[INFO] [stdout]    0:     0x5597de8235f1 - std[617be2ca0a6fd877]::backtrace_rs::backtrace::libunwind::trace
[INFO] [stdout]                                at /rustc/e3feeb59cd1bdd011a2bfcc0747b55125d9b8527/library/std/src/../../backtrace/src/backtrace/libunwind.rs:117:9
[INFO] [stdout]    1:     0x5597de8235f1 - std[617be2ca0a6fd877]::backtrace_rs::backtrace::trace_unsynchronized::<std[617be2ca0a6fd877]::sys::backtrace::_print_fmt::{closure#1}>
[INFO] [stdout]                                at /rustc/e3feeb59cd1bdd011a2bfcc0747b55125d9b8527/library/std/src/../../backtrace/src/backtrace/mod.rs:66:14
[INFO] [stdout]    2:     0x5597de8235f1 - std[617be2ca0a6fd877]::sys::backtrace::_print_fmt
[INFO] [stdout]                                at /rustc/e3feeb59cd1bdd011a2bfcc0747b55125d9b8527/library/std/src/sys/backtrace.rs:74:9
[INFO] [stdout]    3:     0x5597de8235f1 - <<std[617be2ca0a6fd877]::sys::backtrace::BacktraceLock>::print::DisplayBacktrace as core[a373ad73a504971]::fmt::Display>::fmt
[INFO] [stdout]                                at /rustc/e3feeb59cd1bdd011a2bfcc0747b55125d9b8527/library/std/src/sys/backtrace.rs:44:26
[INFO] [stdout]    4:     0x5597de838a7a - <core[a373ad73a504971]::fmt::rt::Argument>::fmt
[INFO] [stdout]                                at /rustc/e3feeb59cd1bdd011a2bfcc0747b55125d9b8527/library/core/src/fmt/rt.rs:152:76
[INFO] [stdout]    5:     0x5597de838a7a - core[a373ad73a504971]::fmt::write
[INFO] [stdout]    6:     0x5597de827afc - core[a373ad73a504971]::io::write::default_write_fmt::<alloc[2e1b2a31b91974c5]::vec::Vec<u8>>
[INFO] [stdout]                                at /rustc/e3feeb59cd1bdd011a2bfcc0747b55125d9b8527/library/core/src/io/write.rs:402:11
[INFO] [stdout]    7:     0x5597de827afc - <alloc[2e1b2a31b91974c5]::vec::Vec<u8> as core[a373ad73a504971]::io::write::Write>::write_fmt
[INFO] [stdout]                                at /rustc/e3feeb59cd1bdd011a2bfcc0747b55125d9b8527/library/core/src/io/write.rs:335:13
[INFO] [stdout]    8:     0x5597de7fe116 - <std[617be2ca0a6fd877]::sys::backtrace::BacktraceLock>::print
[INFO] [stdout]                                at /rustc/e3feeb59cd1bdd011a2bfcc0747b55125d9b8527/library/std/src/sys/backtrace.rs:47:9
[INFO] [stdout]    9:     0x5597de7fe116 - std[617be2ca0a6fd877]::panicking::default_hook::{closure#0}
[INFO] [stdout]                                at /rustc/e3feeb59cd1bdd011a2bfcc0747b55125d9b8527/library/std/src/panicking.rs:289:27
[INFO] [stdout]   10:     0x5597de81b459 - std[617be2ca0a6fd877]::panicking::default_hook
[INFO] [stdout]                                at /rustc/e3feeb59cd1bdd011a2bfcc0747b55125d9b8527/library/std/src/panicking.rs:313:9
[INFO] [stdout]   11:     0x5597de7b6280 - <alloc[2e1b2a31b91974c5]::boxed::Box<dyn for<'a, 'b> core[a373ad73a504971]::ops::function::Fn<(&'a std[617be2ca0a6fd877]::panic::PanicHookInfo<'b>,), Output = ()> + core[a373ad73a504971]::marker::Sync + core[a373ad73a504971]::marker::Send> as core[a373ad73a504971]::ops::function::Fn<(&std[617be2ca0a6fd877]::panic::PanicHookInfo,)>>::call
[INFO] [stdout]                                at /rustc/e3feeb59cd1bdd011a2bfcc0747b55125d9b8527/library/alloc/src/boxed.rs:2328:9
[INFO] [stdout]   12:     0x5597de7b6280 - test[aada8e7e76ba119b]::test_main_inner::{closure#0}
[INFO] [stdout]                                at /rustc/e3feeb59cd1bdd011a2bfcc0747b55125d9b8527/library/test/src/lib.rs:137:21
[INFO] [stdout]   13:     0x5597de81b612 - <alloc[2e1b2a31b91974c5]::boxed::Box<dyn for<'a, 'b> core[a373ad73a504971]::ops::function::Fn<(&'a std[617be2ca0a6fd877]::panic::PanicHookInfo<'b>,), Output = ()> + core[a373ad73a504971]::marker::Sync + core[a373ad73a504971]::marker::Send> as core[a373ad73a504971]::ops::function::Fn<(&std[617be2ca0a6fd877]::panic::PanicHookInfo,)>>::call
[INFO] [stdout]                                at /rustc/e3feeb59cd1bdd011a2bfcc0747b55125d9b8527/library/alloc/src/boxed.rs:2328:9
[INFO] [stdout]   14:     0x5597de81b612 - std[617be2ca0a6fd877]::panicking::panic_with_hook
[INFO] [stdout]                                at /rustc/e3feeb59cd1bdd011a2bfcc0747b55125d9b8527/library/std/src/panicking.rs:819:13
[INFO] [stdout]   15:     0x5597de7fe1f4 - std[617be2ca0a6fd877]::panicking::panic_handler::{closure#0}
[INFO] [stdout]                                at /rustc/e3feeb59cd1bdd011a2bfcc0747b55125d9b8527/library/std/src/panicking.rs:678:13
[INFO] [stdout]   16:     0x5597de7f6b89 - std[617be2ca0a6fd877]::sys::backtrace::__rust_end_short_backtrace::<std[617be2ca0a6fd877]::panicking::panic_handler::{closure#0}, !>
[INFO] [stdout]                                at /rustc/e3feeb59cd1bdd011a2bfcc0747b55125d9b8527/library/std/src/sys/backtrace.rs:182:18
[INFO] [stdout]   17:     0x5597de7fedcd - __rustc[ea4f61d10b84890b]::rust_begin_unwind
[INFO] [stdout]                                at /rustc/e3feeb59cd1bdd011a2bfcc0747b55125d9b8527/library/std/src/panicking.rs:676:5
[INFO] [stdout]   18:     0x5597de8392ec - core[a373ad73a504971]::panicking::panic_fmt
[INFO] [stdout]                                at /rustc/e3feeb59cd1bdd011a2bfcc0747b55125d9b8527/library/core/src/panicking.rs:80:14
[INFO] [stdout]   19:     0x5597de563fd4 - corpus_baseline[e72126349a542460]::baseline_common::repo_root::{closure#0}
[INFO] [stdout]                                at /opt/rustwide/workdir/tests/baseline_common/mod.rs:75:13
[INFO] [stdout]   20:     0x5597de56abb8 - <std[617be2ca0a6fd877]::sync::once_lock::OnceLock<std[617be2ca0a6fd877]::path::PathBuf>>::get_or_init::<corpus_baseline[e72126349a542460]::baseline_common::repo_root::{closure#0}>::{closure#0}
[INFO] [stdout]                                at /rustc/e3feeb59cd1bdd011a2bfcc0747b55125d9b8527/library/std/src/sync/once_lock.rs:350:50
[INFO] [stdout]   21:     0x5597de56ab05 - <std[617be2ca0a6fd877]::sync::once_lock::OnceLock<std[617be2ca0a6fd877]::path::PathBuf>>::initialize::<<std[617be2ca0a6fd877]::sync::once_lock::OnceLock<std[617be2ca0a6fd877]::path::PathBuf>>::get_or_init<corpus_baseline[e72126349a542460]::baseline_common::repo_root::{closure#0}>::{closure#0}, !>::{closure#0}
[INFO] [stdout]                                at /rustc/e3feeb59cd1bdd011a2bfcc0747b55125d9b8527/library/std/src/sync/once_lock.rs:572:19
[INFO] [stdout]   22:     0x5597de56acf1 - <std[617be2ca0a6fd877]::sync::once::Once>::call_once_force::<<std[617be2ca0a6fd877]::sync::once_lock::OnceLock<std[617be2ca0a6fd877]::path::PathBuf>>::initialize<<std[617be2ca0a6fd877]::sync::once_lock::OnceLock<std[617be2ca0a6fd877]::path::PathBuf>>::get_or_init<corpus_baseline[e72126349a542460]::baseline_common::repo_root::{closure#0}>::{closure#0}, !>::{closure#0}>::{closure#0}
[INFO] [stdout]                                at /rustc/e3feeb59cd1bdd011a2bfcc0747b55125d9b8527/library/std/src/sync/once.rs:227:40
[INFO] [stdout]   23:     0x5597de803cf9 - <std[617be2ca0a6fd877]::sys::sync::once::futex::Once>::call
[INFO] [stdout]                                at /rustc/e3feeb59cd1bdd011a2bfcc0747b55125d9b8527/library/std/src/sys/sync/once/futex.rs:183:21
[INFO] [stdout]   24:     0x5597de569eba - <std[617be2ca0a6fd877]::sync::once::Once>::call_once_force::<<std[617be2ca0a6fd877]::sync::once_lock::OnceLock<std[617be2ca0a6fd877]::path::PathBuf>>::initialize<<std[617be2ca0a6fd877]::sync::once_lock::OnceLock<std[617be2ca0a6fd877]::path::PathBuf>>::get_or_init<corpus_baseline[e72126349a542460]::baseline_common::repo_root::{closure#0}>::{closure#0}, !>::{closure#0}>
[INFO] [stdout]                                at /rustc/e3feeb59cd1bdd011a2bfcc0747b55125d9b8527/library/std/src/sync/once.rs:227:20
[INFO] [stdout]   25:     0x5597de569c3c - <std[617be2ca0a6fd877]::sync::once_lock::OnceLock<std[617be2ca0a6fd877]::path::PathBuf>>::initialize::<<std[617be2ca0a6fd877]::sync::once_lock::OnceLock<std[617be2ca0a6fd877]::path::PathBuf>>::get_or_init<corpus_baseline[e72126349a542460]::baseline_common::repo_root::{closure#0}>::{closure#0}, !>
[INFO] [stdout]                                at /rustc/e3feeb59cd1bdd011a2bfcc0747b55125d9b8527/library/std/src/sync/once_lock.rs:571:19
[INFO] [stdout]   26:     0x5597de569cbd - <std[617be2ca0a6fd877]::sync::once_lock::OnceLock<std[617be2ca0a6fd877]::path::PathBuf>>::get_or_try_init::<<std[617be2ca0a6fd877]::sync::once_lock::OnceLock<std[617be2ca0a6fd877]::path::PathBuf>>::get_or_init<corpus_baseline[e72126349a542460]::baseline_common::repo_root::{closure#0}>::{closure#0}, !>
[INFO] [stdout]                                at /rustc/e3feeb59cd1bdd011a2bfcc0747b55125d9b8527/library/std/src/sync/once_lock.rs:439:14
[INFO] [stdout]   27:     0x5597de569c5d - <std[617be2ca0a6fd877]::sync::once_lock::OnceLock<std[617be2ca0a6fd877]::path::PathBuf>>::get_or_init::<corpus_baseline[e72126349a542460]::baseline_common::repo_root::{closure#0}>
[INFO] [stdout]                                at /rustc/e3feeb59cd1bdd011a2bfcc0747b55125d9b8527/library/std/src/sync/once_lock.rs:350:20
[INFO] [stdout]   28:     0x5597de56675d - corpus_baseline[e72126349a542460]::baseline_common::repo_root
[INFO] [stdout]                                at /opt/rustwide/workdir/tests/baseline_common/mod.rs:69:10
[INFO] [stdout]   29:     0x5597de563a36 - corpus_baseline[e72126349a542460]::baseline_common::discover_corpus_files::{closure#0}
[INFO] [stdout]                                at /opt/rustwide/workdir/tests/baseline_common/mod.rs:105:26
[INFO] [stdout]   30:     0x5597de56aab8 - <std[617be2ca0a6fd877]::sync::once_lock::OnceLock<alloc[2e1b2a31b91974c5]::vec::Vec<std[617be2ca0a6fd877]::path::PathBuf>>>::get_or_init::<corpus_baseline[e72126349a542460]::baseline_common::discover_corpus_files::{closure#0}>::{closure#0}
[INFO] [stdout]                                at /rustc/e3feeb59cd1bdd011a2bfcc0747b55125d9b8527/library/std/src/sync/once_lock.rs:350:50
[INFO] [stdout]   31:     0x5597de56aa07 - <std[617be2ca0a6fd877]::sync::once_lock::OnceLock<alloc[2e1b2a31b91974c5]::vec::Vec<std[617be2ca0a6fd877]::path::PathBuf>>>::initialize::<<std[617be2ca0a6fd877]::sync::once_lock::OnceLock<alloc[2e1b2a31b91974c5]::vec::Vec<std[617be2ca0a6fd877]::path::PathBuf>>>::get_or_init<corpus_baseline[e72126349a542460]::baseline_common::discover_corpus_files::{closure#0}>::{closure#0}, !>::{closure#0}
[INFO] [stdout]                                at /rustc/e3feeb59cd1bdd011a2bfcc0747b55125d9b8527/library/std/src/sync/once_lock.rs:572:19
[INFO] [stdout]   32:     0x5597de56ac61 - <std[617be2ca0a6fd877]::sync::once::Once>::call_once_force::<<std[617be2ca0a6fd877]::sync::once_lock::OnceLock<alloc[2e1b2a31b91974c5]::vec::Vec<std[617be2ca0a6fd877]::path::PathBuf>>>::initialize<<std[617be2ca0a6fd877]::sync::once_lock::OnceLock<alloc[2e1b2a31b91974c5]::vec::Vec<std[617be2ca0a6fd877]::path::PathBuf>>>::get_or_init<corpus_baseline[e72126349a542460]::baseline_common::discover_corpus_files::{closure#0}>::{closure#0}, !>::{closure#0}>::{closure#0}
[INFO] [stdout]                                at /rustc/e3feeb59cd1bdd011a2bfcc0747b55125d9b8527/library/std/src/sync/once.rs:227:40
[INFO] [stdout]   33:     0x5597de803cf9 - <std[617be2ca0a6fd877]::sys::sync::once::futex::Once>::call
[INFO] [stdout]                                at /rustc/e3feeb59cd1bdd011a2bfcc0747b55125d9b8527/library/std/src/sys/sync/once/futex.rs:183:21
[INFO] [stdout]   34:     0x5597de569e1a - <std[617be2ca0a6fd877]::sync::once::Once>::call_once_force::<<std[617be2ca0a6fd877]::sync::once_lock::OnceLock<alloc[2e1b2a31b91974c5]::vec::Vec<std[617be2ca0a6fd877]::path::PathBuf>>>::initialize<<std[617be2ca0a6fd877]::sync::once_lock::OnceLock<alloc[2e1b2a31b91974c5]::vec::Vec<std[617be2ca0a6fd877]::path::PathBuf>>>::get_or_init<corpus_baseline[e72126349a542460]::baseline_common::discover_corpus_files::{closure#0}>::{closure#0}, !>::{closure#0}>
[INFO] [stdout]                                at /rustc/e3feeb59cd1bdd011a2bfcc0747b55125d9b8527/library/std/src/sync/once.rs:227:20
[INFO] [stdout]   35:     0x5597de569b5d - <std[617be2ca0a6fd877]::sync::once_lock::OnceLock<alloc[2e1b2a31b91974c5]::vec::Vec<std[617be2ca0a6fd877]::path::PathBuf>>>::initialize::<<std[617be2ca0a6fd877]::sync::once_lock::OnceLock<alloc[2e1b2a31b91974c5]::vec::Vec<std[617be2ca0a6fd877]::path::PathBuf>>>::get_or_init<corpus_baseline[e72126349a542460]::baseline_common::discover_corpus_files::{closure#0}>::{closure#0}, !>
[INFO] [stdout]                                at /rustc/e3feeb59cd1bdd011a2bfcc0747b55125d9b8527/library/std/src/sync/once_lock.rs:571:19
[INFO] [stdout]   36:     0x5597de569bdd - <std[617be2ca0a6fd877]::sync::once_lock::OnceLock<alloc[2e1b2a31b91974c5]::vec::Vec<std[617be2ca0a6fd877]::path::PathBuf>>>::get_or_try_init::<<std[617be2ca0a6fd877]::sync::once_lock::OnceLock<alloc[2e1b2a31b91974c5]::vec::Vec<std[617be2ca0a6fd877]::path::PathBuf>>>::get_or_init<corpus_baseline[e72126349a542460]::baseline_common::discover_corpus_files::{closure#0}>::{closure#0}, !>
[INFO] [stdout]                                at /rustc/e3feeb59cd1bdd011a2bfcc0747b55125d9b8527/library/std/src/sync/once_lock.rs:439:14
[INFO] [stdout]   37:     0x5597de569b7d - <std[617be2ca0a6fd877]::sync::once_lock::OnceLock<alloc[2e1b2a31b91974c5]::vec::Vec<std[617be2ca0a6fd877]::path::PathBuf>>>::get_or_init::<corpus_baseline[e72126349a542460]::baseline_common::discover_corpus_files::{closure#0}>
[INFO] [stdout]                                at /rustc/e3feeb59cd1bdd011a2bfcc0747b55125d9b8527/library/std/src/sync/once_lock.rs:350:20
[INFO] [stdout]   38:     0x5597de56586d - corpus_baseline[e72126349a542460]::baseline_common::discover_corpus_files
[INFO] [stdout]                                at /opt/rustwide/workdir/tests/baseline_common/mod.rs:104:16
[INFO] [stdout]   39:     0x5597de56dd5c - corpus_baseline[e72126349a542460]::discovery_finds_in_tree_plugin_fixtures
[INFO] [stdout]                                at /opt/rustwide/workdir/tests/corpus_baseline.rs:364:17
[INFO] [stdout]   40:     0x5597de56adf7 - corpus_baseline[e72126349a542460]::discovery_finds_in_tree_plugin_fixtures::{closure#0}
[INFO] [stdout]                                at /opt/rustwide/workdir/tests/corpus_baseline.rs:363:45
[INFO] [stdout]   41:     0x5597de561c56 - <corpus_baseline[e72126349a542460]::discovery_finds_in_tree_plugin_fixtures::{closure#0} as core[a373ad73a504971]::ops::function::FnOnce<()>>::call_once
[INFO] [stdout]                                at /rustc/e3feeb59cd1bdd011a2bfcc0747b55125d9b8527/library/core/src/ops/function.rs:250:5
[INFO] [stdout]   42:     0x5597de7a96cb - <fn() -> core[a373ad73a504971]::result::Result<(), alloc[2e1b2a31b91974c5]::string::String> as core[a373ad73a504971]::ops::function::FnOnce<()>>::call_once
[INFO] [stdout]                                at /rustc/e3feeb59cd1bdd011a2bfcc0747b55125d9b8527/library/core/src/ops/function.rs:250:5
[INFO] [stdout]   43:     0x5597de7a96cb - test[aada8e7e76ba119b]::__rust_begin_short_backtrace::<core[a373ad73a504971]::result::Result<(), alloc[2e1b2a31b91974c5]::string::String>, fn() -> core[a373ad73a504971]::result::Result<(), alloc[2e1b2a31b91974c5]::string::String>>
[INFO] [stdout]                                at /rustc/e3feeb59cd1bdd011a2bfcc0747b55125d9b8527/library/test/src/lib.rs:701:18
[INFO] [stdout]   44:     0x5597de7b68a5 - test[aada8e7e76ba119b]::run_test_in_process::{closure#0}
[INFO] [stdout]                                at /rustc/e3feeb59cd1bdd011a2bfcc0747b55125d9b8527/library/test/src/lib.rs:724:74
[INFO] [stdout]   45:     0x5597de7b68a5 - <core[a373ad73a504971]::panic::unwind_safe::AssertUnwindSafe<test[aada8e7e76ba119b]::run_test_in_process::{closure#0}> as core[a373ad73a504971]::ops::function::FnOnce<()>>::call_once
[INFO] [stdout]                                at /rustc/e3feeb59cd1bdd011a2bfcc0747b55125d9b8527/library/core/src/panic/unwind_safe.rs:275:9
[INFO] [stdout]   46:     0x5597de7b68a5 - std[617be2ca0a6fd877]::panicking::catch_unwind::do_call::<core[a373ad73a504971]::panic::unwind_safe::AssertUnwindSafe<test[aada8e7e76ba119b]::run_test_in_process::{closure#0}>, core[a373ad73a504971]::result::Result<(), alloc[2e1b2a31b91974c5]::string::String>>
[INFO] [stdout]                                at /rustc/e3feeb59cd1bdd011a2bfcc0747b55125d9b8527/library/std/src/panicking.rs:573:43
[INFO] [stdout]   47:     0x5597de7b68a5 - std[617be2ca0a6fd877]::panicking::catch_unwind::<core[a373ad73a504971]::result::Result<(), alloc[2e1b2a31b91974c5]::string::String>, core[a373ad73a504971]::panic::unwind_safe::AssertUnwindSafe<test[aada8e7e76ba119b]::run_test_in_process::{closure#0}>>
[INFO] [stdout]                                at /rustc/e3feeb59cd1bdd011a2bfcc0747b55125d9b8527/library/std/src/panicking.rs:541:19
[INFO] [stdout]   48:     0x5597de7b68a5 - std[617be2ca0a6fd877]::panic::catch_unwind::<core[a373ad73a504971]::panic::unwind_safe::AssertUnwindSafe<test[aada8e7e76ba119b]::run_test_in_process::{closure#0}>, core[a373ad73a504971]::result::Result<(), alloc[2e1b2a31b91974c5]::string::String>>
[INFO] [stdout]                                at /rustc/e3feeb59cd1bdd011a2bfcc0747b55125d9b8527/library/std/src/panic.rs:359:14
[INFO] [stdout]   49:     0x5597de7b68a5 - test[aada8e7e76ba119b]::run_test_in_process
[INFO] [stdout]                                at /rustc/e3feeb59cd1bdd011a2bfcc0747b55125d9b8527/library/test/src/lib.rs:724:27
[INFO] [stdout]   50:     0x5597de7b68a5 - test[aada8e7e76ba119b]::run_test::{closure#0}
[INFO] [stdout]                                at /rustc/e3feeb59cd1bdd011a2bfcc0747b55125d9b8527/library/test/src/lib.rs:645:43
[INFO] [stdout]   51:     0x5597de7b0194 - test[aada8e7e76ba119b]::run_test::{closure#1}
[INFO] [stdout]                                at /rustc/e3feeb59cd1bdd011a2bfcc0747b55125d9b8527/library/test/src/lib.rs:675:41
[INFO] [stdout]   52:     0x5597de7b0194 - std[617be2ca0a6fd877]::sys::backtrace::__rust_begin_short_backtrace::<test[aada8e7e76ba119b]::run_test::{closure#1}, ()>
[INFO] [stdout]                                at /rustc/e3feeb59cd1bdd011a2bfcc0747b55125d9b8527/library/std/src/sys/backtrace.rs:166:18
[INFO] [stdout]   53:     0x5597de7b9932 - std[617be2ca0a6fd877]::thread::lifecycle::spawn_unchecked::<test[aada8e7e76ba119b]::run_test::{closure#1}, ()>::{closure#1}::{closure#0}
[INFO] [stdout]                                at /rustc/e3feeb59cd1bdd011a2bfcc0747b55125d9b8527/library/std/src/thread/lifecycle.rs:70:13
[INFO] [stdout]   54:     0x5597de7b9932 - <core[a373ad73a504971]::panic::unwind_safe::AssertUnwindSafe<std[617be2ca0a6fd877]::thread::lifecycle::spawn_unchecked<test[aada8e7e76ba119b]::run_test::{closure#1}, ()>::{closure#1}::{closure#0}> as core[a373ad73a504971]::ops::function::FnOnce<()>>::call_once
[INFO] [stdout]                                at /rustc/e3feeb59cd1bdd011a2bfcc0747b55125d9b8527/library/core/src/panic/unwind_safe.rs:275:9
[INFO] [stdout]   55:     0x5597de7b9932 - std[617be2ca0a6fd877]::panicking::catch_unwind::do_call::<core[a373ad73a504971]::panic::unwind_safe::AssertUnwindSafe<std[617be2ca0a6fd877]::thread::lifecycle::spawn_unchecked<test[aada8e7e76ba119b]::run_test::{closure#1}, ()>::{closure#1}::{closure#0}>, ()>
[INFO] [stdout]                                at /rustc/e3feeb59cd1bdd011a2bfcc0747b55125d9b8527/library/std/src/panicking.rs:573:43
[INFO] [stdout]   56:     0x5597de7b9932 - std[617be2ca0a6fd877]::panicking::catch_unwind::<(), core[a373ad73a504971]::panic::unwind_safe::AssertUnwindSafe<std[617be2ca0a6fd877]::thread::lifecycle::spawn_unchecked<test[aada8e7e76ba119b]::run_test::{closure#1}, ()>::{closure#1}::{closure#0}>>
[INFO] [stdout]                                at /rustc/e3feeb59cd1bdd011a2bfcc0747b55125d9b8527/library/std/src/panicking.rs:541:19
[INFO] [stdout]   57:     0x5597de7b9932 - std[617be2ca0a6fd877]::panic::catch_unwind::<core[a373ad73a504971]::panic::unwind_safe::AssertUnwindSafe<std[617be2ca0a6fd877]::thread::lifecycle::spawn_unchecked<test[aada8e7e76ba119b]::run_test::{closure#1}, ()>::{closure#1}::{closure#0}>, ()>
[INFO] [stdout]                                at /rustc/e3feeb59cd1bdd011a2bfcc0747b55125d9b8527/library/std/src/panic.rs:359:14
[INFO] [stdout]   58:     0x5597de7b9932 - std[617be2ca0a6fd877]::thread::lifecycle::spawn_unchecked::<test[aada8e7e76ba119b]::run_test::{closure#1}, ()>::{closure#1}
[INFO] [stdout]                                at /rustc/e3feeb59cd1bdd011a2bfcc0747b55125d9b8527/library/std/src/thread/lifecycle.rs:68:26
[INFO] [stdout]   59:     0x5597de7b9932 - <std[617be2ca0a6fd877]::thread::lifecycle::spawn_unchecked<test[aada8e7e76ba119b]::run_test::{closure#1}, ()>::{closure#1} as core[a373ad73a504971]::ops::function::FnOnce<()>>::call_once::{shim:vtable#0}
[INFO] [stdout]                                at /rustc/e3feeb59cd1bdd011a2bfcc0747b55125d9b8527/library/core/src/ops/function.rs:250:5
[INFO] [stdout]   60:     0x5597de82290f - <alloc[2e1b2a31b91974c5]::boxed::Box<dyn core[a373ad73a504971]::ops::function::FnOnce<(), Output = ()> + core[a373ad73a504971]::marker::Send> as core[a373ad73a504971]::ops::function::FnOnce<()>>::call_once
[INFO] [stdout]                                at /rustc/e3feeb59cd1bdd011a2bfcc0747b55125d9b8527/library/alloc/src/boxed.rs:2314:9
[INFO] [stdout]   61:     0x5597de82290f - <std[617be2ca0a6fd877]::sys::thread::unix::Thread>::new::thread_start
[INFO] [stdout]                                at /rustc/e3feeb59cd1bdd011a2bfcc0747b55125d9b8527/library/std/src/sys/thread/unix.rs:127:17
[INFO] [stdout]   62:     0x74f26afb3dfa - <unknown>
[INFO] [stdout]   63:     0x74f26b0473d4 - clone
[INFO] [stdout]   64:                0x0 - <unknown>
[INFO] [stdout] 
[INFO] [stdout] ---- parser_output_matches_baseline stdout ----
[INFO] [stdout] 
[INFO] [stdout] thread 'parser_output_matches_baseline' (2632) panicked at tests/baseline_common/mod.rs:75:13:
[INFO] [stdout] could not locate repo root from /opt/rustwide/workdir
[INFO] [stdout] stack backtrace:
[INFO] [stdout]    0:     0x5597de8235f1 - std[617be2ca0a6fd877]::backtrace_rs::backtrace::libunwind::trace
[INFO] [stdout]                                at /rustc/e3feeb59cd1bdd011a2bfcc0747b55125d9b8527/library/std/src/../../backtrace/src/backtrace/libunwind.rs:117:9
[INFO] [stdout]    1:     0x5597de8235f1 - std[617be2ca0a6fd877]::backtrace_rs::backtrace::trace_unsynchronized::<std[617be2ca0a6fd877]::sys::backtrace::_print_fmt::{closure#1}>
[INFO] [stdout]                                at /rustc/e3feeb59cd1bdd011a2bfcc0747b55125d9b8527/library/std/src/../../backtrace/src/backtrace/mod.rs:66:14
[INFO] [stdout]    2:     0x5597de8235f1 - std[617be2ca0a6fd877]::sys::backtrace::_print_fmt
[INFO] [stdout]                                at /rustc/e3feeb59cd1bdd011a2bfcc0747b55125d9b8527/library/std/src/sys/backtrace.rs:74:9
[INFO] [stdout]    3:     0x5597de8235f1 - <<std[617be2ca0a6fd877]::sys::backtrace::BacktraceLock>::print::DisplayBacktrace as core[a373ad73a504971]::fmt::Display>::fmt
[INFO] [stdout]                                at /rustc/e3feeb59cd1bdd011a2bfcc0747b55125d9b8527/library/std/src/sys/backtrace.rs:44:26
[INFO] [stdout]    4:     0x5597de838a7a - <core[a373ad73a504971]::fmt::rt::Argument>::fmt
[INFO] [stdout]                                at /rustc/e3feeb59cd1bdd011a2bfcc0747b55125d9b8527/library/core/src/fmt/rt.rs:152:76
[INFO] [stdout]    5:     0x5597de838a7a - core[a373ad73a504971]::fmt::write
[INFO] [stdout]    6:     0x5597de827afc - core[a373ad73a504971]::io::write::default_write_fmt::<alloc[2e1b2a31b91974c5]::vec::Vec<u8>>
[INFO] [stdout]                                at /rustc/e3feeb59cd1bdd011a2bfcc0747b55125d9b8527/library/core/src/io/write.rs:402:11
[INFO] [stdout]    7:     0x5597de827afc - <alloc[2e1b2a31b91974c5]::vec::Vec<u8> as core[a373ad73a504971]::io::write::Write>::write_fmt
[INFO] [stdout]                                at /rustc/e3feeb59cd1bdd011a2bfcc0747b55125d9b8527/library/core/src/io/write.rs:335:13
[INFO] [stdout]    8:     0x5597de7fe116 - <std[617be2ca0a6fd877]::sys::backtrace::BacktraceLock>::print
[INFO] [stdout]                                at /rustc/e3feeb59cd1bdd011a2bfcc0747b55125d9b8527/library/std/src/sys/backtrace.rs:47:9
[INFO] [stdout]    9:     0x5597de7fe116 - std[617be2ca0a6fd877]::panicking::default_hook::{closure#0}
[INFO] [stdout]                                at /rustc/e3feeb59cd1bdd011a2bfcc0747b55125d9b8527/library/std/src/panicking.rs:289:27
[INFO] [stdout]   10:     0x5597de81b459 - std[617be2ca0a6fd877]::panicking::default_hook
[INFO] [stdout]                                at /rustc/e3feeb59cd1bdd011a2bfcc0747b55125d9b8527/library/std/src/panicking.rs:313:9
[INFO] [stdout]   11:     0x5597de7b6280 - <alloc[2e1b2a31b91974c5]::boxed::Box<dyn for<'a, 'b> core[a373ad73a504971]::ops::function::Fn<(&'a std[617be2ca0a6fd877]::panic::PanicHookInfo<'b>,), Output = ()> + core[a373ad73a504971]::marker::Sync + core[a373ad73a504971]::marker::Send> as core[a373ad73a504971]::ops::function::Fn<(&std[617be2ca0a6fd877]::panic::PanicHookInfo,)>>::call
[INFO] [stdout]                                at /rustc/e3feeb59cd1bdd011a2bfcc0747b55125d9b8527/library/alloc/src/boxed.rs:2328:9
[INFO] [stdout]   12:     0x5597de7b6280 - test[aada8e7e76ba119b]::test_main_inner::{closure#0}
[INFO] [stdout]                                at /rustc/e3feeb59cd1bdd011a2bfcc0747b55125d9b8527/library/test/src/lib.rs:137:21
[INFO] [stdout]   13:     0x5597de81b612 - <alloc[2e1b2a31b91974c5]::boxed::Box<dyn for<'a, 'b> core[a373ad73a504971]::ops::function::Fn<(&'a std[617be2ca0a6fd877]::panic::PanicHookInfo<'b>,), Output = ()> + core[a373ad73a504971]::marker::Sync + core[a373ad73a504971]::marker::Send> as core[a373ad73a504971]::ops::function::Fn<(&std[617be2ca0a6fd877]::panic::PanicHookInfo,)>>::call
[INFO] [stdout]                                at /rustc/e3feeb59cd1bdd011a2bfcc0747b55125d9b8527/library/alloc/src/boxed.rs:2328:9
[INFO] [stdout]   14:     0x5597de81b612 - std[617be2ca0a6fd877]::panicking::panic_with_hook
[INFO] [stdout]                                at /rustc/e3feeb59cd1bdd011a2bfcc0747b55125d9b8527/library/std/src/panicking.rs:819:13
[INFO] [stdout]   15:     0x5597de7fe1f4 - std[617be2ca0a6fd877]::panicking::panic_handler::{closure#0}
[INFO] [stdout]                                at /rustc/e3feeb59cd1bdd011a2bfcc0747b55125d9b8527/library/std/src/panicking.rs:678:13
[INFO] [stdout]   16:     0x5597de7f6b89 - std[617be2ca0a6fd877]::sys::backtrace::__rust_end_short_backtrace::<std[617be2ca0a6fd877]::panicking::panic_handler::{closure#0}, !>
[INFO] [stdout]                                at /rustc/e3feeb59cd1bdd011a2bfcc0747b55125d9b8527/library/std/src/sys/backtrace.rs:182:18
[INFO] [stdout]   17:     0x5597de7fedcd - __rustc[ea4f61d10b84890b]::rust_begin_unwind
[INFO] [stdout]                                at /rustc/e3feeb59cd1bdd011a2bfcc0747b55125d9b8527/library/std/src/panicking.rs:676:5
[INFO] [stdout]   18:     0x5597de8392ec - core[a373ad73a504971]::panicking::panic_fmt
[INFO] [stdout]                                at /rustc/e3feeb59cd1bdd011a2bfcc0747b55125d9b8527/library/core/src/panicking.rs:80:14
[INFO] [stdout]   19:     0x5597de563fd4 - corpus_baseline[e72126349a542460]::baseline_common::repo_root::{closure#0}
[INFO] [stdout]                                at /opt/rustwide/workdir/tests/baseline_common/mod.rs:75:13
[INFO] [stdout]   20:     0x5597de56abb8 - <std[617be2ca0a6fd877]::sync::once_lock::OnceLock<std[617be2ca0a6fd877]::path::PathBuf>>::get_or_init::<corpus_baseline[e72126349a542460]::baseline_common::repo_root::{closure#0}>::{closure#0}
[INFO] [stdout]                                at /rustc/e3feeb59cd1bdd011a2bfcc0747b55125d9b8527/library/std/src/sync/once_lock.rs:350:50
[INFO] [stdout]   21:     0x5597de56ab05 - <std[617be2ca0a6fd877]::sync::once_lock::OnceLock<std[617be2ca0a6fd877]::path::PathBuf>>::initialize::<<std[617be2ca0a6fd877]::sync::once_lock::OnceLock<std[617be2ca0a6fd877]::path::PathBuf>>::get_or_init<corpus_baseline[e72126349a542460]::baseline_common::repo_root::{closure#0}>::{closure#0}, !>::{closure#0}
[INFO] [stdout]                                at /rustc/e3feeb59cd1bdd011a2bfcc0747b55125d9b8527/library/std/src/sync/once_lock.rs:572:19
[INFO] [stdout]   22:     0x5597de56acf1 - <std[617be2ca0a6fd877]::sync::once::Once>::call_once_force::<<std[617be2ca0a6fd877]::sync::once_lock::OnceLock<std[617be2ca0a6fd877]::path::PathBuf>>::initialize<<std[617be2ca0a6fd877]::sync::once_lock::OnceLock<std[617be2ca0a6fd877]::path::PathBuf>>::get_or_init<corpus_baseline[e72126349a542460]::baseline_common::repo_root::{closure#0}>::{closure#0}, !>::{closure#0}>::{closure#0}
[INFO] [stdout]                                at /rustc/e3feeb59cd1bdd011a2bfcc0747b55125d9b8527/library/std/src/sync/once.rs:227:40
[INFO] [stdout]   23:     0x5597de803cf9 - <std[617be2ca0a6fd877]::sys::sync::once::futex::Once>::call
[INFO] [stdout]                                at /rustc/e3feeb59cd1bdd011a2bfcc0747b55125d9b8527/library/std/src/sys/sync/once/futex.rs:183:21
[INFO] [stdout]   24:     0x5597de569eba - <std[617be2ca0a6fd877]::sync::once::Once>::call_once_force::<<std[617be2ca0a6fd877]::sync::once_lock::OnceLock<std[617be2ca0a6fd877]::path::PathBuf>>::initialize<<std[617be2ca0a6fd877]::sync::once_lock::OnceLock<std[617be2ca0a6fd877]::path::PathBuf>>::get_or_init<corpus_baseline[e72126349a542460]::baseline_common::repo_root::{closure#0}>::{closure#0}, !>::{closure#0}>
[INFO] [stdout]                                at /rustc/e3feeb59cd1bdd011a2bfcc0747b55125d9b8527/library/std/src/sync/once.rs:227:20
[INFO] [stdout]   25:     0x5597de569c3c - <std[617be2ca0a6fd877]::sync::once_lock::OnceLock<std[617be2ca0a6fd877]::path::PathBuf>>::initialize::<<std[617be2ca0a6fd877]::sync::once_lock::OnceLock<std[617be2ca0a6fd877]::path::PathBuf>>::get_or_init<corpus_baseline[e72126349a542460]::baseline_common::repo_root::{closure#0}>::{closure#0}, !>
[INFO] [stdout]                                at /rustc/e3feeb59cd1bdd011a2bfcc0747b55125d9b8527/library/std/src/sync/once_lock.rs:571:19
[INFO] [stdout]   26:     0x5597de569cbd - <std[617be2ca0a6fd877]::sync::once_lock::OnceLock<std[617be2ca0a6fd877]::path::PathBuf>>::get_or_try_init::<<std[617be2ca0a6fd877]::sync::once_lock::OnceLock<std[617be2ca0a6fd877]::path::PathBuf>>::get_or_init<corpus_baseline[e72126349a542460]::baseline_common::repo_root::{closure#0}>::{closure#0}, !>
[INFO] [stdout]                                at /rustc/e3feeb59cd1bdd011a2bfcc0747b55125d9b8527/library/std/src/sync/once_lock.rs:439:14
[INFO] [stdout]   27:     0x5597de569c5d - <std[617be2ca0a6fd877]::sync::once_lock::OnceLock<std[617be2ca0a6fd877]::path::PathBuf>>::get_or_init::<corpus_baseline[e72126349a542460]::baseline_common::repo_root::{closure#0}>
[INFO] [stdout]                                at /rustc/e3feeb59cd1bdd011a2bfcc0747b55125d9b8527/library/std/src/sync/once_lock.rs:350:20
[INFO] [stdout]   28:     0x5597de56675d - corpus_baseline[e72126349a542460]::baseline_common::repo_root
[INFO] [stdout]                                at /opt/rustwide/workdir/tests/baseline_common/mod.rs:69:10
[INFO] [stdout]   29:     0x5597de56bc7c - corpus_baseline[e72126349a542460]::parser_output_matches_baseline
[INFO] [stdout]                                at /opt/rustwide/workdir/tests/corpus_baseline.rs:165:24
[INFO] [stdout]   30:     0x5597de56adc7 - corpus_baseline[e72126349a542460]::parser_output_matches_baseline::{closure#0}
[INFO] [stdout]                                at /opt/rustwide/workdir/tests/corpus_baseline.rs:164:36
[INFO] [stdout]   31:     0x5597de561c36 - <corpus_baseline[e72126349a542460]::parser_output_matches_baseline::{closure#0} as core[a373ad73a504971]::ops::function::FnOnce<()>>::call_once
[INFO] [stdout]                                at /rustc/e3feeb59cd1bdd011a2bfcc0747b55125d9b8527/library/core/src/ops/function.rs:250:5
[INFO] [stdout]   32:     0x5597de7a96cb - <fn() -> core[a373ad73a504971]::result::Result<(), alloc[2e1b2a31b91974c5]::string::String> as core[a373ad73a504971]::ops::function::FnOnce<()>>::call_once
[INFO] [stdout]                                at /rustc/e3feeb59cd1bdd011a2bfcc0747b55125d9b8527/library/core/src/ops/function.rs:250:5
[INFO] [stdout]   33:     0x5597de7a96cb - test[aada8e7e76ba119b]::__rust_begin_short_backtrace::<core[a373ad73a504971]::result::Result<(), alloc[2e1b2a31b91974c5]::string::String>, fn() -> core[a373ad73a504971]::result::Result<(), alloc[2e1b2a31b91974c5]::string::String>>
[INFO] [stdout]                                at /rustc/e3feeb59cd1bdd011a2bfcc0747b55125d9b8527/library/test/src/lib.rs:701:18
[INFO] [stdout]   34:     0x5597de7b68a5 - test[aada8e7e76ba119b]::run_test_in_process::{closure#0}
[INFO] [stdout]                                at /rustc/e3feeb59cd1bdd011a2bfcc0747b55125d9b8527/library/test/src/lib.rs:724:74
[INFO] [stdout]   35:     0x5597de7b68a5 - <core[a373ad73a504971]::panic::unwind_safe::AssertUnwindSafe<test[aada8e7e76ba119b]::run_test_in_process::{closure#0}> as core[a373ad73a504971]::ops::function::FnOnce<()>>::call_once
[INFO] [stdout]                                at /rustc/e3feeb59cd1bdd011a2bfcc0747b55125d9b8527/library/core/src/panic/unwind_safe.rs:275:9
[INFO] [stdout]   36:     0x5597de7b68a5 - std[617be2ca0a6fd877]::panicking::catch_unwind::do_call::<core[a373ad73a504971]::panic::unwind_safe::AssertUnwindSafe<test[aada8e7e76ba119b]::run_test_in_process::{closure#0}>, core[a373ad73a504971]::result::Result<(), alloc[2e1b2a31b91974c5]::string::String>>
[INFO] [stdout]                                at /rustc/e3feeb59cd1bdd011a2bfcc0747b55125d9b8527/library/std/src/panicking.rs:573:43
[INFO] [stdout]   37:     0x5597de7b68a5 - std[617be2ca0a6fd877]::panicking::catch_unwind::<core[a373ad73a504971]::result::Result<(), alloc[2e1b2a31b91974c5]::string::String>, core[a373ad73a504971]::panic::unwind_safe::AssertUnwindSafe<test[aada8e7e76ba119b]::run_test_in_process::{closure#0}>>
[INFO] [stdout]                                at /rustc/e3feeb59cd1bdd011a2bfcc0747b55125d9b8527/library/std/src/panicking.rs:541:19
[INFO] [stdout]   38:     0x5597de7b68a5 - std[617be2ca0a6fd877]::panic::catch_unwind::<core[a373ad73a504971]::panic::unwind_safe::AssertUnwindSafe<test[aada8e7e76ba119b]::run_test_in_process::{closure#0}>, core[a373ad73a504971]::result::Result<(), alloc[2e1b2a31b91974c5]::string::String>>
[INFO] [stdout]                                at /rustc/e3feeb59cd1bdd011a2bfcc0747b55125d9b8527/library/std/src/panic.rs:359:14
[INFO] [stdout]   39:     0x5597de7b68a5 - test[aada8e7e76ba119b]::run_test_in_process
[INFO] [stdout]                                at /rustc/e3feeb59cd1bdd011a2bfcc0747b55125d9b8527/library/test/src/lib.rs:724:27
[INFO] [stdout]   40:     0x5597de7b68a5 - test[aada8e7e76ba119b]::run_test::{closure#0}
[INFO] [stdout]                                at /rustc/e3feeb59cd1bdd011a2bfcc0747b55125d9b8527/library/test/src/lib.rs:645:43
[INFO] [stdout]   41:     0x5597de7b0194 - test[aada8e7e76ba119b]::run_test::{closure#1}
[INFO] [stdout]                                at /rustc/e3feeb59cd1bdd011a2bfcc0747b55125d9b8527/library/test/src/lib.rs:675:41
[INFO] [stdout]   42:     0x5597de7b0194 - std[617be2ca0a6fd877]::sys::backtrace::__rust_begin_short_backtrace::<test[aada8e7e76ba119b]::run_test::{closure#1}, ()>
[INFO] [stdout]                                at /rustc/e3feeb59cd1bdd011a2bfcc0747b55125d9b8527/library/std/src/sys/backtrace.rs:166:18
[INFO] [stdout]   43:     0x5597de7b9932 - std[617be2ca0a6fd877]::thread::lifecycle::spawn_unchecked::<test[aada8e7e76ba119b]::run_test::{closure#1}, ()>::{closure#1}::{closure#0}
[INFO] [stdout]                                at /rustc/e3feeb59cd1bdd011a2bfcc0747b55125d9b8527/library/std/src/thread/lifecycle.rs:70:13
[INFO] [stdout]   44:     0x5597de7b9932 - <core[a373ad73a504971]::panic::unwind_safe::AssertUnwindSafe<std[617be2ca0a6fd877]::thread::lifecycle::spawn_unchecked<test[aada8e7e76ba119b]::run_test::{closure#1}, ()>::{closure#1}::{closure#0}> as core[a373ad73a504971]::ops::function::FnOnce<()>>::call_once
[INFO] [stdout]                                at /rustc/e3feeb59cd1bdd011a2bfcc0747b55125d9b8527/library/core/src/panic/unwind_safe.rs:275:9
[INFO] [stdout]   45:     0x5597de7b9932 - std[617be2ca0a6fd877]::panicking::catch_unwind::do_call::<core[a373ad73a504971]::panic::unwind_safe::AssertUnwindSafe<std[617be2ca0a6fd877]::thread::lifecycle::spawn_unchecked<test[aada8e7e76ba119b]::run_test::{closure#1}, ()>::{closure#1}::{closure#0}>, ()>
[INFO] [stdout]                                at /rustc/e3feeb59cd1bdd011a2bfcc0747b55125d9b8527/library/std/src/panicking.rs:573:43
[INFO] [stdout]   46:     0x5597de7b9932 - std[617be2ca0a6fd877]::panicking::catch_unwind::<(), core[a373ad73a504971]::panic::unwind_safe::AssertUnwindSafe<std[617be2ca0a6fd877]::thread::lifecycle::spawn_unchecked<test[aada8e7e76ba119b]::run_test::{closure#1}, ()>::{closure#1}::{closure#0}>>
[INFO] [stdout]                                at /rustc/e3feeb59cd1bdd011a2bfcc0747b55125d9b8527/library/std/src/panicking.rs:541:19
[INFO] [stdout]   47:     0x5597de7b9932 - std[617be2ca0a6fd877]::panic::catch_unwind::<core[a373ad73a504971]::panic::unwind_safe::AssertUnwindSafe<std[617be2ca0a6fd877]::thread::lifecycle::spawn_unchecked<test[aada8e7e76ba119b]::run_test::{closure#1}, ()>::{closure#1}::{closure#0}>, ()>
[INFO] [stdout]                                at /rustc/e3feeb59cd1bdd011a2bfcc0747b55125d9b8527/library/std/src/panic.rs:359:14
[INFO] [stdout]   48:     0x5597de7b9932 - std[617be2ca0a6fd877]::thread::lifecycle::spawn_unchecked::<test[aada8e7e76ba119b]::run_test::{closure#1}, ()>::{closure#1}
[INFO] [stdout]                                at /rustc/e3feeb59cd1bdd011a2bfcc0747b55125d9b8527/library/std/src/thread/lifecycle.rs:68:26
[INFO] [stdout]   49:     0x5597de7b9932 - <std[617be2ca0a6fd877]::thread::lifecycle::spawn_unchecked<test[aada8e7e76ba119b]::run_test::{closure#1}, ()>::{closure#1} as core[a373ad73a504971]::ops::function::FnOnce<()>>::call_once::{shim:vtable#0}
[INFO] [stdout]                                at /rustc/e3feeb59cd1bdd011a2bfcc0747b55125d9b8527/library/core/src/ops/function.rs:250:5
[INFO] [stdout]   50:     0x5597de82290f - <alloc[2e1b2a31b91974c5]::boxed::Box<dyn core[a373ad73a504971]::ops::function::FnOnce<(), Output = ()> + core[a373ad73a504971]::marker::Send> as core[a373ad73a504971]::ops::function::FnOnce<()>>::call_once
[INFO] [stdout]                                at /rustc/e3feeb59cd1bdd011a2bfcc0747b55125d9b8527/library/alloc/src/boxed.rs:2314:9
[INFO] [stdout]   51:     0x5597de82290f - <std[617be2ca0a6fd877]::sys::thread::unix::Thread>::new::thread_start
[INFO] [stdout]                                at /rustc/e3feeb59cd1bdd011a2bfcc0747b55125d9b8527/library/std/src/sys/thread/unix.rs:127:17
[INFO] [stdout]   52:     0x74f26afb3dfa - <unknown>
[INFO] [stdout]   53:     0x74f26b0473d4 - clone
[INFO] [stdout]   54:                0x0 - <unknown>
[INFO] [stdout] 
[INFO] [stdout] 
[INFO] [stdout] failures:
[INFO] [stdout]     discovery_finds_in_tree_plugin_fixtures
[INFO] [stdout]     parser_output_matches_baseline
[INFO] [stdout] 
[INFO] [stdout] test result: FAILED. 2 passed; 2 failed; 0 ignored; 0 measured; 0 filtered out; finished in 0.04s
[INFO] [stdout] 
[INFO] [stderr] error: test failed, to rerun pass `--test corpus_baseline`
[INFO] running `Command { std: "docker" "inspect" "e579f5749e47314a6a25a0935e7a430509f36be3c58848a19c2b4833a5c84287", kill_on_drop: false }`
[INFO] running `Command { std: "docker" "rm" "-f" "e579f5749e47314a6a25a0935e7a430509f36be3c58848a19c2b4833a5c84287", kill_on_drop: false }`
[INFO] [stdout] e579f5749e47314a6a25a0935e7a430509f36be3c58848a19c2b4833a5c84287
