[INFO] fetching crate rust-recursive-deps-updater 0.0.4...
[INFO] testing rust-recursive-deps-updater-0.0.4 against 1.100.0-beta.1 for beta-1.100-2
[INFO] extracting crate rust-recursive-deps-updater 0.0.4 into /workspace/builds/worker-0-tc2/source
[INFO] started tweaking crates.io crate rust-recursive-deps-updater 0.0.4
[INFO] finished tweaking crates.io crate rust-recursive-deps-updater 0.0.4
[INFO] tweaked toml for crates.io crate rust-recursive-deps-updater 0.0.4 written to /workspace/builds/worker-0-tc2/source/Cargo.toml
[INFO] validating manifest of crates.io crate rust-recursive-deps-updater 0.0.4 on toolchain 1.100.0-beta.1
[INFO] running `Command { std: CARGO_HOME="/workspace/cargo-home" RUSTUP_HOME="/workspace/rustup-home" "/workspace/cargo-home/bin/cargo" "+1.100.0-beta.1" "metadata" "--manifest-path" "Cargo.toml" "--no-deps", kill_on_drop: false }`
[INFO] crate crates.io crate rust-recursive-deps-updater 0.0.4 already has a lockfile, it will not be regenerated
[INFO] running `Command { std: CARGO_HOME="/workspace/cargo-home" RUSTUP_HOME="/workspace/rustup-home" "/workspace/cargo-home/bin/cargo" "+1.100.0-beta.1" "fetch" "--manifest-path" "Cargo.toml", kill_on_drop: false }`
[INFO] running `Command { std: "docker" "create" "-v" "/var/lib/crater-agent-workspace/builds/worker-0-tc2/source:/opt/rustwide/workdir:ro,Z" "-v" "/var/lib/crater-agent-workspace/builds/worker-0-tc2/target:/opt/rustwide/target:rw,Z" "-v" "/var/lib/crater-agent-workspace/cargo-home:/opt/rustwide/cargo-home:ro,Z" "-v" "/var/lib/crater-agent-workspace/rustup-home:/opt/rustwide/rustup-home:ro,Z" "-m" "1610612736" "--network" "none" "ghcr.io/rust-lang/crates-build-env/linux@sha256:3111399a4047eeb3a02b7a90e478d715f38a8c6669b5c4b49d30a17385265909" "sleep" "infinity", kill_on_drop: false }`
[INFO] [stdout] b62580424c6e78d8350bc194857d9751a5ba72e03c8c775603969fedc9217f5c
[INFO] running `Command { std: "docker" "start" "b62580424c6e78d8350bc194857d9751a5ba72e03c8c775603969fedc9217f5c", kill_on_drop: false }`
[INFO] running `Command { std: "docker" "inspect" "b62580424c6e78d8350bc194857d9751a5ba72e03c8c775603969fedc9217f5c", kill_on_drop: false }`
[INFO] running `Command { std: "docker" "exec" "-e" "SOURCE_DIR=/opt/rustwide/workdir" "-e" "CARGO_HOME=/opt/rustwide/cargo-home" "-e" "RUSTUP_HOME=/opt/rustwide/rustup-home" "-e" "CARGO_TARGET_DIR=/opt/rustwide/target" "-w" "/opt/rustwide/workdir" "--user" "0:0" "b62580424c6e78d8350bc194857d9751a5ba72e03c8c775603969fedc9217f5c" "/opt/rustwide/cargo-home/bin/cargo" "+1.100.0-beta.1" "metadata" "--no-deps" "--format-version=1", kill_on_drop: false }`
[INFO] running `Command { std: "docker" "inspect" "b62580424c6e78d8350bc194857d9751a5ba72e03c8c775603969fedc9217f5c", kill_on_drop: false }`
[INFO] running `Command { std: "docker" "exec" "-e" "SOURCE_DIR=/opt/rustwide/workdir" "-e" "CARGO_HOME=/opt/rustwide/cargo-home" "-e" "RUSTUP_HOME=/opt/rustwide/rustup-home" "-e" "CARGO_TARGET_DIR=/opt/rustwide/target" "-e" "CARGO_INCREMENTAL=0" "-e" "RUST_BACKTRACE=full" "-e" "RUSTFLAGS=--cap-lints=warn" "-e" "RUSTDOCFLAGS=--cap-lints=warn" "-w" "/opt/rustwide/workdir" "--user" "0:0" "b62580424c6e78d8350bc194857d9751a5ba72e03c8c775603969fedc9217f5c" "/opt/rustwide/cargo-home/bin/cargo" "+1.100.0-beta.1" "build" "--frozen" "--message-format=json", kill_on_drop: false }`
[INFO] [stderr]    Compiling proc-macro2 v1.0.107
[INFO] [stderr]    Compiling libc v0.2.189
[INFO] [stderr]    Compiling unicode-ident v1.0.26
[INFO] [stderr]    Compiling quote v1.0.47
[INFO] [stderr]    Compiling serde_core v1.0.229
[INFO] [stderr]    Compiling find-msvc-tools v0.1.13
[INFO] [stderr]    Compiling shlex v2.0.1
[INFO] [stderr]    Compiling cfg-if v1.0.5
[INFO] [stderr]    Compiling itoa v1.0.18
[INFO] [stderr]    Compiling zeroize v1.9.0
[INFO] [stderr]    Compiling utf8parse v0.2.2
[INFO] [stderr]    Compiling zmij v1.0.23
[INFO] [stderr]    Compiling httparse v1.10.1
[INFO] [stderr]    Compiling crc32fast v1.5.2
[INFO] [stderr]    Compiling log v0.4.34
[INFO] [stderr]    Compiling untrusted v0.9.0
[INFO] [stderr]    Compiling anstyle-parse v1.0.0
[INFO] [stderr]    Compiling memchr v2.8.3
[INFO] [stderr]    Compiling anstyle v1.0.14
[INFO] [stderr]    Compiling cc v1.4.7
[INFO] [stderr]    Compiling is_terminal_polyfill v1.70.2
[INFO] [stderr]    Compiling rustls-pki-types v1.15.1
[INFO] [stderr]    Compiling time-core v0.1.9
[INFO] [stderr]    Compiling adler2 v2.0.1
[INFO] [stderr]    Compiling libm v0.2.16
[INFO] [stderr]    Compiling colorchoice v1.0.5
[INFO] [stderr]    Compiling hashbrown v0.17.1
[INFO] [stderr]    Compiling num-conv v0.2.2
[INFO] [stderr]    Compiling anstyle-query v1.1.5
[INFO] [stderr]    Compiling portable-atomic v1.15.0
[INFO] [stderr]    Compiling equivalent v1.0.2
[INFO] [stderr]    Compiling simd-adler32 v0.3.10
[INFO] [stderr]    Compiling rustls v0.23.45
[INFO] [stderr]    Compiling bytes v1.12.1
[INFO] [stderr]    Compiling serde v1.0.229
[INFO] [stderr]    Compiling serde_json v1.0.151
[INFO] [stderr]    Compiling anstream v1.0.0
[INFO] [stderr]    Compiling time-macros v0.2.32
[INFO] [stderr]    Compiling miniz_oxide v0.9.1
[INFO] [stderr]    Compiling winnow v1.0.4
[INFO] [stderr]    Compiling strsim v0.11.1
[INFO] [stderr]    Compiling deranged v0.5.8
[INFO] [stderr]    Compiling heck v0.5.0
[INFO] [stderr]    Compiling base64 v0.23.1
[INFO] [stderr]    Compiling subtle v2.6.1
[INFO] [stderr]    Compiling syn v3.0.6
[INFO] [stderr]    Compiling once_cell v1.21.4
[INFO] [stderr]    Compiling num_threads v0.1.7
[INFO] [stderr]    Compiling thiserror v2.0.21
[INFO] [stderr]    Compiling noyalib v0.0.51
[INFO] [stderr]    Compiling powerfmt v0.2.0
[INFO] [stderr]    Compiling clap_lex v1.1.1
[INFO] [stderr]    Compiling unicode-width v0.2.2
[INFO] [stderr]    Compiling clap_builder v4.6.7
[INFO] [stderr]    Compiling flate2 v1.1.10
[INFO] [stderr]    Compiling http v1.5.0
[INFO] [stderr]    Compiling webpki-roots v1.0.9
[INFO] [stderr]    Compiling colored v3.1.1
[INFO] [stderr]    Compiling ryu v1.0.23
[INFO] [stderr]    Compiling ring v0.17.14
[INFO] [stderr]    Compiling toml_writer v1.1.2+spec-1.1.0
[INFO] [stderr]    Compiling unit-prefix v0.5.2
[INFO] [stderr]    Compiling rustc-hash v2.1.3
[INFO] [stderr]    Compiling smallvec v1.16.1
[INFO] [stderr]    Compiling toml_datetime v1.1.1+spec-1.1.0
[INFO] [stderr]    Compiling percent-encoding v2.3.2
[INFO] [stderr]    Compiling utf8-zero v0.8.1
[INFO] [stderr]    Compiling semver v1.0.28
[INFO] [stderr]    Compiling getrandom v0.2.17
[INFO] [stderr]    Compiling console v0.16.6
[INFO] [stderr]    Compiling time v0.3.55
[INFO] [stderr]    Compiling indexmap v2.14.2
[INFO] [stderr]    Compiling serde_ignored v0.1.14
[INFO] [stderr]    Compiling toml_parser v1.1.3+spec-1.1.0
[INFO] [stderr]    Compiling ureq-proto v0.6.4
[INFO] [stderr]    Compiling indicatif v0.18.6
[INFO] [stderr]    Compiling toml_edit v0.25.15+spec-1.1.0
[INFO] [stderr]    Compiling serde_derive v1.0.229
[INFO] [stderr]    Compiling thiserror-impl v2.0.21
[INFO] [stderr]    Compiling clap_derive v4.6.7
[INFO] [stderr]    Compiling simple_logger v5.2.0
[INFO] [stderr]    Compiling clap v4.6.7
[INFO] [stderr]    Compiling rustls-webpki v0.103.15
[INFO] [stderr]    Compiling ureq v3.4.2
[INFO] [stderr]    Compiling rust-recursive-deps-updater v0.0.4 (/opt/rustwide/workdir)
[INFO] [stderr] warning: unused dependency `indicatif`
[INFO] [stderr]   --> Cargo.toml:12:15
[INFO] [stderr]    |
[INFO] [stderr] 12 | [dependencies.indicatif]
[INFO] [stderr]    |               ^^^^^^^^^^
[INFO] [stderr]    |
[INFO] [stderr]    = note: `cargo::unused_dependencies` is set to `warn` by default
[INFO] [stderr] help: consider removing the dependency on `indicatif`
[INFO] [stderr] warning: `rust-recursive-deps-updater` (manifest) generated 1 warning
[INFO] [stderr]     Finished `dev` profile [unoptimized + debuginfo] target(s) in 42.22s
[INFO] running `Command { std: "docker" "inspect" "b62580424c6e78d8350bc194857d9751a5ba72e03c8c775603969fedc9217f5c", kill_on_drop: false }`
[INFO] running `Command { std: "docker" "exec" "-e" "SOURCE_DIR=/opt/rustwide/workdir" "-e" "CARGO_HOME=/opt/rustwide/cargo-home" "-e" "RUSTUP_HOME=/opt/rustwide/rustup-home" "-e" "CARGO_TARGET_DIR=/opt/rustwide/target" "-e" "CARGO_INCREMENTAL=0" "-e" "RUST_BACKTRACE=full" "-e" "RUSTFLAGS=--cap-lints=warn" "-e" "RUSTDOCFLAGS=--cap-lints=warn" "-w" "/opt/rustwide/workdir" "--user" "0:0" "b62580424c6e78d8350bc194857d9751a5ba72e03c8c775603969fedc9217f5c" "/opt/rustwide/cargo-home/bin/cargo" "+1.100.0-beta.1" "test" "--frozen" "--no-run" "--message-format=json", kill_on_drop: false }`
[INFO] [stderr]    Compiling getrandom v0.4.3
[INFO] [stderr]    Compiling rustix v1.1.5
[INFO] [stderr]    Compiling bitflags v2.13.2
[INFO] [stderr]    Compiling linux-raw-sys v0.12.1
[INFO] [stderr]    Compiling fastrand v2.5.0
[INFO] [stderr]    Compiling tempfile v3.27.0
[INFO] [stderr]    Compiling rust-recursive-deps-updater v0.0.4 (/opt/rustwide/workdir)
[INFO] [stderr] warning: unused dependency `indicatif`
[INFO] [stderr]   --> Cargo.toml:12:15
[INFO] [stderr]    |
[INFO] [stderr] 12 | [dependencies.indicatif]
[INFO] [stderr]    |               ^^^^^^^^^^
[INFO] [stderr]    |
[INFO] [stderr]    = note: `cargo::unused_dependencies` is set to `warn` by default
[INFO] [stderr] help: consider removing the dependency on `indicatif`
[INFO] [stderr] warning: `rust-recursive-deps-updater` (manifest) generated 1 warning
[INFO] [stderr]     Finished `test` profile [unoptimized + debuginfo] target(s) in 8.36s
[INFO] running `Command { std: "docker" "inspect" "b62580424c6e78d8350bc194857d9751a5ba72e03c8c775603969fedc9217f5c", kill_on_drop: false }`
[INFO] running `Command { std: "docker" "exec" "-e" "SOURCE_DIR=/opt/rustwide/workdir" "-e" "CARGO_HOME=/opt/rustwide/cargo-home" "-e" "RUSTUP_HOME=/opt/rustwide/rustup-home" "-e" "CARGO_TARGET_DIR=/opt/rustwide/target" "-e" "CARGO_INCREMENTAL=0" "-e" "RUST_BACKTRACE=full" "-e" "RUSTFLAGS=--cap-lints=warn" "-e" "RUSTDOCFLAGS=--cap-lints=warn" "-w" "/opt/rustwide/workdir" "--user" "0:0" "b62580424c6e78d8350bc194857d9751a5ba72e03c8c775603969fedc9217f5c" "/opt/rustwide/cargo-home/bin/cargo" "+1.100.0-beta.1" "test" "--frozen", kill_on_drop: false }`
[INFO] [stderr] warning: unused dependency `indicatif`
[INFO] [stderr]   --> Cargo.toml:12:15
[INFO] [stderr]    |
[INFO] [stderr] 12 | [dependencies.indicatif]
[INFO] [stderr]    |               ^^^^^^^^^^
[INFO] [stderr]    |
[INFO] [stderr]    = note: `cargo::unused_dependencies` is set to `warn` by default
[INFO] [stderr] help: consider removing the dependency on `indicatif`
[INFO] [stderr] warning: `rust-recursive-deps-updater` (manifest) generated 1 warning
[INFO] [stderr]     Finished `test` profile [unoptimized + debuginfo] target(s) in 0.13s
[INFO] [stdout] 
[INFO] [stdout] running 30 tests
[INFO] [stdout] test functions::test_path_validation::test_validate_path_rejects_root_and_prefix ... ok
[INFO] [stdout] test config::model::test_rrdu_config::test_project_config_get_sub_config_path ... ok
[INFO] [stdout] test functions::test_path_validation::test_validate_path_valid_relative_paths ... ok
[INFO] [stdout] test config::rrdu_config::test_rrdu_config::test_rrdu_config_add_workspace ... ok
[INFO] [stdout] test config::model::test_rrdu_config::test_updater_config_defaults_and_exclude ... ok
[INFO] [stdout] test config::rrdu_config::test_rrdu_config::test_yaml_in_memory_roundtrip ... ok
[INFO] [stdout] test functions::test_path_validation::test_validate_path_rejects_parent_traversal ... ok
[INFO] [stderr]      Running unittests src/main.rs (/opt/rustwide/target/debug/build/rust-recursive-deps-updater/07816a27562a2f93/out/rrdu-07816a27562a2f93)
[INFO] [stdout] test workspace::discovery::test_discovery::test_discovery_intermediate_folder_scan ... ok
[INFO] [stdout] test workspace::discovery::test_discovery::test_prepare_ignored_multi_level_subfolder ... ok
[INFO] [stdout] test workspace::discovery::test_discovery::test_prepare_ignored_strips_matching_prefix ... ok
[INFO] [stdout] test workspace::discovery::test_discovery::test_discovery_with_gitignore ... ok
[INFO] [stdout] test workspace::discovery::test_discovery::test_discovery_root_scan ... ok
[INFO] [stdout] test workspace::discovery::test_discovery::test_remove_from_ignore ... ok
[INFO] [stdout] test workspace::discovery::test_discovery::test_unique_ignored ... ok
[INFO] [stdout] test workspace::discovery::test_discovery::test_discovery_stops_when_rrduconfig_present ... ok
[INFO] [stdout] test functions::test_path_validation::test_validate_path_and_file_name ... ok
[INFO] [stdout] test workspace::discovery::test_discovery::test_discovery_with_rrduignore_override ... ok
[INFO] [stdout] test workspace::discovery::test_discovery::test_prepare_ignored_root_returns_unchanged ... ok
[INFO] [stdout] test workspace::project::test_dependency_entry::test_get_dependency_row_valus ... ok
[INFO] [stdout] test functions::test_path_validation::test_create_absolute_path_with_tempfile ... ok
[INFO] [stdout] test registry::client::tests::test_url_generation ... ok
[INFO] [stdout] test workspace::project::test_dependency_entry::test_table_dependencies ... ok
[INFO] [stdout] test workspace::project::test_dependency_entry::test_simple_dependency ... ok
[INFO] [stdout] test workspace::project::test_dependency_entry::test_unsupported_keys ... ok
[INFO] [stdout] test workspace::project::test_dependency_entry::test_inline_dependencies ... ok
[INFO] [stdout] test workspace::project::test_dependency_entry::test_missing_required_and_unsupported_value ... ok
[INFO] [stdout] test workspace::discovery::test_discovery::test_discovery_sub_project_scan ... ok
[INFO] [stdout] test workspace::project::test_dependency_entry::test_check_if_latest_semver_rules ... ok
[INFO] [stdout] test config::model::test_rrdu_config::test_project_config_exclude_dep ... ok
[INFO] [stdout] test registry::client::tests::test_fixtures_validation ... FAILED
[INFO] [stdout] 
[INFO] [stdout] failures:
[INFO] [stdout] 
[INFO] [stdout] ---- registry::client::tests::test_fixtures_validation stdout ----
[INFO] [stdout] 
[INFO] [stdout] thread 'registry::client::tests::test_fixtures_validation' (1770) panicked at src/registry/client.rs:598:60:
[INFO] [stdout] Failed to open tests/fixtures/tokio_index.txt
[INFO] [stdout] stack backtrace:
[INFO] [stdout]    0:     0x561b4c83d091 - std[617be2ca0a6fd877]::backtrace_rs::backtrace::libunwind::trace
[INFO] [stdout]                                at /rustc/e3feeb59cd1bdd011a2bfcc0747b55125d9b8527/library/std/src/../../backtrace/src/backtrace/libunwind.rs:117:9
[INFO] [stdout]    1:     0x561b4c83d091 - std[617be2ca0a6fd877]::backtrace_rs::backtrace::trace_unsynchronized::<std[617be2ca0a6fd877]::sys::backtrace::_print_fmt::{closure#1}>
[INFO] [stdout]                                at /rustc/e3feeb59cd1bdd011a2bfcc0747b55125d9b8527/library/std/src/../../backtrace/src/backtrace/mod.rs:66:14
[INFO] [stdout]    2:     0x561b4c83d091 - std[617be2ca0a6fd877]::sys::backtrace::_print_fmt
[INFO] [stdout]                                at /rustc/e3feeb59cd1bdd011a2bfcc0747b55125d9b8527/library/std/src/sys/backtrace.rs:74:9
[INFO] [stdout]    3:     0x561b4c83d091 - <<std[617be2ca0a6fd877]::sys::backtrace::BacktraceLock>::print::DisplayBacktrace as core[a373ad73a504971]::fmt::Display>::fmt
[INFO] [stdout]                                at /rustc/e3feeb59cd1bdd011a2bfcc0747b55125d9b8527/library/std/src/sys/backtrace.rs:44:26
[INFO] [stdout]    4:     0x561b4c85307a - <core[a373ad73a504971]::fmt::rt::Argument>::fmt
[INFO] [stdout]                                at /rustc/e3feeb59cd1bdd011a2bfcc0747b55125d9b8527/library/core/src/fmt/rt.rs:152:76
[INFO] [stdout]    5:     0x561b4c85307a - core[a373ad73a504971]::fmt::write
[INFO] [stdout]    6:     0x561b4c84159c - core[a373ad73a504971]::io::write::default_write_fmt::<alloc[2e1b2a31b91974c5]::vec::Vec<u8>>
[INFO] [stdout]                                at /rustc/e3feeb59cd1bdd011a2bfcc0747b55125d9b8527/library/core/src/io/write.rs:402:11
[INFO] [stdout]    7:     0x561b4c84159c - <alloc[2e1b2a31b91974c5]::vec::Vec<u8> as core[a373ad73a504971]::io::write::Write>::write_fmt
[INFO] [stdout]                                at /rustc/e3feeb59cd1bdd011a2bfcc0747b55125d9b8527/library/core/src/io/write.rs:335:13
[INFO] [stdout]    8:     0x561b4c817776 - <std[617be2ca0a6fd877]::sys::backtrace::BacktraceLock>::print
[INFO] [stdout]                                at /rustc/e3feeb59cd1bdd011a2bfcc0747b55125d9b8527/library/std/src/sys/backtrace.rs:47:9
[INFO] [stdout]    9:     0x561b4c817776 - std[617be2ca0a6fd877]::panicking::default_hook::{closure#0}
[INFO] [stdout]                                at /rustc/e3feeb59cd1bdd011a2bfcc0747b55125d9b8527/library/std/src/panicking.rs:289:27
[INFO] [stdout]   10:     0x561b4c8348b9 - std[617be2ca0a6fd877]::panicking::default_hook
[INFO] [stdout]                                at /rustc/e3feeb59cd1bdd011a2bfcc0747b55125d9b8527/library/std/src/panicking.rs:313:9
[INFO] [stdout]   11:     0x561b4c656880 - <alloc[2e1b2a31b91974c5]::boxed::Box<dyn for<'a, 'b> core[a373ad73a504971]::ops::function::Fn<(&'a std[617be2ca0a6fd877]::panic::PanicHookInfo<'b>,), Output = ()> + core[a373ad73a504971]::marker::Sync + core[a373ad73a504971]::marker::Send> as core[a373ad73a504971]::ops::function::Fn<(&std[617be2ca0a6fd877]::panic::PanicHookInfo,)>>::call
[INFO] [stdout]                                at /rustc/e3feeb59cd1bdd011a2bfcc0747b55125d9b8527/library/alloc/src/boxed.rs:2328:9
[INFO] [stdout]   12:     0x561b4c656880 - test[aada8e7e76ba119b]::test_main_inner::{closure#0}
[INFO] [stdout]                                at /rustc/e3feeb59cd1bdd011a2bfcc0747b55125d9b8527/library/test/src/lib.rs:137:21
[INFO] [stdout]   13:     0x561b4c834a72 - <alloc[2e1b2a31b91974c5]::boxed::Box<dyn for<'a, 'b> core[a373ad73a504971]::ops::function::Fn<(&'a std[617be2ca0a6fd877]::panic::PanicHookInfo<'b>,), Output = ()> + core[a373ad73a504971]::marker::Sync + core[a373ad73a504971]::marker::Send> as core[a373ad73a504971]::ops::function::Fn<(&std[617be2ca0a6fd877]::panic::PanicHookInfo,)>>::call
[INFO] [stdout]                                at /rustc/e3feeb59cd1bdd011a2bfcc0747b55125d9b8527/library/alloc/src/boxed.rs:2328:9
[INFO] [stdout]   14:     0x561b4c834a72 - std[617be2ca0a6fd877]::panicking::panic_with_hook
[INFO] [stdout]                                at /rustc/e3feeb59cd1bdd011a2bfcc0747b55125d9b8527/library/std/src/panicking.rs:819:13
[INFO] [stdout]   15:     0x561b4c817822 - std[617be2ca0a6fd877]::panicking::panic_handler::{closure#0}
[INFO] [stdout]                                at /rustc/e3feeb59cd1bdd011a2bfcc0747b55125d9b8527/library/std/src/panicking.rs:685:13
[INFO] [stdout]   16:     0x561b4c8101e9 - std[617be2ca0a6fd877]::sys::backtrace::__rust_end_short_backtrace::<std[617be2ca0a6fd877]::panicking::panic_handler::{closure#0}, !>
[INFO] [stdout]                                at /rustc/e3feeb59cd1bdd011a2bfcc0747b55125d9b8527/library/std/src/sys/backtrace.rs:182:18
[INFO] [stdout]   17:     0x561b4c81842d - __rustc[ea4f61d10b84890b]::rust_begin_unwind
[INFO] [stdout]                                at /rustc/e3feeb59cd1bdd011a2bfcc0747b55125d9b8527/library/std/src/panicking.rs:676:5
[INFO] [stdout]   18:     0x561b4c85389c - core[a373ad73a504971]::panicking::panic_fmt
[INFO] [stdout]                                at /rustc/e3feeb59cd1bdd011a2bfcc0747b55125d9b8527/library/core/src/panicking.rs:80:14
[INFO] [stdout]   19:     0x561b4c5be7de - rrdu[60e58c6b263530e8]::registry::client::tests::test_fixtures_validation::{closure#0}
[INFO] [stdout]                                at /opt/rustwide/workdir/src/registry/client.rs:598:60
[INFO] [stdout]   20:     0x561b4c5c89b3 - <core[a373ad73a504971]::result::Result<std[617be2ca0a6fd877]::fs::File, core[a373ad73a504971]::io::error::Error>>::unwrap_or_else::<rrdu[60e58c6b263530e8]::registry::client::tests::test_fixtures_validation::{closure#0}>
[INFO] [stdout]                                at /rustc/e3feeb59cd1bdd011a2bfcc0747b55125d9b8527/library/core/src/result.rs:1619:23
[INFO] [stdout]   21:     0x561b4c5c61e0 - rrdu[60e58c6b263530e8]::registry::client::tests::test_fixtures_validation
[INFO] [stdout]                                at /opt/rustwide/workdir/src/registry/client.rs:598:41
[INFO] [stdout]   22:     0x561b4c5be737 - rrdu[60e58c6b263530e8]::registry::client::tests::test_fixtures_validation::{closure#0}
[INFO] [stdout]                                at /opt/rustwide/workdir/src/registry/client.rs:576:34
[INFO] [stdout]   23:     0x561b4c5e2376 - <rrdu[60e58c6b263530e8]::registry::client::tests::test_fixtures_validation::{closure#0} as core[a373ad73a504971]::ops::function::FnOnce<()>>::call_once
[INFO] [stdout]                                at /rustc/e3feeb59cd1bdd011a2bfcc0747b55125d9b8527/library/core/src/ops/function.rs:250:5
[INFO] [stdout]   24:     0x561b4c649ccb - <fn() -> core[a373ad73a504971]::result::Result<(), alloc[2e1b2a31b91974c5]::string::String> as core[a373ad73a504971]::ops::function::FnOnce<()>>::call_once
[INFO] [stdout]                                at /rustc/e3feeb59cd1bdd011a2bfcc0747b55125d9b8527/library/core/src/ops/function.rs:250:5
[INFO] [stdout]   25:     0x561b4c649ccb - test[aada8e7e76ba119b]::__rust_begin_short_backtrace::<core[a373ad73a504971]::result::Result<(), alloc[2e1b2a31b91974c5]::string::String>, fn() -> core[a373ad73a504971]::result::Result<(), alloc[2e1b2a31b91974c5]::string::String>>
[INFO] [stdout]                                at /rustc/e3feeb59cd1bdd011a2bfcc0747b55125d9b8527/library/test/src/lib.rs:701:18
[INFO] [stdout]   26:     0x561b4c656ea5 - test[aada8e7e76ba119b]::run_test_in_process::{closure#0}
[INFO] [stdout]                                at /rustc/e3feeb59cd1bdd011a2bfcc0747b55125d9b8527/library/test/src/lib.rs:724:74
[INFO] [stdout]   27:     0x561b4c656ea5 - <core[a373ad73a504971]::panic::unwind_safe::AssertUnwindSafe<test[aada8e7e76ba119b]::run_test_in_process::{closure#0}> as core[a373ad73a504971]::ops::function::FnOnce<()>>::call_once
[INFO] [stdout]                                at /rustc/e3feeb59cd1bdd011a2bfcc0747b55125d9b8527/library/core/src/panic/unwind_safe.rs:275:9
[INFO] [stdout]   28:     0x561b4c656ea5 - std[617be2ca0a6fd877]::panicking::catch_unwind::do_call::<core[a373ad73a504971]::panic::unwind_safe::AssertUnwindSafe<test[aada8e7e76ba119b]::run_test_in_process::{closure#0}>, core[a373ad73a504971]::result::Result<(), alloc[2e1b2a31b91974c5]::string::String>>
[INFO] [stdout]                                at /rustc/e3feeb59cd1bdd011a2bfcc0747b55125d9b8527/library/std/src/panicking.rs:573:43
[INFO] [stdout]   29:     0x561b4c656ea5 - std[617be2ca0a6fd877]::panicking::catch_unwind::<core[a373ad73a504971]::result::Result<(), alloc[2e1b2a31b91974c5]::string::String>, core[a373ad73a504971]::panic::unwind_safe::AssertUnwindSafe<test[aada8e7e76ba119b]::run_test_in_process::{closure#0}>>
[INFO] [stdout]                                at /rustc/e3feeb59cd1bdd011a2bfcc0747b55125d9b8527/library/std/src/panicking.rs:541:19
[INFO] [stdout]   30:     0x561b4c656ea5 - std[617be2ca0a6fd877]::panic::catch_unwind::<core[a373ad73a504971]::panic::unwind_safe::AssertUnwindSafe<test[aada8e7e76ba119b]::run_test_in_process::{closure#0}>, core[a373ad73a504971]::result::Result<(), alloc[2e1b2a31b91974c5]::string::String>>
[INFO] [stdout]                                at /rustc/e3feeb59cd1bdd011a2bfcc0747b55125d9b8527/library/std/src/panic.rs:359:14
[INFO] [stdout]   31:     0x561b4c656ea5 - test[aada8e7e76ba119b]::run_test_in_process
[INFO] [stdout]                                at /rustc/e3feeb59cd1bdd011a2bfcc0747b55125d9b8527/library/test/src/lib.rs:724:27
[INFO] [stdout]   32:     0x561b4c656ea5 - test[aada8e7e76ba119b]::run_test::{closure#0}
[INFO] [stdout]                                at /rustc/e3feeb59cd1bdd011a2bfcc0747b55125d9b8527/library/test/src/lib.rs:645:43
[INFO] [stdout]   33:     0x561b4c650794 - test[aada8e7e76ba119b]::run_test::{closure#1}
[INFO] [stdout]                                at /rustc/e3feeb59cd1bdd011a2bfcc0747b55125d9b8527/library/test/src/lib.rs:675:41
[INFO] [stdout]   34:     0x561b4c650794 - std[617be2ca0a6fd877]::sys::backtrace::__rust_begin_short_backtrace::<test[aada8e7e76ba119b]::run_test::{closure#1}, ()>
[INFO] [stdout]                                at /rustc/e3feeb59cd1bdd011a2bfcc0747b55125d9b8527/library/std/src/sys/backtrace.rs:166:18
[INFO] [stdout]   35:     0x561b4c659f32 - std[617be2ca0a6fd877]::thread::lifecycle::spawn_unchecked::<test[aada8e7e76ba119b]::run_test::{closure#1}, ()>::{closure#1}::{closure#0}
[INFO] [stdout]                                at /rustc/e3feeb59cd1bdd011a2bfcc0747b55125d9b8527/library/std/src/thread/lifecycle.rs:70:13
[INFO] [stdout]   36:     0x561b4c659f32 - <core[a373ad73a504971]::panic::unwind_safe::AssertUnwindSafe<std[617be2ca0a6fd877]::thread::lifecycle::spawn_unchecked<test[aada8e7e76ba119b]::run_test::{closure#1}, ()>::{closure#1}::{closure#0}> as core[a373ad73a504971]::ops::function::FnOnce<()>>::call_once
[INFO] [stdout]                                at /rustc/e3feeb59cd1bdd011a2bfcc0747b55125d9b8527/library/core/src/panic/unwind_safe.rs:275:9
[INFO] [stdout]   37:     0x561b4c659f32 - std[617be2ca0a6fd877]::panicking::catch_unwind::do_call::<core[a373ad73a504971]::panic::unwind_safe::AssertUnwindSafe<std[617be2ca0a6fd877]::thread::lifecycle::spawn_unchecked<test[aada8e7e76ba119b]::run_test::{closure#1}, ()>::{closure#1}::{closure#0}>, ()>
[INFO] [stdout]                                at /rustc/e3feeb59cd1bdd011a2bfcc0747b55125d9b8527/library/std/src/panicking.rs:573:43
[INFO] [stdout]   38:     0x561b4c659f32 - std[617be2ca0a6fd877]::panicking::catch_unwind::<(), core[a373ad73a504971]::panic::unwind_safe::AssertUnwindSafe<std[617be2ca0a6fd877]::thread::lifecycle::spawn_unchecked<test[aada8e7e76ba119b]::run_test::{closure#1}, ()>::{closure#1}::{closure#0}>>
[INFO] [stdout]                                at /rustc/e3feeb59cd1bdd011a2bfcc0747b55125d9b8527/library/std/src/panicking.rs:541:19
[INFO] [stdout]   39:     0x561b4c659f32 - std[617be2ca0a6fd877]::panic::catch_unwind::<core[a373ad73a504971]::panic::unwind_safe::AssertUnwindSafe<std[617be2ca0a6fd877]::thread::lifecycle::spawn_unchecked<test[aada8e7e76ba119b]::run_test::{closure#1}, ()>::{closure#1}::{closure#0}>, ()>
[INFO] [stdout]                                at /rustc/e3feeb59cd1bdd011a2bfcc0747b55125d9b8527/library/std/src/panic.rs:359:14
[INFO] [stdout]   40:     0x561b4c659f32 - std[617be2ca0a6fd877]::thread::lifecycle::spawn_unchecked::<test[aada8e7e76ba119b]::run_test::{closure#1}, ()>::{closure#1}
[INFO] [stdout]                                at /rustc/e3feeb59cd1bdd011a2bfcc0747b55125d9b8527/library/std/src/thread/lifecycle.rs:68:26
[INFO] [stdout]   41:     0x561b4c659f32 - <std[617be2ca0a6fd877]::thread::lifecycle::spawn_unchecked<test[aada8e7e76ba119b]::run_test::{closure#1}, ()>::{closure#1} as core[a373ad73a504971]::ops::function::FnOnce<()>>::call_once::{shim:vtable#0}
[INFO] [stdout]                                at /rustc/e3feeb59cd1bdd011a2bfcc0747b55125d9b8527/library/core/src/ops/function.rs:250:5
[INFO] [stdout]   42:     0x561b4c83c3af - <alloc[2e1b2a31b91974c5]::boxed::Box<dyn core[a373ad73a504971]::ops::function::FnOnce<(), Output = ()> + core[a373ad73a504971]::marker::Send> as core[a373ad73a504971]::ops::function::FnOnce<()>>::call_once
[INFO] [stdout]                                at /rustc/e3feeb59cd1bdd011a2bfcc0747b55125d9b8527/library/alloc/src/boxed.rs:2314:9
[INFO] [stdout]   43:     0x561b4c83c3af - <std[617be2ca0a6fd877]::sys::thread::unix::Thread>::new::thread_start
[INFO] [stdout]                                at /rustc/e3feeb59cd1bdd011a2bfcc0747b55125d9b8527/library/std/src/sys/thread/unix.rs:127:17
[INFO] [stdout]   44:     0x790b352f0dfa - <unknown>
[INFO] [stdout]   45:     0x790b353843d4 - clone
[INFO] [stdout]   46:                0x0 - <unknown>
[INFO] [stdout] 
[INFO] [stdout] 
[INFO] [stdout] failures:
[INFO] [stdout]     registry::client::tests::test_fixtures_validation
[INFO] [stdout] 
[INFO] [stdout] test result: FAILED. 29 passed; 1 failed; 0 ignored; 0 measured; 0 filtered out; finished in 0.13s
[INFO] [stdout] 
[INFO] [stderr] error: test failed, to rerun pass `--bin rrdu`
[INFO] running `Command { std: "docker" "inspect" "b62580424c6e78d8350bc194857d9751a5ba72e03c8c775603969fedc9217f5c", kill_on_drop: false }`
[INFO] running `Command { std: "docker" "rm" "-f" "b62580424c6e78d8350bc194857d9751a5ba72e03c8c775603969fedc9217f5c", kill_on_drop: false }`
[INFO] [stdout] b62580424c6e78d8350bc194857d9751a5ba72e03c8c775603969fedc9217f5c
