[INFO] fetching crate rust-llm-tidy-reorder 0.2.1...
[INFO] testing rust-llm-tidy-reorder-0.2.1 against 1.99.0-beta.8 for beta-1.100-2
[INFO] extracting crate rust-llm-tidy-reorder 0.2.1 into /workspace/builds/worker-1-tc1/source
[INFO] started tweaking crates.io crate rust-llm-tidy-reorder 0.2.1
[INFO] finished tweaking crates.io crate rust-llm-tidy-reorder 0.2.1
[INFO] tweaked toml for crates.io crate rust-llm-tidy-reorder 0.2.1 written to /workspace/builds/worker-1-tc1/source/Cargo.toml
[INFO] validating manifest of crates.io crate rust-llm-tidy-reorder 0.2.1 on toolchain 1.99.0-beta.8
[INFO] running `Command { std: CARGO_HOME="/workspace/cargo-home" RUSTUP_HOME="/workspace/rustup-home" "/workspace/cargo-home/bin/cargo" "+1.99.0-beta.8" "metadata" "--manifest-path" "Cargo.toml" "--no-deps", kill_on_drop: false }`
[INFO] crate crates.io crate rust-llm-tidy-reorder 0.2.1 already has a lockfile, it will not be regenerated
[INFO] running `Command { std: CARGO_HOME="/workspace/cargo-home" RUSTUP_HOME="/workspace/rustup-home" "/workspace/cargo-home/bin/cargo" "+1.99.0-beta.8" "fetch" "--manifest-path" "Cargo.toml", kill_on_drop: false }`
[INFO] [stderr]     Updating crates.io index
[INFO] [stderr]  Downloading crates ...
[INFO] [stderr]   Downloaded tree-sitter-language v0.1.7
[INFO] [stderr]   Downloaded rust-llm-tidy-lang v0.1.0
[INFO] [stderr]   Downloaded rust-llm-tidy-model v0.4.0
[INFO] [stderr]   Downloaded cargo-platform v0.3.3
[INFO] [stderr]   Downloaded rust-llm-tidy-lint v0.4.0
[INFO] [stderr]   Downloaded rust-llm-tidy-reorder v0.2.0
[INFO] [stderr]   Downloaded cargo_metadata v0.23.1
[INFO] [stderr]   Downloaded tree-sitter v0.26.12
[INFO] [stderr]   Downloaded tree-sitter-python v0.25.0
[INFO] [stderr]   Downloaded tree-sitter-rust v0.24.2
[INFO] [stderr]   Downloaded tree-sitter-c-sharp v0.23.5
[INFO] running `Command { std: "docker" "create" "-v" "/var/lib/crater-agent-workspace/builds/worker-1-tc1/source:/opt/rustwide/workdir:ro,Z" "-v" "/var/lib/crater-agent-workspace/builds/worker-1-tc1/target:/opt/rustwide/target:rw,Z" "-v" "/var/lib/crater-agent-workspace/cargo-home:/opt/rustwide/cargo-home:ro,Z" "-v" "/var/lib/crater-agent-workspace/rustup-home:/opt/rustwide/rustup-home:ro,Z" "-m" "1610612736" "--network" "none" "ghcr.io/rust-lang/crates-build-env/linux@sha256:3111399a4047eeb3a02b7a90e478d715f38a8c6669b5c4b49d30a17385265909" "sleep" "infinity", kill_on_drop: false }`
[INFO] [stdout] b3917d5e6a7a27e8a72969245dd323e575046c6f264657f691ac403afbebb644
[INFO] running `Command { std: "docker" "start" "b3917d5e6a7a27e8a72969245dd323e575046c6f264657f691ac403afbebb644", kill_on_drop: false }`
[INFO] running `Command { std: "docker" "inspect" "b3917d5e6a7a27e8a72969245dd323e575046c6f264657f691ac403afbebb644", kill_on_drop: false }`
[INFO] running `Command { std: "docker" "exec" "-e" "SOURCE_DIR=/opt/rustwide/workdir" "-e" "CARGO_HOME=/opt/rustwide/cargo-home" "-e" "RUSTUP_HOME=/opt/rustwide/rustup-home" "-e" "CARGO_TARGET_DIR=/opt/rustwide/target" "-w" "/opt/rustwide/workdir" "--user" "0:0" "b3917d5e6a7a27e8a72969245dd323e575046c6f264657f691ac403afbebb644" "/opt/rustwide/cargo-home/bin/cargo" "+1.99.0-beta.8" "metadata" "--no-deps" "--format-version=1", kill_on_drop: false }`
[INFO] running `Command { std: "docker" "inspect" "b3917d5e6a7a27e8a72969245dd323e575046c6f264657f691ac403afbebb644", kill_on_drop: false }`
[INFO] running `Command { std: "docker" "exec" "-e" "SOURCE_DIR=/opt/rustwide/workdir" "-e" "CARGO_HOME=/opt/rustwide/cargo-home" "-e" "RUSTUP_HOME=/opt/rustwide/rustup-home" "-e" "CARGO_TARGET_DIR=/opt/rustwide/target" "-e" "CARGO_INCREMENTAL=0" "-e" "RUST_BACKTRACE=full" "-e" "RUSTFLAGS=--cap-lints=warn" "-e" "RUSTDOCFLAGS=--cap-lints=warn" "-w" "/opt/rustwide/workdir" "--user" "0:0" "b3917d5e6a7a27e8a72969245dd323e575046c6f264657f691ac403afbebb644" "/opt/rustwide/cargo-home/bin/cargo" "+1.99.0-beta.8" "build" "--frozen" "--message-format=json", kill_on_drop: false }`
[INFO] [stderr]    Compiling memchr v2.8.3
[INFO] [stderr]    Compiling libc v0.2.186
[INFO] [stderr]    Compiling serde_core v1.0.229
[INFO] [stderr]    Compiling quote v1.0.46
[INFO] [stderr]    Compiling tree-sitter-language v0.1.7
[INFO] [stderr]    Compiling itoa v1.0.18
[INFO] [stderr]    Compiling zmij v1.0.21
[INFO] [stderr]    Compiling serde_json v1.0.151
[INFO] [stderr]    Compiling indexmap v2.14.0
[INFO] [stderr]    Compiling cc v1.2.65
[INFO] [stderr]    Compiling rustix v1.1.4
[INFO] [stderr]    Compiling regex-syntax v0.8.11
[INFO] [stderr]    Compiling zerocopy v0.8.52
[INFO] [stderr]    Compiling ahash v0.8.12
[INFO] [stderr]    Compiling bitflags v2.13.0
[INFO] [stderr]    Compiling streaming-iterator v0.1.9
[INFO] [stderr]    Compiling syn v2.0.118
[INFO] [stderr]    Compiling aho-corasick v1.1.4
[INFO] [stderr]    Compiling getrandom v0.4.2
[INFO] [stderr]    Compiling getrandom v0.3.4
[INFO] [stderr]    Compiling derive_more-impl v2.1.1
[INFO] [stderr]    Compiling derive_more v2.1.1
[INFO] [stderr]    Compiling tempfile v3.27.0
[INFO] [stderr]    Compiling regex-automata v0.4.18
[INFO] [stderr]    Compiling regex v1.12.4
[INFO] [stderr]    Compiling tree-sitter v0.26.12
[INFO] [stderr]    Compiling rust-llm-tidy-model v0.4.0
[INFO] [stderr]    Compiling rust-llm-tidy-reorder v0.2.1 (/opt/rustwide/workdir)
[INFO] [stderr]     Finished `dev` profile [unoptimized + debuginfo] target(s) in 19.66s
[INFO] running `Command { std: "docker" "inspect" "b3917d5e6a7a27e8a72969245dd323e575046c6f264657f691ac403afbebb644", kill_on_drop: false }`
[INFO] running `Command { std: "docker" "exec" "-e" "SOURCE_DIR=/opt/rustwide/workdir" "-e" "CARGO_HOME=/opt/rustwide/cargo-home" "-e" "RUSTUP_HOME=/opt/rustwide/rustup-home" "-e" "CARGO_TARGET_DIR=/opt/rustwide/target" "-e" "CARGO_INCREMENTAL=0" "-e" "RUST_BACKTRACE=full" "-e" "RUSTFLAGS=--cap-lints=warn" "-e" "RUSTDOCFLAGS=--cap-lints=warn" "-w" "/opt/rustwide/workdir" "--user" "0:0" "b3917d5e6a7a27e8a72969245dd323e575046c6f264657f691ac403afbebb644" "/opt/rustwide/cargo-home/bin/cargo" "+1.99.0-beta.8" "test" "--frozen" "--no-run" "--message-format=json", kill_on_drop: false }`
[INFO] [stderr]    Compiling serde_core v1.0.229
[INFO] [stderr]    Compiling memchr v2.8.3
[INFO] [stderr]    Compiling aho-corasick v1.1.4
[INFO] [stderr]    Compiling syn v3.0.3
[INFO] [stderr]    Compiling serde_json v1.0.151
[INFO] [stderr]    Compiling camino v1.2.2
[INFO] [stderr]    Compiling thiserror-impl v2.0.18
[INFO] [stderr]    Compiling tree-sitter-c-sharp v0.23.5
[INFO] [stderr]    Compiling tree-sitter-rust v0.24.2
[INFO] [stderr]    Compiling tree-sitter-python v0.25.0
[INFO] [stderr]    Compiling regex-automata v0.4.18
[INFO] [stderr]    Compiling thiserror v2.0.18
[INFO] [stderr]    Compiling tree-sitter v0.26.12
[INFO] [stderr]    Compiling cargo-platform v0.3.3
[INFO] [stderr]    Compiling semver v1.0.28
[INFO] [stderr]    Compiling serde_derive v1.0.229
[INFO] [stderr]    Compiling regex v1.12.4
[INFO] [stderr]    Compiling rust-llm-tidy-model v0.4.0
[INFO] [stderr]    Compiling rust-llm-tidy-reorder v0.2.0
[INFO] [stderr]    Compiling rust-llm-tidy-lint v0.4.0
[INFO] [stderr]    Compiling rust-llm-tidy-reorder v0.2.1 (/opt/rustwide/workdir)
[INFO] [stderr]    Compiling serde v1.0.229
[INFO] [stderr]    Compiling cargo_metadata v0.23.1
[INFO] [stderr]    Compiling rust-llm-tidy-lang v0.1.0
[INFO] [stderr]     Finished `test` profile [unoptimized + debuginfo] target(s) in 23.74s
[INFO] running `Command { std: "docker" "inspect" "b3917d5e6a7a27e8a72969245dd323e575046c6f264657f691ac403afbebb644", kill_on_drop: false }`
[INFO] running `Command { std: "docker" "exec" "-e" "SOURCE_DIR=/opt/rustwide/workdir" "-e" "CARGO_HOME=/opt/rustwide/cargo-home" "-e" "RUSTUP_HOME=/opt/rustwide/rustup-home" "-e" "CARGO_TARGET_DIR=/opt/rustwide/target" "-e" "CARGO_INCREMENTAL=0" "-e" "RUST_BACKTRACE=full" "-e" "RUSTFLAGS=--cap-lints=warn" "-e" "RUSTDOCFLAGS=--cap-lints=warn" "-w" "/opt/rustwide/workdir" "--user" "0:0" "b3917d5e6a7a27e8a72969245dd323e575046c6f264657f691ac403afbebb644" "/opt/rustwide/cargo-home/bin/cargo" "+1.99.0-beta.8" "test" "--frozen", kill_on_drop: false }`
[INFO] [stderr]     Finished `test` profile [unoptimized + debuginfo] target(s) in 0.14s
[INFO] [stderr]      Running unittests src/lib.rs (/opt/rustwide/target/debug/deps/rust_llm_tidy_reorder-cd86f6c03f5c95df)
[INFO] [stdout] 
[INFO] [stdout] running 24 tests
[INFO] [stdout] test graph::tests::members_never_cross_region_runs ... ok
[INFO] [stdout] test graph::tests::unordered_members_keep_source_order ... ok
[INFO] [stdout] test graph::toposort::tests::test_diamond ... ok
[INFO] [stdout] test graph::toposort::tests::test_mutual_recursion_block ... ok
[INFO] [stdout] test graph::tests::items_reorder_only_within_region_runs ... ok
[INFO] [stdout] test graph::toposort::tests::test_entry_point_first ... ok
[INFO] [stdout] test graph::toposort::tests::test_toposort_alphabetical_cycles ... ok
[INFO] [stdout] test graph::toposort::tests::test_unrelated_fns_stable ... ok
[INFO] [stdout] test graph::toposort::tests::test_toposort_stable_tie_break ... ok
[INFO] [stdout] test reorder::tests::identity_member_order_keeps_plain_item_bytes ... ok
[INFO] [stdout] test graph::toposort::tests::test_toposort_alphabetical_tie_break ... ok
[INFO] [stdout] test graph::tests::members_order_by_phase_then_caller_first ... ok
[INFO] [stdout] test graph::toposort::tests::test_no_calls ... ok
[INFO] [stdout] test reorder::tests::emit_preserves_lf_separators ... ok
[INFO] [stdout] test reorder::tests::compute_moves_describes_unnamed_item_by_kind_and_line ... ok
[INFO] [stdout] test reorder::tests::compute_moves_is_empty_for_already_ordered_input ... ok
[INFO] [stdout] test graph::toposort::tests::test_linear_chain ... ok
[INFO] [stdout] test graph::tests::region_runs_reorder_independently ... ok
[INFO] [stdout] test reorder::tests::compute_moves_reports_before_and_positions ... ok
[INFO] [stdout] test reorder::tests::member_reorder_round_trips_through_emit ... ok
[INFO] [stdout] test reorder::tests::emit_crlf_preserves_doc_comment_endings ... ok
[INFO] [stdout] test reorder::tests::emit_errors_on_divergent_member_order_length ... ok
[INFO] [stdout] test reorder::tests::emit_preserves_crlf_separators ... ok
[INFO] [stdout] test reorder::tests::compute_moves_is_empty_with_no_moves_on_single_item ... ok
[INFO] [stdout] 
[INFO] [stdout] test result: ok. 24 passed; 0 failed; 0 ignored; 0 measured; 0 filtered out; finished in 0.02s
[INFO] [stdout] 
[INFO] [stderr]    Doc-tests rust_llm_tidy_reorder
[INFO] [stdout] 
[INFO] [stdout] running 3 tests
[INFO] [stdout] test src/../README.MD - (line 114) ... ignored
[INFO] [stdout] test src/../README.MD - (line 70) - compile ... FAILED
[INFO] [stdout] test src/../README.MD - (line 46) ... FAILED
[INFO] [stdout] 
[INFO] [stdout] failures:
[INFO] [stdout] 
[INFO] [stdout] ---- src/../README.MD - (line 70) stdout ----
[INFO] [stdout] error[E0308]: mismatched types
[INFO] [stdout]    --> src/../README.MD:84:28
[INFO] [stdout]     |
[INFO] [stdout]  84 | let output = emit(&parsed, &perm)?;
[INFO] [stdout]     |              ----          ^^^^^ expected `Permutation`, found a different `Permutation`
[INFO] [stdout]     |              |
[INFO] [stdout]     |              arguments to this function are incorrect
[INFO] [stdout]     |
[INFO] [stdout] note: there are multiple different versions of crate `rust_llm_tidy_reorder` in the dependency graph
[INFO] [stdout]    --> src/reorder.rs:17:1
[INFO] [stdout]     |
[INFO] [stdout]  17 | pub struct Permutation {
[INFO] [stdout]     | ^^^^^^^^^^^^^^^^^^^^^^ this is the expected type
[INFO] [stdout]     |
[INFO] [stdout]    ::: /opt/rustwide/cargo-home/registry/src/index.crates.io-1949cf8c6b5b557f/rust-llm-tidy-reorder-0.2.0/src/reorder.rs:17:1
[INFO] [stdout]     |
[INFO] [stdout]  17 | pub struct Permutation {
[INFO] [stdout]     | ---------------------- this is the found type
[INFO] [stdout]     = help: you can use `cargo tree` to explore your dependency tree
[INFO] [stdout] note: function defined here
[INFO] [stdout]    --> src/reorder.rs:286:8
[INFO] [stdout]     |
[INFO] [stdout] 286 | pub fn emit(parsed: &ParseResult, perm: &Permutation) -> Result<String> {
[INFO] [stdout]     |        ^^^^
[INFO] [stdout] 
[INFO] [stdout] error: aborting due to 1 previous error
[INFO] [stdout] 
[INFO] [stdout] For more information about this error, try `rustc --explain E0308`.
[INFO] [stdout] Couldn't compile the test.
[INFO] [stdout] ---- src/../README.MD - (line 46) stdout ----
[INFO] [stdout] error[E0308]: mismatched types
[INFO] [stdout]    --> src/../README.MD:61:28
[INFO] [stdout]     |
[INFO] [stdout]  61 | let output = emit(&parsed, &perm).unwrap();
[INFO] [stdout]     |              ----          ^^^^^ expected `Permutation`, found a different `Permutation`
[INFO] [stdout]     |              |
[INFO] [stdout]     |              arguments to this function are incorrect
[INFO] [stdout]     |
[INFO] [stdout] note: there are multiple different versions of crate `rust_llm_tidy_reorder` in the dependency graph
[INFO] [stdout]    --> src/reorder.rs:17:1
[INFO] [stdout]     |
[INFO] [stdout]  17 | pub struct Permutation {
[INFO] [stdout]     | ^^^^^^^^^^^^^^^^^^^^^^ this is the expected type
[INFO] [stdout]     |
[INFO] [stdout]    ::: /opt/rustwide/cargo-home/registry/src/index.crates.io-1949cf8c6b5b557f/rust-llm-tidy-reorder-0.2.0/src/reorder.rs:17:1
[INFO] [stdout]     |
[INFO] [stdout]  17 | pub struct Permutation {
[INFO] [stdout]     | ---------------------- this is the found type
[INFO] [stdout]     = help: you can use `cargo tree` to explore your dependency tree
[INFO] [stdout] note: function defined here
[INFO] [stdout]    --> src/reorder.rs:286:8
[INFO] [stdout]     |
[INFO] [stdout] 286 | pub fn emit(parsed: &ParseResult, perm: &Permutation) -> Result<String> {
[INFO] [stdout]     |        ^^^^
[INFO] [stdout] 
[INFO] [stdout] error: aborting due to 1 previous error
[INFO] [stdout] 
[INFO] [stdout] For more information about this error, try `rustc --explain E0308`.
[INFO] [stdout] Couldn't compile the test.
[INFO] [stdout] 
[INFO] [stdout] failures:
[INFO] [stdout]     src/../README.MD - (line 46)
[INFO] [stdout]     src/../README.MD - (line 70)
[INFO] [stdout] 
[INFO] [stdout] test result: FAILED. 0 passed; 2 failed; 1 ignored; 0 measured; 0 filtered out; finished in 0.07s
[INFO] [stdout] 
[INFO] [stdout] all doctests ran in 0.15s; merged doctests compilation took 0.08s
[INFO] [stderr] error: doctest failed, to rerun pass `--doc`
[INFO] running `Command { std: "docker" "inspect" "b3917d5e6a7a27e8a72969245dd323e575046c6f264657f691ac403afbebb644", kill_on_drop: false }`
[INFO] running `Command { std: "docker" "rm" "-f" "b3917d5e6a7a27e8a72969245dd323e575046c6f264657f691ac403afbebb644", kill_on_drop: false }`
[INFO] [stdout] b3917d5e6a7a27e8a72969245dd323e575046c6f264657f691ac403afbebb644
