[INFO] fetching crate rust-jsr-registry 0.2.0...
[INFO] testing rust-jsr-registry-0.2.0 against 1.99.0-beta.8 for beta-1.100-2
[INFO] extracting crate rust-jsr-registry 0.2.0 into /workspace/builds/worker-2-tc1/source
[INFO] started tweaking crates.io crate rust-jsr-registry 0.2.0
[INFO] finished tweaking crates.io crate rust-jsr-registry 0.2.0
[INFO] tweaked toml for crates.io crate rust-jsr-registry 0.2.0 written to /workspace/builds/worker-2-tc1/source/Cargo.toml
[INFO] validating manifest of crates.io crate rust-jsr-registry 0.2.0 on toolchain 1.99.0-beta.8
[INFO] running `Command { std: CARGO_HOME="/workspace/cargo-home" RUSTUP_HOME="/workspace/rustup-home" "/workspace/cargo-home/bin/cargo" "+1.99.0-beta.8" "metadata" "--manifest-path" "Cargo.toml" "--no-deps", kill_on_drop: false }`
[INFO] crate crates.io crate rust-jsr-registry 0.2.0 already has a lockfile, it will not be regenerated
[INFO] running `Command { std: CARGO_HOME="/workspace/cargo-home" RUSTUP_HOME="/workspace/rustup-home" "/workspace/cargo-home/bin/cargo" "+1.99.0-beta.8" "fetch" "--manifest-path" "Cargo.toml", kill_on_drop: false }`
[INFO] [stderr]     Blocking waiting for file lock on package cache
[INFO] [stderr]     Updating crates.io index
[INFO] [stderr]  Downloading crates ...
[INFO] [stderr]   Downloaded smallvec v1.14.0
[INFO] [stderr]   Downloaded proc-macro2 v1.0.94
[INFO] [stderr]   Downloaded serde-semver v0.2.1
[INFO] [stderr]   Downloaded serde-semver-derive v0.1.1
[INFO] [stderr]   Downloaded errno v0.3.10
[INFO] [stderr]   Downloaded miniz_oxide v0.8.5
[INFO] [stderr]   Downloaded socket2 v0.5.8
[INFO] [stderr]   Downloaded anyhow v1.0.97
[INFO] [stderr]   Downloaded hyper-util v0.1.10
[INFO] [stderr]   Downloaded openssl-sys v0.9.106
[INFO] [stderr]   Downloaded indexmap v2.8.0
[INFO] [stderr]   Downloaded cc v1.2.17
[INFO] [stderr]   Downloaded h2 v0.4.8
[INFO] [stderr]   Downloaded openssl v0.10.71
[INFO] [stderr]   Downloaded rustls v0.23.25
[INFO] [stderr]   Downloaded rustix v1.0.3
[INFO] [stderr]   Downloaded tokio v1.44.1
[INFO] [stderr]   Downloaded libc v0.2.171
[INFO] [stderr]   Downloaded linux-raw-sys v0.9.3
[INFO] running `Command { std: "docker" "create" "-v" "/var/lib/crater-agent-workspace/builds/worker-2-tc1/source:/opt/rustwide/workdir:ro,Z" "-v" "/var/lib/crater-agent-workspace/builds/worker-2-tc1/target:/opt/rustwide/target:rw,Z" "-v" "/var/lib/crater-agent-workspace/cargo-home:/opt/rustwide/cargo-home:ro,Z" "-v" "/var/lib/crater-agent-workspace/rustup-home:/opt/rustwide/rustup-home:ro,Z" "-m" "1610612736" "--network" "none" "ghcr.io/rust-lang/crates-build-env/linux@sha256:3111399a4047eeb3a02b7a90e478d715f38a8c6669b5c4b49d30a17385265909" "sleep" "infinity", kill_on_drop: false }`
[INFO] [stdout] 5787ffd78ef701c12d9e9530bd9dcb442e1a00ce64f3aafea7171bf1f2afc463
[INFO] running `Command { std: "docker" "start" "5787ffd78ef701c12d9e9530bd9dcb442e1a00ce64f3aafea7171bf1f2afc463", kill_on_drop: false }`
[INFO] running `Command { std: "docker" "inspect" "5787ffd78ef701c12d9e9530bd9dcb442e1a00ce64f3aafea7171bf1f2afc463", kill_on_drop: false }`
[INFO] running `Command { std: "docker" "exec" "-e" "SOURCE_DIR=/opt/rustwide/workdir" "-e" "CARGO_HOME=/opt/rustwide/cargo-home" "-e" "RUSTUP_HOME=/opt/rustwide/rustup-home" "-e" "CARGO_TARGET_DIR=/opt/rustwide/target" "-w" "/opt/rustwide/workdir" "--user" "0:0" "5787ffd78ef701c12d9e9530bd9dcb442e1a00ce64f3aafea7171bf1f2afc463" "/opt/rustwide/cargo-home/bin/cargo" "+1.99.0-beta.8" "metadata" "--no-deps" "--format-version=1", kill_on_drop: false }`
[INFO] running `Command { std: "docker" "inspect" "5787ffd78ef701c12d9e9530bd9dcb442e1a00ce64f3aafea7171bf1f2afc463", kill_on_drop: false }`
[INFO] running `Command { std: "docker" "exec" "-e" "SOURCE_DIR=/opt/rustwide/workdir" "-e" "CARGO_HOME=/opt/rustwide/cargo-home" "-e" "RUSTUP_HOME=/opt/rustwide/rustup-home" "-e" "CARGO_TARGET_DIR=/opt/rustwide/target" "-e" "CARGO_INCREMENTAL=0" "-e" "RUST_BACKTRACE=full" "-e" "RUSTFLAGS=--cap-lints=warn" "-e" "RUSTDOCFLAGS=--cap-lints=warn" "-w" "/opt/rustwide/workdir" "--user" "0:0" "5787ffd78ef701c12d9e9530bd9dcb442e1a00ce64f3aafea7171bf1f2afc463" "/opt/rustwide/cargo-home/bin/cargo" "+1.99.0-beta.8" "build" "--frozen" "--message-format=json", kill_on_drop: false }`
[INFO] [stderr]    Compiling proc-macro2 v1.0.94
[INFO] [stderr]    Compiling unicode-ident v1.0.18
[INFO] [stderr]    Compiling libc v0.2.171
[INFO] [stderr]    Compiling cc v1.2.17
[INFO] [stderr]    Compiling smallvec v1.14.0
[INFO] [stderr]    Compiling futures-task v0.3.31
[INFO] [stderr]    Compiling openssl v0.10.71
[INFO] [stderr]    Compiling indexmap v2.8.0
[INFO] [stderr]    Compiling serde v1.0.219
[INFO] [stderr]    Compiling bitflags v2.9.0
[INFO] [stderr]    Compiling semver v1.0.26
[INFO] [stderr]    Compiling futures-channel v0.3.31
[INFO] [stderr]    Compiling syn v1.0.109
[INFO] [stderr]    Compiling anyhow v1.0.97
[INFO] [stderr]    Compiling memchr v2.7.4
[INFO] [stderr]    Compiling futures-util v0.3.31
[INFO] [stderr]    Compiling quote v1.0.40
[INFO] [stderr]    Compiling syn v2.0.100
[INFO] [stderr]    Compiling socket2 v0.5.8
[INFO] [stderr]    Compiling mio v1.0.3
[INFO] [stderr]    Compiling openssl-sys v0.9.106
[INFO] [stderr]    Compiling tokio v1.44.1
[INFO] [stderr]    Compiling native-tls v0.2.14
[INFO] [stderr]    Compiling serde-semver-derive v0.1.1
[INFO] [stderr]    Compiling synstructure v0.13.1
[INFO] [stderr]    Compiling tokio-util v0.7.14
[INFO] [stderr]    Compiling tower v0.5.2
[INFO] [stderr]    Compiling zerofrom-derive v0.1.6
[INFO] [stderr]    Compiling yoke-derive v0.7.5
[INFO] [stderr]    Compiling zerovec-derive v0.10.3
[INFO] [stderr]    Compiling displaydoc v0.2.5
[INFO] [stderr]    Compiling icu_provider_macros v1.5.0
[INFO] [stderr]    Compiling serde_derive v1.0.219
[INFO] [stderr]    Compiling openssl-macros v0.1.1
[INFO] [stderr]    Compiling thiserror-impl v2.0.12
[INFO] [stderr]    Compiling h2 v0.4.8
[INFO] [stderr]    Compiling zerofrom v0.1.6
[INFO] [stderr]    Compiling yoke v0.7.5
[INFO] [stderr]    Compiling thiserror v2.0.12
[INFO] [stderr]    Compiling zerovec v0.10.4
[INFO] [stderr]    Compiling tinystr v0.7.6
[INFO] [stderr]    Compiling icu_collections v1.5.0
[INFO] [stderr]    Compiling icu_locid v1.5.0
[INFO] [stderr]    Compiling icu_provider v1.5.0
[INFO] [stderr]    Compiling hyper v1.6.0
[INFO] [stderr]    Compiling icu_locid_transform v1.5.0
[INFO] [stderr]    Compiling tokio-native-tls v0.3.1
[INFO] [stderr]    Compiling icu_properties v1.5.1
[INFO] [stderr]    Compiling hyper-util v0.1.10
[INFO] [stderr]    Compiling hyper-tls v0.6.0
[INFO] [stderr]    Compiling serde_urlencoded v0.7.1
[INFO] [stderr]    Compiling serde_json v1.0.140
[INFO] [stderr]    Compiling serde-semver v0.2.1
[INFO] [stderr]    Compiling icu_normalizer v1.5.0
[INFO] [stderr]    Compiling idna_adapter v1.2.0
[INFO] [stderr]    Compiling idna v1.0.3
[INFO] [stderr]    Compiling url v2.5.4
[INFO] [stderr]    Compiling reqwest v0.12.15
[INFO] [stderr]    Compiling rust-jsr-registry v0.2.0 (/opt/rustwide/workdir)
[INFO] [stdout] warning: struct `Event` is never constructed
[INFO] [stdout]  --> src/serde.rs:8:8
[INFO] [stdout]   |
[INFO] [stdout] 8 | struct Event {
[INFO] [stdout]   |        ^^^^^
[INFO] [stdout]   |
[INFO] [stdout]   = note: `#[warn(dead_code)]` (part of `#[warn(unused)]`) on by default
[INFO] [stdout] 
[INFO] [stdout] 
[INFO] [stdout] warning: constant `FORMAT` is never used
[INFO] [stdout]   --> src/serde.rs:18:11
[INFO] [stdout]    |
[INFO] [stdout] 18 |     const FORMAT: &str = "%Y-%m-%dT%H:%M:%S%.fZ";
[INFO] [stdout]    |           ^^^^^^
[INFO] [stdout] 
[INFO] [stdout] 
[INFO] [stdout] warning: function `serialize` is never used
[INFO] [stdout]   --> src/serde.rs:20:12
[INFO] [stdout]    |
[INFO] [stdout] 20 |     pub fn serialize<S>(date: &DateTime<Utc>, serializer: S) -> Result<S::Ok, S::Error>
[INFO] [stdout]    |            ^^^^^^^^^
[INFO] [stdout] 
[INFO] [stdout] 
[INFO] [stdout] warning: function `deserialize` is never used
[INFO] [stdout]   --> src/serde.rs:28:12
[INFO] [stdout]    |
[INFO] [stdout] 28 |     pub fn deserialize<'de, D>(deserializer: D) -> Result<DateTime<Utc>, D::Error>
[INFO] [stdout]    |            ^^^^^^^^^^^
[INFO] [stdout] 
[INFO] [stdout] 
[INFO] [stderr]     Finished `dev` profile [unoptimized + debuginfo] target(s) in 32.74s
[INFO] running `Command { std: "docker" "inspect" "5787ffd78ef701c12d9e9530bd9dcb442e1a00ce64f3aafea7171bf1f2afc463", kill_on_drop: false }`
[INFO] running `Command { std: "docker" "exec" "-e" "SOURCE_DIR=/opt/rustwide/workdir" "-e" "CARGO_HOME=/opt/rustwide/cargo-home" "-e" "RUSTUP_HOME=/opt/rustwide/rustup-home" "-e" "CARGO_TARGET_DIR=/opt/rustwide/target" "-e" "CARGO_INCREMENTAL=0" "-e" "RUST_BACKTRACE=full" "-e" "RUSTFLAGS=--cap-lints=warn" "-e" "RUSTDOCFLAGS=--cap-lints=warn" "-w" "/opt/rustwide/workdir" "--user" "0:0" "5787ffd78ef701c12d9e9530bd9dcb442e1a00ce64f3aafea7171bf1f2afc463" "/opt/rustwide/cargo-home/bin/cargo" "+1.99.0-beta.8" "test" "--frozen" "--no-run" "--message-format=json", kill_on_drop: false }`
[INFO] [stdout] warning: struct `Event` is never constructed
[INFO] [stdout]  --> src/serde.rs:8:8
[INFO] [stdout]   |
[INFO] [stdout] 8 | struct Event {
[INFO] [stdout]   |        ^^^^^
[INFO] [stdout]   |
[INFO] [stdout]   = note: `#[warn(dead_code)]` (part of `#[warn(unused)]`) on by default
[INFO] [stdout] 
[INFO] [stdout] 
[INFO] [stdout] warning: constant `FORMAT` is never used
[INFO] [stdout]   --> src/serde.rs:18:11
[INFO] [stdout]    |
[INFO] [stdout] 18 |     const FORMAT: &str = "%Y-%m-%dT%H:%M:%S%.fZ";
[INFO] [stdout]    |           ^^^^^^
[INFO] [stdout] 
[INFO] [stdout] 
[INFO] [stdout] warning: function `serialize` is never used
[INFO] [stdout]   --> src/serde.rs:20:12
[INFO] [stdout]    |
[INFO] [stdout] 20 |     pub fn serialize<S>(date: &DateTime<Utc>, serializer: S) -> Result<S::Ok, S::Error>
[INFO] [stdout]    |            ^^^^^^^^^
[INFO] [stdout] 
[INFO] [stdout] 
[INFO] [stdout] warning: function `deserialize` is never used
[INFO] [stdout]   --> src/serde.rs:28:12
[INFO] [stdout]    |
[INFO] [stdout] 28 |     pub fn deserialize<'de, D>(deserializer: D) -> Result<DateTime<Utc>, D::Error>
[INFO] [stdout]    |            ^^^^^^^^^^^
[INFO] [stdout] 
[INFO] [stdout] 
[INFO] [stderr]    Compiling rust-jsr-registry v0.2.0 (/opt/rustwide/workdir)
[INFO] [stdout] warning: struct `Event` is never constructed
[INFO] [stdout]  --> src/serde.rs:8:8
[INFO] [stdout]   |
[INFO] [stdout] 8 | struct Event {
[INFO] [stdout]   |        ^^^^^
[INFO] [stdout]   |
[INFO] [stdout]   = note: `#[warn(dead_code)]` (part of `#[warn(unused)]`) on by default
[INFO] [stdout] 
[INFO] [stdout] 
[INFO] [stdout] warning: constant `FORMAT` is never used
[INFO] [stdout]   --> src/serde.rs:18:11
[INFO] [stdout]    |
[INFO] [stdout] 18 |     const FORMAT: &str = "%Y-%m-%dT%H:%M:%S%.fZ";
[INFO] [stdout]    |           ^^^^^^
[INFO] [stdout] 
[INFO] [stdout] 
[INFO] [stdout] warning: function `serialize` is never used
[INFO] [stdout]   --> src/serde.rs:20:12
[INFO] [stdout]    |
[INFO] [stdout] 20 |     pub fn serialize<S>(date: &DateTime<Utc>, serializer: S) -> Result<S::Ok, S::Error>
[INFO] [stdout]    |            ^^^^^^^^^
[INFO] [stdout] 
[INFO] [stdout] 
[INFO] [stdout] warning: function `deserialize` is never used
[INFO] [stdout]   --> src/serde.rs:28:12
[INFO] [stdout]    |
[INFO] [stdout] 28 |     pub fn deserialize<'de, D>(deserializer: D) -> Result<DateTime<Utc>, D::Error>
[INFO] [stdout]    |            ^^^^^^^^^^^
[INFO] [stdout] 
[INFO] [stdout] 
[INFO] [stderr]     Finished `test` profile [unoptimized + debuginfo] target(s) in 1.14s
[INFO] running `Command { std: "docker" "inspect" "5787ffd78ef701c12d9e9530bd9dcb442e1a00ce64f3aafea7171bf1f2afc463", kill_on_drop: false }`
[INFO] running `Command { std: "docker" "exec" "-e" "SOURCE_DIR=/opt/rustwide/workdir" "-e" "CARGO_HOME=/opt/rustwide/cargo-home" "-e" "RUSTUP_HOME=/opt/rustwide/rustup-home" "-e" "CARGO_TARGET_DIR=/opt/rustwide/target" "-e" "CARGO_INCREMENTAL=0" "-e" "RUST_BACKTRACE=full" "-e" "RUSTFLAGS=--cap-lints=warn" "-e" "RUSTDOCFLAGS=--cap-lints=warn" "-w" "/opt/rustwide/workdir" "--user" "0:0" "5787ffd78ef701c12d9e9530bd9dcb442e1a00ce64f3aafea7171bf1f2afc463" "/opt/rustwide/cargo-home/bin/cargo" "+1.99.0-beta.8" "test" "--frozen", kill_on_drop: false }`
[INFO] [stderr] warning: struct `Event` is never constructed
[INFO] [stderr]  --> src/serde.rs:8:8
[INFO] [stderr]   |
[INFO] [stderr] 8 | struct Event {
[INFO] [stderr]   |        ^^^^^
[INFO] [stderr]   |
[INFO] [stderr]   = note: `#[warn(dead_code)]` (part of `#[warn(unused)]`) on by default
[INFO] [stderr] 
[INFO] [stderr] warning: constant `FORMAT` is never used
[INFO] [stderr]   --> src/serde.rs:18:11
[INFO] [stderr]    |
[INFO] [stderr] 18 |     const FORMAT: &str = "%Y-%m-%dT%H:%M:%S%.fZ";
[INFO] [stderr]    |           ^^^^^^
[INFO] [stderr] 
[INFO] [stderr] warning: function `serialize` is never used
[INFO] [stderr]   --> src/serde.rs:20:12
[INFO] [stderr]    |
[INFO] [stderr] 20 |     pub fn serialize<S>(date: &DateTime<Utc>, serializer: S) -> Result<S::Ok, S::Error>
[INFO] [stderr]    |            ^^^^^^^^^
[INFO] [stderr] 
[INFO] [stderr] warning: function `deserialize` is never used
[INFO] [stderr]   --> src/serde.rs:28:12
[INFO] [stderr]    |
[INFO] [stderr] 28 |     pub fn deserialize<'de, D>(deserializer: D) -> Result<DateTime<Utc>, D::Error>
[INFO] [stderr]    |            ^^^^^^^^^^^
[INFO] [stderr] 
[INFO] [stderr] warning: `rust-jsr-registry` (lib) generated 4 warnings
[INFO] [stderr] warning: `rust-jsr-registry` (lib test) generated 4 warnings (4 duplicates)
[INFO] [stderr]     Finished `test` profile [unoptimized + debuginfo] target(s) in 0.17s
[INFO] [stderr]      Running unittests src/lib.rs (/opt/rustwide/target/debug/deps/rust_jsr_registry-083a2e30bbe305be)
[INFO] [stderr]    Doc-tests rust_jsr_registry
[INFO] [stdout] 
[INFO] [stdout] running 0 tests
[INFO] [stdout] 
[INFO] [stdout] test result: ok. 0 passed; 0 failed; 0 ignored; 0 measured; 0 filtered out; finished in 0.00s
[INFO] [stdout] 
[INFO] [stdout] 
[INFO] [stdout] running 4 tests
[INFO] [stdout] test src/types/package.rs - types::package::NpmCompPackage::name (line 145) ... FAILED
[INFO] [stdout] test src/types/meta.rs - types::meta::NpmCompMeta::name (line 134) ... FAILED
[INFO] [stdout] test src/types/meta.rs - types::meta::NpmCompMeta::name (line 126) ... FAILED
[INFO] [stdout] test src/types/package.rs - types::package::NpmCompPackage::name (line 137) ... FAILED
[INFO] [stdout] 
[INFO] [stdout] failures:
[INFO] [stdout] 
[INFO] [stdout] ---- src/types/package.rs - types::package::NpmCompPackage::name (line 145) stdout ----
[INFO] [stdout] error: expected item, found `{`
[INFO] [stdout]    --> src/types/package.rs:146:1
[INFO] [stdout]     |
[INFO] [stdout] 146 | {
[INFO] [stdout]     | ^ expected item
[INFO] [stdout]     |
[INFO] [stdout]     = note: for a full list of items that can appear in modules, see <https://doc.rust-lang.org/reference/items.html>
[INFO] [stdout] 
[INFO] [stdout] error: aborting due to 1 previous error
[INFO] [stdout] 
[INFO] [stdout] Couldn't compile the test.
[INFO] [stdout] ---- src/types/meta.rs - types::meta::NpmCompMeta::name (line 134) stdout ----
[INFO] [stdout] error: expected item, found `{`
[INFO] [stdout]    --> src/types/meta.rs:135:1
[INFO] [stdout]     |
[INFO] [stdout] 135 | {
[INFO] [stdout]     | ^ expected item
[INFO] [stdout]     |
[INFO] [stdout]     = note: for a full list of items that can appear in modules, see <https://doc.rust-lang.org/reference/items.html>
[INFO] [stdout] 
[INFO] [stdout] error: aborting due to 1 previous error
[INFO] [stdout] 
[INFO] [stdout] Couldn't compile the test.
[INFO] [stdout] ---- src/types/meta.rs - types::meta::NpmCompMeta::name (line 126) stdout ----
[INFO] [stdout] error[E0433]: cannot find type `MetaBuilder` in this scope
[INFO] [stdout]    --> src/types/meta.rs:127:1
[INFO] [stdout]     |
[INFO] [stdout] 127 | MetaBuilder::new()
[INFO] [stdout]     | ^^^^^^^^^^^ use of undeclared type `MetaBuilder`
[INFO] [stdout] 
[INFO] [stdout] error: aborting due to 1 previous error
[INFO] [stdout] 
[INFO] [stdout] For more information about this error, try `rustc --explain E0433`.
[INFO] [stdout] Couldn't compile the test.
[INFO] [stdout] ---- src/types/package.rs - types::package::NpmCompPackage::name (line 137) stdout ----
[INFO] [stdout] error[E0433]: cannot find type `MetaBuilder` in this scope
[INFO] [stdout]    --> src/types/package.rs:138:1
[INFO] [stdout]     |
[INFO] [stdout] 138 | MetaBuilder::new()
[INFO] [stdout]     | ^^^^^^^^^^^ use of undeclared type `MetaBuilder`
[INFO] [stdout] 
[INFO] [stdout] error: aborting due to 1 previous error
[INFO] [stdout] 
[INFO] [stdout] For more information about this error, try `rustc --explain E0433`.
[INFO] [stdout] Couldn't compile the test.
[INFO] [stdout] 
[INFO] [stdout] failures:
[INFO] [stdout]     src/types/meta.rs - types::meta::NpmCompMeta::name (line 126)
[INFO] [stdout]     src/types/meta.rs - types::meta::NpmCompMeta::name (line 134)
[INFO] [stdout]     src/types/package.rs - types::package::NpmCompPackage::name (line 137)
[INFO] [stdout]     src/types/package.rs - types::package::NpmCompPackage::name (line 145)
[INFO] [stdout] 
[INFO] [stdout] test result: FAILED. 0 passed; 4 failed; 0 ignored; 0 measured; 0 filtered out; finished in 0.19s
[INFO] [stdout] 
[INFO] [stderr] error: doctest failed, to rerun pass `--doc`
[INFO] running `Command { std: "docker" "inspect" "5787ffd78ef701c12d9e9530bd9dcb442e1a00ce64f3aafea7171bf1f2afc463", kill_on_drop: false }`
[INFO] running `Command { std: "docker" "rm" "-f" "5787ffd78ef701c12d9e9530bd9dcb442e1a00ce64f3aafea7171bf1f2afc463", kill_on_drop: false }`
[INFO] [stdout] 5787ffd78ef701c12d9e9530bd9dcb442e1a00ce64f3aafea7171bf1f2afc463
