[INFO] fetching crate rusqlite-derive 1.1.0...
[INFO] testing rusqlite-derive-1.1.0 against 1.100.0-beta.1 for beta-1.100-2
[INFO] extracting crate rusqlite-derive 1.1.0 into /workspace/builds/worker-1-tc2/source
[INFO] started tweaking crates.io crate rusqlite-derive 1.1.0
[INFO] removed 0 missing tests
[INFO] finished tweaking crates.io crate rusqlite-derive 1.1.0
[INFO] tweaked toml for crates.io crate rusqlite-derive 1.1.0 written to /workspace/builds/worker-1-tc2/source/Cargo.toml
[INFO] validating manifest of crates.io crate rusqlite-derive 1.1.0 on toolchain 1.100.0-beta.1
[INFO] running `Command { std: CARGO_HOME="/workspace/cargo-home" RUSTUP_HOME="/workspace/rustup-home" "/workspace/cargo-home/bin/cargo" "+1.100.0-beta.1" "metadata" "--manifest-path" "Cargo.toml" "--no-deps", kill_on_drop: false }`
[INFO] crate crates.io crate rusqlite-derive 1.1.0 already has a lockfile, it will not be regenerated
[INFO] running `Command { std: CARGO_HOME="/workspace/cargo-home" RUSTUP_HOME="/workspace/rustup-home" "/workspace/cargo-home/bin/cargo" "+1.100.0-beta.1" "fetch" "--manifest-path" "Cargo.toml", kill_on_drop: false }`
[INFO] running `Command { std: "docker" "create" "-v" "/var/lib/crater-agent-workspace/builds/worker-1-tc2/source:/opt/rustwide/workdir:ro,Z" "-v" "/var/lib/crater-agent-workspace/builds/worker-1-tc2/target:/opt/rustwide/target:rw,Z" "-v" "/var/lib/crater-agent-workspace/cargo-home:/opt/rustwide/cargo-home:ro,Z" "-v" "/var/lib/crater-agent-workspace/rustup-home:/opt/rustwide/rustup-home:ro,Z" "-m" "1610612736" "--network" "none" "ghcr.io/rust-lang/crates-build-env/linux@sha256:3111399a4047eeb3a02b7a90e478d715f38a8c6669b5c4b49d30a17385265909" "sleep" "infinity", kill_on_drop: false }`
[INFO] [stdout] be29f3ed041147cb7f89f7cf221b18ce4c41d25f8e4653321052a524d64683e2
[INFO] running `Command { std: "docker" "start" "be29f3ed041147cb7f89f7cf221b18ce4c41d25f8e4653321052a524d64683e2", kill_on_drop: false }`
[INFO] running `Command { std: "docker" "inspect" "be29f3ed041147cb7f89f7cf221b18ce4c41d25f8e4653321052a524d64683e2", kill_on_drop: false }`
[INFO] running `Command { std: "docker" "exec" "-e" "SOURCE_DIR=/opt/rustwide/workdir" "-e" "CARGO_HOME=/opt/rustwide/cargo-home" "-e" "RUSTUP_HOME=/opt/rustwide/rustup-home" "-e" "CARGO_TARGET_DIR=/opt/rustwide/target" "-w" "/opt/rustwide/workdir" "--user" "0:0" "be29f3ed041147cb7f89f7cf221b18ce4c41d25f8e4653321052a524d64683e2" "/opt/rustwide/cargo-home/bin/cargo" "+1.100.0-beta.1" "metadata" "--no-deps" "--format-version=1", kill_on_drop: false }`
[INFO] running `Command { std: "docker" "inspect" "be29f3ed041147cb7f89f7cf221b18ce4c41d25f8e4653321052a524d64683e2", kill_on_drop: false }`
[INFO] running `Command { std: "docker" "exec" "-e" "SOURCE_DIR=/opt/rustwide/workdir" "-e" "CARGO_HOME=/opt/rustwide/cargo-home" "-e" "RUSTUP_HOME=/opt/rustwide/rustup-home" "-e" "CARGO_TARGET_DIR=/opt/rustwide/target" "-e" "CARGO_INCREMENTAL=0" "-e" "RUST_BACKTRACE=full" "-e" "RUSTFLAGS=--cap-lints=warn" "-e" "RUSTDOCFLAGS=--cap-lints=warn" "-w" "/opt/rustwide/workdir" "--user" "0:0" "be29f3ed041147cb7f89f7cf221b18ce4c41d25f8e4653321052a524d64683e2" "/opt/rustwide/cargo-home/bin/cargo" "+1.100.0-beta.1" "build" "--frozen" "--message-format=json", kill_on_drop: false }`
[INFO] [stderr]    Compiling quote v1.0.44
[INFO] [stderr]    Compiling smallvec v1.15.1
[INFO] [stderr]    Compiling pkg-config v0.3.32
[INFO] [stderr]    Compiling vcpkg v0.2.15
[INFO] [stderr]    Compiling collection_literals v1.0.3
[INFO] [stderr]    Compiling interpolator v0.5.0
[INFO] [stderr]    Compiling fallible-streaming-iterator v0.1.9
[INFO] [stderr]    Compiling bitflags v2.11.0
[INFO] [stderr]    Compiling fallible-iterator v0.3.0
[INFO] [stderr]    Compiling libsqlite3-sys v0.38.2
[INFO] [stderr]    Compiling syn v2.0.117
[INFO] [stderr]    Compiling proc-macro-utils v0.10.0
[INFO] [stderr]    Compiling rusqlite v0.40.2
[INFO] [stderr]    Compiling manyhow-macros v0.11.4
[INFO] [stderr]    Compiling manyhow v0.11.4
[INFO] [stderr]    Compiling quote-use-macros v0.8.4
[INFO] [stderr]    Compiling derive-where v1.6.0
[INFO] [stderr]    Compiling quote-use v0.8.4
[INFO] [stderr]    Compiling attribute-derive-macro v0.10.5
[INFO] [stderr]    Compiling attribute-derive v0.10.5
[INFO] [stderr]    Compiling rusqlite-derive-impl v1.1.0
[INFO] [stderr]    Compiling rusqlite-derive v1.1.0 (/opt/rustwide/workdir)
[INFO] [stderr]     Finished `dev` profile [unoptimized + debuginfo] target(s) in 10.34s
[INFO] [stderr] warning: the following packages contain code that will be rejected by a future version of Rust: attribute-derive-macro v0.10.5
[INFO] [stderr] note: to see what the problems were, use the option `--future-incompat-report`, or run `cargo report future-incompatibilities --id 1`
[INFO] running `Command { std: "docker" "inspect" "be29f3ed041147cb7f89f7cf221b18ce4c41d25f8e4653321052a524d64683e2", kill_on_drop: false }`
[INFO] running `Command { std: "docker" "exec" "-e" "SOURCE_DIR=/opt/rustwide/workdir" "-e" "CARGO_HOME=/opt/rustwide/cargo-home" "-e" "RUSTUP_HOME=/opt/rustwide/rustup-home" "-e" "CARGO_TARGET_DIR=/opt/rustwide/target" "-e" "CARGO_INCREMENTAL=0" "-e" "RUST_BACKTRACE=full" "-e" "RUSTFLAGS=--cap-lints=warn" "-e" "RUSTDOCFLAGS=--cap-lints=warn" "-w" "/opt/rustwide/workdir" "--user" "0:0" "be29f3ed041147cb7f89f7cf221b18ce4c41d25f8e4653321052a524d64683e2" "/opt/rustwide/cargo-home/bin/cargo" "+1.100.0-beta.1" "test" "--frozen" "--no-run" "--message-format=json", kill_on_drop: false }`
[INFO] [stderr]    Compiling find-msvc-tools v0.1.9
[INFO] [stderr]    Compiling shlex v1.3.0
[INFO] [stderr]    Compiling target-triple v1.0.1
[INFO] [stderr]    Compiling serde v1.0.229
[INFO] [stderr]    Compiling winnow v1.0.4
[INFO] [stderr]    Compiling glob v0.3.4
[INFO] [stderr]    Compiling termcolor v1.4.1
[INFO] [stderr]    Compiling toml_datetime v1.1.1+spec-1.1.0
[INFO] [stderr]    Compiling syn v3.0.4
[INFO] [stderr]    Compiling serde_json v1.0.151
[INFO] [stderr]    Compiling cc v1.2.56
[INFO] [stderr]    Compiling toml_parser v1.1.3+spec-1.1.0
[INFO] [stderr]    Compiling toml v1.1.5+spec-1.1.0
[INFO] [stderr]    Compiling libsqlite3-sys v0.38.2
[INFO] [stderr]    Compiling serde_derive v1.0.229
[INFO] [stderr]    Compiling trybuild v1.0.119
[INFO] [stderr]    Compiling rusqlite v0.40.2
[INFO] [stderr]    Compiling rusqlite-derive v1.1.0 (/opt/rustwide/workdir)
[INFO] [stderr]     Finished `test` profile [unoptimized + debuginfo] target(s) in 21.96s
[INFO] [stderr] warning: the following packages contain code that will be rejected by a future version of Rust: attribute-derive-macro v0.10.5
[INFO] [stderr] note: to see what the problems were, use the option `--future-incompat-report`, or run `cargo report future-incompatibilities --id 1`
[INFO] running `Command { std: "docker" "inspect" "be29f3ed041147cb7f89f7cf221b18ce4c41d25f8e4653321052a524d64683e2", kill_on_drop: false }`
[INFO] running `Command { std: "docker" "exec" "-e" "SOURCE_DIR=/opt/rustwide/workdir" "-e" "CARGO_HOME=/opt/rustwide/cargo-home" "-e" "RUSTUP_HOME=/opt/rustwide/rustup-home" "-e" "CARGO_TARGET_DIR=/opt/rustwide/target" "-e" "CARGO_INCREMENTAL=0" "-e" "RUST_BACKTRACE=full" "-e" "RUSTFLAGS=--cap-lints=warn" "-e" "RUSTDOCFLAGS=--cap-lints=warn" "-w" "/opt/rustwide/workdir" "--user" "0:0" "be29f3ed041147cb7f89f7cf221b18ce4c41d25f8e4653321052a524d64683e2" "/opt/rustwide/cargo-home/bin/cargo" "+1.100.0-beta.1" "test" "--frozen", kill_on_drop: false }`
[INFO] [stderr]     Finished `test` profile [unoptimized + debuginfo] target(s) in 0.09s
[INFO] [stderr] warning: the following packages contain code that will be rejected by a future version of Rust: attribute-derive-macro v0.10.5
[INFO] [stderr] note: to see what the problems were, use the option `--future-incompat-report`, or run `cargo report future-incompatibilities --id 1`
[INFO] [stderr]      Running unittests src/lib.rs (/opt/rustwide/target/debug/build/rusqlite-derive/de3f47c6a3012828/out/rusqlite_derive-de3f47c6a3012828)
[INFO] [stdout] 
[INFO] [stdout] running 0 tests
[INFO] [stdout] 
[INFO] [stdout] test result: ok. 0 passed; 0 failed; 0 ignored; 0 measured; 0 filtered out; finished in 0.00s
[INFO] [stderr]      Running tests/fetch.rs (/opt/rustwide/target/debug/build/rusqlite-derive/378008e88a6a70ab/out/fetch-378008e88a6a70ab)
[INFO] [stdout] 
[INFO] [stdout] 
[INFO] [stdout] running 23 tests
[INFO] [stdout] test an_all_default_mapping_still_produces_one_value_per_row ... ok
[INFO] [stdout] test fetch_uses_default_source_and_field_mappings ... ok
[INFO] [stdout] test custom_select_expressions_and_joins_are_used ... ok
[INFO] [stdout] test custom_source_is_used ... ok
[INFO] [stdout] test fetch_returns_an_empty_vector_for_an_empty_table ... ok
[INFO] [stdout] test default_fields_are_not_selected ... ok
[INFO] [stdout] test generic_fields_are_decoded ... ok
[INFO] [stdout] test aggregate_fields_return_custom_null_conversion_errors ... ok
[INFO] [stdout] test fetch_with_filter_returns_parameter_count_errors ... ok
[INFO] [stdout] test fetch_with_filter_accepts_a_static_filter_and_ordering ... ok
[INFO] [stdout] test fetch_with_filter_treats_quotes_as_part_of_a_bound_value ... ok
[INFO] [stdout] test parametrized_filters_reuse_the_unit_struct_mapper ... ok
[INFO] [stdout] test generic_field_decode_errors_are_returned ... ok
[INFO] [stdout] test sql_errors_are_returned ... ok
[INFO] [stdout] test configured_sql_braces_are_not_treated_as_format_placeholders ... ok
[INFO] [stdout] test fetch_with_filter_binds_named_values ... ok
[INFO] [stdout] test aggregate_fields_handle_nulls_from_left_joins ... ok
[INFO] [stdout] test unit_structs_produce_one_value_per_row ... ok
[INFO] [stdout] test fetch_with_filter_returns_an_empty_vector_when_no_rows_match ... ok
[INFO] [stdout] test fetch_with_filter_binds_positional_values_and_a_limit ... ok
[INFO] [stdout] test row_decode_errors_are_returned ... ok
[INFO] [stdout] test aggregate_fields_combine_rows_by_non_aggregated_values ... ok
[INFO] [stderr]      Running tests/ui.rs (/opt/rustwide/target/debug/build/rusqlite-derive/de4e6043bc1ccf90/out/ui-de4e6043bc1ccf90)
[INFO] [stdout] test tuple_struct_fields_use_explicit_select_expressions ... ok
[INFO] [stdout] 
[INFO] [stdout] test result: ok. 23 passed; 0 failed; 0 ignored; 0 measured; 0 filtered out; finished in 0.04s
[INFO] [stdout] 
[INFO] [stdout] 
[INFO] [stdout] running 1 test
[INFO] [stderr]    Compiling proc-macro2 v1.0.106
[INFO] [stderr]    Compiling unicode-ident v1.0.24
[INFO] [stderr]    Compiling quote v1.0.44
[INFO] [stderr]    Compiling smallvec v1.15.1
[INFO] [stderr]    Compiling find-msvc-tools v0.1.9
[INFO] [stderr]    Compiling shlex v1.3.0
[INFO] [stderr]    Compiling pkg-config v0.3.32
[INFO] [stderr]    Compiling vcpkg v0.2.15
[INFO] [stderr]    Compiling collection_literals v1.0.3
[INFO] [stderr]    Compiling interpolator v0.5.0
[INFO] [stderr]    Compiling bitflags v2.11.0
[INFO] [stderr]    Compiling fallible-iterator v0.3.0
[INFO] [stderr]    Compiling fallible-streaming-iterator v0.1.9
[INFO] [stderr]    Compiling cc v1.2.56
[INFO] [stderr]    Compiling syn v2.0.117
[INFO] [stderr]    Compiling proc-macro-utils v0.10.0
[INFO] [stderr]    Compiling libsqlite3-sys v0.38.2
[INFO] [stderr]    Compiling manyhow-macros v0.11.4
[INFO] [stderr]    Compiling manyhow v0.11.4
[INFO] [stderr]    Compiling quote-use-macros v0.8.4
[INFO] [stderr]    Compiling derive-where v1.6.0
[INFO] [stderr]    Compiling quote-use v0.8.4
[INFO] [stderr]    Compiling attribute-derive-macro v0.10.5
[INFO] [stderr]    Compiling attribute-derive v0.10.5
[INFO] [stderr]    Compiling rusqlite-derive-impl v1.1.0
[INFO] [stderr]    Compiling rusqlite v0.40.2
[INFO] [stderr]    Compiling rusqlite-derive v1.1.0 (/opt/rustwide/workdir)
[INFO] [stderr]    Compiling rusqlite-derive-tests v0.0.0 (/opt/rustwide/target/tests/trybuild/rusqlite-derive)
[INFO] [stderr]     Finished `dev` profile [unoptimized + debuginfo] target(s) in 21.67s
[INFO] [stderr] warning: the following packages contain code that will be rejected by a future version of Rust: attribute-derive-macro v0.10.5
[INFO] [stderr] note: to see what the problems were, use the option `--future-incompat-report`, or run `cargo report future-incompatibilities --id 1`
[INFO] [stderr] 
[INFO] [stderr] 
[INFO] [stderr] test tests/ui/fail/aggregate_ambiguous_item.rs [should fail to compile] ... mismatch
[INFO] [stderr] 
[INFO] [stderr] EXPECTED:
[INFO] [stderr] ┈┈┈┈┈┈┈┈┈┈┈┈┈┈┈┈┈┈┈┈┈┈┈┈┈┈┈┈┈┈┈┈┈┈┈┈┈┈┈┈┈┈┈┈┈┈┈┈┈┈┈┈┈┈┈┈┈┈┈┈
[INFO] [stderr] error[E0283]: type annotations needed
[INFO] [stderr]   --> tests/ui/fail/aggregate_ambiguous_item.rs:21:13
[INFO] [stderr]    |
[INFO] [stderr] 21 |     values: Ambiguous,
[INFO] [stderr]    |             ^^^^^^^^^ cannot infer type
[INFO] [stderr]    |
[INFO] [stderr] note: multiple `impl`s satisfying `Ambiguous: FromIterator<_>` found
[INFO] [stderr]   --> tests/ui/fail/aggregate_ambiguous_item.rs:5:1
[INFO] [stderr]    |
[INFO] [stderr]  5 | impl FromIterator<i64> for Ambiguous {
[INFO] [stderr]    | ^^^^^^^^^^^^^^^^^^^^^^^^^^^^^^^^^^^^
[INFO] [stderr] ...
[INFO] [stderr] 11 | impl FromIterator<String> for Ambiguous {
[INFO] [stderr]    | ^^^^^^^^^^^^^^^^^^^^^^^^^^^^^^^^^^^^^^^
[INFO] [stderr]    = note: required for `Ambiguous` to implement `rusqlite_derive::__Aggregate<_>`
[INFO] [stderr] note: required by a bound in `rusqlite_derive::__private_collect_aggregate_or_use_item_attribute`
[INFO] [stderr]   --> src/lib.rs
[INFO] [stderr]    |
[INFO] [stderr]    | pub fn __private_collect_aggregate_or_use_item_attribute<C, T>(
[INFO] [stderr]    |        ------------------------------------------------- required by a bound in this function
[INFO] [stderr] ...
[INFO] [stderr]    |     C: __Aggregate<T>,
[INFO] [stderr]    |        ^^^^^^^^^^^^^^ required by this bound in `__private_collect_aggregate_or_use_item_attribute`
[INFO] [stderr] ┈┈┈┈┈┈┈┈┈┈┈┈┈┈┈┈┈┈┈┈┈┈┈┈┈┈┈┈┈┈┈┈┈┈┈┈┈┈┈┈┈┈┈┈┈┈┈┈┈┈┈┈┈┈┈┈┈┈┈┈
[INFO] [stderr] 
[INFO] [stderr] ACTUAL OUTPUT:
[INFO] [stderr] ┈┈┈┈┈┈┈┈┈┈┈┈┈┈┈┈┈┈┈┈┈┈┈┈┈┈┈┈┈┈┈┈┈┈┈┈┈┈┈┈┈┈┈┈┈┈┈┈┈┈┈┈┈┈┈┈┈┈┈┈
[INFO] [stderr] error[E0283]: type annotations needed
[INFO] [stderr]   --> tests/ui/fail/aggregate_ambiguous_item.rs:21:13
[INFO] [stderr]    |
[INFO] [stderr] 21 |     values: Ambiguous,
[INFO] [stderr]    |             ^^^^^^^^^ cannot infer type
[INFO] [stderr]    |
[INFO] [stderr] note: multiple `impl`s satisfying `Ambiguous: FromIterator<_>` found
[INFO] [stderr]   --> tests/ui/fail/aggregate_ambiguous_item.rs:5:1
[INFO] [stderr]    |
[INFO] [stderr]  5 | impl FromIterator<i64> for Ambiguous {
[INFO] [stderr]    | ^^^^^^^^^^^^^^^^^^^^^^^^^^^^^^^^^^^^
[INFO] [stderr] ...
[INFO] [stderr] 11 | impl FromIterator<String> for Ambiguous {
[INFO] [stderr]    | ^^^^^^^^^^^^^^^^^^^^^^^^^^^^^^^^^^^^^^^
[INFO] [stderr]    = note: required for `Ambiguous` to implement `rusqlite_derive::__Aggregate<_>`
[INFO] [stderr] note: required by a bound in `rusqlite_derive::__private_collect_aggregate_or_use_item_attribute`
[INFO] [stderr]   --> src/lib.rs
[INFO] [stderr]    |
[INFO] [stderr]    | pub fn __private_collect_aggregate_or_use_item_attribute<C, T>(
[INFO] [stderr] ...
[INFO] [stderr]    |     C: __Aggregate<T>,
[INFO] [stderr]    |        ^^^^^^^^^^^^^^ required by this bound in `__private_collect_aggregate_or_use_item_attribute`
[INFO] [stderr] ┈┈┈┈┈┈┈┈┈┈┈┈┈┈┈┈┈┈┈┈┈┈┈┈┈┈┈┈┈┈┈┈┈┈┈┈┈┈┈┈┈┈┈┈┈┈┈┈┈┈┈┈┈┈┈┈┈┈┈┈
[INFO] [stderr] note: If the actual output is the correct output you can bless it by rerunning
[INFO] [stderr]       your test with the environment variable TRYBUILD=overwrite
[INFO] [stderr] 
[INFO] [stderr] test tests/ui/fail/aggregate_generic_missing_item.rs [should fail to compile] ... mismatch
[INFO] [stderr] 
[INFO] [stderr] EXPECTED:
[INFO] [stderr] ┈┈┈┈┈┈┈┈┈┈┈┈┈┈┈┈┈┈┈┈┈┈┈┈┈┈┈┈┈┈┈┈┈┈┈┈┈┈┈┈┈┈┈┈┈┈┈┈┈┈┈┈┈┈┈┈┈┈┈┈
[INFO] [stderr] error[E0277]: cannot infer an aggregate item type; use `#[rusqlite(aggregate(item = Type))]`
[INFO] [stderr]  --> tests/ui/fail/aggregate_generic_missing_item.rs:7:13
[INFO] [stderr]   |
[INFO] [stderr] 7 |     values: C,
[INFO] [stderr]   |             ^ the trait `FromIterator<_>` is not implemented for `C`
[INFO] [stderr]   |
[INFO] [stderr] help: the trait `rusqlite_derive::__Aggregate<Item>` is conditionally implemented for `C`
[INFO] [stderr]  --> src/lib.rs
[INFO] [stderr]   |
[INFO] [stderr]   | impl<C, Item> __Aggregate<Item> for C where C: FromIterator<Item> {}
[INFO] [stderr]   | ^^^^^^^^^^^^^^^^^^^^^^^^^^^^^^^^^^^^^^^^^^^^^^^------------------
[INFO] [stderr]   |                                                |
[INFO] [stderr]   |                                                unsatisfied requirement introduced here: `C: FromIterator<_>`
[INFO] [stderr]   = note: required for `C` to implement `rusqlite_derive::__Aggregate<_>`
[INFO] [stderr] note: required by a bound in `rusqlite_derive::__private_collect_aggregate_or_use_item_attribute`
[INFO] [stderr]  --> src/lib.rs
[INFO] [stderr]   |
[INFO] [stderr]   | pub fn __private_collect_aggregate_or_use_item_attribute<C, T>(
[INFO] [stderr]   |        ------------------------------------------------- required by a bound in this function
[INFO] [stderr] ...
[INFO] [stderr]   |     C: __Aggregate<T>,
[INFO] [stderr]   |        ^^^^^^^^^^^^^^ required by this bound in `__private_collect_aggregate_or_use_item_attribute`
[INFO] [stderr] ┈┈┈┈┈┈┈┈┈┈┈┈┈┈┈┈┈┈┈┈┈┈┈┈┈┈┈┈┈┈┈┈┈┈┈┈┈┈┈┈┈┈┈┈┈┈┈┈┈┈┈┈┈┈┈┈┈┈┈┈
[INFO] [stderr] 
[INFO] [stderr] ACTUAL OUTPUT:
[INFO] [stderr] ┈┈┈┈┈┈┈┈┈┈┈┈┈┈┈┈┈┈┈┈┈┈┈┈┈┈┈┈┈┈┈┈┈┈┈┈┈┈┈┈┈┈┈┈┈┈┈┈┈┈┈┈┈┈┈┈┈┈┈┈
[INFO] [stderr] error[E0277]: cannot infer an aggregate item type; use `#[rusqlite(aggregate(item = Type))]`
[INFO] [stderr]  --> tests/ui/fail/aggregate_generic_missing_item.rs:7:13
[INFO] [stderr]   |
[INFO] [stderr] 7 |     values: C,
[INFO] [stderr]   |             ^ the trait `FromIterator<_>` is not implemented for `C`
[INFO] [stderr]   |
[INFO] [stderr] help: the trait `rusqlite_derive::__Aggregate<Item>` is conditionally implemented for `C`
[INFO] [stderr]  --> src/lib.rs
[INFO] [stderr]   |
[INFO] [stderr]   | impl<C, Item> __Aggregate<Item> for C where C: FromIterator<Item> {}
[INFO] [stderr]   | ^^^^^^^^^^^^^^^^^^^^^^^^^^^^^^^^^^^^^^^^^^^^^^^------------------
[INFO] [stderr]   |                                                |
[INFO] [stderr]   |                                                unsatisfied requirement introduced here: `C: FromIterator<_>`
[INFO] [stderr]   = note: required for `C` to implement `rusqlite_derive::__Aggregate<_>`
[INFO] [stderr] note: required by a bound in `rusqlite_derive::__private_collect_aggregate_or_use_item_attribute`
[INFO] [stderr]  --> src/lib.rs
[INFO] [stderr]   |
[INFO] [stderr]   | pub fn __private_collect_aggregate_or_use_item_attribute<C, T>(
[INFO] [stderr] ...
[INFO] [stderr]   |     C: __Aggregate<T>,
[INFO] [stderr]   |        ^^^^^^^^^^^^^^ required by this bound in `__private_collect_aggregate_or_use_item_attribute`
[INFO] [stderr] ┈┈┈┈┈┈┈┈┈┈┈┈┈┈┈┈┈┈┈┈┈┈┈┈┈┈┈┈┈┈┈┈┈┈┈┈┈┈┈┈┈┈┈┈┈┈┈┈┈┈┈┈┈┈┈┈┈┈┈┈
[INFO] [stderr] note: If the actual output is the correct output you can bless it by rerunning
[INFO] [stderr]       your test with the environment variable TRYBUILD=overwrite
[INFO] [stderr] 
[INFO] [stderr] test tests/ui/fail/aggregate_item_without_aggregate.rs [should fail to compile] ... ok
[INFO] [stderr] test tests/ui/fail/aggregate_optional_without_aggregate.rs [should fail to compile] ... ok
[INFO] [stderr] test tests/ui/fail/aggregate_optional_wrong_type.rs [should fail to compile] ... mismatch
[INFO] [stderr] 
[INFO] [stderr] EXPECTED:
[INFO] [stderr] ┈┈┈┈┈┈┈┈┈┈┈┈┈┈┈┈┈┈┈┈┈┈┈┈┈┈┈┈┈┈┈┈┈┈┈┈┈┈┈┈┈┈┈┈┈┈┈┈┈┈┈┈┈┈┈┈┈┈┈┈
[INFO] [stderr] error[E0277]: an optional aggregate field must be `Option<C>` where `C: FromIterator<Item>`
[INFO] [stderr]  --> tests/ui/fail/aggregate_optional_wrong_type.rs:7:13
[INFO] [stderr]   |
[INFO] [stderr] 7 |     values: Vec<String>,
[INFO] [stderr]   |             ^^^^^^^^^^^ the trait `rusqlite_derive::__OptionalAggregate<String>` is not implemented for `Vec<String>`
[INFO] [stderr]   |
[INFO] [stderr] help: the trait `rusqlite_derive::__OptionalAggregate<Item>` is implemented for `Option<C>`
[INFO] [stderr]  --> src/lib.rs
[INFO] [stderr]   |
[INFO] [stderr]   | / impl<C, Item> __OptionalAggregate<Item> for Option<C>
[INFO] [stderr]   | | where
[INFO] [stderr]   | |     C: FromIterator<Item>,
[INFO] [stderr]   | |__________________________^
[INFO] [stderr] note: required by a bound in `rusqlite_derive::__private_collect_optional_aggregate`
[INFO] [stderr]  --> src/lib.rs
[INFO] [stderr]   |
[INFO] [stderr]   | pub fn __private_collect_optional_aggregate<O, T>(
[INFO] [stderr]   |        ------------------------------------ required by a bound in this function
[INFO] [stderr] ...
[INFO] [stderr]   |     O: __OptionalAggregate<T>,
[INFO] [stderr]   |        ^^^^^^^^^^^^^^^^^^^^^^ required by this bound in `__private_collect_optional_aggregate`
[INFO] [stderr] ┈┈┈┈┈┈┈┈┈┈┈┈┈┈┈┈┈┈┈┈┈┈┈┈┈┈┈┈┈┈┈┈┈┈┈┈┈┈┈┈┈┈┈┈┈┈┈┈┈┈┈┈┈┈┈┈┈┈┈┈
[INFO] [stderr] 
[INFO] [stderr] ACTUAL OUTPUT:
[INFO] [stderr] ┈┈┈┈┈┈┈┈┈┈┈┈┈┈┈┈┈┈┈┈┈┈┈┈┈┈┈┈┈┈┈┈┈┈┈┈┈┈┈┈┈┈┈┈┈┈┈┈┈┈┈┈┈┈┈┈┈┈┈┈
[INFO] [stderr] error[E0277]: an optional aggregate field must be `Option<C>` where `C: FromIterator<Item>`
[INFO] [stderr]  --> tests/ui/fail/aggregate_optional_wrong_type.rs:7:13
[INFO] [stderr]   |
[INFO] [stderr] 7 |     values: Vec<String>,
[INFO] [stderr]   |             ^^^^^^^^^^^ the trait `rusqlite_derive::__OptionalAggregate<String>` is not implemented for `Vec<String>`
[INFO] [stderr]   |
[INFO] [stderr] help: the trait `rusqlite_derive::__OptionalAggregate<Item>` is implemented for `Option<C>`
[INFO] [stderr]  --> src/lib.rs
[INFO] [stderr]   |
[INFO] [stderr]   | / impl<C, Item> __OptionalAggregate<Item> for Option<C>
[INFO] [stderr]   | | where
[INFO] [stderr]   | |     C: FromIterator<Item>,
[INFO] [stderr]   | |__________________________^
[INFO] [stderr] note: required by a bound in `rusqlite_derive::__private_collect_optional_aggregate`
[INFO] [stderr]  --> src/lib.rs
[INFO] [stderr]   |
[INFO] [stderr]   | pub fn __private_collect_optional_aggregate<O, T>(
[INFO] [stderr] ...
[INFO] [stderr]   |     O: __OptionalAggregate<T>,
[INFO] [stderr]   |        ^^^^^^^^^^^^^^^^^^^^^^ required by this bound in `__private_collect_optional_aggregate`
[INFO] [stderr] ┈┈┈┈┈┈┈┈┈┈┈┈┈┈┈┈┈┈┈┈┈┈┈┈┈┈┈┈┈┈┈┈┈┈┈┈┈┈┈┈┈┈┈┈┈┈┈┈┈┈┈┈┈┈┈┈┈┈┈┈
[INFO] [stderr] note: If the actual output is the correct output you can bless it by rerunning
[INFO] [stderr]       your test with the environment variable TRYBUILD=overwrite
[INFO] [stderr] 
[INFO] [stderr] test tests/ui/fail/conflicting_field_attributes.rs [should fail to compile] ... ok
[INFO] [stderr] test tests/ui/fail/duplicate_field_attribute.rs [should fail to compile] ... ok
[INFO] [stderr] test tests/ui/fail/duplicate_struct_attribute.rs [should fail to compile] ... ok
[INFO] [stderr] test tests/ui/fail/enum.rs [should fail to compile] ... ok
[INFO] [stderr] test tests/ui/fail/generic_missing_default.rs [should fail to compile] ... mismatch
[INFO] [stderr] 
[INFO] [stderr] EXPECTED:
[INFO] [stderr] ┈┈┈┈┈┈┈┈┈┈┈┈┈┈┈┈┈┈┈┈┈┈┈┈┈┈┈┈┈┈┈┈┈┈┈┈┈┈┈┈┈┈┈┈┈┈┈┈┈┈┈┈┈┈┈┈┈┈┈┈
[INFO] [stderr] error[E0277]: the trait bound `NotDefault: Default` is not satisfied
[INFO] [stderr]   --> tests/ui/fail/generic_missing_default.rs:15:21
[INFO] [stderr]    |
[INFO] [stderr] 15 |     require_fetch::<Record<NotDefault>>();
[INFO] [stderr]    |                     ^^^^^^^^^^^^^^^^^^ the trait `Default` is not implemented for `NotDefault`
[INFO] [stderr]    |
[INFO] [stderr] help: the trait `RusqliteFetch` is conditionally implemented for `Record<T>`
[INFO] [stderr]   --> tests/ui/fail/generic_missing_default.rs:5:10
[INFO] [stderr]    |
[INFO] [stderr]  5 | #[derive(RusqliteFetch)]
[INFO] [stderr]    |          ^^^^^^^^^^^^^ unsatisfied requirement introduced here: `NotDefault: Default`
[INFO] [stderr] note: required for `Record<NotDefault>` to implement `RusqliteFetch`
[INFO] [stderr]   --> tests/ui/fail/generic_missing_default.rs:6:8
[INFO] [stderr]    |
[INFO] [stderr]  5 | #[derive(RusqliteFetch)]
[INFO] [stderr]    |          ------------- type parameter would need to implement `RusqliteFetch`
[INFO] [stderr]  6 | struct Record<T> {
[INFO] [stderr]    |        ^^^^^^^^^
[INFO] [stderr]    = help: consider manually implementing `RusqliteFetch` to avoid undesired bounds
[INFO] [stderr] note: required by a bound in `require_fetch`
[INFO] [stderr]   --> tests/ui/fail/generic_missing_default.rs:12:21
[INFO] [stderr]    |
[INFO] [stderr] 12 | fn require_fetch<T: RusqliteFetch>() {}
[INFO] [stderr]    |                     ^^^^^^^^^^^^^ required by this bound in `require_fetch`
[INFO] [stderr]    = note: this error originates in the derive macro `RusqliteFetch` (in Nightly builds, run with -Z macro-backtrace for more info)
[INFO] [stderr] help: consider annotating `NotDefault` with `#[derive(Default)]`
[INFO] [stderr]    |
[INFO] [stderr]  3 + #[derive(Default)]
[INFO] [stderr]  4 | struct NotDefault;
[INFO] [stderr]    |
[INFO] [stderr] ┈┈┈┈┈┈┈┈┈┈┈┈┈┈┈┈┈┈┈┈┈┈┈┈┈┈┈┈┈┈┈┈┈┈┈┈┈┈┈┈┈┈┈┈┈┈┈┈┈┈┈┈┈┈┈┈┈┈┈┈
[INFO] [stderr] 
[INFO] [stderr] ACTUAL OUTPUT:
[INFO] [stderr] ┈┈┈┈┈┈┈┈┈┈┈┈┈┈┈┈┈┈┈┈┈┈┈┈┈┈┈┈┈┈┈┈┈┈┈┈┈┈┈┈┈┈┈┈┈┈┈┈┈┈┈┈┈┈┈┈┈┈┈┈
[INFO] [stderr] error[E0277]: the trait bound `NotDefault: Default` is not satisfied
[INFO] [stderr]   --> tests/ui/fail/generic_missing_default.rs:15:21
[INFO] [stderr]    |
[INFO] [stderr] 15 |     require_fetch::<Record<NotDefault>>();
[INFO] [stderr]    |                     ^^^^^^^^^^^^^^^^^^ the trait `Default` is not implemented for `NotDefault`
[INFO] [stderr]    |
[INFO] [stderr] help: the trait `RusqliteFetch` is conditionally implemented for `Record<T>`
[INFO] [stderr]   --> tests/ui/fail/generic_missing_default.rs:5:10
[INFO] [stderr]    |
[INFO] [stderr]  5 | #[derive(RusqliteFetch)]
[INFO] [stderr]    |          ^^^^^^^^^^^^^ unsatisfied requirement introduced here: `NotDefault: Default`
[INFO] [stderr] note: required for `Record<NotDefault>` to implement `RusqliteFetch`
[INFO] [stderr]   --> tests/ui/fail/generic_missing_default.rs:6:8
[INFO] [stderr]    |
[INFO] [stderr]  5 | #[derive(RusqliteFetch)]
[INFO] [stderr]    |          ------------- type parameter would need to implement `RusqliteFetch`
[INFO] [stderr]  6 | struct Record<T> {
[INFO] [stderr]    |        ^^^^^^^^^
[INFO] [stderr] note: required by a bound in `require_fetch`
[INFO] [stderr]   --> tests/ui/fail/generic_missing_default.rs:12:21
[INFO] [stderr]    |
[INFO] [stderr] 12 | fn require_fetch<T: RusqliteFetch>() {}
[INFO] [stderr]    |                     ^^^^^^^^^^^^^ required by this bound in `require_fetch`
[INFO] [stderr]    = note: this error originates in the derive macro `RusqliteFetch` (in Nightly builds, run with -Z macro-backtrace for more info)
[INFO] [stderr] help: consider annotating `NotDefault` with `#[derive(Default)]`
[INFO] [stderr]    |
[INFO] [stderr]  3 + #[derive(Default)]
[INFO] [stderr]  4 | struct NotDefault;
[INFO] [stderr]    |
[INFO] [stderr] ┈┈┈┈┈┈┈┈┈┈┈┈┈┈┈┈┈┈┈┈┈┈┈┈┈┈┈┈┈┈┈┈┈┈┈┈┈┈┈┈┈┈┈┈┈┈┈┈┈┈┈┈┈┈┈┈┈┈┈┈
[INFO] [stderr] note: If the actual output is the correct output you can bless it by rerunning
[INFO] [stderr]       your test with the environment variable TRYBUILD=overwrite
[INFO] [stderr] 
[INFO] [stderr] test tests/ui/fail/generic_missing_from_sql.rs [should fail to compile] ... mismatch
[INFO] [stderr] 
[INFO] [stderr] EXPECTED:
[INFO] [stderr] ┈┈┈┈┈┈┈┈┈┈┈┈┈┈┈┈┈┈┈┈┈┈┈┈┈┈┈┈┈┈┈┈┈┈┈┈┈┈┈┈┈┈┈┈┈┈┈┈┈┈┈┈┈┈┈┈┈┈┈┈
[INFO] [stderr] error[E0277]: the trait bound `NotFromSql: FromSql` is not satisfied
[INFO] [stderr]   --> tests/ui/fail/generic_missing_from_sql.rs:13:21
[INFO] [stderr]    |
[INFO] [stderr] 13 |     require_fetch::<Record<NotFromSql>>();
[INFO] [stderr]    |                     ^^^^^^^^^^^^^^^^^^ unsatisfied trait bound
[INFO] [stderr]    |
[INFO] [stderr] help: the trait `FromSql` is not implemented for `NotFromSql`
[INFO] [stderr]   --> tests/ui/fail/generic_missing_from_sql.rs:3:1
[INFO] [stderr]    |
[INFO] [stderr]  3 | struct NotFromSql;
[INFO] [stderr]    | ^^^^^^^^^^^^^^^^^
[INFO] [stderr]    = help: the following other types implement trait `FromSql`:
[INFO] [stderr]              Arc<[u8]>
[INFO] [stderr]              Arc<str>
[INFO] [stderr]              Box<[u8]>
[INFO] [stderr]              Box<str>
[INFO] [stderr]              Cow<'_, T>
[INFO] [stderr]              NonZero<i16>
[INFO] [stderr]              NonZero<i32>
[INFO] [stderr]              NonZero<i64>
[INFO] [stderr]            and $N others
[INFO] [stderr] note: required for `Record<NotFromSql>` to implement `RusqliteFetch`
[INFO] [stderr]   --> tests/ui/fail/generic_missing_from_sql.rs:6:8
[INFO] [stderr]    |
[INFO] [stderr]  5 | #[derive(RusqliteFetch)]
[INFO] [stderr]    |          ------------- type parameter would need to implement `RusqliteFetch`
[INFO] [stderr]  6 | struct Record<T> {
[INFO] [stderr]    |        ^^^^^^^^^
[INFO] [stderr]    = help: consider manually implementing `RusqliteFetch` to avoid undesired bounds
[INFO] [stderr] note: required by a bound in `require_fetch`
[INFO] [stderr]   --> tests/ui/fail/generic_missing_from_sql.rs:10:21
[INFO] [stderr]    |
[INFO] [stderr] 10 | fn require_fetch<T: RusqliteFetch>() {}
[INFO] [stderr]    |                     ^^^^^^^^^^^^^ required by this bound in `require_fetch`
[INFO] [stderr] ┈┈┈┈┈┈┈┈┈┈┈┈┈┈┈┈┈┈┈┈┈┈┈┈┈┈┈┈┈┈┈┈┈┈┈┈┈┈┈┈┈┈┈┈┈┈┈┈┈┈┈┈┈┈┈┈┈┈┈┈
[INFO] [stderr] 
[INFO] [stderr] ACTUAL OUTPUT:
[INFO] [stderr] ┈┈┈┈┈┈┈┈┈┈┈┈┈┈┈┈┈┈┈┈┈┈┈┈┈┈┈┈┈┈┈┈┈┈┈┈┈┈┈┈┈┈┈┈┈┈┈┈┈┈┈┈┈┈┈┈┈┈┈┈
[INFO] [stderr] error[E0277]: the trait bound `NotFromSql: FromSql` is not satisfied
[INFO] [stderr]   --> tests/ui/fail/generic_missing_from_sql.rs:13:21
[INFO] [stderr]    |
[INFO] [stderr] 13 |     require_fetch::<Record<NotFromSql>>();
[INFO] [stderr]    |                     ^^^^^^^^^^^^^^^^^^ unsatisfied trait bound
[INFO] [stderr]    |
[INFO] [stderr] help: the trait `FromSql` is not implemented for `NotFromSql`
[INFO] [stderr]   --> tests/ui/fail/generic_missing_from_sql.rs:3:1
[INFO] [stderr]    |
[INFO] [stderr]  3 | struct NotFromSql;
[INFO] [stderr]    | ^^^^^^^^^^^^^^^^^
[INFO] [stderr]    = help: the following other types implement trait `FromSql`:
[INFO] [stderr]              Arc<[u8]>
[INFO] [stderr]              Arc<str>
[INFO] [stderr]              Box<[u8]>
[INFO] [stderr]              Box<str>
[INFO] [stderr]              Cow<'_, T>
[INFO] [stderr]              NonZero<i16>
[INFO] [stderr]              NonZero<i32>
[INFO] [stderr]              NonZero<i64>
[INFO] [stderr]            and $N others
[INFO] [stderr] note: required for `Record<NotFromSql>` to implement `RusqliteFetch`
[INFO] [stderr]   --> tests/ui/fail/generic_missing_from_sql.rs:6:8
[INFO] [stderr]    |
[INFO] [stderr]  5 | #[derive(RusqliteFetch)]
[INFO] [stderr]    |          ------------- type parameter would need to implement `RusqliteFetch`
[INFO] [stderr]  6 | struct Record<T> {
[INFO] [stderr]    |        ^^^^^^^^^
[INFO] [stderr] note: required by a bound in `require_fetch`
[INFO] [stderr]   --> tests/ui/fail/generic_missing_from_sql.rs:10:21
[INFO] [stderr]    |
[INFO] [stderr] 10 | fn require_fetch<T: RusqliteFetch>() {}
[INFO] [stderr]    |                     ^^^^^^^^^^^^^ required by this bound in `require_fetch`
[INFO] [stderr] ┈┈┈┈┈┈┈┈┈┈┈┈┈┈┈┈┈┈┈┈┈┈┈┈┈┈┈┈┈┈┈┈┈┈┈┈┈┈┈┈┈┈┈┈┈┈┈┈┈┈┈┈┈┈┈┈┈┈┈┈
[INFO] [stderr] note: If the actual output is the correct output you can bless it by rerunning
[INFO] [stderr]       your test with the environment variable TRYBUILD=overwrite
[INFO] [stderr] 
[INFO] [stderr] test tests/ui/fail/missing_default.rs [should fail to compile] ... ok
[INFO] [stderr] test tests/ui/fail/missing_from_sql.rs [should fail to compile] ... mismatch
[INFO] [stderr] 
[INFO] [stderr] EXPECTED:
[INFO] [stderr] ┈┈┈┈┈┈┈┈┈┈┈┈┈┈┈┈┈┈┈┈┈┈┈┈┈┈┈┈┈┈┈┈┈┈┈┈┈┈┈┈┈┈┈┈┈┈┈┈┈┈┈┈┈┈┈┈┈┈┈┈
[INFO] [stderr] error[E0277]: the trait bound `NotFromSql: FromSql` is not satisfied
[INFO] [stderr]  --> tests/ui/fail/missing_from_sql.rs:8:10
[INFO] [stderr]   |
[INFO] [stderr] 8 |     bad: NotFromSql,
[INFO] [stderr]   |          ^^^^^^^^^^ unsatisfied trait bound
[INFO] [stderr]   |
[INFO] [stderr] help: the trait `FromSql` is not implemented for `NotFromSql`
[INFO] [stderr]  --> tests/ui/fail/missing_from_sql.rs:3:1
[INFO] [stderr]   |
[INFO] [stderr] 3 | struct NotFromSql;
[INFO] [stderr]   | ^^^^^^^^^^^^^^^^^
[INFO] [stderr]   = help: the following other types implement trait `FromSql`:
[INFO] [stderr]             Arc<[u8]>
[INFO] [stderr]             Arc<str>
[INFO] [stderr]             Box<[u8]>
[INFO] [stderr]             Box<str>
[INFO] [stderr]             Cow<'_, T>
[INFO] [stderr]             NonZero<i16>
[INFO] [stderr]             NonZero<i32>
[INFO] [stderr]             NonZero<i64>
[INFO] [stderr]           and $N others
[INFO] [stderr] note: required by a bound in `Row::<'_>::get`
[INFO] [stderr]  --> $CARGO/rusqlite-$VERSION/src/row.rs
[INFO] [stderr]   |
[INFO] [stderr]   |     pub fn get<I: RowIndex, T: FromSql>(&self, idx: I) -> Result<T> {
[INFO] [stderr]   |                                ^^^^^^^ required by this bound in `Row::<'_>::get`
[INFO] [stderr] ┈┈┈┈┈┈┈┈┈┈┈┈┈┈┈┈┈┈┈┈┈┈┈┈┈┈┈┈┈┈┈┈┈┈┈┈┈┈┈┈┈┈┈┈┈┈┈┈┈┈┈┈┈┈┈┈┈┈┈┈
[INFO] [stderr] 
[INFO] [stderr] ACTUAL OUTPUT:
[INFO] [stderr] ┈┈┈┈┈┈┈┈┈┈┈┈┈┈┈┈┈┈┈┈┈┈┈┈┈┈┈┈┈┈┈┈┈┈┈┈┈┈┈┈┈┈┈┈┈┈┈┈┈┈┈┈┈┈┈┈┈┈┈┈
[INFO] [stderr] error[E0277]: the trait bound `NotFromSql: FromSql` is not satisfied
[INFO] [stderr]  --> tests/ui/fail/missing_from_sql.rs:8:10
[INFO] [stderr]   |
[INFO] [stderr] 8 |     bad: NotFromSql,
[INFO] [stderr]   |          ^^^^^^^^^^ unsatisfied trait bound
[INFO] [stderr]   |
[INFO] [stderr] help: the trait `FromSql` is not implemented for `NotFromSql`
[INFO] [stderr]  --> tests/ui/fail/missing_from_sql.rs:3:1
[INFO] [stderr]   |
[INFO] [stderr] 3 | struct NotFromSql;
[INFO] [stderr]   | ^^^^^^^^^^^^^^^^^
[INFO] [stderr]   = help: the following other types implement trait `FromSql`:
[INFO] [stderr]             Arc<[u8]>
[INFO] [stderr]             Arc<str>
[INFO] [stderr]             Box<[u8]>
[INFO] [stderr]             Box<str>
[INFO] [stderr]             Cow<'_, T>
[INFO] [stderr]             NonZero<i16>
[INFO] [stderr]             NonZero<i32>
[INFO] [stderr]             NonZero<i64>
[INFO] [stderr]           and $N others
[INFO] [stderr] note: required by a bound in `Row::<'_>::get`
[INFO] [stderr]  --> $CARGO/rusqlite-$VERSION/src/row.rs
[INFO] [stderr]   |
[INFO] [stderr]   | impl Row<'_> {
[INFO] [stderr] ...
[INFO] [stderr]   |     pub fn get<I: RowIndex, T: FromSql>(&self, idx: I) -> Result<T> {
[INFO] [stderr]   |                                ^^^^^^^ required by this bound in `Row::<'_>::get`
[INFO] [stderr] ┈┈┈┈┈┈┈┈┈┈┈┈┈┈┈┈┈┈┈┈┈┈┈┈┈┈┈┈┈┈┈┈┈┈┈┈┈┈┈┈┈┈┈┈┈┈┈┈┈┈┈┈┈┈┈┈┈┈┈┈
[INFO] [stderr] note: If the actual output is the correct output you can bless it by rerunning
[INFO] [stderr]       your test with the environment variable TRYBUILD=overwrite
[INFO] [stderr] 
[INFO] [stderr] test tests/ui/fail/tuple_struct_missing_select.rs [should fail to compile] ... ok
[INFO] [stderr] test tests/ui/fail/union.rs [should fail to compile] ... ok
[INFO] [stderr] test tests/ui/fail/unknown_field_attribute.rs [should fail to compile] ... ok
[INFO] [stderr] test tests/ui/fail/unknown_struct_attribute.rs [should fail to compile] ... ok
[INFO] [stderr] test tests/ui/fail/write_both_operation_skips.rs [should fail to compile] ... ok
[INFO] [stderr] test tests/ui/fail/write_duplicate_column.rs [should fail to compile] ... ok
[INFO] [stderr] test tests/ui/fail/write_enum.rs [should fail to compile] ... ok
[INFO] [stderr] test tests/ui/fail/write_generic_missing_to_sql.rs [should fail to compile] ... ok
[INFO] [stderr] test tests/ui/fail/write_key_skip_update.rs [should fail to compile] ... ok
[INFO] [stderr] test tests/ui/fail/write_key_skip_write.rs [should fail to compile] ... ok
[INFO] [stderr] test tests/ui/fail/write_key_without_column.rs [should fail to compile] ... ok
[INFO] [stderr] test tests/ui/fail/write_missing_key.rs [should fail to compile] ... ok
[INFO] [stderr] test tests/ui/fail/write_missing_table.rs [should fail to compile] ... ok
[INFO] [stderr] test tests/ui/fail/write_missing_to_sql.rs [should fail to compile] ... ok
[INFO] [stderr] test tests/ui/fail/write_no_insertable_field.rs [should fail to compile] ... ok
[INFO] [stderr] test tests/ui/fail/write_no_updatable_field.rs [should fail to compile] ... ok
[INFO] [stderr] test tests/ui/fail/write_select_only.rs [should fail to compile] ... ok
[INFO] [stderr] test tests/ui/fail/write_skip_write_with_skip_insert.rs [should fail to compile] ... ok
[INFO] [stderr] test tests/ui/fail/write_skip_write_with_skip_update.rs [should fail to compile] ... ok
[INFO] [stderr] test tests/ui/fail/write_tuple_without_column.rs [should fail to compile] ... ok
[INFO] [stderr] test tests/ui/fail/write_union.rs [should fail to compile] ... ok
[INFO] [stderr] test tests/ui/fail/wrong_attribute_value.rs [should fail to compile] ... ok
[INFO] [stderr] test tests/ui/pass/empty_struct.rs [should pass] ... ok
[INFO] [stderr] test tests/ui/pass/empty_tuple_struct.rs [should pass] ... ok
[INFO] [stderr] test tests/ui/pass/fetch_accepts_write_attributes.rs [should pass] ... ok
[INFO] [stderr] test tests/ui/pass/generic_struct.rs [should pass] ... ok
[INFO] [stderr] test tests/ui/pass/named_struct.rs [should pass] ... ok
[INFO] [stderr] test tests/ui/pass/overrides_and_visibility.rs [should pass] ... ok
[INFO] [stderr] test tests/ui/pass/renamed_crate.rs [should pass] ... ok
[INFO] [stderr] test tests/ui/pass/tuple_struct.rs [should pass] ... ok
[INFO] [stderr] test tests/ui/pass/unit_struct.rs [should pass] ... ok
[INFO] [stderr] test tests/ui/pass/write_named_and_generic.rs [should pass] ... ok
[INFO] [stderr] test tests/ui/pass/write_tuple.rs [should pass] ... ok
[INFO] [stderr] 
[INFO] [stderr] 
[INFO] [stdout] test derive_diagnostics ... FAILED
[INFO] [stdout] 
[INFO] [stdout] failures:
[INFO] [stdout] 
[INFO] [stdout] ---- derive_diagnostics stdout ----
[INFO] [stdout] 
[INFO] [stdout] thread 'derive_diagnostics' (937) panicked at /opt/rustwide/cargo-home/registry/src/index.crates.io-1949cf8c6b5b557f/trybuild-1.0.119/src/run.rs:102:13:
[INFO] [stdout] 6 of 46 tests failed
[INFO] [stdout] stack backtrace:
[INFO] [stdout]    0:     0x55905ba77b11 - std[617be2ca0a6fd877]::backtrace_rs::backtrace::libunwind::trace
[INFO] [stdout]                                at /rustc/e3feeb59cd1bdd011a2bfcc0747b55125d9b8527/library/std/src/../../backtrace/src/backtrace/libunwind.rs:117:9
[INFO] [stdout]    1:     0x55905ba77b11 - std[617be2ca0a6fd877]::backtrace_rs::backtrace::trace_unsynchronized::<std[617be2ca0a6fd877]::sys::backtrace::_print_fmt::{closure#1}>
[INFO] [stdout]                                at /rustc/e3feeb59cd1bdd011a2bfcc0747b55125d9b8527/library/std/src/../../backtrace/src/backtrace/mod.rs:66:14
[INFO] [stdout]    2:     0x55905ba77b11 - std[617be2ca0a6fd877]::sys::backtrace::_print_fmt
[INFO] [stdout]                                at /rustc/e3feeb59cd1bdd011a2bfcc0747b55125d9b8527/library/std/src/sys/backtrace.rs:74:9
[INFO] [stdout]    3:     0x55905ba77b11 - <<std[617be2ca0a6fd877]::sys::backtrace::BacktraceLock>::print::DisplayBacktrace as core[a373ad73a504971]::fmt::Display>::fmt
[INFO] [stdout]                                at /rustc/e3feeb59cd1bdd011a2bfcc0747b55125d9b8527/library/std/src/sys/backtrace.rs:44:26
[INFO] [stdout]    4:     0x55905ba8df5a - <core[a373ad73a504971]::fmt::rt::Argument>::fmt
[INFO] [stdout]                                at /rustc/e3feeb59cd1bdd011a2bfcc0747b55125d9b8527/library/core/src/fmt/rt.rs:152:76
[INFO] [stdout]    5:     0x55905ba8df5a - core[a373ad73a504971]::fmt::write
[INFO] [stdout]    6:     0x55905ba7c35c - core[a373ad73a504971]::io::write::default_write_fmt::<alloc[2e1b2a31b91974c5]::vec::Vec<u8>>
[INFO] [stdout]                                at /rustc/e3feeb59cd1bdd011a2bfcc0747b55125d9b8527/library/core/src/io/write.rs:402:11
[INFO] [stdout]    7:     0x55905ba7c35c - <alloc[2e1b2a31b91974c5]::vec::Vec<u8> as core[a373ad73a504971]::io::write::Write>::write_fmt
[INFO] [stdout]                                at /rustc/e3feeb59cd1bdd011a2bfcc0747b55125d9b8527/library/core/src/io/write.rs:335:13
[INFO] [stdout]    8:     0x55905ba50f76 - <std[617be2ca0a6fd877]::sys::backtrace::BacktraceLock>::print
[INFO] [stdout]                                at /rustc/e3feeb59cd1bdd011a2bfcc0747b55125d9b8527/library/std/src/sys/backtrace.rs:47:9
[INFO] [stdout]    9:     0x55905ba50f76 - std[617be2ca0a6fd877]::panicking::default_hook::{closure#0}
[INFO] [stdout]                                at /rustc/e3feeb59cd1bdd011a2bfcc0747b55125d9b8527/library/std/src/panicking.rs:289:27
[INFO] [stdout]   10:     0x55905ba6f0b9 - std[617be2ca0a6fd877]::panicking::default_hook
[INFO] [stdout]                                at /rustc/e3feeb59cd1bdd011a2bfcc0747b55125d9b8527/library/std/src/panicking.rs:313:9
[INFO] [stdout]   11:     0x55905ba086c0 - <alloc[2e1b2a31b91974c5]::boxed::Box<dyn for<'a, 'b> core[a373ad73a504971]::ops::function::Fn<(&'a std[617be2ca0a6fd877]::panic::PanicHookInfo<'b>,), Output = ()> + core[a373ad73a504971]::marker::Sync + core[a373ad73a504971]::marker::Send> as core[a373ad73a504971]::ops::function::Fn<(&std[617be2ca0a6fd877]::panic::PanicHookInfo,)>>::call
[INFO] [stdout]                                at /rustc/e3feeb59cd1bdd011a2bfcc0747b55125d9b8527/library/alloc/src/boxed.rs:2328:9
[INFO] [stdout]   12:     0x55905ba086c0 - test[aada8e7e76ba119b]::test_main_inner::{closure#0}
[INFO] [stdout]                                at /rustc/e3feeb59cd1bdd011a2bfcc0747b55125d9b8527/library/test/src/lib.rs:137:21
[INFO] [stdout]   13:     0x55905ba6f272 - <alloc[2e1b2a31b91974c5]::boxed::Box<dyn for<'a, 'b> core[a373ad73a504971]::ops::function::Fn<(&'a std[617be2ca0a6fd877]::panic::PanicHookInfo<'b>,), Output = ()> + core[a373ad73a504971]::marker::Sync + core[a373ad73a504971]::marker::Send> as core[a373ad73a504971]::ops::function::Fn<(&std[617be2ca0a6fd877]::panic::PanicHookInfo,)>>::call
[INFO] [stdout]                                at /rustc/e3feeb59cd1bdd011a2bfcc0747b55125d9b8527/library/alloc/src/boxed.rs:2328:9
[INFO] [stdout]   14:     0x55905ba6f272 - std[617be2ca0a6fd877]::panicking::panic_with_hook
[INFO] [stdout]                                at /rustc/e3feeb59cd1bdd011a2bfcc0747b55125d9b8527/library/std/src/panicking.rs:819:13
[INFO] [stdout]   15:     0x55905ba51022 - std[617be2ca0a6fd877]::panicking::panic_handler::{closure#0}
[INFO] [stdout]                                at /rustc/e3feeb59cd1bdd011a2bfcc0747b55125d9b8527/library/std/src/panicking.rs:685:13
[INFO] [stdout]   16:     0x55905ba49879 - std[617be2ca0a6fd877]::sys::backtrace::__rust_end_short_backtrace::<std[617be2ca0a6fd877]::panicking::panic_handler::{closure#0}, !>
[INFO] [stdout]                                at /rustc/e3feeb59cd1bdd011a2bfcc0747b55125d9b8527/library/std/src/sys/backtrace.rs:182:18
[INFO] [stdout]   17:     0x55905ba51c2d - __rustc[ea4f61d10b84890b]::rust_begin_unwind
[INFO] [stdout]                                at /rustc/e3feeb59cd1bdd011a2bfcc0747b55125d9b8527/library/std/src/panicking.rs:676:5
[INFO] [stdout]   18:     0x55905ba8e74c - core[a373ad73a504971]::panicking::panic_fmt
[INFO] [stdout]                                at /rustc/e3feeb59cd1bdd011a2bfcc0747b55125d9b8527/library/core/src/panicking.rs:80:14
[INFO] [stdout]   19:     0x55905b8df344 - <trybuild[e41bf566de5ea8f4]::Runner>::run
[INFO] [stdout]                                at /opt/rustwide/cargo-home/registry/src/index.crates.io-1949cf8c6b5b557f/trybuild-1.0.119/src/run.rs:102:13
[INFO] [stdout]   20:     0x55905b8ea2a8 - <trybuild[e41bf566de5ea8f4]::TestCases as core[a373ad73a504971]::ops::drop::Drop>::drop
[INFO] [stdout]                                at /opt/rustwide/cargo-home/registry/src/index.crates.io-1949cf8c6b5b557f/trybuild-1.0.119/src/lib.rs:342:38
[INFO] [stdout]   21:     0x55905b7e2bc7 - core[a373ad73a504971]::ptr::drop_glue::<trybuild[e41bf566de5ea8f4]::TestCases>
[INFO] [stdout]                                at /rustc/e3feeb59cd1bdd011a2bfcc0747b55125d9b8527/library/core/src/ptr/mod.rs:848:1
[INFO] [stdout]   22:     0x55905b7e2deb - ui[2fa96236047b5cdd]::derive_diagnostics
[INFO] [stdout]                                at /opt/rustwide/workdir/tests/ui.rs:6:1
[INFO] [stdout]   23:     0x55905b7e2d27 - ui[2fa96236047b5cdd]::derive_diagnostics::{closure#0}
[INFO] [stdout]                                at /opt/rustwide/workdir/tests/ui.rs:2:24
[INFO] [stdout]   24:     0x55905b7e3246 - <ui[2fa96236047b5cdd]::derive_diagnostics::{closure#0} as core[a373ad73a504971]::ops::function::FnOnce<()>>::call_once
[INFO] [stdout]                                at /rustc/e3feeb59cd1bdd011a2bfcc0747b55125d9b8527/library/core/src/ops/function.rs:250:5
[INFO] [stdout]   25:     0x55905b9fbb0b - <fn() -> core[a373ad73a504971]::result::Result<(), alloc[2e1b2a31b91974c5]::string::String> as core[a373ad73a504971]::ops::function::FnOnce<()>>::call_once
[INFO] [stdout]                                at /rustc/e3feeb59cd1bdd011a2bfcc0747b55125d9b8527/library/core/src/ops/function.rs:250:5
[INFO] [stdout]   26:     0x55905b9fbb0b - test[aada8e7e76ba119b]::__rust_begin_short_backtrace::<core[a373ad73a504971]::result::Result<(), alloc[2e1b2a31b91974c5]::string::String>, fn() -> core[a373ad73a504971]::result::Result<(), alloc[2e1b2a31b91974c5]::string::String>>
[INFO] [stdout]                                at /rustc/e3feeb59cd1bdd011a2bfcc0747b55125d9b8527/library/test/src/lib.rs:701:18
[INFO] [stdout]   27:     0x55905ba08ce5 - test[aada8e7e76ba119b]::run_test_in_process::{closure#0}
[INFO] [stdout]                                at /rustc/e3feeb59cd1bdd011a2bfcc0747b55125d9b8527/library/test/src/lib.rs:724:74
[INFO] [stdout]   28:     0x55905ba08ce5 - <core[a373ad73a504971]::panic::unwind_safe::AssertUnwindSafe<test[aada8e7e76ba119b]::run_test_in_process::{closure#0}> as core[a373ad73a504971]::ops::function::FnOnce<()>>::call_once
[INFO] [stdout]                                at /rustc/e3feeb59cd1bdd011a2bfcc0747b55125d9b8527/library/core/src/panic/unwind_safe.rs:275:9
[INFO] [stdout]   29:     0x55905ba08ce5 - std[617be2ca0a6fd877]::panicking::catch_unwind::do_call::<core[a373ad73a504971]::panic::unwind_safe::AssertUnwindSafe<test[aada8e7e76ba119b]::run_test_in_process::{closure#0}>, core[a373ad73a504971]::result::Result<(), alloc[2e1b2a31b91974c5]::string::String>>
[INFO] [stdout]                                at /rustc/e3feeb59cd1bdd011a2bfcc0747b55125d9b8527/library/std/src/panicking.rs:573:43
[INFO] [stdout]   30:     0x55905ba08ce5 - std[617be2ca0a6fd877]::panicking::catch_unwind::<core[a373ad73a504971]::result::Result<(), alloc[2e1b2a31b91974c5]::string::String>, core[a373ad73a504971]::panic::unwind_safe::AssertUnwindSafe<test[aada8e7e76ba119b]::run_test_in_process::{closure#0}>>
[INFO] [stdout]                                at /rustc/e3feeb59cd1bdd011a2bfcc0747b55125d9b8527/library/std/src/panicking.rs:541:19
[INFO] [stdout]   31:     0x55905ba08ce5 - std[617be2ca0a6fd877]::panic::catch_unwind::<core[a373ad73a504971]::panic::unwind_safe::AssertUnwindSafe<test[aada8e7e76ba119b]::run_test_in_process::{closure#0}>, core[a373ad73a504971]::result::Result<(), alloc[2e1b2a31b91974c5]::string::String>>
[INFO] [stdout]                                at /rustc/e3feeb59cd1bdd011a2bfcc0747b55125d9b8527/library/std/src/panic.rs:359:14
[INFO] [stdout]   32:     0x55905ba08ce5 - test[aada8e7e76ba119b]::run_test_in_process
[INFO] [stdout]                                at /rustc/e3feeb59cd1bdd011a2bfcc0747b55125d9b8527/library/test/src/lib.rs:724:27
[INFO] [stdout]   33:     0x55905ba08ce5 - test[aada8e7e76ba119b]::run_test::{closure#0}
[INFO] [stdout]                                at /rustc/e3feeb59cd1bdd011a2bfcc0747b55125d9b8527/library/test/src/lib.rs:645:43
[INFO] [stdout]   34:     0x55905ba025d4 - test[aada8e7e76ba119b]::run_test::{closure#1}
[INFO] [stdout]                                at /rustc/e3feeb59cd1bdd011a2bfcc0747b55125d9b8527/library/test/src/lib.rs:675:41
[INFO] [stdout]   35:     0x55905ba025d4 - std[617be2ca0a6fd877]::sys::backtrace::__rust_begin_short_backtrace::<test[aada8e7e76ba119b]::run_test::{closure#1}, ()>
[INFO] [stdout]                                at /rustc/e3feeb59cd1bdd011a2bfcc0747b55125d9b8527/library/std/src/sys/backtrace.rs:166:18
[INFO] [stdout]   36:     0x55905ba0bd72 - std[617be2ca0a6fd877]::thread::lifecycle::spawn_unchecked::<test[aada8e7e76ba119b]::run_test::{closure#1}, ()>::{closure#1}::{closure#0}
[INFO] [stdout]                                at /rustc/e3feeb59cd1bdd011a2bfcc0747b55125d9b8527/library/std/src/thread/lifecycle.rs:70:13
[INFO] [stdout]   37:     0x55905ba0bd72 - <core[a373ad73a504971]::panic::unwind_safe::AssertUnwindSafe<std[617be2ca0a6fd877]::thread::lifecycle::spawn_unchecked<test[aada8e7e76ba119b]::run_test::{closure#1}, ()>::{closure#1}::{closure#0}> as core[a373ad73a504971]::ops::function::FnOnce<()>>::call_once
[INFO] [stdout]                                at /rustc/e3feeb59cd1bdd011a2bfcc0747b55125d9b8527/library/core/src/panic/unwind_safe.rs:275:9
[INFO] [stdout]   38:     0x55905ba0bd72 - std[617be2ca0a6fd877]::panicking::catch_unwind::do_call::<core[a373ad73a504971]::panic::unwind_safe::AssertUnwindSafe<std[617be2ca0a6fd877]::thread::lifecycle::spawn_unchecked<test[aada8e7e76ba119b]::run_test::{closure#1}, ()>::{closure#1}::{closure#0}>, ()>
[INFO] [stdout]                                at /rustc/e3feeb59cd1bdd011a2bfcc0747b55125d9b8527/library/std/src/panicking.rs:573:43
[INFO] [stdout]   39:     0x55905ba0bd72 - std[617be2ca0a6fd877]::panicking::catch_unwind::<(), core[a373ad73a504971]::panic::unwind_safe::AssertUnwindSafe<std[617be2ca0a6fd877]::thread::lifecycle::spawn_unchecked<test[aada8e7e76ba119b]::run_test::{closure#1}, ()>::{closure#1}::{closure#0}>>
[INFO] [stdout]                                at /rustc/e3feeb59cd1bdd011a2bfcc0747b55125d9b8527/library/std/src/panicking.rs:541:19
[INFO] [stdout]   40:     0x55905ba0bd72 - std[617be2ca0a6fd877]::panic::catch_unwind::<core[a373ad73a504971]::panic::unwind_safe::AssertUnwindSafe<std[617be2ca0a6fd877]::thread::lifecycle::spawn_unchecked<test[aada8e7e76ba119b]::run_test::{closure#1}, ()>::{closure#1}::{closure#0}>, ()>
[INFO] [stdout]                                at /rustc/e3feeb59cd1bdd011a2bfcc0747b55125d9b8527/library/std/src/panic.rs:359:14
[INFO] [stdout]   41:     0x55905ba0bd72 - std[617be2ca0a6fd877]::thread::lifecycle::spawn_unchecked::<test[aada8e7e76ba119b]::run_test::{closure#1}, ()>::{closure#1}
[INFO] [stdout]                                at /rustc/e3feeb59cd1bdd011a2bfcc0747b55125d9b8527/library/std/src/thread/lifecycle.rs:68:26
[INFO] [stdout]   42:     0x55905ba0bd72 - <std[617be2ca0a6fd877]::thread::lifecycle::spawn_unchecked<test[aada8e7e76ba119b]::run_test::{closure#1}, ()>::{closure#1} as core[a373ad73a504971]::ops::function::FnOnce<()>>::call_once::{shim:vtable#0}
[INFO] [stdout]                                at /rustc/e3feeb59cd1bdd011a2bfcc0747b55125d9b8527/library/core/src/ops/function.rs:250:5
[INFO] [stdout]   43:     0x55905ba76d6f - <alloc[2e1b2a31b91974c5]::boxed::Box<dyn core[a373ad73a504971]::ops::function::FnOnce<(), Output = ()> + core[a373ad73a504971]::marker::Send> as core[a373ad73a504971]::ops::function::FnOnce<()>>::call_once
[INFO] [stdout]                                at /rustc/e3feeb59cd1bdd011a2bfcc0747b55125d9b8527/library/alloc/src/boxed.rs:2314:9
[INFO] [stdout]   44:     0x55905ba76d6f - <std[617be2ca0a6fd877]::sys::thread::unix::Thread>::new::thread_start
[INFO] [stdout]                                at /rustc/e3feeb59cd1bdd011a2bfcc0747b55125d9b8527/library/std/src/sys/thread/unix.rs:127:17
[INFO] [stdout]   45:     0x70c2fdb52dfa - <unknown>
[INFO] [stdout]   46:     0x70c2fdbe63d4 - clone
[INFO] [stdout]   47:                0x0 - <unknown>
[INFO] [stdout] 
[INFO] [stdout] 
[INFO] [stdout] failures:
[INFO] [stdout]     derive_diagnostics
[INFO] [stdout] 
[INFO] [stdout] test result: FAILED. 0 passed; 1 failed; 0 ignored; 0 measured; 0 filtered out; finished in 47.52s
[INFO] [stdout] 
[INFO] [stderr] error: test failed, to rerun pass `--test ui`
[INFO] running `Command { std: "docker" "inspect" "be29f3ed041147cb7f89f7cf221b18ce4c41d25f8e4653321052a524d64683e2", kill_on_drop: false }`
[INFO] running `Command { std: "docker" "rm" "-f" "be29f3ed041147cb7f89f7cf221b18ce4c41d25f8e4653321052a524d64683e2", kill_on_drop: false }`
[INFO] [stdout] be29f3ed041147cb7f89f7cf221b18ce4c41d25f8e4653321052a524d64683e2
