[INFO] fetching crate runtimo-core 0.10.1...
[INFO] testing runtimo-core-0.10.1 against 1.99.0-beta.8 for beta-1.100-2
[INFO] extracting crate runtimo-core 0.10.1 into /workspace/builds/worker-0-tc1/source
[INFO] started tweaking crates.io crate runtimo-core 0.10.1
[INFO] removed 0 missing examples
[INFO] removed 0 missing tests
[INFO] finished tweaking crates.io crate runtimo-core 0.10.1
[INFO] tweaked toml for crates.io crate runtimo-core 0.10.1 written to /workspace/builds/worker-0-tc1/source/Cargo.toml
[INFO] validating manifest of crates.io crate runtimo-core 0.10.1 on toolchain 1.99.0-beta.8
[INFO] running `Command { std: CARGO_HOME="/workspace/cargo-home" RUSTUP_HOME="/workspace/rustup-home" "/workspace/cargo-home/bin/cargo" "+1.99.0-beta.8" "metadata" "--manifest-path" "Cargo.toml" "--no-deps", kill_on_drop: false }`
[INFO] crate crates.io crate runtimo-core 0.10.1 already has a lockfile, it will not be regenerated
[INFO] running `Command { std: CARGO_HOME="/workspace/cargo-home" RUSTUP_HOME="/workspace/rustup-home" "/workspace/cargo-home/bin/cargo" "+1.99.0-beta.8" "fetch" "--manifest-path" "Cargo.toml", kill_on_drop: false }`
[INFO] [stderr]     Updating crates.io index
[INFO] [stderr]  Downloading crates ...
[INFO] [stderr]   Downloaded modular-bitfield-impl v0.11.2
[INFO] [stderr]   Downloaded tinyvec v1.13.2
[INFO] [stderr]   Downloaded modular-bitfield v0.11.2
[INFO] [stderr]   Downloaded cbindgen v0.26.0
[INFO] [stderr]   Downloaded llmosafe v0.9.0
[INFO] running `Command { std: "docker" "create" "-v" "/var/lib/crater-agent-workspace/builds/worker-0-tc1/source:/opt/rustwide/workdir:ro,Z" "-v" "/var/lib/crater-agent-workspace/builds/worker-0-tc1/target:/opt/rustwide/target:rw,Z" "-v" "/var/lib/crater-agent-workspace/cargo-home:/opt/rustwide/cargo-home:ro,Z" "-v" "/var/lib/crater-agent-workspace/rustup-home:/opt/rustwide/rustup-home:ro,Z" "-m" "1610612736" "--network" "none" "ghcr.io/rust-lang/crates-build-env/linux@sha256:3111399a4047eeb3a02b7a90e478d715f38a8c6669b5c4b49d30a17385265909" "sleep" "infinity", kill_on_drop: false }`
[INFO] [stdout] a984efd23b79dfeb67d0eb2f0e4ca0334865e1ae26244b5bc27bf46d4a022c3a
[INFO] running `Command { std: "docker" "start" "a984efd23b79dfeb67d0eb2f0e4ca0334865e1ae26244b5bc27bf46d4a022c3a", kill_on_drop: false }`
[INFO] running `Command { std: "docker" "inspect" "a984efd23b79dfeb67d0eb2f0e4ca0334865e1ae26244b5bc27bf46d4a022c3a", kill_on_drop: false }`
[INFO] running `Command { std: "docker" "exec" "-e" "SOURCE_DIR=/opt/rustwide/workdir" "-e" "CARGO_HOME=/opt/rustwide/cargo-home" "-e" "RUSTUP_HOME=/opt/rustwide/rustup-home" "-e" "CARGO_TARGET_DIR=/opt/rustwide/target" "-w" "/opt/rustwide/workdir" "--user" "0:0" "a984efd23b79dfeb67d0eb2f0e4ca0334865e1ae26244b5bc27bf46d4a022c3a" "/opt/rustwide/cargo-home/bin/cargo" "+1.99.0-beta.8" "metadata" "--no-deps" "--format-version=1", kill_on_drop: false }`
[INFO] running `Command { std: "docker" "inspect" "a984efd23b79dfeb67d0eb2f0e4ca0334865e1ae26244b5bc27bf46d4a022c3a", kill_on_drop: false }`
[INFO] running `Command { std: "docker" "exec" "-e" "SOURCE_DIR=/opt/rustwide/workdir" "-e" "CARGO_HOME=/opt/rustwide/cargo-home" "-e" "RUSTUP_HOME=/opt/rustwide/rustup-home" "-e" "CARGO_TARGET_DIR=/opt/rustwide/target" "-e" "CARGO_INCREMENTAL=0" "-e" "RUST_BACKTRACE=full" "-e" "RUSTFLAGS=--cap-lints=warn" "-e" "RUSTDOCFLAGS=--cap-lints=warn" "-w" "/opt/rustwide/workdir" "--user" "0:0" "a984efd23b79dfeb67d0eb2f0e4ca0334865e1ae26244b5bc27bf46d4a022c3a" "/opt/rustwide/cargo-home/bin/cargo" "+1.99.0-beta.8" "build" "--frozen" "--message-format=json", kill_on_drop: false }`
[INFO] [stderr]    Compiling proc-macro2 v1.0.107
[INFO] [stderr]    Compiling syn v1.0.109
[INFO] [stderr]    Compiling getrandom v0.4.3
[INFO] [stderr]    Compiling rustix v1.1.4
[INFO] [stderr]    Compiling linux-raw-sys v0.12.1
[INFO] [stderr]    Compiling bitflags v2.13.1
[INFO] [stderr]    Compiling hashbrown v0.12.3
[INFO] [stderr]    Compiling os_str_bytes v6.6.1
[INFO] [stderr]    Compiling once_cell v1.21.4
[INFO] [stderr]    Compiling indexmap v1.9.3
[INFO] [stderr]    Compiling textwrap v0.16.2
[INFO] [stderr]    Compiling atty v0.2.14
[INFO] [stderr]    Compiling termcolor v1.4.1
[INFO] [stderr]    Compiling strsim v0.10.0
[INFO] [stderr]    Compiling fastrand v2.5.0
[INFO] [stderr]    Compiling bitflags v1.3.2
[INFO] [stderr]    Compiling cbindgen v0.26.0
[INFO] [stderr]    Compiling serde_json v1.0.151
[INFO] [stderr]    Compiling generic-array v0.14.7
[INFO] [stderr]    Compiling log v0.4.34
[INFO] [stderr]    Compiling clap_lex v0.2.4
[INFO] [stderr]    Compiling winnow v0.7.15
[INFO] [stderr]    Compiling toml_write v0.1.2
[INFO] [stderr]    Compiling tinyvec v1.13.2
[INFO] [stderr]    Compiling quote v1.0.47
[INFO] [stderr]    Compiling syn v3.0.5
[INFO] [stderr]    Compiling syn v2.0.119
[INFO] [stderr]    Compiling unicode-normalization v0.1.25
[INFO] [stderr]    Compiling block-buffer v0.10.4
[INFO] [stderr]    Compiling crypto-common v0.1.7
[INFO] [stderr]    Compiling digest v0.10.7
[INFO] [stderr]    Compiling sha2 v0.10.9
[INFO] [stderr]    Compiling clap v3.2.25
[INFO] [stderr]    Compiling tempfile v3.27.0
[INFO] [stderr]    Compiling serde_derive v1.0.229
[INFO] [stderr]    Compiling tracing-attributes v0.1.31
[INFO] [stderr]    Compiling thiserror-impl v1.0.69
[INFO] [stderr]    Compiling tracing v0.1.44
[INFO] [stderr]    Compiling thiserror v1.0.69
[INFO] [stderr]    Compiling modular-bitfield-impl v0.11.2
[INFO] [stderr]    Compiling serde v1.0.229
[INFO] [stderr]    Compiling toml v0.5.11
[INFO] [stderr]    Compiling serde_spanned v0.6.9
[INFO] [stderr]    Compiling toml_datetime v0.6.11
[INFO] [stderr]    Compiling modular-bitfield v0.11.2
[INFO] [stderr]    Compiling toml_edit v0.22.27
[INFO] [stderr]    Compiling toml v0.8.23
[INFO] [stderr]    Compiling llmosafe v0.9.0
[INFO] [stderr]    Compiling runtimo-core v0.10.1 (/opt/rustwide/workdir)
[INFO] [stderr]     Finished `dev` profile [unoptimized + debuginfo] target(s) in 27.11s
[INFO] running `Command { std: "docker" "inspect" "a984efd23b79dfeb67d0eb2f0e4ca0334865e1ae26244b5bc27bf46d4a022c3a", kill_on_drop: false }`
[INFO] running `Command { std: "docker" "exec" "-e" "SOURCE_DIR=/opt/rustwide/workdir" "-e" "CARGO_HOME=/opt/rustwide/cargo-home" "-e" "RUSTUP_HOME=/opt/rustwide/rustup-home" "-e" "CARGO_TARGET_DIR=/opt/rustwide/target" "-e" "CARGO_INCREMENTAL=0" "-e" "RUST_BACKTRACE=full" "-e" "RUSTFLAGS=--cap-lints=warn" "-e" "RUSTDOCFLAGS=--cap-lints=warn" "-w" "/opt/rustwide/workdir" "--user" "0:0" "a984efd23b79dfeb67d0eb2f0e4ca0334865e1ae26244b5bc27bf46d4a022c3a" "/opt/rustwide/cargo-home/bin/cargo" "+1.99.0-beta.8" "test" "--frozen" "--no-run" "--message-format=json", kill_on_drop: false }`
[INFO] [stderr]    Compiling bitflags v2.13.1
[INFO] [stderr]    Compiling fastrand v2.5.0
[INFO] [stderr]    Compiling getrandom v0.4.3
[INFO] [stderr]    Compiling rustix v1.1.4
[INFO] [stderr]    Compiling getrandom v0.3.4
[INFO] [stderr]    Compiling zerocopy v0.8.56
[INFO] [stderr]    Compiling num-traits v0.2.19
[INFO] [stderr]    Compiling wait-timeout v0.2.1
[INFO] [stderr]    Compiling quick-error v1.2.3
[INFO] [stderr]    Compiling bit-vec v0.8.0
[INFO] [stderr]    Compiling unarray v0.1.4
[INFO] [stderr]    Compiling bit-set v0.8.0
[INFO] [stderr]    Compiling rand_core v0.9.5
[INFO] [stderr]    Compiling rand_xorshift v0.4.0
[INFO] [stderr]    Compiling rand v0.9.5
[INFO] [stderr]    Compiling tempfile v3.27.0
[INFO] [stderr]    Compiling cbindgen v0.26.0
[INFO] [stderr]    Compiling rusty-fork v0.3.1
[INFO] [stderr]    Compiling ppv-lite86 v0.2.21
[INFO] [stderr]    Compiling rand_chacha v0.9.0
[INFO] [stderr]    Compiling proptest v1.11.0
[INFO] [stderr]    Compiling llmosafe v0.9.0
[INFO] [stderr]    Compiling runtimo-core v0.10.1 (/opt/rustwide/workdir)
[INFO] [stderr]     Finished `test` profile [unoptimized + debuginfo] target(s) in 28.43s
[INFO] running `Command { std: "docker" "inspect" "a984efd23b79dfeb67d0eb2f0e4ca0334865e1ae26244b5bc27bf46d4a022c3a", kill_on_drop: false }`
[INFO] running `Command { std: "docker" "exec" "-e" "SOURCE_DIR=/opt/rustwide/workdir" "-e" "CARGO_HOME=/opt/rustwide/cargo-home" "-e" "RUSTUP_HOME=/opt/rustwide/rustup-home" "-e" "CARGO_TARGET_DIR=/opt/rustwide/target" "-e" "CARGO_INCREMENTAL=0" "-e" "RUST_BACKTRACE=full" "-e" "RUSTFLAGS=--cap-lints=warn" "-e" "RUSTDOCFLAGS=--cap-lints=warn" "-w" "/opt/rustwide/workdir" "--user" "0:0" "a984efd23b79dfeb67d0eb2f0e4ca0334865e1ae26244b5bc27bf46d4a022c3a" "/opt/rustwide/cargo-home/bin/cargo" "+1.99.0-beta.8" "test" "--frozen", kill_on_drop: false }`
[INFO] [stderr]     Finished `test` profile [unoptimized + debuginfo] target(s) in 0.13s
[INFO] [stderr]      Running unittests src/lib.rs (/opt/rustwide/target/debug/deps/runtimo_core-1879abbbaef94a98)
[INFO] [stdout] 
[INFO] [stdout] running 489 tests
[INFO] [stdout] test adapters::jfr::tests::jfr_pinned_jdk_version_constant ... ok
[INFO] [stdout] test adapters::jfr::tests::jfr_config_defaults ... ok
[INFO] [stdout] test adapters::reducer::tests::validate_fact_passes_for_valid_fact ... ok
[INFO] [stdout] test adapters::reducer::tests::reduce_artifacts_produces_facts ... ok
[INFO] [stdout] test adapters::reducer::tests::reduce_artifacts_jfr_produces_class_load ... ok
[INFO] [stdout] test adapters::reducer::tests::validate_fact_fails_for_pid_alone ... ok
[INFO] [stdout] test adapters::reducer::tests::reduce_artifacts_pid_never_alone ... ok
[INFO] [stdout] test adapters::tetragon::tests::tetragon_config_defaults ... ok
[INFO] [stdout] test adapters::reducer::tests::reduce_artifacts_first_seen_le_last_seen ... ok
[INFO] [stdout] test adapters::reducer::tests::reduce_artifacts_no_observed_call ... ok
[INFO] [stdout] test backup::tests::test_backup_directory ... ok
[INFO] [stdout] test adapters::tetragon::tests::tetragon_pinned_version_constant ... ok
[INFO] [stdout] test adapters::reducer::tests::reduce_batch_separates_providers ... ok
[INFO] [stdout] test adapters::tests::sha256_file_returns_64_char_hex ... ok
[INFO] [stdout] test backup::tests::test_backup_integrity_verification ... ok
[INFO] [stdout] test backup::tests::test_backup_preserves_executable_bit ... ok
[INFO] [stdout] test adapters::tetragon::tests::tetragon_start_returns_started_when_active ... ok
[INFO] [stdout] test adapters::tetragon::tests::tetragon_start_returns_degraded_when_version_mismatch ... ok
[INFO] [stdout] test adapters::tetragon::tests::tetragon_start_returns_unavailable_when_absent ... ok
[INFO] [stdout] test adapters::jfr::tests::jfr_start_returns_unavailable_when_absent ... ok
[INFO] [stdout] test backup::tests::test_backup_rejects_symlinks ... ok
[INFO] [stdout] test adapters::tetragon::tests::tetragon_capture_artifact_produces_hash ... ok
[INFO] [stdout] test backup::tests::test_new_creates_directory ... ok
[INFO] [stdout] test adapters::tetragon::tests::tetragon_new_detects_status ... ok
[INFO] [stdout] test backup::tests::test_verify_real_directory ... ok
[INFO] [stdout] test adapters::tetragon::tests::tetragon_stop_emits_wal_event ... ok
[INFO] [stdout] test backup::tests::test_restore_creates_pre_restore_backup ... ok
[INFO] [stdout] test backup::tests::test_cleanup_skips_symlinks ... ok
[INFO] [stdout] test backup::tests::test_create_backup_size_limit_constant ... ok
[INFO] [stdout] test backup::tests::test_rejects_symlink_backup_dir ... ok
[INFO] [stdout] test adapters::tests::detect_binary_returns_none_for_absent ... ok
[INFO] [stdout] test backup::tests::test_backup_unicode_filename ... ok
[INFO] [stdout] test adapters::jfr::tests::jfr_new_detects_status ... ok
[INFO] [stdout] test adapters::jfr::tests::jfr_start_returns_started_when_active ... ok
[INFO] [stdout] test backup::tests::test_backup_unicode_directory_name ... ok
[INFO] [stdout] test adapters::jfr::tests::jfr_capture_artifact_produces_hash ... ok
[INFO] [stdout] test backup::tests::test_restore_directory ... ok
[INFO] [stdout] test adapters::jfr::tests::jfr_reduce_produces_class_load_facts ... ok
[INFO] [stdout] test capabilities::file_read::tests::rejects_missing_file ... ok
[INFO] [stdout] test capabilities::file_read::tests::test_max_bytes_rejects_exceeding_limit ... ok
[INFO] [stdout] test capabilities::file_read::tests::test_symlink_rejected_by_nofollow ... ok
[INFO] [stdout] test capabilities::file_read::tests::rejects_empty_path ... ok
[INFO] [stdout] test capabilities::file_read::tests::reads_existing_file ... ok
[INFO] [stdout] test capabilities::file_read::tests::test_max_bytes_limits_output ... ok
[INFO] [stdout] test capabilities::file_read::tests::test_bytes_read_reports_raw_bytes ... ok
[INFO] [stdout] test capabilities::file_read::tests::test_file_read_json_parsed_for_agents ... ok
[INFO] [stdout] test capabilities::file_read::tests::test_binary_file_detected ... ok
[INFO] [stdout] test capabilities::file_read::tests::test_file_read_default_max_bytes ... ok
[INFO] [stdout] test capabilities::file_read::tests::test_utf8_boundary_truncation ... ok
[INFO] [stdout] test capabilities::file_write::tests::rejects_critical_file ... ok
[INFO] [stdout] test capabilities::delete::tests::rejects_outside_allowed_prefix ... ok
[INFO] [stdout] test capabilities::delete::tests::rejects_directory ... ok
[INFO] [stdout] test capabilities::delete::tests::rejects_critical_file ... ok
[INFO] [stdout] test capabilities::delete::tests::no_backup_skips_backup_creation ... ok
[INFO] [stdout] test capabilities::file_write::tests::test_critical_file_ssh_authorized_keys_blocked ... ok
[INFO] [stdout] test capabilities::git_exec::tests::blocks_ssrf_urls ... ok
[INFO] [stdout] test capabilities::file_write::tests::dry_run_does_not_write ... ok
[INFO] [stdout] test capabilities::file_write::tests::atomic_write_produces_correct_content ... ok
[INFO] [stdout] test capabilities::file_write::tests::test_atomic_write_syncs_directory ... ok
[INFO] [stdout] test capabilities::file_write::tests::test_check_disk_space_writable_tmp_is_ok ... ok
[INFO] [stdout] test capabilities::git_exec::tests::redact_stderr_strips_secrets ... ok
[INFO] [stdout] test capabilities::git_exec::tests::detects_secret_files ... ok
[INFO] [stdout] test capabilities::git_exec::tests::rejects_invalid_operation ... ok
[INFO] [stdout] test capabilities::git_exec::tests::rejects_path_traversal ... ok
[INFO] [stdout] test capabilities::git_exec::tests::sanitizes_commit_message ... ok
[INFO] [stdout] test capabilities::git_exec::tests::sanitizes_credentials_from_url ... ok
[INFO] [stdout] test capabilities::git_exec::tests::status_on_nonexistent_repo ... ok
[INFO] [stdout] test capabilities::git_exec::tests::timeout_alias_is_accepted ... ok
[INFO] [stdout] test capabilities::file_write::tests::writes_new_file ... ok
[INFO] [stdout] test capabilities::file_write::tests::telemetry_included_in_output ... ok
[INFO] [stdout] test capabilities::git_exec::tests::redact_stderr_truncation_is_char_boundary_safe ... ok
[INFO] [stdout] test capabilities::git_exec::tests::validates_commit_sha ... ok
[INFO] [stdout] test capabilities::git_exec::tests::validates_git_url_https_only ... ok
[INFO] [stdout] test capabilities::git_exec::tests::redact_stderr_truncates_long_output ... ok
[INFO] [stdout] test capabilities::git_exec::tests::resolve_timeout_prefers_explicit_arg ... ok
[INFO] [stdout] test capabilities::delete::tests::rejects_traversal ... ok
[INFO] [stdout] test capabilities::kill::tests::test_get_process_start_time_nonexistent ... ok
[INFO] [stdout] test capabilities::kill::tests::test_dry_run_hides_process_info ... ok
[INFO] [stdout] test capabilities::kill::tests::test_kill_nonexistent ... ok
[INFO] [stdout] test capabilities::kill::tests::test_kill_dry_run ... ok
[INFO] [stdout] test capabilities::kill::tests::test_kill_protected_pid ... ok
[INFO] [stdout] test capabilities::kill::tests::test_kill_self_protected ... ok
[INFO] [stdout] test capabilities::kill::tests::test_pid_range_check_applies_in_dry_run_mode ... ok
[INFO] [stdout] test capabilities::kill::tests::test_pid_range_check_rejects_excessive_pid ... ok
[INFO] [stdout] test capabilities::kill::tests::test_pid_was_reused_logic ... ok
[INFO] [stdout] test capabilities::kill::tests::test_protected_pids_includes_self_and_parent ... ok
[INFO] [stdout] test capabilities::kill::tests::test_signal_validation_accepts_valid_signals ... ok
[INFO] [stdout] test capabilities::kill::tests::test_signal_validation_rejects_negative ... ok
[INFO] [stdout] test capabilities::kill::tests::test_signal_validation_rejects_out_of_range ... ok
[INFO] [stdout] test capabilities::kill::tests::test_signal_validation_rejects_zero ... ok
[INFO] [stdout] test capabilities::shell_exec::tests::allows_cat_in_home ... ok
[INFO] [stdout] test capabilities::file_write::tests::rejects_path_traversal ... ok
[INFO] [stdout] test capabilities::delete::tests::deletes_file_within_allowed_prefix ... ok
[INFO] [stdout] test capabilities::kill::tests::test_get_process_start_time_retry ... ok
[INFO] [stdout] test capabilities::kill::tests::test_kill_schema ... ok
[INFO] [stdout] test capabilities::file_write::tests::dry_run_does_not_create_backup ... ok
[INFO] [stdout] test capabilities::delete::tests::dry_run_does_not_delete ... ok
[INFO] [stdout] test capabilities::git_exec::tests::validates_branch_name ... ok
[INFO] [stdout] test capabilities::shell_exec::tests::allows_network_commands_when_enabled ... ok
[INFO] [stdout] test capabilities::kill::tests::test_get_process_start_time ... ok
[INFO] [stdout] test capabilities::shell_exec::tests::blocks_command_substitution_backtick ... ok
[INFO] [stderr] Cloning into 'repo'...
[INFO] [stdout] test capabilities::shell_exec::tests::blocks_command_substitution_dollar_paren ... ok
[INFO] [stdout] test capabilities::shell_exec::tests::blocks_command_substitution_in_double_quotes ... ok
[INFO] [stdout] test capabilities::shell_exec::tests::blocks_chmod_via_quote_bypass ... ok
[INFO] [stdout] test capabilities::shell_exec::tests::blocks_cat_outside_allowed ... ok
[INFO] [stdout] test capabilities::shell_exec::tests::blocks_append_redirect_to_outside_path ... ok
[INFO] [stdout] test capabilities::shell_exec::tests::blocks_declare_p_command ... ok
[INFO] [stdout] test capabilities::shell_exec::tests::blocks_deep_relative_traversal ... ok
[INFO] [stdout] test capabilities::file_write::tests::append_mode_works ... ok
[INFO] [stdout] test capabilities::file_write::tests::test_append_exceeds_max_size_rejected ... ok
[INFO] [stdout] test capabilities::shell_exec::tests::blocks_dd_via_quote_bypass ... ok
[INFO] [stdout] test capabilities::shell_exec::tests::blocks_env_command ... ok
[INFO] [stdout] test capabilities::shell_exec::tests::blocks_eval_builtin ... ok
[INFO] [stdout] test capabilities::shell_exec::tests::blocks_export_with_assignment ... ok
[INFO] [stdout] test capabilities::shell_exec::tests::blocks_dot_sourcing ... ok
[INFO] [stdout] test capabilities::shell_exec::tests::blocks_export_command ... ok
[INFO] [stdout] test capabilities::shell_exec::tests::blocks_exec_builtin ... ok
[INFO] [stdout] test capabilities::shell_exec::tests::blocks_heredoc ... ok
[INFO] [stdout] test capabilities::shell_exec::tests::blocks_heredoc_via_quote_bypass ... ok
[INFO] [stdout] test capabilities::shell_exec::tests::blocks_herestring ... ok
[INFO] [stdout] test capabilities::shell_exec::tests::blocks_env_via_quote_bypass ... ok
[INFO] [stdout] test capabilities::shell_exec::tests::blocks_firewall_commands ... ok
[INFO] [stdout] test capabilities::shell_exec::tests::blocks_ls_tilde_ssh ... ok
[INFO] [stdout] test capabilities::shell_exec::tests::blocks_process_substitution_input ... ok
[INFO] [stdout] test capabilities::shell_exec::tests::blocks_printenv_command ... ok
[INFO] [stdout] test capabilities::shell_exec::tests::blocks_process_substitution_output ... ok
[INFO] [stdout] test capabilities::shell_exec::tests::blocks_network_commands_by_default ... ok
[INFO] [stdout] test capabilities::shell_exec::tests::blocks_ownership_commands ... ok
[INFO] [stdout] test capabilities::shell_exec::tests::blocks_mount_commands ... ok
[INFO] [stdout] test capabilities::shell_exec::tests::blocks_reading_critical_files ... ok
[INFO] [stdout] test capabilities::shell_exec::tests::blocks_recursive_flag ... ok
[INFO] [stdout] test capabilities::shell_exec::tests::blocks_redirect_to_outside_path ... ok
[INFO] [stdout] test capabilities::shell_exec::tests::blocks_path_to_root ... ok
[INFO] [stdout] test capabilities::shell_exec::tests::blocks_relative_parent_traversal ... ok
[INFO] [stdout] test capabilities::shell_exec::tests::blocks_rm_no_preserve_root ... ok
[INFO] [stdout] test capabilities::shell_exec::tests::allows_cat_in_tmp ... ok
[INFO] [stdout] test capabilities::shell_exec::tests::blocks_rm_via_ansi_c_bypass ... ok
[INFO] [stdout] test capabilities::shell_exec::tests::blocks_rm_rf_root ... ok
[INFO] [stdout] test capabilities::shell_exec::tests::blocks_rm_via_backslash_bypass ... ok
[INFO] [stdout] test capabilities::shell_exec::tests::blocks_rm_via_ansi_c_hex_bypass ... ok
[INFO] [stdout] test capabilities::shell_exec::tests::blocks_rm_via_single_quote_bypass ... ok
[INFO] [stdout] test capabilities::shell_exec::tests::blocks_rm_via_backslash_newline_bypass ... ok
[INFO] [stdout] test capabilities::shell_exec::tests::blocks_set_command ... ok
[INFO] [stdout] test capabilities::shell_exec::tests::blocks_var_expanded_path_outside_allowed ... ok
[INFO] [stdout] test capabilities::shell_exec::tests::blocks_wrapped_network_commands ... ok
[INFO] [stdout] test capabilities::shell_exec::tests::blocks_xargs_rm ... ok
[INFO] [stdout] test capabilities::shell_exec::tests::blocks_var_brace_expanded_path ... ok
[INFO] [stdout] test capabilities::shell_exec::tests::blocks_rm_via_double_quote_bypass ... ok
[INFO] [stdout] test capabilities::shell_exec::tests::blocks_source_builtin ... ok
[INFO] [stdout] test capabilities::shell_exec::tests::blocks_stderr_redirect_outside ... ok
[INFO] [stdout] test capabilities::shell_exec::tests::detokenize_ansi_c_hex_escape ... ok
[INFO] [stdout] test capabilities::shell_exec::tests::allows_harmless_command_with_env_check ... ok
[INFO] [stdout] test capabilities::shell_exec::tests::detokenize_ansi_c_newline_expansion ... ok
[INFO] [stdout] test capabilities::shell_exec::tests::detokenize_ansi_c_octal_escape ... ok
[INFO] [stdout] test capabilities::shell_exec::tests::detokenize_ansi_c_combined_escapes ... ok
[INFO] [stdout] test capabilities::shell_exec::tests::config_env_enables_network_gate ... ok
[INFO] [stdout] test capabilities::shell_exec::tests::detokenize_backslash_newline_continuation ... ok
[INFO] [stdout] test capabilities::shell_exec::tests::detokenize_mixed_quotes ... ok
[INFO] [stdout] test capabilities::shell_exec::tests::detokenize_preserves_non_quoted ... ok
[INFO] [stdout] test capabilities::shell_exec::tests::detokenize_strips_backslash ... ok
[INFO] [stdout] test capabilities::shell_exec::tests::detokenize_strips_single_quotes ... ok
[INFO] [stdout] test capabilities::shell_exec::tests::detokenize_ansi_c_plain_content ... ok
[INFO] [stdout] test capabilities::shell_exec::tests::detokenize_ansi_c_unicode_escape ... ok
[INFO] [stdout] test capabilities::shell_exec::tests::detokenize_ansi_c_tab_expansion ... ok
[INFO] [stdout] test capabilities::shell_exec::tests::detokenize_strips_double_quotes ... ok
[INFO] [stdout] test capabilities::shell_exec::tests::detokenize_roundtrip_idempotent ... ok
[INFO] [stdout] test capabilities::shell_exec::tests::detokenize_multi_pass_stability ... ok
[INFO] [stdout] test capabilities::shell_exec::tests::allows_redirect_to_allowed_path ... ok
[INFO] [stdout] test capabilities::shell_exec::tests::is_dangerous_blocks_filesystem_creation ... ok
[INFO] [stdout] test capabilities::shell_exec::tests::is_dangerous_blocks_fork_bombs ... ok
[INFO] [stdout] test capabilities::shell_exec::tests::is_dangerous_allows_harmless ... ok
[INFO] [stdout] test capabilities::shell_exec::tests::is_dangerous_blocks_env_dumping ... ok
[INFO] [stdout] test capabilities::shell_exec::tests::is_dangerous_blocks_mount_operations ... ok
[INFO] [stdout] test capabilities::shell_exec::tests::is_dangerous_blocks_data_destruction ... ok
[INFO] [stdout] test capabilities::shell_exec::tests::is_dangerous_blocks_heredocs_and_substitution ... ok
[INFO] [stdout] test capabilities::shell_exec::tests::is_dangerous_blocks_ownership_and_permissions ... ok
[INFO] [stdout] test capabilities::shell_exec::tests::is_dangerous_blocks_system_commands ... ok
[INFO] [stdout] test capabilities::shell_exec::tests::is_dangerous_blocks_firewall_and_process ... ok
[INFO] [stdout] test capabilities::shell_exec::tests::is_sensitive_env_var_allows_safe ... ok
[INFO] [stdout] test capabilities::shell_exec::tests::is_dangerous_blocks_tilde_and_system_paths ... ok
[INFO] [stdout] test capabilities::shell_exec::tests::is_dangerous_detokenization_catches_bypasses ... ok
[INFO] [stdout] test capabilities::shell_exec::tests::is_sensitive_env_var_allows_known_non_secret_suffix ... ok
[INFO] [stdout] test capabilities::shell_exec::tests::is_dangerous_blocks_shell_builtins ... ok
[INFO] [stdout] test capabilities::shell_exec::tests::is_dangerous_blocks_rm_all_forms ... ok
[INFO] [stdout] test capabilities::shell_exec::tests::is_sensitive_env_var_detects_ld_preload ... ok
[INFO] [stdout] test capabilities::shell_exec::tests::is_sensitive_env_var_detects_dyld ... ok
[INFO] [stdout] test capabilities::shell_exec::tests::is_sensitive_env_var_detects_suffixes ... ok
[INFO] [stdout] test capabilities::shell_exec::tests::is_sensitive_env_var_detects_aws ... ok
[INFO] [stdout] test capabilities::shell_exec::tests::sanitized_env_strips_secrets ... ok
[INFO] [stdout] test capabilities::shell_exec::tests::test_expand_shell_vars_brace_syntax ... ok
[INFO] [stdout] test capabilities::shell_exec::tests::rejects_oversized_stdin_before_spawn ... ok
[INFO] [stdout] test capabilities::shell_exec::tests::blocks_dangerous ... ok
[INFO] [stdout] test capabilities::shell_exec::tests::test_expand_shell_vars_resolves_home ... ok
[INFO] [stdout] test capabilities::shell_exec::tests::allows_relative_within_allowed ... ok
[INFO] [stdout] test capabilities::shell_exec::tests::timeout_alias_is_accepted ... ok
[INFO] [stdout] test capabilities::shell_exec::tests::normal_exit_is_not_timed_out_no_signal ... ok
[INFO] [stdout] test capabilities::shell_exec::tests::timeout_zero_or_negative_rejected ... ok
[INFO] [stdout] test capabilities::undo::tests::test_undo_missing_backup_returns_error ... ok
[INFO] [stdout] test capabilities::shell_exec::tests::executes_uptime ... ok
[INFO] [stdout] test capabilities::undo::tests::test_undo_missing_job_id_validation ... ok
[INFO] [stdout] test capabilities::shell_exec::tests::chaining_works ... ok
[INFO] [stdout] test capability::tests::test_capability_error_debug_format ... ok
[INFO] [stdout] test capability::tests::test_capability_error_display ... ok
[INFO] [stdout] test capability::tests::test_capability_error_from_io ... ok
[INFO] [stdout] test capability::tests::test_output_error_constructor ... ok
[INFO] [stdout] test capabilities::shell_exec::tests::timeout_at_3600_ok ... ok
[INFO] [stdout] test capability::tests::test_output_to_json ... ok
[INFO] [stdout] test capability::tests::test_registry_case_insensitive_lookup ... ok
[INFO] [stdout] test capability::tests::test_output_ok_constructor ... ok
[INFO] [stdout] test capability::tests::test_registry_case_insensitive_replace ... ok
[INFO] [stdout] test capability::tests::test_registry_duplicate_name_replaces ... ok
[INFO] [stdout] test capability::tests::test_registry_register_and_get ... ok
[INFO] [stdout] test capability::tests::test_registry_unregistered_lookup_returns_none ... ok
[INFO] [stdout] test capability::tests::test_registry_list ... ok
[INFO] [stdout] test capabilities::undo::tests::test_undo_multi_file_restore ... ok
[INFO] [stdout] test capability::tests::test_typed_capability_blanket_impl_bridge ... ok
[INFO] [stdout] test capability::tests::test_typed_capability_validate_always_ok ... ok
[INFO] [stdout] test cmd::tests::test_cmd_error_negative_code_on_signal ... ok
[INFO] [stdout] test capabilities::git_exec::tests::clone_failure_includes_stderr_message ... ok
[INFO] [stdout] test cmd::tests::test_cmd_error_debug_format ... ok
[INFO] [stdout] test cmd::tests::test_cmd_error_display ... ok
[INFO] [stdout] test cmd::tests::test_run_cmd_exit_nonzero ... ok
[INFO] [stdout] test cmd::tests::test_run_cmd_empty_string ... ok
[INFO] [stdout] test capabilities::file_write::tests::test_content_too_large_rejected ... ok
[INFO] [stdout] test cmd::tests::test_run_cmd_echo_with_spaces ... ok
[INFO] [stdout] test cmd::tests::test_run_cmd_nonexistent_command ... ok
[INFO] [stdout] test capabilities::undo::tests::test_undo_revalidates_target_paths ... ok
[INFO] [stdout] test config::tests::config_path_rejects_relative_xdg ... ok
[INFO] [stdout] test config::tests::config_path_is_absolute ... ok
[INFO] [stdout] test capabilities::shell_exec::tests::pipes_work ... ok
[INFO] [stdout] test cmd::tests::test_run_cmd_echo ... ok
[INFO] [stdout] test cmd::tests::test_run_cmd_returns_trimmed_output ... ok
[INFO] [stdout] test capabilities::shell_exec::tests::timeout_above_3600_unbounded ... ok
[INFO] [stdout] test config::tests::capability_timeout_reads_config ... ok
[INFO] [stdout] test config::tests::get_allowed_prefixes_includes_defaults_excludes_home ... ok
[INFO] [stdout] test config::tests::defense_toggles_default_enabled ... ok
[INFO] [stdout] test config::tests::defense_toggles_can_be_disabled_via_config ... ok
[INFO] [stdout] test config::tests::dal_env_var_value_is_case_insensitive ... ok
[INFO] [stdout] test config::tests::env_map_returns_config_table ... ok
[INFO] [stdout] test config::tests::guard_accessors_agree_with_resolved_when_guards_table_false ... ok
[INFO] [stdout] test capabilities::undo::tests::test_undo_with_backup ... ok
[INFO] [stdout] test config::tests::get_allowed_prefixes_normalizes_config_file_entries ... ok
[INFO] [stdout] test config::tests::env_var_prefers_config_env_over_process_env ... ok
[INFO] [stdout] test config::tests::get_dal_agrees_with_resolved_for_all_states ... ok
[INFO] [stdout] test capabilities::shell_exec::tests::sanitized_env_preserves_safe ... FAILED
[INFO] [stdout] test config::tests::init_at_exists_without_force_fails ... ok
[INFO] [stdout] test config::tests::dal_config_file_value_is_case_insensitive ... ok
[INFO] [stdout] test config::tests::init_at_force_overwrites ... ok
[INFO] [stdout] test config::tests::guard_accessors_agree_with_resolved_when_ephemeral_profile ... ok
[INFO] [stdout] test config::tests::save_failure_leaves_original_byte_identical ... ok
[INFO] [stdout] test config::tests::test_empty_config_file_returns_defaults ... ok
[INFO] [stdout] test config::tests::test_toml_missing_section_returns_defaults ... ok
[INFO] [stdout] test config::tests::init_template_roundtrip_ephemeral ... ok
[INFO] [stdout] test config::tests::init_at_roundtrip_via_load_result ... ok
[INFO] [stdout] test config::tests::init_template_roundtrip_minimal ... ok
[INFO] [stdout] test executor::tests::inject_timeout_noop_for_non_object_args ... ok
[INFO] [stdout] test executor::tests::inject_timeout_preserves_existing_key ... ok
[INFO] [stdout] test config::tests::init_template_roundtrip_service ... ok
[INFO] [stdout] test executor::tests::inject_timeout_adds_missing_key ... ok
[INFO] [stdout] test config::tests::load_returns_defaults_when_no_file ... ok
[INFO] [stdout] test config::tests::resolved_cli_over_env_placeholder ... ok
[INFO] [stdout] test config::tests::resolved_malformed_env_falls_through_to_file ... ok
[INFO] [stdout] test config::tests::resolved_precedence_env_over_file_over_profile ... ok
[INFO] [stdout] test config::tests::save_and_load_roundtrip ... ok
[INFO] [stdout] test config::tests::test_toml_parse_failure_returns_defaults ... ok
[INFO] [stdout] test executor::tests::test_execute_with_timeout_fast_path_no_flag ... ok
[INFO] [stdout] test config::tests::unknown_top_level_key_ignored_but_loads ... ok
[INFO] [stdout] test capabilities::shell_exec::tests::signal_kill_is_not_timed_out ... ok
[INFO] [stdout] test executor::tests::test_backup_orphan_on_err_path_is_audited ... ok
[INFO] [stdout] test executor::tests::test_find_backup_candidate_with_suffix ... ok
[INFO] [stdout] test executor::tests::test_identify_spawned_pids ... ok
[INFO] [stdout] test executor::tests::test_llmosafe_guard_check_called ... ok
[INFO] [stdout] test executor::tests::test_telemetry_opt_gates_wal_field ... ok
[INFO] [stdout] test job::tests::test_job_id_format ... ok
[INFO] [stdout] test job::tests::test_job_id_uniqueness ... ok
[INFO] [stdout] test job::tests::test_job_state_failed_paths ... ok
[INFO] [stdout] test job::tests::test_job_state_invalid_transitions ... ok
[INFO] [stdout] test job::tests::test_job_state_valid_transitions ... ok
[INFO] [stdout] test job::tests::test_job_timestamps ... ok
[INFO] [stdout] test capabilities::delete::tests::rejects_missing_file ... ok
[INFO] [stdout] test job::tests::test_job_transition_updates_timestamp ... ok
[INFO] [stdout] test executor::tests::test_backup_orphan_via_repo_path_is_audited ... ok
[INFO] [stdout] test executor::tests::test_cognitive_pipeline_dal_a_rejects ... ok
[INFO] [stdout] test executor::tests::test_args_size_guard_rejects_large_args ... ok
[INFO] [stdout] test llmosafe::tests::check_cognitive_pipeline_can_return_err ... ok
[INFO] [stdout] test llmosafe::tests::guard_reports_system_memory ... ok
[INFO] [stdout] test llmosafe::tests::dal_regression_single_application ... ok
[INFO] [stdout] test llmosafe::tests::check_passes_under_normal_load ... ok
[INFO] [stdout] test llmosafe::tests::no_short_input_bypass ... ok
[INFO] [stdout] test monitor::tests::test_health_state_defaults ... ok
[INFO] [stdout] test monitor::tests::test_cpu_alert_after_consecutive_checks ... ok
[INFO] [stdout] test monitor::tests::test_parse_size_value ... ok
[INFO] [stdout] test monitor::tests::test_normalize_cpu_percent_multicore ... ok
[INFO] [stdout] test monitor::tests::test_ram_alert_resets_when_ram_decreases ... ok
[INFO] [stdout] test monitor::tests::test_ram_alert_uses_ram_counter_not_cpu ... ok
[INFO] [stdout] test monitor::tests::test_ram_percent_uses_available_not_free ... ok
[INFO] [stdout] test monitor::tests::test_ram_percent_zero_total ... ok
[INFO] [stdout] test observe::audit::tests::audit_fixture_exact_count ... ok
[INFO] [stdout] test llmosafe::tests::sifter_exhaustion_is_fail_closed ... ok
[INFO] [stdout] test observe::audit::tests::audit_bounded_drop_newest_truncated ... ok
[INFO] [stdout] test observe::audit::tests::audit_secret_redaction_replaces_with_redacted ... ok
[INFO] [stdout] test observe::budget::tests::budget_restart_restore ... ok
[INFO] [stdout] test observe::budget::tests::budget_rolling_average ... ok
[INFO] [stdout] test observe::audit::tests::audit_no_per_line_grep_guard ... ok
[INFO] [stdout] test observe::budget::tests::budget_should_suspend_on_high_pressure ... ok
[INFO] [stdout] test observe::bundle::tests::bundle_path_never_wal_jsonl ... ok
[INFO] [stdout] test observe::bundle::tests::bundle_path_assert_on_wal - should panic ... ok
[INFO] [stdout] test executor::tests::test_execute_writes_wal_events ... ok
[INFO] [stdout] test observe::bundle::tests::bundle_round_trip ... ok
[INFO] [stdout] test observe::bundle::tests::hash_absent_event_fails_integrity ... ok
[INFO] [stdout] test observe::bundle::tests::bundle_truncate_to_truncated ... ok
[INFO] [stdout] test observe::bundle::tests::verify_seq_gap_counts_truncated ... ok
[INFO] [stdout] test observe::sampler::tests::sampler_bounded_drop_newest_truncated ... ok
[INFO] [stdout] test observe::sampler::tests::sampler_fallback_never_silent_zeros ... ok
[INFO] [stdout] test observe::bundle::tests::bundle_mono_ns_strictly_increasing ... ok
[INFO] [stdout] test observe::sampler::tests::sampler_gated_tick_via_guard ... ok
[INFO] [stdout] test observe::bundle::tests::checkpoint_preserves_extension ... ok
[INFO] [stdout] test observe::sampler::tests::sampler_secret_redaction_at_wal_boundary ... ok
[INFO] [stdout] test observe::sampler::tests::sampler_no_ptrace_grep_guard ... ok
[INFO] [stdout] test observe::sampler::tests::sampler_rate_defaults_and_caps ... ok
[INFO] [stdout] test observe::supervisor::tests::dal_consistency_a_to_e ... ok
[INFO] [stdout] test monitor::tests::test_lightweight_capture_has_no_accelerator_or_network ... ok
[INFO] [stdout] test observe::supervisor::tests::supervisor_channels_inside_collector ... ok
[INFO] [stdout] test observe::self_test::tests::self_test_tamper_corrupt_byte_is_detected ... ok
[INFO] [stdout] test executor::tests::test_execute_with_telemetry_happy_path ... ok
[INFO] [stdout] test observe::self_test::tests::self_test_dal_a_never_complete_on_drop ... ok
[INFO] [stdout] test observe::supervisor::tests::supervisor_attach_rejects_pid_zero ... ok
[INFO] [stdout] test executor::tests::test_execute_with_timeout_returns_error ... ok
[INFO] [stdout] test observe::supervisor::tests::supervisor_new_uses_llmosafe_new ... ok
[INFO] [stdout] test executor::tests::test_early_args_rejection_logs_job_failed ... ok
[INFO] [stdout] test executor::tests::test_execute_with_timeout_preserves_output_with_timed_out_flag ... ok
[INFO] [stdout] test oracle::benchmark::tests::bench_parse_under_5ms ... ok
[INFO] [stdout] test oracle::benchmark::tests::bench_eval_under_1ms_per_1k ... ok
[INFO] [stdout] test oracle::eval::tests::test_contains_predicate_satisfied ... ok
[INFO] [stdout] test oracle::eval::tests::test_detail_always_populated ... ok
[INFO] [stdout] test observe::supervisor::tests::supervisor_gated_tick_via_guard ... ok
[INFO] [stdout] test oracle::eval::tests::test_empty_spec_satisfied ... ok
[INFO] [stdout] test oracle::eval::tests::test_gt_predicate_satisfied ... ok
[INFO] [stdout] test observe::supervisor::tests::supervisor_gated_tick_zero_uses_attach_start_time ... ok
[INFO] [stdout] test observe::supervisor::tests::supervisor_target_never_signalled_on_failure ... ok
[INFO] [stdout] test observe::supervisor::tests::supervisor_emits_started_and_suspended ... ok
[INFO] [stdout] test oracle::eval::tests::test_regex_predicate_satisfied ... ok
[INFO] [stdout] test oracle::eval::tests::test_multiple_predicates_and_semantics ... ok
[INFO] [stdout] test oracle::eval::tests::test_multiple_predicates_one_violated ... ok
[INFO] [stdout] test oracle::eval::tests::test_satisfied_eq_predicate ... ok
[INFO] [stdout] test oracle::eval::tests::test_evaluate_readonly_no_mutation ... ok
[INFO] [stdout] test oracle::eval::tests::test_watermark_field_returns_error_verdict ... ok
[INFO] [stdout] test oracle::spec::tests::test_extract_event_type ... ok
[INFO] [stdout] test oracle::spec::tests::test_extract_job_id ... ok
[INFO] [stdout] test oracle::spec::tests::test_extract_output_nested ... ok
[INFO] [stdout] test oracle::spec::tests::test_extract_seq ... ok
[INFO] [stdout] test oracle::spec::tests::test_extract_unknown_field_returns_none ... ok
[INFO] [stdout] test oracle::eval::tests::test_unknown_field_returns_error_verdict ... ok
[INFO] [stdout] test oracle::eval::tests::test_type_coercion_failure_returns_error_verdict ... ok
[INFO] [stdout] test oracle::eval::tests::test_violated_eq_predicate ... ok
[INFO] [stdout] test oracle::eval::tests::test_hash_absent_event_evaluates_normally ... ok
[INFO] [stdout] test oracle::spec::tests::test_op_parse ... ok
[INFO] [stdout] test oracle::spec::tests::test_parse_invalid_field_path ... ok
[INFO] [stdout] test oracle::spec::tests::test_parse_output_field_path ... ok
[INFO] [stdout] test oracle::spec::tests::test_validate_field_path_exact_matches ... ok
[INFO] [stdout] test oracle::spec::tests::test_validate_field_path_invalid ... ok
[INFO] [stdout] test oracle::spec::tests::test_validate_field_path_output_prefix ... ok
[INFO] [stdout] test oracle::tests::test_oracle_error_bundle_error ... ok
[INFO] [stdout] test oracle::spec::tests::test_extract_watermark_returns_none ... ok
[INFO] [stdout] test oracle::tests::test_oracle_error_eval_error ... ok
[INFO] [stdout] test oracle::spec::tests::test_parse_valid_spec ... ok
[INFO] [stdout] test processes::tests::test_format_size ... ok
[INFO] [stdout] test oracle::spec::tests::test_parse_empty_predicates ... ok
[INFO] [stdout] test oracle::tests::test_oracle_error_parse_error ... ok
[INFO] [stdout] test oracle::spec::tests::test_parse_invalid_op_name ... ok
[INFO] [stdout] test runtime::evidence_fidelity::tests::evidence_fidelity_is_observed ... ok
[INFO] [stdout] test processes::tests::test_process_vsz_rss_in_kb ... ok
[INFO] [stdout] test runtime::evidence_fidelity::tests::evidence_fidelity_not_observed_not_false ... ok
[INFO] [stdout] test runtime::evidence_fidelity::tests::evidence_fidelity_round_trip ... ok
[INFO] [stdout] test processes::tests::test_process_snapshot ... ok
[INFO] [stdout] test runtime::provider_status::tests::provider_status_degraded_round_trip ... ok
[INFO] [stdout] test runtime::provider_status::tests::provider_status_round_trip ... ok
[INFO] [stdout] test runtime::provider_status::tests::provider_status_unknown_field_ignored ... ok
[INFO] [stdout] test runtime::run_manifest_v1::tests::run_manifest_round_trip ... ok
[INFO] [stdout] test runtime::run_manifest_v1::tests::run_manifest_pid_never_alone ... ok
[INFO] [stdout] test processes::tests::test_truncate_ascii ... ok
[INFO] [stdout] test runtime::provider_status::tests::provider_status_name_and_version ... ok
[INFO] [stdout] test runtime::run_manifest_v1::tests::run_manifest_schema_version ... ok
[INFO] [stdout] test runtime::run_process_key::tests::run_process_key_round_trip ... ok
[INFO] [stdout] test processes::tests::test_truncate_multibyte_utf8 ... ok
[INFO] [stdout] test runtime::run_manifest_v1::tests::run_manifest_unknown_field_ignored ... ok
[INFO] [stdout] test runtime::run_process_key::tests::run_process_key_same_pid_same_start_time_equal ... ok
[INFO] [stdout] test runtime::run_process_key::tests::run_process_key_unknown_field_ignored ... ok
[INFO] [stdout] test runtime::runtime_fact_export::tests::export_add_fact_increases_count ... ok
[INFO] [stdout] test runtime::run_process_key::tests::run_process_key_ordering_deterministic ... ok
[INFO] [stdout] test runtime::runtime_fact_export::tests::export_facts_are_distinct ... ok
[INFO] [stdout] test runtime::run_process_key::tests::run_process_key_empty_run_id_panics - should panic ... ok
[INFO] [stdout] test runtime::runtime_fact_export::tests::export_forward_compat_unknown_field_ignored ... ok
[INFO] [stdout] test runtime::runtime_fact_export::tests::export_new_has_zero_facts ... ok
[INFO] [stdout] test runtime::runtime_fact_export::tests::export_observed_call_distinct ... ok
[INFO] [stdout] test runtime::runtime_fact_export::tests::export_paths_are_correct ... ok
[INFO] [stdout] test runtime::runtime_fact_export::tests::resolve_locator_never_fabricates ... ok
[INFO] [stdout] test runtime::runtime_fact_export::tests::resolve_locator_returns_unresolved_without_codegraph ... ok
[INFO] [stdout] test runtime::run_process_key::tests::run_process_key_same_pid_diff_start_time_distinct ... ok
[INFO] [stdout] test runtime::runtime_fact_v1::tests::runtime_fact_first_seen_gt_last_seen_panics - should panic ... ok
[INFO] [stdout] test runtime::runtime_fact_v1::tests::runtime_fact_is_observed ... ok
[INFO] [stdout] test runtime::runtime_fact_v1::tests::runtime_fact_pid_never_alone ... ok
[INFO] [stdout] test runtime::runtime_fact_v1::tests::runtime_fact_first_seen_le_last_seen ... ok
[INFO] [stdout] test runtime::runtime_fact_v1::tests::runtime_fact_provenance_fields ... ok
[INFO] [stdout] test runtime::runtime_fact_v1::tests::runtime_fact_round_trip ... ok
[INFO] [stdout] test runtime::runtime_fact_v1::tests::runtime_fact_unknown_field_ignored ... ok
[INFO] [stdout] test runtime::runtime_locator::tests::runtime_locator_file_and_line ... ok
[INFO] [stdout] test runtime::runtime_locator::tests::runtime_locator_js_ts_round_trip ... ok
[INFO] [stdout] test runtime::runtime_locator::tests::runtime_locator_python_round_trip ... ok
[INFO] [stdout] test runtime::runtime_locator::tests::runtime_locator_unknown_field_ignored ... ok
[INFO] [stdout] test runtime::runtime_locator::tests::runtime_locator_native_round_trip ... ok
[INFO] [stdout] test safety::tests::all_capability_fields_are_classified ... ok
[INFO] [stdout] test safety::tests::assessment_serialization_round_trips ... ok
[INFO] [stdout] test safety::tests::disposition_mapping_preserves_distinctions ... ok
[INFO] [stdout] test safety::tests::capability_coverage_is_exhaustive ... ok
[INFO] [stdout] test safety::tests::resource_only_never_semantic_safe ... ok
[INFO] [stdout] test safety::tests::provenance_mismatch_detected ... ok
[INFO] [stdout] test safety::tests::sifter_only_provenance_is_absent ... ok
[INFO] [stdout] test safety::tests::resource_only_uses_present_field ... ok
[INFO] [stdout] test runtime::runtime_fact_export::tests::export_jsonl_roundtrip ... ok
[INFO] [stdout] test executor::tests::test_cognitive_pipeline_dal_e_passes ... ok
[INFO] [stdout] test runtime::runtime_fact_export::tests::export_manifest_roundtrip ... ok
[INFO] [stdout] test session::tests::creates_session ... ok
[INFO] [stdout] test session::tests::rejects_traversal_session_ids ... ok
[INFO] [stdout] test runtime::runtime_fact_export::tests::export_all_creates_both_files ... ok
[INFO] [stdout] test telemetry::tests::test_accelerators_back_compat ... ok
[INFO] [stdout] test telemetry::tests::test_accelerators_empty_is_valid ... ok
[INFO] [stdout] test observe::supervisor::tests::supervisor_honest_mark_dal_a_incomplete_dal_e_truncated ... ok
[INFO] [stdout] test session::tests::lists_sessions ... ok
[INFO] [stdout] test session::tests::adds_job_to_session ... ok
[INFO] [stdout] test session::tests::rejects_traversal_session_id_on_save ... ok
[INFO] [stdout] test session::tests::test_lock_release ... ok
[INFO] [stdout] test telemetry::tests::test_cloudflared_detection ... ok
[INFO] [stdout] test telemetry::tests::test_format_mem_kb ... ok
[INFO] [stdout] test telemetry::tests::test_format_uptime ... ok
[INFO] [stdout] test capabilities::kill::tests::test_kill_actual_process ... ok
[INFO] [stdout] test telemetry::tests::test_listening_ports ... ok
[INFO] [stdout] test telemetry::tests::test_parse_meminfo_kb ... ok
[INFO] [stdout] test telemetry::tests::test_network_info_listening_ports_roundtrip ... ok
[INFO] [stdout] test session::tests::test_add_job_concurrent ... ok
[INFO] [stdout] test telemetry::tests::test_telemetry_deserialize_old_wal_event ... ok
[INFO] [stdout] test telemetry::tests::test_telemetry_empty_performs_no_probing ... ok
[INFO] [stdout] test telemetry::tests::test_telemetry_serialization_roundtrip ... ok
[INFO] [stdout] test telemetry::tests::test_system_info_from_proc ... ok
[INFO] [stdout] test validation::path::tests::accepts_existing_tmp_file ... ok
[INFO] [stdout] test validation::path::tests::accepts_non_ascii_path ... ok
[INFO] [stdout] test validation::path::tests::accepts_nonexistent_tmp_file_for_writes ... ok
[INFO] [stdout] test validation::path::tests::accepts_valid_prefix_subdir ... ok
[INFO] [stdout] test validation::path::tests::ctx_prefix_trailing_slash_normalized ... ok
[INFO] [stdout] test validation::path::tests::env_var_extends_allowed_prefixes ... ok
[INFO] [stdout] test validation::path::tests::error_message_does_not_leak_allowed_prefixes ... ok
[INFO] [stdout] test validation::path::tests::env_var_trailing_slash_normalized ... ok
[INFO] [stdout] test validation::path::tests::rejects_empty_path ... ok
[INFO] [stdout] test validation::path::tests::nfc_normalizes_path ... ok
[INFO] [stdout] test validation::path::tests::rejects_non_ascii_unicode_traversal ... ok
[INFO] [stdout] test validation::path::tests::rejects_null_byte ... ok
[INFO] [stdout] test validation::path::tests::rejects_prefix_bypass ... ok
[INFO] [stdout] test validation::path::tests::rejects_symlink_escape ... ok
[INFO] [stdout] test validation::path::tests::rejects_write_outside_allowed ... ok
[INFO] [stdout] test validation::path::tests::test_path_in_prefix ... ok
[INFO] [stdout] test validation::path::tests::rejects_traversal ... ok
[INFO] [stdout] test wal::tests::test_command_executed_event ... ok
[INFO] [stdout] test wal::tests::test_marker_concurrent_create ... ok
[INFO] [stdout] test executor::tests::test_execute_with_echo_capability ... ok
[INFO] [stdout] test wal::tests::test_marker_reader_skips ... ok
[INFO] [stdout] test wal::tests::test_marker_written ... ok
[INFO] [stdout] test wal::tests::test_truncate_to ... ok
[INFO] [stdout] test wal::tests::test_marker_crash_recovery ... ok
[INFO] [stdout] test wal::tests::test_wal_load_all_reads_archived_files ... ok
[INFO] [stdout] test wal::tests::test_wal_recovers_from_truncated_last_line ... ok
[INFO] [stdout] test wal::tests::test_wal_cleanup ... ok
[INFO] [stdout] test wal::tests::test_wal_skip_serializing_optional_fields ... ok
[INFO] [stdout] test wal::tests::test_wal_skips_garbage_lines ... ok
[INFO] [stdout] test wal::tests::test_wal_seq_recovery ... ok
[INFO] [stdout] test wal::tests::test_wal_write_and_read ... ok
[INFO] [stdout] test telemetry::tests::test_telemetry_capture ... ok
[INFO] [stdout] test observe::self_test::tests::self_test_fixtures_pass_on_healthy ... ok
[INFO] [stdout] test capabilities::shell_exec::tests::enforces_timeout ... ok
[INFO] [stdout] test wal::tests::test_wal_rotation ... ok
[INFO] [stdout] test oracle::benchmark::tests::bench_total_under_2s ... ok
[INFO] [stdout] test observe::supervisor::tests::supervisor_pressure_routing ... ok
[INFO] [stdout] test capabilities::shell_exec::tests::timeout_kill_is_timed_out_true ... ok
[INFO] [stdout] test monitor::tests::test_health_monitor_lifecycle ... ok
[INFO] [stdout] test telemetry::tests::test_after_snapshot_differs_after_cache_clear ... ok
[INFO] [stdout] test telemetry::tests::test_cache_isolated_full_then_lightweight ... ok
[INFO] [stdout] test capabilities::git_exec::tests::timeout_enforced_on_git_command ... ok
[INFO] [stdout] test telemetry::tests::test_cache_isolated_lightweight_then_full ... ok
[INFO] [stdout] test telemetry::tests::test_jax_probe_timeout_default_and_override ... ok
[INFO] [stderr] fatal: unable to access 'http://127.0.0.1:32869/repo.git/': Recv failure: Connection reset by peer
[INFO] [stderr] error: test failed, to rerun pass `--lib`
[INFO] [stdout] test telemetry::tests::test_telemetry_cache_works ... ok
[INFO] [stdout] 
[INFO] [stdout] failures:
[INFO] [stdout] 
[INFO] [stdout] ---- capabilities::shell_exec::tests::sanitized_env_preserves_safe stdout ----
[INFO] [stdout] 
[INFO] [stdout] thread 'capabilities::shell_exec::tests::sanitized_env_preserves_safe' (2158) panicked at src/capabilities/shell_exec.rs:3146:9:
[INFO] [stdout] USER should be preserved
[INFO] [stdout] stack backtrace:
[INFO] [stdout]    0:     0x651a0029b7f1 - std[70759c8f55707aa4]::backtrace_rs::backtrace::libunwind::trace
[INFO] [stdout]                                at /rustc/dfb0accb7f508ae8be965d8629557221c889dd98/library/std/src/../../backtrace/src/backtrace/libunwind.rs:117:9
[INFO] [stdout]    1:     0x651a0029b7f1 - std[70759c8f55707aa4]::backtrace_rs::backtrace::trace_unsynchronized::<std[70759c8f55707aa4]::sys::backtrace::_print_fmt::{closure#1}>
[INFO] [stdout]                                at /rustc/dfb0accb7f508ae8be965d8629557221c889dd98/library/std/src/../../backtrace/src/backtrace/mod.rs:66:14
[INFO] [stdout]    2:     0x651a0029b7f1 - std[70759c8f55707aa4]::sys::backtrace::_print_fmt
[INFO] [stdout]                                at /rustc/dfb0accb7f508ae8be965d8629557221c889dd98/library/std/src/sys/backtrace.rs:74:9
[INFO] [stdout]    3:     0x651a0029b7f1 - <<std[70759c8f55707aa4]::sys::backtrace::BacktraceLock>::print::DisplayBacktrace as core[df12db4294e9bfd3]::fmt::Display>::fmt
[INFO] [stdout]                                at /rustc/dfb0accb7f508ae8be965d8629557221c889dd98/library/std/src/sys/backtrace.rs:44:26
[INFO] [stdout]    4:     0x651a002b525a - <core[df12db4294e9bfd3]::fmt::rt::Argument>::fmt
[INFO] [stdout]                                at /rustc/dfb0accb7f508ae8be965d8629557221c889dd98/library/core/src/fmt/rt.rs:152:76
[INFO] [stdout]    5:     0x651a002b525a - core[df12db4294e9bfd3]::fmt::write
[INFO] [stdout]    6:     0x651a002a064c - core[df12db4294e9bfd3]::io::write::default_write_fmt::<alloc[2182bb758b4b3781]::vec::Vec<u8>>
[INFO] [stdout]                                at /rustc/dfb0accb7f508ae8be965d8629557221c889dd98/library/core/src/io/write.rs:402:11
[INFO] [stdout]    7:     0x651a002a064c - <alloc[2182bb758b4b3781]::vec::Vec<u8> as core[df12db4294e9bfd3]::io::write::Write>::write_fmt
[INFO] [stdout]                                at /rustc/dfb0accb7f508ae8be965d8629557221c889dd98/library/core/src/io/write.rs:335:13
[INFO] [stdout]    8:     0x651a00272326 - <std[70759c8f55707aa4]::sys::backtrace::BacktraceLock>::print
[INFO] [stdout]                                at /rustc/dfb0accb7f508ae8be965d8629557221c889dd98/library/std/src/sys/backtrace.rs:47:9
[INFO] [stdout]    9:     0x651a00272326 - std[70759c8f55707aa4]::panicking::default_hook::{closure#0}
[INFO] [stdout]                                at /rustc/dfb0accb7f508ae8be965d8629557221c889dd98/library/std/src/panicking.rs:292:27
[INFO] [stdout]   10:     0x651a00290f99 - std[70759c8f55707aa4]::panicking::default_hook
[INFO] [stdout]                                at /rustc/dfb0accb7f508ae8be965d8629557221c889dd98/library/std/src/panicking.rs:316:9
[INFO] [stdout]   11:     0x651a001ba4b0 - <alloc[2182bb758b4b3781]::boxed::Box<dyn for<'a, 'b> core[df12db4294e9bfd3]::ops::function::Fn<(&'a std[70759c8f55707aa4]::panic::PanicHookInfo<'b>,), Output = ()> + core[df12db4294e9bfd3]::marker::Send + core[df12db4294e9bfd3]::marker::Sync> as core[df12db4294e9bfd3]::ops::function::Fn<(&std[70759c8f55707aa4]::panic::PanicHookInfo,)>>::call
[INFO] [stdout]                                at /rustc/dfb0accb7f508ae8be965d8629557221c889dd98/library/alloc/src/boxed.rs:2334:9
[INFO] [stdout]   12:     0x651a001ba4b0 - test[9d35eded1c95d3be]::test_main_inner::<test[9d35eded1c95d3be]::test_main_static::{closure#0}>::{closure#0}
[INFO] [stdout]                                at /rustc/dfb0accb7f508ae8be965d8629557221c889dd98/library/test/src/lib.rs:155:21
[INFO] [stdout]   13:     0x651a00291152 - <alloc[2182bb758b4b3781]::boxed::Box<dyn for<'a, 'b> core[df12db4294e9bfd3]::ops::function::Fn<(&'a std[70759c8f55707aa4]::panic::PanicHookInfo<'b>,), Output = ()> + core[df12db4294e9bfd3]::marker::Send + core[df12db4294e9bfd3]::marker::Sync> as core[df12db4294e9bfd3]::ops::function::Fn<(&std[70759c8f55707aa4]::panic::PanicHookInfo,)>>::call
[INFO] [stdout]                                at /rustc/dfb0accb7f508ae8be965d8629557221c889dd98/library/alloc/src/boxed.rs:2334:9
[INFO] [stdout]   14:     0x651a00291152 - std[70759c8f55707aa4]::panicking::panic_with_hook
[INFO] [stdout]                                at /rustc/dfb0accb7f508ae8be965d8629557221c889dd98/library/std/src/panicking.rs:823:13
[INFO] [stdout]   15:     0x651a00272404 - std[70759c8f55707aa4]::panicking::panic_handler::{closure#0}
[INFO] [stdout]                                at /rustc/dfb0accb7f508ae8be965d8629557221c889dd98/library/std/src/panicking.rs:681:13
[INFO] [stdout]   16:     0x651a0026ab09 - std[70759c8f55707aa4]::sys::backtrace::__rust_end_short_backtrace::<std[70759c8f55707aa4]::panicking::panic_handler::{closure#0}, !>
[INFO] [stdout]                                at /rustc/dfb0accb7f508ae8be965d8629557221c889dd98/library/std/src/sys/backtrace.rs:182:18
[INFO] [stdout]   17:     0x651a0027367d - __rustc[8fa7c3cbc660c2b3]::rust_begin_unwind
[INFO] [stdout]                                at /rustc/dfb0accb7f508ae8be965d8629557221c889dd98/library/std/src/panicking.rs:679:5
[INFO] [stdout]   18:     0x651a002b5a7c - core[df12db4294e9bfd3]::panicking::panic_fmt
[INFO] [stdout]                                at /rustc/dfb0accb7f508ae8be965d8629557221c889dd98/library/core/src/panicking.rs:80:14
[INFO] [stdout]   19:     0x6519fff51a09 - runtimo_core[a4e9b0c00357a09]::capabilities::shell_exec::tests::sanitized_env_preserves_safe
[INFO] [stdout]                                at /opt/rustwide/workdir/src/capabilities/shell_exec.rs:3146:9
[INFO] [stdout]   20:     0x6519fff32ac7 - runtimo_core[a4e9b0c00357a09]::capabilities::shell_exec::tests::sanitized_env_preserves_safe::{closure#0}
[INFO] [stdout]                                at /opt/rustwide/workdir/src/capabilities/shell_exec.rs:3142:38
[INFO] [stdout]   21:     0x6519ffe67766 - <runtimo_core[a4e9b0c00357a09]::capabilities::shell_exec::tests::sanitized_env_preserves_safe::{closure#0} as core[df12db4294e9bfd3]::ops::function::FnOnce<()>>::call_once
[INFO] [stdout]                                at /rustc/dfb0accb7f508ae8be965d8629557221c889dd98/library/core/src/ops/function.rs:250:5
[INFO] [stdout]   22:     0x651a001ad79b - <fn() -> core[df12db4294e9bfd3]::result::Result<(), alloc[2182bb758b4b3781]::string::String> as core[df12db4294e9bfd3]::ops::function::FnOnce<()>>::call_once
[INFO] [stdout]                                at /rustc/dfb0accb7f508ae8be965d8629557221c889dd98/library/core/src/ops/function.rs:250:5
[INFO] [stdout]   23:     0x651a001ad79b - test[9d35eded1c95d3be]::__rust_begin_short_backtrace::<core[df12db4294e9bfd3]::result::Result<(), alloc[2182bb758b4b3781]::string::String>, fn() -> core[df12db4294e9bfd3]::result::Result<(), alloc[2182bb758b4b3781]::string::String>>
[INFO] [stdout]                                at /rustc/dfb0accb7f508ae8be965d8629557221c889dd98/library/test/src/lib.rs:733:18
[INFO] [stdout]   24:     0x651a001bae05 - test[9d35eded1c95d3be]::run_test_in_process::{closure#0}
[INFO] [stdout]                                at /rustc/dfb0accb7f508ae8be965d8629557221c889dd98/library/test/src/lib.rs:756:74
[INFO] [stdout]   25:     0x651a001bae05 - <core[df12db4294e9bfd3]::panic::unwind_safe::AssertUnwindSafe<test[9d35eded1c95d3be]::run_test_in_process::{closure#0}> as core[df12db4294e9bfd3]::ops::function::FnOnce<()>>::call_once
[INFO] [stdout]                                at /rustc/dfb0accb7f508ae8be965d8629557221c889dd98/library/core/src/panic/unwind_safe.rs:275:9
[INFO] [stdout]   26:     0x651a001bae05 - std[70759c8f55707aa4]::panicking::catch_unwind::do_call::<core[df12db4294e9bfd3]::panic::unwind_safe::AssertUnwindSafe<test[9d35eded1c95d3be]::run_test_in_process::{closure#0}>, core[df12db4294e9bfd3]::result::Result<(), alloc[2182bb758b4b3781]::string::String>>
[INFO] [stdout]                                at /rustc/dfb0accb7f508ae8be965d8629557221c889dd98/library/std/src/panicking.rs:576:43
[INFO] [stdout]   27:     0x651a001bae05 - std[70759c8f55707aa4]::panicking::catch_unwind::<core[df12db4294e9bfd3]::result::Result<(), alloc[2182bb758b4b3781]::string::String>, core[df12db4294e9bfd3]::panic::unwind_safe::AssertUnwindSafe<test[9d35eded1c95d3be]::run_test_in_process::{closure#0}>>
[INFO] [stdout]                                at /rustc/dfb0accb7f508ae8be965d8629557221c889dd98/library/std/src/panicking.rs:544:19
[INFO] [stdout]   28:     0x651a001bae05 - std[70759c8f55707aa4]::panic::catch_unwind::<core[df12db4294e9bfd3]::panic::unwind_safe::AssertUnwindSafe<test[9d35eded1c95d3be]::run_test_in_process::{closure#0}>, core[df12db4294e9bfd3]::result::Result<(), alloc[2182bb758b4b3781]::string::String>>
[INFO] [stdout]                                at /rustc/dfb0accb7f508ae8be965d8629557221c889dd98/library/std/src/panic.rs:359:14
[INFO] [stdout]   29:     0x651a001bae05 - test[9d35eded1c95d3be]::run_test_in_process
[INFO] [stdout]                                at /rustc/dfb0accb7f508ae8be965d8629557221c889dd98/library/test/src/lib.rs:756:27
[INFO] [stdout]   30:     0x651a001bae05 - test[9d35eded1c95d3be]::run_test::{closure#0}
[INFO] [stdout]                                at /rustc/dfb0accb7f508ae8be965d8629557221c889dd98/library/test/src/lib.rs:677:43
[INFO] [stdout]   31:     0x651a001b46c4 - test[9d35eded1c95d3be]::run_test::{closure#1}
[INFO] [stdout]                                at /rustc/dfb0accb7f508ae8be965d8629557221c889dd98/library/test/src/lib.rs:707:41
[INFO] [stdout]   32:     0x651a001b46c4 - std[70759c8f55707aa4]::sys::backtrace::__rust_begin_short_backtrace::<test[9d35eded1c95d3be]::run_test::{closure#1}, ()>
[INFO] [stdout]                                at /rustc/dfb0accb7f508ae8be965d8629557221c889dd98/library/std/src/sys/backtrace.rs:166:18
[INFO] [stdout]   33:     0x651a001bdf62 - std[70759c8f55707aa4]::thread::lifecycle::spawn_unchecked::<test[9d35eded1c95d3be]::run_test::{closure#1}, ()>::{closure#1}::{closure#0}
[INFO] [stdout]                                at /rustc/dfb0accb7f508ae8be965d8629557221c889dd98/library/std/src/thread/lifecycle.rs:70:13
[INFO] [stdout]   34:     0x651a001bdf62 - <core[df12db4294e9bfd3]::panic::unwind_safe::AssertUnwindSafe<std[70759c8f55707aa4]::thread::lifecycle::spawn_unchecked<test[9d35eded1c95d3be]::run_test::{closure#1}, ()>::{closure#1}::{closure#0}> as core[df12db4294e9bfd3]::ops::function::FnOnce<()>>::call_once
[INFO] [stdout]                                at /rustc/dfb0accb7f508ae8be965d8629557221c889dd98/library/core/src/panic/unwind_safe.rs:275:9
[INFO] [stdout]   35:     0x651a001bdf62 - std[70759c8f55707aa4]::panicking::catch_unwind::do_call::<core[df12db4294e9bfd3]::panic::unwind_safe::AssertUnwindSafe<std[70759c8f55707aa4]::thread::lifecycle::spawn_unchecked<test[9d35eded1c95d3be]::run_test::{closure#1}, ()>::{closure#1}::{closure#0}>, ()>
[INFO] [stdout]                                at /rustc/dfb0accb7f508ae8be965d8629557221c889dd98/library/std/src/panicking.rs:576:43
[INFO] [stdout]   36:     0x651a001bdf62 - std[70759c8f55707aa4]::panicking::catch_unwind::<(), core[df12db4294e9bfd3]::panic::unwind_safe::AssertUnwindSafe<std[70759c8f55707aa4]::thread::lifecycle::spawn_unchecked<test[9d35eded1c95d3be]::run_test::{closure#1}, ()>::{closure#1}::{closure#0}>>
[INFO] [stdout]                                at /rustc/dfb0accb7f508ae8be965d8629557221c889dd98/library/std/src/panicking.rs:544:19
[INFO] [stdout]   37:     0x651a001bdf62 - std[70759c8f55707aa4]::panic::catch_unwind::<core[df12db4294e9bfd3]::panic::unwind_safe::AssertUnwindSafe<std[70759c8f55707aa4]::thread::lifecycle::spawn_unchecked<test[9d35eded1c95d3be]::run_test::{closure#1}, ()>::{closure#1}::{closure#0}>, ()>
[INFO] [stdout]                                at /rustc/dfb0accb7f508ae8be965d8629557221c889dd98/library/std/src/panic.rs:359:14
[INFO] [stdout]   38:     0x651a001bdf62 - std[70759c8f55707aa4]::thread::lifecycle::spawn_unchecked::<test[9d35eded1c95d3be]::run_test::{closure#1}, ()>::{closure#1}
[INFO] [stdout]                                at /rustc/dfb0accb7f508ae8be965d8629557221c889dd98/library/std/src/thread/lifecycle.rs:68:26
[INFO] [stdout]   39:     0x651a001bdf62 - <std[70759c8f55707aa4]::thread::lifecycle::spawn_unchecked<test[9d35eded1c95d3be]::run_test::{closure#1}, ()>::{closure#1} as core[df12db4294e9bfd3]::ops::function::FnOnce<()>>::call_once::{shim:vtable#0}
[INFO] [stdout]                                at /rustc/dfb0accb7f508ae8be965d8629557221c889dd98/library/core/src/ops/function.rs:250:5
[INFO] [stdout]   40:     0x651a0029a199 - <alloc[2182bb758b4b3781]::boxed::Box<dyn core[df12db4294e9bfd3]::ops::function::FnOnce<(), Output = ()> + core[df12db4294e9bfd3]::marker::Send> as core[df12db4294e9bfd3]::ops::function::FnOnce<()>>::call_once
[INFO] [stdout]                                at /rustc/dfb0accb7f508ae8be965d8629557221c889dd98/library/alloc/src/boxed.rs:2320:9
[INFO] [stdout]   41:     0x651a0029a199 - <std[70759c8f55707aa4]::sys::thread::unix::Thread>::new::thread_start
[INFO] [stdout]                                at /rustc/dfb0accb7f508ae8be965d8629557221c889dd98/library/std/src/sys/thread/unix.rs:123:17
[INFO] [stdout]   42:     0x701450bdadfa - <unknown>
[INFO] [stdout]   43:     0x701450c6e3d4 - clone
[INFO] [stdout]   44:                0x0 - <unknown>
[INFO] [stdout] 
[INFO] [stdout] 
[INFO] [stdout] failures:
[INFO] [stdout]     capabilities::shell_exec::tests::sanitized_env_preserves_safe
[INFO] [stdout] 
[INFO] [stdout] test result: FAILED. 488 passed; 1 failed; 0 ignored; 0 measured; 0 filtered out; finished in 3.14s
[INFO] [stdout] 
[INFO] running `Command { std: "docker" "inspect" "a984efd23b79dfeb67d0eb2f0e4ca0334865e1ae26244b5bc27bf46d4a022c3a", kill_on_drop: false }`
[INFO] running `Command { std: "docker" "rm" "-f" "a984efd23b79dfeb67d0eb2f0e4ca0334865e1ae26244b5bc27bf46d4a022c3a", kill_on_drop: false }`
[INFO] [stdout] a984efd23b79dfeb67d0eb2f0e4ca0334865e1ae26244b5bc27bf46d4a022c3a
