[INFO] fetching crate runpod 0.1.30...
[INFO] testing runpod-0.1.30 against 1.99.0-beta.8 for beta-1.100-2
[INFO] extracting crate runpod 0.1.30 into /workspace/builds/worker-4-tc1/source
[INFO] started tweaking crates.io crate runpod 0.1.30
[INFO] finished tweaking crates.io crate runpod 0.1.30
[INFO] tweaked toml for crates.io crate runpod 0.1.30 written to /workspace/builds/worker-4-tc1/source/Cargo.toml
[INFO] validating manifest of crates.io crate runpod 0.1.30 on toolchain 1.99.0-beta.8
[INFO] running `Command { std: CARGO_HOME="/workspace/cargo-home" RUSTUP_HOME="/workspace/rustup-home" "/workspace/cargo-home/bin/cargo" "+1.99.0-beta.8" "metadata" "--manifest-path" "Cargo.toml" "--no-deps", kill_on_drop: false }`
[INFO] running `Command { std: CARGO_HOME="/workspace/cargo-home" RUSTUP_HOME="/workspace/rustup-home" "/workspace/cargo-home/bin/cargo" "+1.99.0-beta.8" "generate-lockfile" "--manifest-path" "Cargo.toml", kill_on_drop: false }`
[INFO] [stderr]     Updating crates.io index
[INFO] [stderr]      Locking 161 packages to highest compatible versions
[INFO] [stderr]       Adding reqwest v0.12.28 (available: v0.13.5)
[INFO] running `Command { std: CARGO_HOME="/workspace/cargo-home" RUSTUP_HOME="/workspace/rustup-home" "/workspace/cargo-home/bin/cargo" "+1.99.0-beta.8" "fetch" "--manifest-path" "Cargo.toml", kill_on_drop: false }`
[INFO] [stderr]  Downloading crates ...
[INFO] [stderr]   Downloaded hyper-rustls v0.27.10
[INFO] [stderr]   Downloaded tokio-rustls v0.26.6
[INFO] [stderr]   Downloaded hyper-util v0.1.21
[INFO] [stderr]   Downloaded hyper v1.12.0
[INFO] [stderr]   Downloaded h2 v0.4.20
[INFO] running `Command { std: "docker" "create" "-v" "/var/lib/crater-agent-workspace/builds/worker-4-tc1/source:/opt/rustwide/workdir:ro,Z" "-v" "/var/lib/crater-agent-workspace/builds/worker-4-tc1/target:/opt/rustwide/target:rw,Z" "-v" "/var/lib/crater-agent-workspace/cargo-home:/opt/rustwide/cargo-home:ro,Z" "-v" "/var/lib/crater-agent-workspace/rustup-home:/opt/rustwide/rustup-home:ro,Z" "-m" "1610612736" "--network" "none" "ghcr.io/rust-lang/crates-build-env/linux@sha256:3111399a4047eeb3a02b7a90e478d715f38a8c6669b5c4b49d30a17385265909" "sleep" "infinity", kill_on_drop: false }`
[INFO] [stdout] cdbda8ae01fc09f32b108dbef46dc2ff592db50d862204852fd5c2167eaf1595
[INFO] running `Command { std: "docker" "start" "cdbda8ae01fc09f32b108dbef46dc2ff592db50d862204852fd5c2167eaf1595", kill_on_drop: false }`
[INFO] running `Command { std: "docker" "inspect" "cdbda8ae01fc09f32b108dbef46dc2ff592db50d862204852fd5c2167eaf1595", kill_on_drop: false }`
[INFO] running `Command { std: "docker" "exec" "-e" "SOURCE_DIR=/opt/rustwide/workdir" "-e" "CARGO_HOME=/opt/rustwide/cargo-home" "-e" "RUSTUP_HOME=/opt/rustwide/rustup-home" "-e" "CARGO_TARGET_DIR=/opt/rustwide/target" "-w" "/opt/rustwide/workdir" "--user" "0:0" "cdbda8ae01fc09f32b108dbef46dc2ff592db50d862204852fd5c2167eaf1595" "/opt/rustwide/cargo-home/bin/cargo" "+1.99.0-beta.8" "metadata" "--no-deps" "--format-version=1", kill_on_drop: false }`
[INFO] running `Command { std: "docker" "inspect" "cdbda8ae01fc09f32b108dbef46dc2ff592db50d862204852fd5c2167eaf1595", kill_on_drop: false }`
[INFO] running `Command { std: "docker" "exec" "-e" "SOURCE_DIR=/opt/rustwide/workdir" "-e" "CARGO_HOME=/opt/rustwide/cargo-home" "-e" "RUSTUP_HOME=/opt/rustwide/rustup-home" "-e" "CARGO_TARGET_DIR=/opt/rustwide/target" "-e" "CARGO_INCREMENTAL=0" "-e" "RUST_BACKTRACE=full" "-e" "RUSTFLAGS=--cap-lints=warn" "-e" "RUSTDOCFLAGS=--cap-lints=warn" "-w" "/opt/rustwide/workdir" "--user" "0:0" "cdbda8ae01fc09f32b108dbef46dc2ff592db50d862204852fd5c2167eaf1595" "/opt/rustwide/cargo-home/bin/cargo" "+1.99.0-beta.8" "build" "--frozen" "--message-format=json", kill_on_drop: false }`
[INFO] [stderr]    Compiling smallvec v1.16.2
[INFO] [stderr]    Compiling futures-core v0.3.34
[INFO] [stderr]    Compiling find-msvc-tools v0.1.14
[INFO] [stderr]    Compiling syn v3.0.6
[INFO] [stderr]    Compiling syn v2.0.119
[INFO] [stderr]    Compiling errno v0.3.14
[INFO] [stderr]    Compiling socket2 v0.6.5
[INFO] [stderr]    Compiling mio v1.2.4
[INFO] [stderr]    Compiling pkg-config v0.3.34
[INFO] [stderr]    Compiling signal-hook-registry v1.4.8
[INFO] [stderr]    Compiling parking_lot_core v0.9.12
[INFO] [stderr]    Compiling cc v1.6.0
[INFO] [stderr]    Compiling parking_lot v0.12.5
[INFO] [stderr]    Compiling writeable v0.6.4
[INFO] [stderr]    Compiling litemap v0.8.3
[INFO] [stderr]    Compiling http v1.5.0
[INFO] [stderr]    Compiling icu_properties_data v2.3.0
[INFO] [stderr]    Compiling icu_normalizer_data v2.3.0
[INFO] [stderr]    Compiling futures-task v0.3.34
[INFO] [stderr]    Compiling openssl v0.10.81
[INFO] [stderr]    Compiling hashbrown v0.17.1
[INFO] [stderr]    Compiling bitflags v2.13.2
[INFO] [stderr]    Compiling futures-sink v0.3.34
[INFO] [stderr]    Compiling rustversion v1.0.23
[INFO] [stderr]    Compiling futures-util v0.3.34
[INFO] [stderr]    Compiling native-tls v0.2.18
[INFO] [stderr]    Compiling want v0.3.2
[INFO] [stderr]    Compiling futures-channel v0.3.34
[INFO] [stderr]    Compiling sync_wrapper v1.0.2
[INFO] [stderr]    Compiling ipnet v2.12.2
[INFO] [stderr]    Compiling http-body v1.1.0
[INFO] [stderr]    Compiling indexmap v2.14.2
[INFO] [stderr]    Compiling encoding_rs v0.8.42
[INFO] [stderr]    Compiling base64 v0.23.1
[INFO] [stderr]    Compiling openssl-sys v0.9.117
[INFO] [stderr]    Compiling http-body-util v0.1.5
[INFO] [stderr]    Compiling multiversion_no_op v1.0.0
[INFO] [stderr]    Compiling simdutf8 v0.1.5
[INFO] [stderr]    Compiling core_detect v1.0.0
[INFO] [stderr]    Compiling zeroize v1.9.0
[INFO] [stderr]    Compiling serde_json v1.0.151
[INFO] [stderr]    Compiling rustls-pki-types v1.15.1
[INFO] [stderr]    Compiling tracing-attributes v0.1.31
[INFO] [stderr]    Compiling openssl-macros v0.1.1
[INFO] [stderr]    Compiling synstructure v0.14.0
[INFO] [stderr]    Compiling zerofrom-derive v0.1.8
[INFO] [stderr]    Compiling yoke-derive v0.8.4
[INFO] [stderr]    Compiling zerovec-derive v0.11.6
[INFO] [stderr]    Compiling displaydoc v0.2.7
[INFO] [stderr]    Compiling tokio-macros v2.7.2
[INFO] [stderr]    Compiling serde_derive v1.0.229
[INFO] [stderr]    Compiling tokio v1.53.2
[INFO] [stderr]    Compiling tracing v0.1.44
[INFO] [stderr]    Compiling zerofrom v0.1.8
[INFO] [stderr]    Compiling yoke v0.8.3
[INFO] [stderr]    Compiling zerovec v0.11.8
[INFO] [stderr]    Compiling zerotrie v0.2.5
[INFO] [stderr]    Compiling tinystr v0.8.4
[INFO] [stderr]    Compiling potential_utf v0.1.6
[INFO] [stderr]    Compiling icu_collections v2.3.0
[INFO] [stderr]    Compiling icu_locale_core v2.3.0
[INFO] [stderr]    Compiling serde v1.0.229
[INFO] [stderr]    Compiling icu_provider v2.3.1
[INFO] [stderr]    Compiling icu_normalizer v2.3.0
[INFO] [stderr]    Compiling icu_properties v2.3.0
[INFO] [stderr]    Compiling serde_urlencoded v0.7.1
[INFO] [stderr]    Compiling idna_adapter v1.2.2
[INFO] [stderr]    Compiling idna v1.1.0
[INFO] [stderr]    Compiling url v2.5.8
[INFO] [stderr]    Compiling tokio-util v0.7.19
[INFO] [stderr]    Compiling tokio-native-tls v0.3.1
[INFO] [stderr]    Compiling tower v0.5.3
[INFO] [stderr]    Compiling tower-http v0.6.11
[INFO] [stderr]    Compiling h2 v0.4.20
[INFO] [stderr]    Compiling hyper v1.12.0
[INFO] [stderr]    Compiling hyper-util v0.1.21
[INFO] [stderr]    Compiling hyper-tls v0.6.0
[INFO] [stderr]    Compiling reqwest v0.12.28
[INFO] [stderr]    Compiling runpod v0.1.30 (/opt/rustwide/workdir)
[INFO] [stdout] warning: unused import: `Request`
[INFO] [stdout]  --> src/lib.rs:1:31
[INFO] [stdout]   |
[INFO] [stdout] 1 | use reqwest::{Client, Method, Request};
[INFO] [stdout]   |                               ^^^^^^^
[INFO] [stdout]   |
[INFO] [stdout]   = note: `#[warn(unused_imports)]` (part of `#[warn(unused)]`) on by default
[INFO] [stdout] 
[INFO] [stdout] 
[INFO] [stdout] warning: unused import: `Value`
[INFO] [stdout]  --> src/lib.rs:3:24
[INFO] [stdout]   |
[INFO] [stdout] 3 | use serde_json::{json, Value};
[INFO] [stdout]   |                        ^^^^^
[INFO] [stdout] 
[INFO] [stdout] 
[INFO] [stdout] warning: unused import: `std::error::Error`
[INFO] [stdout]  --> src/lib.rs:5:5
[INFO] [stdout]   |
[INFO] [stdout] 5 | use std::error::Error;
[INFO] [stdout]   |     ^^^^^^^^^^^^^^^^^
[INFO] [stdout] 
[INFO] [stdout] 
[INFO] [stdout] warning: unused variable: `input`
[INFO] [stdout]    --> src/lib.rs:310:9
[INFO] [stdout]     |
[INFO] [stdout] 310 |         input: Option<GpuAvailabilityInput>,
[INFO] [stdout]     |         ^^^^^ help: if this is intentional, prefix it with an underscore: `_input`
[INFO] [stdout]     |
[INFO] [stdout]     = note: `#[warn(unused_variables)]` (part of `#[warn(unused)]`) on by default
[INFO] [stdout] 
[INFO] [stdout] 
[INFO] [stdout] warning: struct `GpuTypesResponse` is never constructed
[INFO] [stdout]     --> src/lib.rs:1469:8
[INFO] [stdout]      |
[INFO] [stdout] 1469 | struct GpuTypesResponse {
[INFO] [stdout]      |        ^^^^^^^^^^^^^^^^
[INFO] [stdout]      |
[INFO] [stdout]      = note: `#[warn(dead_code)]` (part of `#[warn(unused)]`) on by default
[INFO] [stdout] 
[INFO] [stdout] 
[INFO] [stdout] warning: struct `DatacentersResponse` is never constructed
[INFO] [stdout]     --> src/lib.rs:1625:8
[INFO] [stdout]      |
[INFO] [stdout] 1625 | struct DatacentersResponse {
[INFO] [stdout]      |        ^^^^^^^^^^^^^^^^^^^
[INFO] [stdout] 
[INFO] [stdout] 
[INFO] [stdout] warning: struct `MyselfDatacenters` is never constructed
[INFO] [stdout]     --> src/lib.rs:1630:8
[INFO] [stdout]      |
[INFO] [stdout] 1630 | struct MyselfDatacenters {
[INFO] [stdout]      |        ^^^^^^^^^^^^^^^^^
[INFO] [stdout] 
[INFO] [stdout] 
[INFO] [stdout] warning: struct `DatacenterQ` is never constructed
[INFO] [stdout]     --> src/lib.rs:1640:8
[INFO] [stdout]      |
[INFO] [stdout] 1640 | struct DatacenterQ {
[INFO] [stdout]      |        ^^^^^^^^^^^
[INFO] [stdout] 
[INFO] [stdout] 
[INFO] [stdout] warning: structure field `storageSupport` should have a snake case name
[INFO] [stdout]     --> src/lib.rs:1526:9
[INFO] [stdout]      |
[INFO] [stdout] 1526 |     pub storageSupport: bool,
[INFO] [stdout]      |         ^^^^^^^^^^^^^^ help: convert the identifier to snake case: `storage_support`
[INFO] [stdout]      |
[INFO] [stdout]      = note: `#[warn(non_snake_case)]` (part of `#[warn(nonstandard_style)]`) on by default
[INFO] [stdout] 
[INFO] [stdout] 
[INFO] [stdout] warning: structure field `stockStatus` should have a snake case name
[INFO] [stdout]     --> src/lib.rs:1539:9
[INFO] [stdout]      |
[INFO] [stdout] 1539 |     pub stockStatus: Option<String>,
[INFO] [stdout]      |         ^^^^^^^^^^^ help: convert the identifier to snake case: `stock_status`
[INFO] [stdout] 
[INFO] [stdout] 
[INFO] [stdout] warning: structure field `gpuTypeId` should have a snake case name
[INFO] [stdout]     --> src/lib.rs:1540:9
[INFO] [stdout]      |
[INFO] [stdout] 1540 |     pub gpuTypeId: Option<String>,
[INFO] [stdout]      |         ^^^^^^^^^ help: convert the identifier to snake case: `gpu_type_id`
[INFO] [stdout] 
[INFO] [stdout] 
[INFO] [stdout] warning: structure field `gpuTypeDisplayName` should have a snake case name
[INFO] [stdout]     --> src/lib.rs:1541:9
[INFO] [stdout]      |
[INFO] [stdout] 1541 |     pub gpuTypeDisplayName: Option<String>,
[INFO] [stdout]      |         ^^^^^^^^^^^^^^^^^^ help: convert the identifier to snake case: `gpu_type_display_name`
[INFO] [stdout] 
[INFO] [stdout] 
[INFO] [stdout] warning: structure field `displayName` should have a snake case name
[INFO] [stdout]     --> src/lib.rs:1542:9
[INFO] [stdout]      |
[INFO] [stdout] 1542 |     pub displayName: Option<String>,
[INFO] [stdout]      |         ^^^^^^^^^^^ help: convert the identifier to snake case: `display_name`
[INFO] [stdout] 
[INFO] [stdout] 
[INFO] [stdout] warning: structure field `countryCode` should have a snake case name
[INFO] [stdout]     --> src/lib.rs:1666:9
[INFO] [stdout]      |
[INFO] [stdout] 1666 |     pub countryCode: String,
[INFO] [stdout]      |         ^^^^^^^^^^^ help: convert the identifier to snake case: `country_code`
[INFO] [stdout] 
[INFO] [stdout] 
[INFO] [stdout] warning: structure field `gpuAvailability` should have a snake case name
[INFO] [stdout]     --> src/lib.rs:1667:9
[INFO] [stdout]      |
[INFO] [stdout] 1667 |     pub gpuAvailability: Vec<GpuAvailability>,
[INFO] [stdout]      |         ^^^^^^^^^^^^^^^ help: convert the identifier to snake case: `gpu_availability`
[INFO] [stdout] 
[INFO] [stdout] 
[INFO] [stdout] warning: structure field `gpuTypeId` should have a snake case name
[INFO] [stdout]     --> src/lib.rs:1673:9
[INFO] [stdout]      |
[INFO] [stdout] 1673 |     pub gpuTypeId: String,
[INFO] [stdout]      |         ^^^^^^^^^ help: convert the identifier to snake case: `gpu_type_id`
[INFO] [stdout] 
[INFO] [stdout] 
[INFO] [stderr]     Finished `dev` profile [unoptimized + debuginfo] target(s) in 1m 13s
[INFO] running `Command { std: "docker" "inspect" "cdbda8ae01fc09f32b108dbef46dc2ff592db50d862204852fd5c2167eaf1595", kill_on_drop: false }`
[INFO] running `Command { std: "docker" "exec" "-e" "SOURCE_DIR=/opt/rustwide/workdir" "-e" "CARGO_HOME=/opt/rustwide/cargo-home" "-e" "RUSTUP_HOME=/opt/rustwide/rustup-home" "-e" "CARGO_TARGET_DIR=/opt/rustwide/target" "-e" "CARGO_INCREMENTAL=0" "-e" "RUST_BACKTRACE=full" "-e" "RUSTFLAGS=--cap-lints=warn" "-e" "RUSTDOCFLAGS=--cap-lints=warn" "-w" "/opt/rustwide/workdir" "--user" "0:0" "cdbda8ae01fc09f32b108dbef46dc2ff592db50d862204852fd5c2167eaf1595" "/opt/rustwide/cargo-home/bin/cargo" "+1.99.0-beta.8" "test" "--frozen" "--no-run" "--message-format=json", kill_on_drop: false }`
[INFO] [stdout] warning: unused import: `Request`
[INFO] [stdout]  --> src/lib.rs:1:31
[INFO] [stdout]   |
[INFO] [stdout] 1 | use reqwest::{Client, Method, Request};
[INFO] [stdout]   |                               ^^^^^^^
[INFO] [stdout]   |
[INFO] [stdout]   = note: `#[warn(unused_imports)]` (part of `#[warn(unused)]`) on by default
[INFO] [stdout] 
[INFO] [stdout] 
[INFO] [stdout] warning: unused import: `Value`
[INFO] [stdout]  --> src/lib.rs:3:24
[INFO] [stdout]   |
[INFO] [stdout] 3 | use serde_json::{json, Value};
[INFO] [stdout]   |                        ^^^^^
[INFO] [stdout] 
[INFO] [stdout] 
[INFO] [stdout] warning: unused import: `std::error::Error`
[INFO] [stdout]  --> src/lib.rs:5:5
[INFO] [stdout]   |
[INFO] [stdout] 5 | use std::error::Error;
[INFO] [stdout]   |     ^^^^^^^^^^^^^^^^^
[INFO] [stdout] 
[INFO] [stdout] 
[INFO] [stdout] warning: unused variable: `input`
[INFO] [stdout]    --> src/lib.rs:310:9
[INFO] [stdout]     |
[INFO] [stdout] 310 |         input: Option<GpuAvailabilityInput>,
[INFO] [stdout]     |         ^^^^^ help: if this is intentional, prefix it with an underscore: `_input`
[INFO] [stdout]     |
[INFO] [stdout]     = note: `#[warn(unused_variables)]` (part of `#[warn(unused)]`) on by default
[INFO] [stdout] 
[INFO] [stdout] 
[INFO] [stdout] warning: struct `GpuTypesResponse` is never constructed
[INFO] [stdout]     --> src/lib.rs:1469:8
[INFO] [stdout]      |
[INFO] [stdout] 1469 | struct GpuTypesResponse {
[INFO] [stdout]      |        ^^^^^^^^^^^^^^^^
[INFO] [stdout]      |
[INFO] [stdout]      = note: `#[warn(dead_code)]` (part of `#[warn(unused)]`) on by default
[INFO] [stdout] 
[INFO] [stdout] 
[INFO] [stdout] warning: struct `DatacentersResponse` is never constructed
[INFO] [stdout]     --> src/lib.rs:1625:8
[INFO] [stdout]      |
[INFO] [stdout] 1625 | struct DatacentersResponse {
[INFO] [stdout]      |        ^^^^^^^^^^^^^^^^^^^
[INFO] [stdout] 
[INFO] [stdout] 
[INFO] [stdout] warning: struct `MyselfDatacenters` is never constructed
[INFO] [stdout]     --> src/lib.rs:1630:8
[INFO] [stdout]      |
[INFO] [stdout] 1630 | struct MyselfDatacenters {
[INFO] [stdout]      |        ^^^^^^^^^^^^^^^^^
[INFO] [stdout] 
[INFO] [stdout] 
[INFO] [stdout] warning: struct `DatacenterQ` is never constructed
[INFO] [stdout]     --> src/lib.rs:1640:8
[INFO] [stdout]      |
[INFO] [stdout] 1640 | struct DatacenterQ {
[INFO] [stdout]      |        ^^^^^^^^^^^
[INFO] [stdout] 
[INFO] [stdout] 
[INFO] [stdout] warning: structure field `storageSupport` should have a snake case name
[INFO] [stdout]     --> src/lib.rs:1526:9
[INFO] [stdout]      |
[INFO] [stdout] 1526 |     pub storageSupport: bool,
[INFO] [stdout]      |         ^^^^^^^^^^^^^^ help: convert the identifier to snake case: `storage_support`
[INFO] [stdout]      |
[INFO] [stdout]      = note: `#[warn(non_snake_case)]` (part of `#[warn(nonstandard_style)]`) on by default
[INFO] [stdout] 
[INFO] [stdout] 
[INFO] [stdout] warning: structure field `stockStatus` should have a snake case name
[INFO] [stdout]     --> src/lib.rs:1539:9
[INFO] [stdout]      |
[INFO] [stdout] 1539 |     pub stockStatus: Option<String>,
[INFO] [stdout]      |         ^^^^^^^^^^^ help: convert the identifier to snake case: `stock_status`
[INFO] [stdout] 
[INFO] [stdout] 
[INFO] [stdout] warning: structure field `gpuTypeId` should have a snake case name
[INFO] [stdout]     --> src/lib.rs:1540:9
[INFO] [stdout]      |
[INFO] [stdout] 1540 |     pub gpuTypeId: Option<String>,
[INFO] [stdout]      |         ^^^^^^^^^ help: convert the identifier to snake case: `gpu_type_id`
[INFO] [stdout] 
[INFO] [stdout] 
[INFO] [stdout] warning: structure field `gpuTypeDisplayName` should have a snake case name
[INFO] [stdout]     --> src/lib.rs:1541:9
[INFO] [stdout]      |
[INFO] [stdout] 1541 |     pub gpuTypeDisplayName: Option<String>,
[INFO] [stdout]      |         ^^^^^^^^^^^^^^^^^^ help: convert the identifier to snake case: `gpu_type_display_name`
[INFO] [stdout] 
[INFO] [stdout] 
[INFO] [stdout] warning: structure field `displayName` should have a snake case name
[INFO] [stdout]     --> src/lib.rs:1542:9
[INFO] [stdout]      |
[INFO] [stdout] 1542 |     pub displayName: Option<String>,
[INFO] [stdout]      |         ^^^^^^^^^^^ help: convert the identifier to snake case: `display_name`
[INFO] [stdout] 
[INFO] [stdout] 
[INFO] [stdout] warning: structure field `countryCode` should have a snake case name
[INFO] [stdout]     --> src/lib.rs:1666:9
[INFO] [stdout]      |
[INFO] [stdout] 1666 |     pub countryCode: String,
[INFO] [stdout]      |         ^^^^^^^^^^^ help: convert the identifier to snake case: `country_code`
[INFO] [stdout] 
[INFO] [stdout] 
[INFO] [stdout] warning: structure field `gpuAvailability` should have a snake case name
[INFO] [stdout]     --> src/lib.rs:1667:9
[INFO] [stdout]      |
[INFO] [stdout] 1667 |     pub gpuAvailability: Vec<GpuAvailability>,
[INFO] [stdout]      |         ^^^^^^^^^^^^^^^ help: convert the identifier to snake case: `gpu_availability`
[INFO] [stdout] 
[INFO] [stdout] 
[INFO] [stdout] warning: structure field `gpuTypeId` should have a snake case name
[INFO] [stdout]     --> src/lib.rs:1673:9
[INFO] [stdout]      |
[INFO] [stdout] 1673 |     pub gpuTypeId: String,
[INFO] [stdout]      |         ^^^^^^^^^ help: convert the identifier to snake case: `gpu_type_id`
[INFO] [stdout] 
[INFO] [stdout] 
[INFO] [stderr]    Compiling runpod v0.1.30 (/opt/rustwide/workdir)
[INFO] [stdout] warning: unused import: `Request`
[INFO] [stdout]  --> src/lib.rs:1:31
[INFO] [stdout]   |
[INFO] [stdout] 1 | use reqwest::{Client, Method, Request};
[INFO] [stdout]   |                               ^^^^^^^
[INFO] [stdout]   |
[INFO] [stdout]   = note: `#[warn(unused_imports)]` (part of `#[warn(unused)]`) on by default
[INFO] [stdout] 
[INFO] [stdout] 
[INFO] [stdout] warning: unused import: `Value`
[INFO] [stdout]  --> src/lib.rs:3:24
[INFO] [stdout]   |
[INFO] [stdout] 3 | use serde_json::{json, Value};
[INFO] [stdout]   |                        ^^^^^
[INFO] [stdout] 
[INFO] [stdout] 
[INFO] [stdout] warning: unused import: `std::error::Error`
[INFO] [stdout]  --> src/lib.rs:5:5
[INFO] [stdout]   |
[INFO] [stdout] 5 | use std::error::Error;
[INFO] [stdout]   |     ^^^^^^^^^^^^^^^^^
[INFO] [stdout] 
[INFO] [stdout] 
[INFO] [stdout] warning: unused variable: `input`
[INFO] [stdout]    --> src/lib.rs:310:9
[INFO] [stdout]     |
[INFO] [stdout] 310 |         input: Option<GpuAvailabilityInput>,
[INFO] [stdout]     |         ^^^^^ help: if this is intentional, prefix it with an underscore: `_input`
[INFO] [stdout]     |
[INFO] [stdout]     = note: `#[warn(unused_variables)]` (part of `#[warn(unused)]`) on by default
[INFO] [stdout] 
[INFO] [stdout] 
[INFO] [stdout] warning: unused variable: `e`
[INFO] [stdout]     --> src/lib.rs:2639:17
[INFO] [stdout]      |
[INFO] [stdout] 2639 |             Err(e) => {
[INFO] [stdout]      |                 ^ help: if this is intentional, prefix it with an underscore: `_e`
[INFO] [stdout] 
[INFO] [stdout] 
[INFO] [stdout] warning: struct `GpuTypesResponse` is never constructed
[INFO] [stdout]     --> src/lib.rs:1469:8
[INFO] [stdout]      |
[INFO] [stdout] 1469 | struct GpuTypesResponse {
[INFO] [stdout]      |        ^^^^^^^^^^^^^^^^
[INFO] [stdout]      |
[INFO] [stdout]      = note: `#[warn(dead_code)]` (part of `#[warn(unused)]`) on by default
[INFO] [stdout] 
[INFO] [stdout] 
[INFO] [stdout] warning: struct `DatacentersResponse` is never constructed
[INFO] [stdout]     --> src/lib.rs:1625:8
[INFO] [stdout]      |
[INFO] [stdout] 1625 | struct DatacentersResponse {
[INFO] [stdout]      |        ^^^^^^^^^^^^^^^^^^^
[INFO] [stdout] 
[INFO] [stdout] 
[INFO] [stdout] warning: struct `MyselfDatacenters` is never constructed
[INFO] [stdout]     --> src/lib.rs:1630:8
[INFO] [stdout]      |
[INFO] [stdout] 1630 | struct MyselfDatacenters {
[INFO] [stdout]      |        ^^^^^^^^^^^^^^^^^
[INFO] [stdout] 
[INFO] [stdout] 
[INFO] [stdout] warning: struct `DatacenterQ` is never constructed
[INFO] [stdout]     --> src/lib.rs:1640:8
[INFO] [stdout]      |
[INFO] [stdout] 1640 | struct DatacenterQ {
[INFO] [stdout]      |        ^^^^^^^^^^^
[INFO] [stdout] 
[INFO] [stdout] 
[INFO] [stdout] warning: structure field `storageSupport` should have a snake case name
[INFO] [stdout]     --> src/lib.rs:1526:9
[INFO] [stdout]      |
[INFO] [stdout] 1526 |     pub storageSupport: bool,
[INFO] [stdout]      |         ^^^^^^^^^^^^^^ help: convert the identifier to snake case: `storage_support`
[INFO] [stdout]      |
[INFO] [stdout]      = note: `#[warn(non_snake_case)]` (part of `#[warn(nonstandard_style)]`) on by default
[INFO] [stdout] 
[INFO] [stdout] 
[INFO] [stdout] warning: structure field `stockStatus` should have a snake case name
[INFO] [stdout]     --> src/lib.rs:1539:9
[INFO] [stdout]      |
[INFO] [stdout] 1539 |     pub stockStatus: Option<String>,
[INFO] [stdout]      |         ^^^^^^^^^^^ help: convert the identifier to snake case: `stock_status`
[INFO] [stdout] 
[INFO] [stdout] 
[INFO] [stdout] warning: structure field `gpuTypeId` should have a snake case name
[INFO] [stdout]     --> src/lib.rs:1540:9
[INFO] [stdout]      |
[INFO] [stdout] 1540 |     pub gpuTypeId: Option<String>,
[INFO] [stdout]      |         ^^^^^^^^^ help: convert the identifier to snake case: `gpu_type_id`
[INFO] [stdout] 
[INFO] [stdout] 
[INFO] [stdout] warning: structure field `gpuTypeDisplayName` should have a snake case name
[INFO] [stdout]     --> src/lib.rs:1541:9
[INFO] [stdout]      |
[INFO] [stdout] 1541 |     pub gpuTypeDisplayName: Option<String>,
[INFO] [stdout]      |         ^^^^^^^^^^^^^^^^^^ help: convert the identifier to snake case: `gpu_type_display_name`
[INFO] [stdout] 
[INFO] [stdout] 
[INFO] [stdout] warning: structure field `displayName` should have a snake case name
[INFO] [stdout]     --> src/lib.rs:1542:9
[INFO] [stdout]      |
[INFO] [stdout] 1542 |     pub displayName: Option<String>,
[INFO] [stdout]      |         ^^^^^^^^^^^ help: convert the identifier to snake case: `display_name`
[INFO] [stdout] 
[INFO] [stdout] 
[INFO] [stdout] warning: structure field `countryCode` should have a snake case name
[INFO] [stdout]     --> src/lib.rs:1666:9
[INFO] [stdout]      |
[INFO] [stdout] 1666 |     pub countryCode: String,
[INFO] [stdout]      |         ^^^^^^^^^^^ help: convert the identifier to snake case: `country_code`
[INFO] [stdout] 
[INFO] [stdout] 
[INFO] [stdout] warning: structure field `gpuAvailability` should have a snake case name
[INFO] [stdout]     --> src/lib.rs:1667:9
[INFO] [stdout]      |
[INFO] [stdout] 1667 |     pub gpuAvailability: Vec<GpuAvailability>,
[INFO] [stdout]      |         ^^^^^^^^^^^^^^^ help: convert the identifier to snake case: `gpu_availability`
[INFO] [stdout] 
[INFO] [stdout] 
[INFO] [stdout] warning: structure field `gpuTypeId` should have a snake case name
[INFO] [stdout]     --> src/lib.rs:1673:9
[INFO] [stdout]      |
[INFO] [stdout] 1673 |     pub gpuTypeId: String,
[INFO] [stdout]      |         ^^^^^^^^^ help: convert the identifier to snake case: `gpu_type_id`
[INFO] [stdout] 
[INFO] [stdout] 
[INFO] [stderr]     Finished `test` profile [unoptimized + debuginfo] target(s) in 5.18s
[INFO] running `Command { std: "docker" "inspect" "cdbda8ae01fc09f32b108dbef46dc2ff592db50d862204852fd5c2167eaf1595", kill_on_drop: false }`
[INFO] running `Command { std: "docker" "exec" "-e" "SOURCE_DIR=/opt/rustwide/workdir" "-e" "CARGO_HOME=/opt/rustwide/cargo-home" "-e" "RUSTUP_HOME=/opt/rustwide/rustup-home" "-e" "CARGO_TARGET_DIR=/opt/rustwide/target" "-e" "CARGO_INCREMENTAL=0" "-e" "RUST_BACKTRACE=full" "-e" "RUSTFLAGS=--cap-lints=warn" "-e" "RUSTDOCFLAGS=--cap-lints=warn" "-w" "/opt/rustwide/workdir" "--user" "0:0" "cdbda8ae01fc09f32b108dbef46dc2ff592db50d862204852fd5c2167eaf1595" "/opt/rustwide/cargo-home/bin/cargo" "+1.99.0-beta.8" "test" "--frozen", kill_on_drop: false }`
[INFO] [stderr] warning: unused import: `Request`
[INFO] [stderr]  --> src/lib.rs:1:31
[INFO] [stderr]   |
[INFO] [stderr] 1 | use reqwest::{Client, Method, Request};
[INFO] [stderr]   |                               ^^^^^^^
[INFO] [stderr]   |
[INFO] [stderr]   = note: `#[warn(unused_imports)]` (part of `#[warn(unused)]`) on by default
[INFO] [stderr] 
[INFO] [stderr] warning: unused import: `Value`
[INFO] [stderr]  --> src/lib.rs:3:24
[INFO] [stderr]   |
[INFO] [stderr] 3 | use serde_json::{json, Value};
[INFO] [stderr]   |                        ^^^^^
[INFO] [stderr] 
[INFO] [stderr] warning: unused import: `std::error::Error`
[INFO] [stderr]  --> src/lib.rs:5:5
[INFO] [stderr]   |
[INFO] [stderr] 5 | use std::error::Error;
[INFO] [stderr]   |     ^^^^^^^^^^^^^^^^^
[INFO] [stderr] 
[INFO] [stderr] warning: unused variable: `input`
[INFO] [stderr]    --> src/lib.rs:310:9
[INFO] [stderr]     |
[INFO] [stderr] 310 |         input: Option<GpuAvailabilityInput>,
[INFO] [stderr]     |         ^^^^^ help: if this is intentional, prefix it with an underscore: `_input`
[INFO] [stderr]     |
[INFO] [stderr]     = note: `#[warn(unused_variables)]` (part of `#[warn(unused)]`) on by default
[INFO] [stderr] 
[INFO] [stderr] warning: struct `GpuTypesResponse` is never constructed
[INFO] [stderr]     --> src/lib.rs:1469:8
[INFO] [stderr]      |
[INFO] [stderr] 1469 | struct GpuTypesResponse {
[INFO] [stderr]      |        ^^^^^^^^^^^^^^^^
[INFO] [stderr]      |
[INFO] [stderr]      = note: `#[warn(dead_code)]` (part of `#[warn(unused)]`) on by default
[INFO] [stderr] 
[INFO] [stderr] warning: struct `DatacentersResponse` is never constructed
[INFO] [stderr]     --> src/lib.rs:1625:8
[INFO] [stderr]      |
[INFO] [stderr] 1625 | struct DatacentersResponse {
[INFO] [stderr]      |        ^^^^^^^^^^^^^^^^^^^
[INFO] [stderr] 
[INFO] [stderr] warning: struct `MyselfDatacenters` is never constructed
[INFO] [stderr]     --> src/lib.rs:1630:8
[INFO] [stderr]      |
[INFO] [stderr] 1630 | struct MyselfDatacenters {
[INFO] [stderr]      |        ^^^^^^^^^^^^^^^^^
[INFO] [stderr] 
[INFO] [stderr] warning: struct `DatacenterQ` is never constructed
[INFO] [stderr]     --> src/lib.rs:1640:8
[INFO] [stderr]      |
[INFO] [stderr] 1640 | struct DatacenterQ {
[INFO] [stderr]      |        ^^^^^^^^^^^
[INFO] [stderr] 
[INFO] [stderr] warning: structure field `storageSupport` should have a snake case name
[INFO] [stderr]     --> src/lib.rs:1526:9
[INFO] [stderr]      |
[INFO] [stderr] 1526 |     pub storageSupport: bool,
[INFO] [stderr]      |         ^^^^^^^^^^^^^^ help: convert the identifier to snake case: `storage_support`
[INFO] [stderr]      |
[INFO] [stderr]      = note: `#[warn(non_snake_case)]` (part of `#[warn(nonstandard_style)]`) on by default
[INFO] [stderr] 
[INFO] [stderr] warning: structure field `stockStatus` should have a snake case name
[INFO] [stderr]     --> src/lib.rs:1539:9
[INFO] [stderr]      |
[INFO] [stderr] 1539 |     pub stockStatus: Option<String>,
[INFO] [stderr]      |         ^^^^^^^^^^^ help: convert the identifier to snake case: `stock_status`
[INFO] [stderr] 
[INFO] [stderr] warning: structure field `gpuTypeId` should have a snake case name
[INFO] [stderr]     --> src/lib.rs:1540:9
[INFO] [stderr]      |
[INFO] [stderr] 1540 |     pub gpuTypeId: Option<String>,
[INFO] [stderr]      |         ^^^^^^^^^ help: convert the identifier to snake case: `gpu_type_id`
[INFO] [stderr] 
[INFO] [stderr] warning: structure field `gpuTypeDisplayName` should have a snake case name
[INFO] [stderr]     --> src/lib.rs:1541:9
[INFO] [stderr]      |
[INFO] [stderr] 1541 |     pub gpuTypeDisplayName: Option<String>,
[INFO] [stderr]      |         ^^^^^^^^^^^^^^^^^^ help: convert the identifier to snake case: `gpu_type_display_name`
[INFO] [stderr] 
[INFO] [stderr] warning: structure field `displayName` should have a snake case name
[INFO] [stderr]     --> src/lib.rs:1542:9
[INFO] [stderr]      |
[INFO] [stderr] 1542 |     pub displayName: Option<String>,
[INFO] [stderr]      |         ^^^^^^^^^^^ help: convert the identifier to snake case: `display_name`
[INFO] [stderr] 
[INFO] [stderr] warning: structure field `countryCode` should have a snake case name
[INFO] [stderr]     --> src/lib.rs:1666:9
[INFO] [stderr]      |
[INFO] [stderr] 1666 |     pub countryCode: String,
[INFO] [stderr]      |         ^^^^^^^^^^^ help: convert the identifier to snake case: `country_code`
[INFO] [stderr] 
[INFO] [stderr] warning: structure field `gpuAvailability` should have a snake case name
[INFO] [stderr]     --> src/lib.rs:1667:9
[INFO] [stderr]      |
[INFO] [stderr] 1667 |     pub gpuAvailability: Vec<GpuAvailability>,
[INFO] [stderr]      |         ^^^^^^^^^^^^^^^ help: convert the identifier to snake case: `gpu_availability`
[INFO] [stderr] 
[INFO] [stderr] warning: structure field `gpuTypeId` should have a snake case name
[INFO] [stderr]     --> src/lib.rs:1673:9
[INFO] [stderr]      |
[INFO] [stderr] 1673 |     pub gpuTypeId: String,
[INFO] [stderr]      |         ^^^^^^^^^ help: convert the identifier to snake case: `gpu_type_id`
[INFO] [stderr] 
[INFO] [stderr] warning: unused variable: `e`
[INFO] [stderr]     --> src/lib.rs:2639:17
[INFO] [stderr]      |
[INFO] [stderr] 2639 |             Err(e) => {
[INFO] [stderr]      |                 ^ help: if this is intentional, prefix it with an underscore: `_e`
[INFO] [stderr] 
[INFO] [stderr] warning: `runpod` (lib) generated 16 warnings (run `cargo fix --lib -p runpod` to apply 4 suggestions)
[INFO] [stderr] warning: `runpod` (lib test) generated 17 warnings (16 duplicates) (run `cargo fix --lib -p runpod --tests` to apply 1 suggestion)
[INFO] [stderr]     Finished `test` profile [unoptimized + debuginfo] target(s) in 0.15s
[INFO] [stderr]      Running unittests src/lib.rs (/opt/rustwide/target/debug/deps/runpod-d5663e0de9711921)
[INFO] [stdout] 
[INFO] [stdout] running 2 tests
[INFO] [stdout] test tests::integration_test_list_gpu_types ... ignored
[INFO] [stdout] test tests::integration_test_create_on_demand_pod ... FAILED
[INFO] [stdout] 
[INFO] [stdout] failures:
[INFO] [stdout] 
[INFO] [stdout] ---- tests::integration_test_create_on_demand_pod stdout ----
[INFO] [stdout] 
[INFO] [stdout] thread 'tests::integration_test_create_on_demand_pod' (1193) panicked at src/lib.rs:2617:40:
[INFO] [stdout] RUNPOD_API_KEY environment variable must be set: NotPresent
[INFO] [stdout] stack backtrace:
[INFO] [stdout]    0:     0x61a295664be1 - std[70759c8f55707aa4]::backtrace_rs::backtrace::libunwind::trace
[INFO] [stdout]                                at /rustc/dfb0accb7f508ae8be965d8629557221c889dd98/library/std/src/../../backtrace/src/backtrace/libunwind.rs:117:9
[INFO] [stdout]    1:     0x61a295664be1 - std[70759c8f55707aa4]::backtrace_rs::backtrace::trace_unsynchronized::<std[70759c8f55707aa4]::sys::backtrace::_print_fmt::{closure#1}>
[INFO] [stdout]                                at /rustc/dfb0accb7f508ae8be965d8629557221c889dd98/library/std/src/../../backtrace/src/backtrace/mod.rs:66:14
[INFO] [stdout]    2:     0x61a295664be1 - std[70759c8f55707aa4]::sys::backtrace::_print_fmt
[INFO] [stdout]                                at /rustc/dfb0accb7f508ae8be965d8629557221c889dd98/library/std/src/sys/backtrace.rs:74:9
[INFO] [stdout]    3:     0x61a295664be1 - <<std[70759c8f55707aa4]::sys::backtrace::BacktraceLock>::print::DisplayBacktrace as core[df12db4294e9bfd3]::fmt::Display>::fmt
[INFO] [stdout]                                at /rustc/dfb0accb7f508ae8be965d8629557221c889dd98/library/std/src/sys/backtrace.rs:44:26
[INFO] [stdout]    4:     0x61a29567b3ba - <core[df12db4294e9bfd3]::fmt::rt::Argument>::fmt
[INFO] [stdout]                                at /rustc/dfb0accb7f508ae8be965d8629557221c889dd98/library/core/src/fmt/rt.rs:152:76
[INFO] [stdout]    5:     0x61a29567b3ba - core[df12db4294e9bfd3]::fmt::write
[INFO] [stdout]    6:     0x61a29566979c - core[df12db4294e9bfd3]::io::write::default_write_fmt::<alloc[2182bb758b4b3781]::vec::Vec<u8>>
[INFO] [stdout]                                at /rustc/dfb0accb7f508ae8be965d8629557221c889dd98/library/core/src/io/write.rs:402:11
[INFO] [stdout]    7:     0x61a29566979c - <alloc[2182bb758b4b3781]::vec::Vec<u8> as core[df12db4294e9bfd3]::io::write::Write>::write_fmt
[INFO] [stdout]                                at /rustc/dfb0accb7f508ae8be965d8629557221c889dd98/library/core/src/io/write.rs:335:13
[INFO] [stdout]    8:     0x61a29563fed6 - <std[70759c8f55707aa4]::sys::backtrace::BacktraceLock>::print
[INFO] [stdout]                                at /rustc/dfb0accb7f508ae8be965d8629557221c889dd98/library/std/src/sys/backtrace.rs:47:9
[INFO] [stdout]    9:     0x61a29563fed6 - std[70759c8f55707aa4]::panicking::default_hook::{closure#0}
[INFO] [stdout]                                at /rustc/dfb0accb7f508ae8be965d8629557221c889dd98/library/std/src/panicking.rs:292:27
[INFO] [stdout]   10:     0x61a29565cae9 - std[70759c8f55707aa4]::panicking::default_hook
[INFO] [stdout]                                at /rustc/dfb0accb7f508ae8be965d8629557221c889dd98/library/std/src/panicking.rs:316:9
[INFO] [stdout]   11:     0x61a29520f870 - <alloc[2182bb758b4b3781]::boxed::Box<dyn for<'a, 'b> core[df12db4294e9bfd3]::ops::function::Fn<(&'a std[70759c8f55707aa4]::panic::PanicHookInfo<'b>,), Output = ()> + core[df12db4294e9bfd3]::marker::Send + core[df12db4294e9bfd3]::marker::Sync> as core[df12db4294e9bfd3]::ops::function::Fn<(&std[70759c8f55707aa4]::panic::PanicHookInfo,)>>::call
[INFO] [stdout]                                at /rustc/dfb0accb7f508ae8be965d8629557221c889dd98/library/alloc/src/boxed.rs:2334:9
[INFO] [stdout]   12:     0x61a29520f870 - test[9d35eded1c95d3be]::test_main_inner::<test[9d35eded1c95d3be]::test_main_static::{closure#0}>::{closure#0}
[INFO] [stdout]                                at /rustc/dfb0accb7f508ae8be965d8629557221c889dd98/library/test/src/lib.rs:155:21
[INFO] [stdout]   13:     0x61a29565ce12 - <alloc[2182bb758b4b3781]::boxed::Box<dyn for<'a, 'b> core[df12db4294e9bfd3]::ops::function::Fn<(&'a std[70759c8f55707aa4]::panic::PanicHookInfo<'b>,), Output = ()> + core[df12db4294e9bfd3]::marker::Send + core[df12db4294e9bfd3]::marker::Sync> as core[df12db4294e9bfd3]::ops::function::Fn<(&std[70759c8f55707aa4]::panic::PanicHookInfo,)>>::call
[INFO] [stdout]                                at /rustc/dfb0accb7f508ae8be965d8629557221c889dd98/library/alloc/src/boxed.rs:2334:9
[INFO] [stdout]   14:     0x61a29565ce12 - std[70759c8f55707aa4]::panicking::panic_with_hook
[INFO] [stdout]                                at /rustc/dfb0accb7f508ae8be965d8629557221c889dd98/library/std/src/panicking.rs:823:13
[INFO] [stdout]   15:     0x61a29563ff82 - std[70759c8f55707aa4]::panicking::panic_handler::{closure#0}
[INFO] [stdout]                                at /rustc/dfb0accb7f508ae8be965d8629557221c889dd98/library/std/src/panicking.rs:688:13
[INFO] [stdout]   16:     0x61a295638c29 - std[70759c8f55707aa4]::sys::backtrace::__rust_end_short_backtrace::<std[70759c8f55707aa4]::panicking::panic_handler::{closure#0}, !>
[INFO] [stdout]                                at /rustc/dfb0accb7f508ae8be965d8629557221c889dd98/library/std/src/sys/backtrace.rs:182:18
[INFO] [stdout]   17:     0x61a295640d6d - __rustc[8fa7c3cbc660c2b3]::rust_begin_unwind
[INFO] [stdout]                                at /rustc/dfb0accb7f508ae8be965d8629557221c889dd98/library/std/src/panicking.rs:679:5
[INFO] [stdout]   18:     0x61a29567bbdc - core[df12db4294e9bfd3]::panicking::panic_fmt
[INFO] [stdout]                                at /rustc/dfb0accb7f508ae8be965d8629557221c889dd98/library/core/src/panicking.rs:80:14
[INFO] [stdout]   19:     0x61a29567b932 - core[df12db4294e9bfd3]::result::unwrap_failed
[INFO] [stdout]                                at /rustc/dfb0accb7f508ae8be965d8629557221c889dd98/library/core/src/result.rs:1871:5
[INFO] [stdout]   20:     0x61a2951ff58e - <core[df12db4294e9bfd3]::result::Result<alloc[2182bb758b4b3781]::string::String, std[70759c8f55707aa4]::env::VarError>>::expect
[INFO] [stdout]                                at /rustc/dfb0accb7f508ae8be965d8629557221c889dd98/library/core/src/result.rs:1184:23
[INFO] [stdout]   21:     0x61a2951e6769 - runpod[29e54fc01a21472b]::tests::integration_test_create_on_demand_pod::{closure#0}
[INFO] [stdout]                                at /opt/rustwide/workdir/src/lib.rs:2617:40
[INFO] [stdout]   22:     0x61a2951c6652 - <core[df12db4294e9bfd3]::pin::Pin<&mut dyn core[df12db4294e9bfd3]::future::future::Future<Output = ()>> as core[df12db4294e9bfd3]::future::future::Future>::poll
[INFO] [stdout]                                at /rustc/dfb0accb7f508ae8be965d8629557221c889dd98/library/core/src/future/future.rs:133:9
[INFO] [stdout]   23:     0x61a2951c66cd - <core[df12db4294e9bfd3]::pin::Pin<&mut core[df12db4294e9bfd3]::pin::Pin<&mut dyn core[df12db4294e9bfd3]::future::future::Future<Output = ()>>> as core[df12db4294e9bfd3]::future::future::Future>::poll
[INFO] [stdout]                                at /rustc/dfb0accb7f508ae8be965d8629557221c889dd98/library/core/src/future/future.rs:133:9
[INFO] [stdout]   24:     0x61a2951f71ed - <tokio[cc19b4a5deaee1cd]::runtime::scheduler::current_thread::CoreGuard>::block_on::<core[df12db4294e9bfd3]::pin::Pin<&mut core[df12db4294e9bfd3]::pin::Pin<&mut dyn core[df12db4294e9bfd3]::future::future::Future<Output = ()>>>>::{closure#0}::{closure#0}::{closure#0}
[INFO] [stdout]                                at /opt/rustwide/cargo-home/registry/src/index.crates.io-1949cf8c6b5b557f/tokio-1.53.2/src/runtime/scheduler/current_thread/mod.rs:830:70
[INFO] [stdout]   25:     0x61a2951f7125 - tokio[cc19b4a5deaee1cd]::task::coop::with_budget::<core[df12db4294e9bfd3]::task::poll::Poll<()>, <tokio[cc19b4a5deaee1cd]::runtime::scheduler::current_thread::CoreGuard>::block_on<core[df12db4294e9bfd3]::pin::Pin<&mut core[df12db4294e9bfd3]::pin::Pin<&mut dyn core[df12db4294e9bfd3]::future::future::Future<Output = ()>>>>::{closure#0}::{closure#0}::{closure#0}>
[INFO] [stdout]                                at /opt/rustwide/cargo-home/registry/src/index.crates.io-1949cf8c6b5b557f/tokio-1.53.2/src/task/coop/mod.rs:167:5
[INFO] [stdout]   26:     0x61a2951f7125 - tokio[cc19b4a5deaee1cd]::task::coop::budget::<core[df12db4294e9bfd3]::task::poll::Poll<()>, <tokio[cc19b4a5deaee1cd]::runtime::scheduler::current_thread::CoreGuard>::block_on<core[df12db4294e9bfd3]::pin::Pin<&mut core[df12db4294e9bfd3]::pin::Pin<&mut dyn core[df12db4294e9bfd3]::future::future::Future<Output = ()>>>>::{closure#0}::{closure#0}::{closure#0}>
[INFO] [stdout]                                at /opt/rustwide/cargo-home/registry/src/index.crates.io-1949cf8c6b5b557f/tokio-1.53.2/src/task/coop/mod.rs:133:5
[INFO] [stdout]   27:     0x61a2951f7125 - <tokio[cc19b4a5deaee1cd]::runtime::scheduler::current_thread::CoreGuard>::block_on::<core[df12db4294e9bfd3]::pin::Pin<&mut core[df12db4294e9bfd3]::pin::Pin<&mut dyn core[df12db4294e9bfd3]::future::future::Future<Output = ()>>>>::{closure#0}::{closure#0}
[INFO] [stdout]                                at /opt/rustwide/cargo-home/registry/src/index.crates.io-1949cf8c6b5b557f/tokio-1.53.2/src/runtime/scheduler/current_thread/mod.rs:830:25
[INFO] [stdout]   28:     0x61a2951eda22 - <tokio[cc19b4a5deaee1cd]::runtime::scheduler::current_thread::Context>::enter::<core[df12db4294e9bfd3]::task::poll::Poll<()>, <tokio[cc19b4a5deaee1cd]::runtime::scheduler::current_thread::CoreGuard>::block_on<core[df12db4294e9bfd3]::pin::Pin<&mut core[df12db4294e9bfd3]::pin::Pin<&mut dyn core[df12db4294e9bfd3]::future::future::Future<Output = ()>>>>::{closure#0}::{closure#0}>
[INFO] [stdout]                                at /opt/rustwide/cargo-home/registry/src/index.crates.io-1949cf8c6b5b557f/tokio-1.53.2/src/runtime/scheduler/current_thread/mod.rs:488:19
[INFO] [stdout]   29:     0x61a2951f5b0d - <tokio[cc19b4a5deaee1cd]::runtime::scheduler::current_thread::CoreGuard>::block_on::<core[df12db4294e9bfd3]::pin::Pin<&mut core[df12db4294e9bfd3]::pin::Pin<&mut dyn core[df12db4294e9bfd3]::future::future::Future<Output = ()>>>>::{closure#0}
[INFO] [stdout]                                at /opt/rustwide/cargo-home/registry/src/index.crates.io-1949cf8c6b5b557f/tokio-1.53.2/src/runtime/scheduler/current_thread/mod.rs:829:44
[INFO] [stdout]   30:     0x61a2951f4da4 - <tokio[cc19b4a5deaee1cd]::runtime::scheduler::current_thread::CoreGuard>::enter::<<tokio[cc19b4a5deaee1cd]::runtime::scheduler::current_thread::CoreGuard>::block_on<core[df12db4294e9bfd3]::pin::Pin<&mut core[df12db4294e9bfd3]::pin::Pin<&mut dyn core[df12db4294e9bfd3]::future::future::Future<Output = ()>>>>::{closure#0}, core[df12db4294e9bfd3]::option::Option<()>>::{closure#0}
[INFO] [stdout]                                at /opt/rustwide/cargo-home/registry/src/index.crates.io-1949cf8c6b5b557f/tokio-1.53.2/src/runtime/scheduler/current_thread/mod.rs:906:68
[INFO] [stdout]   31:     0x61a2951d897b - <tokio[cc19b4a5deaee1cd]::runtime::context::scoped::Scoped<tokio[cc19b4a5deaee1cd]::runtime::scheduler::Context>>::set::<<tokio[cc19b4a5deaee1cd]::runtime::scheduler::current_thread::CoreGuard>::enter<<tokio[cc19b4a5deaee1cd]::runtime::scheduler::current_thread::CoreGuard>::block_on<core[df12db4294e9bfd3]::pin::Pin<&mut core[df12db4294e9bfd3]::pin::Pin<&mut dyn core[df12db4294e9bfd3]::future::future::Future<Output = ()>>>>::{closure#0}, core[df12db4294e9bfd3]::option::Option<()>>::{closure#0}, (alloc[2182bb758b4b3781]::boxed::Box<tokio[cc19b4a5deaee1cd]::runtime::scheduler::current_thread::Core>, core[df12db4294e9bfd3]::option::Option<()>)>
[INFO] [stdout]                                at /opt/rustwide/cargo-home/registry/src/index.crates.io-1949cf8c6b5b557f/tokio-1.53.2/src/runtime/context/scoped.rs:40:9
[INFO] [stdout]   32:     0x61a2951e5c69 - tokio[cc19b4a5deaee1cd]::runtime::context::set_scheduler::<(alloc[2182bb758b4b3781]::boxed::Box<tokio[cc19b4a5deaee1cd]::runtime::scheduler::current_thread::Core>, core[df12db4294e9bfd3]::option::Option<()>), <tokio[cc19b4a5deaee1cd]::runtime::scheduler::current_thread::CoreGuard>::enter<<tokio[cc19b4a5deaee1cd]::runtime::scheduler::current_thread::CoreGuard>::block_on<core[df12db4294e9bfd3]::pin::Pin<&mut core[df12db4294e9bfd3]::pin::Pin<&mut dyn core[df12db4294e9bfd3]::future::future::Future<Output = ()>>>>::{closure#0}, core[df12db4294e9bfd3]::option::Option<()>>::{closure#0}>::{closure#0}
[INFO] [stdout]                                at /opt/rustwide/cargo-home/registry/src/index.crates.io-1949cf8c6b5b557f/tokio-1.53.2/src/runtime/context.rs:187:38
[INFO] [stdout]   33:     0x61a2951bf46f - <std[70759c8f55707aa4]::thread::local::LocalKey<tokio[cc19b4a5deaee1cd]::runtime::context::Context>>::try_with::<tokio[cc19b4a5deaee1cd]::runtime::context::set_scheduler<(alloc[2182bb758b4b3781]::boxed::Box<tokio[cc19b4a5deaee1cd]::runtime::scheduler::current_thread::Core>, core[df12db4294e9bfd3]::option::Option<()>), <tokio[cc19b4a5deaee1cd]::runtime::scheduler::current_thread::CoreGuard>::enter<<tokio[cc19b4a5deaee1cd]::runtime::scheduler::current_thread::CoreGuard>::block_on<core[df12db4294e9bfd3]::pin::Pin<&mut core[df12db4294e9bfd3]::pin::Pin<&mut dyn core[df12db4294e9bfd3]::future::future::Future<Output = ()>>>>::{closure#0}, core[df12db4294e9bfd3]::option::Option<()>>::{closure#0}>::{closure#0}, (alloc[2182bb758b4b3781]::boxed::Box<tokio[cc19b4a5deaee1cd]::runtime::scheduler::current_thread::Core>, core[df12db4294e9bfd3]::option::Option<()>)>
[INFO] [stdout]                                at /rustc/dfb0accb7f508ae8be965d8629557221c889dd98/library/std/src/thread/local.rs:463:12
[INFO] [stdout]   34:     0x61a2951bf01e - <std[70759c8f55707aa4]::thread::local::LocalKey<tokio[cc19b4a5deaee1cd]::runtime::context::Context>>::with::<tokio[cc19b4a5deaee1cd]::runtime::context::set_scheduler<(alloc[2182bb758b4b3781]::boxed::Box<tokio[cc19b4a5deaee1cd]::runtime::scheduler::current_thread::Core>, core[df12db4294e9bfd3]::option::Option<()>), <tokio[cc19b4a5deaee1cd]::runtime::scheduler::current_thread::CoreGuard>::enter<<tokio[cc19b4a5deaee1cd]::runtime::scheduler::current_thread::CoreGuard>::block_on<core[df12db4294e9bfd3]::pin::Pin<&mut core[df12db4294e9bfd3]::pin::Pin<&mut dyn core[df12db4294e9bfd3]::future::future::Future<Output = ()>>>>::{closure#0}, core[df12db4294e9bfd3]::option::Option<()>>::{closure#0}>::{closure#0}, (alloc[2182bb758b4b3781]::boxed::Box<tokio[cc19b4a5deaee1cd]::runtime::scheduler::current_thread::Core>, core[df12db4294e9bfd3]::option::Option<()>)>
[INFO] [stdout]                                at /rustc/dfb0accb7f508ae8be965d8629557221c889dd98/library/std/src/thread/local.rs:427:20
[INFO] [stdout]   35:     0x61a2951e3b0d - tokio[cc19b4a5deaee1cd]::runtime::context::set_scheduler::<(alloc[2182bb758b4b3781]::boxed::Box<tokio[cc19b4a5deaee1cd]::runtime::scheduler::current_thread::Core>, core[df12db4294e9bfd3]::option::Option<()>), <tokio[cc19b4a5deaee1cd]::runtime::scheduler::current_thread::CoreGuard>::enter<<tokio[cc19b4a5deaee1cd]::runtime::scheduler::current_thread::CoreGuard>::block_on<core[df12db4294e9bfd3]::pin::Pin<&mut core[df12db4294e9bfd3]::pin::Pin<&mut dyn core[df12db4294e9bfd3]::future::future::Future<Output = ()>>>>::{closure#0}, core[df12db4294e9bfd3]::option::Option<()>>::{closure#0}>
[INFO] [stdout]                                at /opt/rustwide/cargo-home/registry/src/index.crates.io-1949cf8c6b5b557f/tokio-1.53.2/src/runtime/context.rs:187:17
[INFO] [stdout]   36:     0x61a2951ee170 - <tokio[cc19b4a5deaee1cd]::runtime::scheduler::current_thread::CoreGuard>::enter::<<tokio[cc19b4a5deaee1cd]::runtime::scheduler::current_thread::CoreGuard>::block_on<core[df12db4294e9bfd3]::pin::Pin<&mut core[df12db4294e9bfd3]::pin::Pin<&mut dyn core[df12db4294e9bfd3]::future::future::Future<Output = ()>>>>::{closure#0}, core[df12db4294e9bfd3]::option::Option<()>>
[INFO] [stdout]                                at /opt/rustwide/cargo-home/registry/src/index.crates.io-1949cf8c6b5b557f/tokio-1.53.2/src/runtime/scheduler/current_thread/mod.rs:906:27
[INFO] [stdout]   37:     0x61a2951ee466 - <tokio[cc19b4a5deaee1cd]::runtime::scheduler::current_thread::CoreGuard>::block_on::<core[df12db4294e9bfd3]::pin::Pin<&mut core[df12db4294e9bfd3]::pin::Pin<&mut dyn core[df12db4294e9bfd3]::future::future::Future<Output = ()>>>>
[INFO] [stdout]                                at /opt/rustwide/cargo-home/registry/src/index.crates.io-1949cf8c6b5b557f/tokio-1.53.2/src/runtime/scheduler/current_thread/mod.rs:817:24
[INFO] [stdout]   38:     0x61a2951f4c50 - <tokio[cc19b4a5deaee1cd]::runtime::scheduler::current_thread::CurrentThread>::block_on::<core[df12db4294e9bfd3]::pin::Pin<&mut dyn core[df12db4294e9bfd3]::future::future::Future<Output = ()>>>::{closure#0}
[INFO] [stdout]                                at /opt/rustwide/cargo-home/registry/src/index.crates.io-1949cf8c6b5b557f/tokio-1.53.2/src/runtime/scheduler/current_thread/mod.rs:218:33
[INFO] [stdout]   39:     0x61a2951f0f38 - tokio[cc19b4a5deaee1cd]::runtime::context::runtime::enter_runtime::<<tokio[cc19b4a5deaee1cd]::runtime::scheduler::current_thread::CurrentThread>::block_on<core[df12db4294e9bfd3]::pin::Pin<&mut dyn core[df12db4294e9bfd3]::future::future::Future<Output = ()>>>::{closure#0}, ()>
[INFO] [stdout]                                at /opt/rustwide/cargo-home/registry/src/index.crates.io-1949cf8c6b5b557f/tokio-1.53.2/src/runtime/context/runtime.rs:65:16
[INFO] [stdout]   40:     0x61a2951ed2a4 - <tokio[cc19b4a5deaee1cd]::runtime::scheduler::current_thread::CurrentThread>::block_on::<core[df12db4294e9bfd3]::pin::Pin<&mut dyn core[df12db4294e9bfd3]::future::future::Future<Output = ()>>>
[INFO] [stdout]                                at /opt/rustwide/cargo-home/registry/src/index.crates.io-1949cf8c6b5b557f/tokio-1.53.2/src/runtime/scheduler/current_thread/mod.rs:206:9
[INFO] [stdout]   41:     0x61a2951d858f - <tokio[cc19b4a5deaee1cd]::runtime::runtime::Runtime>::block_on_inner::<core[df12db4294e9bfd3]::pin::Pin<&mut dyn core[df12db4294e9bfd3]::future::future::Future<Output = ()>>>
[INFO] [stdout]                                at /opt/rustwide/cargo-home/registry/src/index.crates.io-1949cf8c6b5b557f/tokio-1.53.2/src/runtime/runtime.rs:374:52
[INFO] [stdout]   42:     0x61a2951d86db - <tokio[cc19b4a5deaee1cd]::runtime::runtime::Runtime>::block_on::<core[df12db4294e9bfd3]::pin::Pin<&mut dyn core[df12db4294e9bfd3]::future::future::Future<Output = ()>>>
[INFO] [stdout]                                at /opt/rustwide/cargo-home/registry/src/index.crates.io-1949cf8c6b5b557f/tokio-1.53.2/src/runtime/runtime.rs:343:18
[INFO] [stdout]   43:     0x61a2951eba5f - runpod[29e54fc01a21472b]::tests::integration_test_create_on_demand_pod
[INFO] [stdout]                                at /opt/rustwide/workdir/src/lib.rs:2782:50
[INFO] [stdout]   44:     0x61a2951e5e47 - runpod[29e54fc01a21472b]::tests::integration_test_create_on_demand_pod::{closure#0}
[INFO] [stdout]                                at /opt/rustwide/workdir/src/lib.rs:2614:53
[INFO] [stdout]   45:     0x61a2951fd2c6 - <runpod[29e54fc01a21472b]::tests::integration_test_create_on_demand_pod::{closure#0} as core[df12db4294e9bfd3]::ops::function::FnOnce<()>>::call_once
[INFO] [stdout]                                at /rustc/dfb0accb7f508ae8be965d8629557221c889dd98/library/core/src/ops/function.rs:250:5
[INFO] [stdout]   46:     0x61a295202b5b - <fn() -> core[df12db4294e9bfd3]::result::Result<(), alloc[2182bb758b4b3781]::string::String> as core[df12db4294e9bfd3]::ops::function::FnOnce<()>>::call_once
[INFO] [stdout]                                at /rustc/dfb0accb7f508ae8be965d8629557221c889dd98/library/core/src/ops/function.rs:250:5
[INFO] [stdout]   47:     0x61a295202b5b - test[9d35eded1c95d3be]::__rust_begin_short_backtrace::<core[df12db4294e9bfd3]::result::Result<(), alloc[2182bb758b4b3781]::string::String>, fn() -> core[df12db4294e9bfd3]::result::Result<(), alloc[2182bb758b4b3781]::string::String>>
[INFO] [stdout]                                at /rustc/dfb0accb7f508ae8be965d8629557221c889dd98/library/test/src/lib.rs:733:18
[INFO] [stdout]   48:     0x61a2952101c5 - test[9d35eded1c95d3be]::run_test_in_process::{closure#0}
[INFO] [stdout]                                at /rustc/dfb0accb7f508ae8be965d8629557221c889dd98/library/test/src/lib.rs:756:74
[INFO] [stdout]   49:     0x61a2952101c5 - <core[df12db4294e9bfd3]::panic::unwind_safe::AssertUnwindSafe<test[9d35eded1c95d3be]::run_test_in_process::{closure#0}> as core[df12db4294e9bfd3]::ops::function::FnOnce<()>>::call_once
[INFO] [stdout]                                at /rustc/dfb0accb7f508ae8be965d8629557221c889dd98/library/core/src/panic/unwind_safe.rs:275:9
[INFO] [stdout]   50:     0x61a2952101c5 - std[70759c8f55707aa4]::panicking::catch_unwind::do_call::<core[df12db4294e9bfd3]::panic::unwind_safe::AssertUnwindSafe<test[9d35eded1c95d3be]::run_test_in_process::{closure#0}>, core[df12db4294e9bfd3]::result::Result<(), alloc[2182bb758b4b3781]::string::String>>
[INFO] [stdout]                                at /rustc/dfb0accb7f508ae8be965d8629557221c889dd98/library/std/src/panicking.rs:576:43
[INFO] [stdout]   51:     0x61a2952101c5 - std[70759c8f55707aa4]::panicking::catch_unwind::<core[df12db4294e9bfd3]::result::Result<(), alloc[2182bb758b4b3781]::string::String>, core[df12db4294e9bfd3]::panic::unwind_safe::AssertUnwindSafe<test[9d35eded1c95d3be]::run_test_in_process::{closure#0}>>
[INFO] [stdout]                                at /rustc/dfb0accb7f508ae8be965d8629557221c889dd98/library/std/src/panicking.rs:544:19
[INFO] [stdout]   52:     0x61a2952101c5 - std[70759c8f55707aa4]::panic::catch_unwind::<core[df12db4294e9bfd3]::panic::unwind_safe::AssertUnwindSafe<test[9d35eded1c95d3be]::run_test_in_process::{closure#0}>, core[df12db4294e9bfd3]::result::Result<(), alloc[2182bb758b4b3781]::string::String>>
[INFO] [stdout]                                at /rustc/dfb0accb7f508ae8be965d8629557221c889dd98/library/std/src/panic.rs:359:14
[INFO] [stdout]   53:     0x61a2952101c5 - test[9d35eded1c95d3be]::run_test_in_process
[INFO] [stdout]                                at /rustc/dfb0accb7f508ae8be965d8629557221c889dd98/library/test/src/lib.rs:756:27
[INFO] [stdout]   54:     0x61a2952101c5 - test[9d35eded1c95d3be]::run_test::{closure#0}
[INFO] [stdout]                                at /rustc/dfb0accb7f508ae8be965d8629557221c889dd98/library/test/src/lib.rs:677:43
[INFO] [stdout]   55:     0x61a295209a84 - test[9d35eded1c95d3be]::run_test::{closure#1}
[INFO] [stdout]                                at /rustc/dfb0accb7f508ae8be965d8629557221c889dd98/library/test/src/lib.rs:707:41
[INFO] [stdout]   56:     0x61a295209a84 - std[70759c8f55707aa4]::sys::backtrace::__rust_begin_short_backtrace::<test[9d35eded1c95d3be]::run_test::{closure#1}, ()>
[INFO] [stdout]                                at /rustc/dfb0accb7f508ae8be965d8629557221c889dd98/library/std/src/sys/backtrace.rs:166:18
[INFO] [stdout]   57:     0x61a295213322 - std[70759c8f55707aa4]::thread::lifecycle::spawn_unchecked::<test[9d35eded1c95d3be]::run_test::{closure#1}, ()>::{closure#1}::{closure#0}
[INFO] [stdout]                                at /rustc/dfb0accb7f508ae8be965d8629557221c889dd98/library/std/src/thread/lifecycle.rs:70:13
[INFO] [stdout]   58:     0x61a295213322 - <core[df12db4294e9bfd3]::panic::unwind_safe::AssertUnwindSafe<std[70759c8f55707aa4]::thread::lifecycle::spawn_unchecked<test[9d35eded1c95d3be]::run_test::{closure#1}, ()>::{closure#1}::{closure#0}> as core[df12db4294e9bfd3]::ops::function::FnOnce<()>>::call_once
[INFO] [stdout]                                at /rustc/dfb0accb7f508ae8be965d8629557221c889dd98/library/core/src/panic/unwind_safe.rs:275:9
[INFO] [stdout]   59:     0x61a295213322 - std[70759c8f55707aa4]::panicking::catch_unwind::do_call::<core[df12db4294e9bfd3]::panic::unwind_safe::AssertUnwindSafe<std[70759c8f55707aa4]::thread::lifecycle::spawn_unchecked<test[9d35eded1c95d3be]::run_test::{closure#1}, ()>::{closure#1}::{closure#0}>, ()>
[INFO] [stdout]                                at /rustc/dfb0accb7f508ae8be965d8629557221c889dd98/library/std/src/panicking.rs:576:43
[INFO] [stdout]   60:     0x61a295213322 - std[70759c8f55707aa4]::panicking::catch_unwind::<(), core[df12db4294e9bfd3]::panic::unwind_safe::AssertUnwindSafe<std[70759c8f55707aa4]::thread::lifecycle::spawn_unchecked<test[9d35eded1c95d3be]::run_test::{closure#1}, ()>::{closure#1}::{closure#0}>>
[INFO] [stdout]                                at /rustc/dfb0accb7f508ae8be965d8629557221c889dd98/library/std/src/panicking.rs:544:19
[INFO] [stdout]   61:     0x61a295213322 - std[70759c8f55707aa4]::panic::catch_unwind::<core[df12db4294e9bfd3]::panic::unwind_safe::AssertUnwindSafe<std[70759c8f55707aa4]::thread::lifecycle::spawn_unchecked<test[9d35eded1c95d3be]::run_test::{closure#1}, ()>::{closure#1}::{closure#0}>, ()>
[INFO] [stdout]                                at /rustc/dfb0accb7f508ae8be965d8629557221c889dd98/library/std/src/panic.rs:359:14
[INFO] [stdout]   62:     0x61a295213322 - std[70759c8f55707aa4]::thread::lifecycle::spawn_unchecked::<test[9d35eded1c95d3be]::run_test::{closure#1}, ()>::{closure#1}
[INFO] [stdout]                                at /rustc/dfb0accb7f508ae8be965d8629557221c889dd98/library/std/src/thread/lifecycle.rs:68:26
[INFO] [stdout]   63:     0x61a295213322 - <std[70759c8f55707aa4]::thread::lifecycle::spawn_unchecked<test[9d35eded1c95d3be]::run_test::{closure#1}, ()>::{closure#1} as core[df12db4294e9bfd3]::ops::function::FnOnce<()>>::call_once::{shim:vtable#0}
[INFO] [stdout]                                at /rustc/dfb0accb7f508ae8be965d8629557221c889dd98/library/core/src/ops/function.rs:250:5
[INFO] [stdout]   64:     0x61a295664109 - <alloc[2182bb758b4b3781]::boxed::Box<dyn core[df12db4294e9bfd3]::ops::function::FnOnce<(), Output = ()> + core[df12db4294e9bfd3]::marker::Send> as core[df12db4294e9bfd3]::ops::function::FnOnce<()>>::call_once
[INFO] [stdout]                                at /rustc/dfb0accb7f508ae8be965d8629557221c889dd98/library/alloc/src/boxed.rs:2320:9
[INFO] [stdout]   65:     0x61a295664109 - <std[70759c8f55707aa4]::sys::thread::unix::Thread>::new::thread_start
[INFO] [stdout]                                at /rustc/dfb0accb7f508ae8be965d8629557221c889dd98/library/std/src/sys/thread/unix.rs:123:17
[INFO] [stdout]   66:     0x78f7cbc5adfa - <unknown>
[INFO] [stdout]   67:     0x78f7cbcee3d4 - clone
[INFO] [stdout]   68:                0x0 - <unknown>
[INFO] [stdout] 
[INFO] [stdout] 
[INFO] [stdout] failures:
[INFO] [stdout]     tests::integration_test_create_on_demand_pod
[INFO] [stdout] 
[INFO] [stdout] test result: FAILED. 0 passed; 1 failed; 1 ignored; 0 measured; 0 filtered out; finished in 0.09s
[INFO] [stdout] 
[INFO] [stderr] error: test failed, to rerun pass `--lib`
[INFO] running `Command { std: "docker" "inspect" "cdbda8ae01fc09f32b108dbef46dc2ff592db50d862204852fd5c2167eaf1595", kill_on_drop: false }`
[INFO] running `Command { std: "docker" "rm" "-f" "cdbda8ae01fc09f32b108dbef46dc2ff592db50d862204852fd5c2167eaf1595", kill_on_drop: false }`
[INFO] [stdout] cdbda8ae01fc09f32b108dbef46dc2ff592db50d862204852fd5c2167eaf1595
