[INFO] fetching crate rto-exec 6.1.0...
[INFO] testing rto-exec-6.1.0 against 1.100.0-beta.1 for beta-1.100-2
[INFO] extracting crate rto-exec 6.1.0 into /workspace/builds/worker-4-tc2/source
[INFO] started tweaking crates.io crate rto-exec 6.1.0
[INFO] removed 0 missing tests
[INFO] finished tweaking crates.io crate rto-exec 6.1.0
[INFO] tweaked toml for crates.io crate rto-exec 6.1.0 written to /workspace/builds/worker-4-tc2/source/Cargo.toml
[INFO] validating manifest of crates.io crate rto-exec 6.1.0 on toolchain 1.100.0-beta.1
[INFO] running `Command { std: CARGO_HOME="/workspace/cargo-home" RUSTUP_HOME="/workspace/rustup-home" "/workspace/cargo-home/bin/cargo" "+1.100.0-beta.1" "metadata" "--manifest-path" "Cargo.toml" "--no-deps", kill_on_drop: false }`
[INFO] crate crates.io crate rto-exec 6.1.0 already has a lockfile, it will not be regenerated
[INFO] running `Command { std: CARGO_HOME="/workspace/cargo-home" RUSTUP_HOME="/workspace/rustup-home" "/workspace/cargo-home/bin/cargo" "+1.100.0-beta.1" "fetch" "--manifest-path" "Cargo.toml", kill_on_drop: false }`
[INFO] running `Command { std: "docker" "create" "-v" "/var/lib/crater-agent-workspace/builds/worker-4-tc2/source:/opt/rustwide/workdir:ro,Z" "-v" "/var/lib/crater-agent-workspace/builds/worker-4-tc2/target:/opt/rustwide/target:rw,Z" "-v" "/var/lib/crater-agent-workspace/cargo-home:/opt/rustwide/cargo-home:ro,Z" "-v" "/var/lib/crater-agent-workspace/rustup-home:/opt/rustwide/rustup-home:ro,Z" "-m" "1610612736" "--network" "none" "ghcr.io/rust-lang/crates-build-env/linux@sha256:3111399a4047eeb3a02b7a90e478d715f38a8c6669b5c4b49d30a17385265909" "sleep" "infinity", kill_on_drop: false }`
[INFO] [stdout] 58fcfdd336c0cc14c80ef54d8f47dddd766207d2893847cb69f407cb0fc61765
[INFO] running `Command { std: "docker" "start" "58fcfdd336c0cc14c80ef54d8f47dddd766207d2893847cb69f407cb0fc61765", kill_on_drop: false }`
[INFO] running `Command { std: "docker" "inspect" "58fcfdd336c0cc14c80ef54d8f47dddd766207d2893847cb69f407cb0fc61765", kill_on_drop: false }`
[INFO] running `Command { std: "docker" "exec" "-e" "SOURCE_DIR=/opt/rustwide/workdir" "-e" "CARGO_HOME=/opt/rustwide/cargo-home" "-e" "RUSTUP_HOME=/opt/rustwide/rustup-home" "-e" "CARGO_TARGET_DIR=/opt/rustwide/target" "-w" "/opt/rustwide/workdir" "--user" "0:0" "58fcfdd336c0cc14c80ef54d8f47dddd766207d2893847cb69f407cb0fc61765" "/opt/rustwide/cargo-home/bin/cargo" "+1.100.0-beta.1" "metadata" "--no-deps" "--format-version=1", kill_on_drop: false }`
[INFO] running `Command { std: "docker" "inspect" "58fcfdd336c0cc14c80ef54d8f47dddd766207d2893847cb69f407cb0fc61765", kill_on_drop: false }`
[INFO] running `Command { std: "docker" "exec" "-e" "SOURCE_DIR=/opt/rustwide/workdir" "-e" "CARGO_HOME=/opt/rustwide/cargo-home" "-e" "RUSTUP_HOME=/opt/rustwide/rustup-home" "-e" "CARGO_TARGET_DIR=/opt/rustwide/target" "-e" "CARGO_INCREMENTAL=0" "-e" "RUST_BACKTRACE=full" "-e" "RUSTFLAGS=--cap-lints=warn" "-e" "RUSTDOCFLAGS=--cap-lints=warn" "-w" "/opt/rustwide/workdir" "--user" "0:0" "58fcfdd336c0cc14c80ef54d8f47dddd766207d2893847cb69f407cb0fc61765" "/opt/rustwide/cargo-home/bin/cargo" "+1.100.0-beta.1" "build" "--frozen" "--message-format=json", kill_on_drop: false }`
[INFO] [stderr]    Compiling find-msvc-tools v0.1.10
[INFO] [stderr]    Compiling thiserror v2.0.21
[INFO] [stderr]    Compiling regex-automata v0.4.18
[INFO] [stderr]    Compiling tinyvec v1.12.0
[INFO] [stderr]    Compiling smallvec v1.15.2
[INFO] [stderr]    Compiling getrandom v0.4.3
[INFO] [stderr]    Compiling syn v3.0.6
[INFO] [stderr]    Compiling tree-sitter-language v0.1.7
[INFO] [stderr]    Compiling cc v1.2.67
[INFO] [stderr]    Compiling gix-trace v0.1.21
[INFO] [stderr]    Compiling typenum v1.20.1
[INFO] [stderr]    Compiling parking_lot_core v0.9.12
[INFO] [stderr]    Compiling heapless v0.8.0
[INFO] [stderr]    Compiling crossbeam-utils v0.8.22
[INFO] [stderr]    Compiling unicode-normalization v0.1.25
[INFO] [stderr]    Compiling parking_lot v0.12.5
[INFO] [stderr]    Compiling faster-hex v0.10.0
[INFO] [stderr]    Compiling prodash v31.0.0
[INFO] [stderr]    Compiling tempfile v3.27.0
[INFO] [stderr]    Compiling jiff-core v0.1.0
[INFO] [stderr]    Compiling dashmap v6.2.1
[INFO] [stderr]    Compiling memmap2 v0.9.11
[INFO] [stderr]    Compiling generic-array v0.14.7
[INFO] [stderr]    Compiling nonempty v0.12.0
[INFO] [stderr]    Compiling rustversion v1.0.23
[INFO] [stderr]    Compiling gix-sec v0.14.2
[INFO] [stderr]    Compiling serde_core v1.0.229
[INFO] [stderr]    Compiling serde_json v1.0.151
[INFO] [stderr]    Compiling hashbrown v0.17.1
[INFO] [stderr]    Compiling hybrid-array v0.4.14
[INFO] [stderr]    Compiling jiff v0.2.35
[INFO] [stderr]    Compiling block-buffer v0.10.4
[INFO] [stderr]    Compiling crypto-common v0.1.7
[INFO] [stderr]    Compiling encoding_rs v0.8.42
[INFO] [stderr]    Compiling digest v0.10.7
[INFO] [stderr]    Compiling indexmap v2.14.0
[INFO] [stderr]    Compiling core_detect v1.0.0
[INFO] [stderr]    Compiling sha1 v0.10.7
[INFO] [stderr]    Compiling multiversion_no_op v1.0.0
[INFO] [stderr]    Compiling simdutf8 v0.1.5
[INFO] [stderr]    Compiling zlib-rs v0.6.7
[INFO] [stderr]    Compiling sha1-checked v0.10.0
[INFO] [stderr]    Compiling thiserror-impl v2.0.21
[INFO] [stderr]    Compiling pkg-config v0.3.33
[INFO] [stderr]    Compiling bstr v1.13.1
[INFO] [stderr]    Compiling libsqlite3-sys v0.37.0
[INFO] [stderr]    Compiling crypto-common v0.2.2
[INFO] [stderr]    Compiling gix-validate v0.11.4
[INFO] [stderr]    Compiling gix-utils v0.3.6
[INFO] [stderr]    Compiling gix-path v0.12.5
[INFO] [stderr]    Compiling gix-features v0.49.1
[INFO] [stderr]    Compiling gix-error v0.3.1
[INFO] [stderr]    Compiling gix-hash v0.26.2
[INFO] [stderr]    Compiling gix-fs v0.22.1
[INFO] [stderr]    Compiling gix-glob v0.27.1
[INFO] [stderr]    Compiling gix-config-value v0.19.1
[INFO] [stderr]    Compiling gix-quote v0.8.0
[INFO] [stderr]    Compiling gix-tempfile v24.0.0
[INFO] [stderr]    Compiling gix-command v0.10.0
[INFO] [stderr]    Compiling gix-date v0.16.0
[INFO] [stderr]    Compiling gix-hashtable v0.16.0
[INFO] [stderr]    Compiling gix-lock v24.0.0
[INFO] [stderr]    Compiling gix-chunk v0.8.0
[INFO] [stderr]    Compiling gix-commitgraph v0.39.0
[INFO] [stderr]    Compiling gix-attributes v0.35.0
[INFO] [stderr]    Compiling gix-bitmap v0.4.0
[INFO] [stderr]    Compiling gix-actor v0.42.0
[INFO] [stderr]    Compiling gix-packetline v0.22.2
[INFO] [stderr]    Compiling gix-ignore v0.22.1
[INFO] [stderr]    Compiling gix-object v0.64.1
[INFO] [stderr]    Compiling gix-url v0.38.0
[INFO] [stderr]    Compiling gix-imara-diff v0.2.5
[INFO] [stderr]    Compiling gix-pathspec v0.20.0
[INFO] [stderr]    Compiling block-buffer v0.12.1
[INFO] [stderr]    Compiling clru v0.6.3
[INFO] [stderr]    Compiling syn v2.0.119
[INFO] [stderr]    Compiling const-oid v0.10.2
[INFO] [stderr]    Compiling digest v0.11.3
[INFO] [stderr]    Compiling gix-transport v0.59.1
[INFO] [stderr]    Compiling gix-shallow v0.13.0
[INFO] [stderr]    Compiling gix-refspec v0.45.1
[INFO] [stderr]    Compiling regex v1.13.1
[INFO] [stderr]    Compiling gix-revwalk v0.35.0
[INFO] [stderr]    Compiling gix-ref v0.67.1
[INFO] [stderr]    Compiling gix-traverse v0.61.0
[INFO] [stderr]    Compiling tree-sitter v0.26.13
[INFO] [stderr]    Compiling gix-zlib v0.1.0
[INFO] [stderr]    Compiling gix-filter v0.34.0
[INFO] [stderr]    Compiling gix-pack v0.74.2
[INFO] [stderr]    Compiling gix-index v0.55.0
[INFO] [stderr]    Compiling arc-swap v1.9.2
[INFO] [stderr]    Compiling gix-discover v0.55.0
[INFO] [stderr]    Compiling gix-worktree v0.56.0
[INFO] [stderr]    Compiling gix-diff v0.67.1
[INFO] [stderr]    Compiling gix-dir v0.29.1
[INFO] [stderr]    Compiling gix-config v0.60.0
[INFO] [stderr]    Compiling tree-sitter-python v0.25.0
[INFO] [stderr]    Compiling tree-sitter-ruby v0.23.1
[INFO] [stderr]    Compiling tree-sitter-rust v0.24.2
[INFO] [stderr]    Compiling tree-sitter-scala v0.26.2
[INFO] [stderr]    Compiling tree-sitter-sequel v0.3.11
[INFO] [stderr]    Compiling tree-sitter-php v0.24.2
[INFO] [stderr]    Compiling tree-sitter-bash v0.25.1
[INFO] [stderr]    Compiling tree-sitter-c v0.24.2
[INFO] [stderr]    Compiling tree-sitter-cpp v0.23.4
[INFO] [stderr]    Compiling tree-sitter-c-sharp v0.23.5
[INFO] [stderr]    Compiling tree-sitter-elixir v0.3.5
[INFO] [stderr]    Compiling tree-sitter-ocaml v0.26.0
[INFO] [stderr]    Compiling tree-sitter-typescript v0.23.2
[INFO] [stderr]    Compiling tree-sitter-go v0.25.0
[INFO] [stderr]    Compiling tree-sitter-java v0.23.5
[INFO] [stderr]    Compiling tree-sitter-javascript v0.25.0
[INFO] [stderr]    Compiling winnow v1.0.4
[INFO] [stderr]    Compiling pulldown-cmark v0.13.4
[INFO] [stderr]    Compiling sha2 v0.11.0
[INFO] [stderr]    Compiling toml_parser v1.1.3+spec-1.1.0
[INFO] [stderr]    Compiling gix-submodule v0.34.0
[INFO] [stderr]    Compiling gix-macros v0.1.6
[INFO] [stderr]    Compiling gix-protocol v0.65.1
[INFO] [stderr]    Compiling gix-status v0.34.1
[INFO] [stderr]    Compiling gix-odb v0.84.0
[INFO] [stderr]    Compiling gix-revision v0.49.1
[INFO] [stderr]    Compiling serde_derive v1.0.229
[INFO] [stderr]    Compiling serde_spanned v1.1.1
[INFO] [stderr]    Compiling toml_datetime v1.1.1+spec-1.1.0
[INFO] [stderr]    Compiling hashlink v0.11.1
[INFO] [stderr]    Compiling hashlink v0.12.1
[INFO] [stderr]    Compiling arraydeque v0.5.1
[INFO] [stderr]    Compiling unicase v2.9.0
[INFO] [stderr]    Compiling fallible-iterator v0.3.0
[INFO] [stderr]    Compiling fallible-streaming-iterator v0.1.9
[INFO] [stderr]    Compiling toml_writer v1.1.2+spec-1.1.0
[INFO] [stderr]    Compiling yaml-rust2 v0.13.0
[INFO] [stderr]    Compiling toml v1.1.6+spec-1.1.0
[INFO] [stderr]    Compiling rusqlite v0.39.0
[INFO] [stderr]    Compiling gix v0.87.1
[INFO] [stderr]    Compiling rto-exec v6.1.0 (/opt/rustwide/workdir)
[INFO] [stderr]    Compiling tree-sitter-tags v0.26.13
[INFO] [stderr]    Compiling serde v1.0.229
[INFO] [stderr]    Compiling rto-graph v6.1.0
[INFO] [stderr]     Finished `dev` profile [unoptimized + debuginfo] target(s) in 2m 53s
[INFO] running `Command { std: "docker" "inspect" "58fcfdd336c0cc14c80ef54d8f47dddd766207d2893847cb69f407cb0fc61765", kill_on_drop: false }`
[INFO] running `Command { std: "docker" "exec" "-e" "SOURCE_DIR=/opt/rustwide/workdir" "-e" "CARGO_HOME=/opt/rustwide/cargo-home" "-e" "RUSTUP_HOME=/opt/rustwide/rustup-home" "-e" "CARGO_TARGET_DIR=/opt/rustwide/target" "-e" "CARGO_INCREMENTAL=0" "-e" "RUST_BACKTRACE=full" "-e" "RUSTFLAGS=--cap-lints=warn" "-e" "RUSTDOCFLAGS=--cap-lints=warn" "-w" "/opt/rustwide/workdir" "--user" "0:0" "58fcfdd336c0cc14c80ef54d8f47dddd766207d2893847cb69f407cb0fc61765" "/opt/rustwide/cargo-home/bin/cargo" "+1.100.0-beta.1" "test" "--frozen" "--no-run" "--message-format=json", kill_on_drop: false }`
[INFO] [stderr]    Compiling rto-exec v6.1.0 (/opt/rustwide/workdir)
[INFO] [stderr]     Finished `test` profile [unoptimized + debuginfo] target(s) in 18.14s
[INFO] running `Command { std: "docker" "inspect" "58fcfdd336c0cc14c80ef54d8f47dddd766207d2893847cb69f407cb0fc61765", kill_on_drop: false }`
[INFO] running `Command { std: "docker" "exec" "-e" "SOURCE_DIR=/opt/rustwide/workdir" "-e" "CARGO_HOME=/opt/rustwide/cargo-home" "-e" "RUSTUP_HOME=/opt/rustwide/rustup-home" "-e" "CARGO_TARGET_DIR=/opt/rustwide/target" "-e" "CARGO_INCREMENTAL=0" "-e" "RUST_BACKTRACE=full" "-e" "RUSTFLAGS=--cap-lints=warn" "-e" "RUSTDOCFLAGS=--cap-lints=warn" "-w" "/opt/rustwide/workdir" "--user" "0:0" "58fcfdd336c0cc14c80ef54d8f47dddd766207d2893847cb69f407cb0fc61765" "/opt/rustwide/cargo-home/bin/cargo" "+1.100.0-beta.1" "test" "--frozen", kill_on_drop: false }`
[INFO] [stderr]     Finished `test` profile [unoptimized + debuginfo] target(s) in 0.84s
[INFO] [stderr]      Running unittests src/lib.rs (/opt/rustwide/target/debug/build/rto-exec/22438895d85fc53a/out/rto_exec-22438895d85fc53a)
[INFO] [stdout] 
[INFO] [stdout] running 194 tests
[INFO] [stdout] test adapter::cargo_audit::tests::a_clean_audit_is_a_valid_empty_report ... ok
[INFO] [stdout] test adapter::cargo_audit::tests::an_unknown_lockfile_is_named_not_blank ... ok
[INFO] [stdout] test adapter::cargo_audit::tests::an_informational_advisory_is_graded_below_a_vulnerability ... ok
[INFO] [stdout] test adapter::cargo_audit::tests::an_unknown_warning_kind_is_reported_verbatim ... ok
[INFO] [stdout] test adapter::cargo_audit::tests::a_warning_with_no_advisory_is_keyed_by_its_kind ... ok
[INFO] [stdout] test adapter::cargo_audit::tests::a_different_lockfile_is_a_different_finding ... ok
[INFO] [stdout] test adapter::cargo_audit::tests::an_unidentifiable_database_is_recorded_as_none ... ok
[INFO] [stdout] test adapter::cargo_audit::tests::refuses_an_entry_with_no_package ... ok
[INFO] [stdout] test adapter::cargo_audit::tests::carries_the_advisory_database_identity_and_publication_date ... ok
[INFO] [stdout] test adapter::cargo_audit::tests::refuses_output_that_is_not_a_cargo_audit_report ... ok
[INFO] [stdout] test adapter::cargo_audit::tests::covers_rust_dependencies_and_says_nothing_more ... ok
[INFO] [stdout] test adapter::cargo_audit::tests::falls_back_to_the_database_pinned_by_the_caller_when_the_report_names_none ... ok
[INFO] [stdout] test adapter::cargo_audit::tests::normalizes_vulnerabilities_and_warnings_together ... ok
[INFO] [stdout] test adapter::cargo_audit::tests::the_invocation_pins_the_database_and_refuses_to_refresh_it ... ok
[INFO] [stdout] test adapter::cargo_audit::tests::the_database_in_the_report_wins_over_the_one_from_the_caller ... ok
[INFO] [stdout] test adapter::clippy::tests::a_completed_clean_build_is_a_valid_empty_report ... ok
[INFO] [stdout] test adapter::clippy::tests::maps_rustc_levels_and_keeps_an_unknown_one_verbatim ... ok
[INFO] [stdout] test adapter::cargo_audit::tests::uses_the_advisory_package_version_lockfile_identity ... ok
[INFO] [stdout] test adapter::clippy::tests::normalizes_a_cargo_message_stream ... ok
[INFO] [stdout] test adapter::clippy::tests::refuses_a_stream_that_never_finished ... ok
[INFO] [stdout] test adapter::clippy::tests::relativises_an_absolute_path_inside_the_worktree ... ok
[INFO] [stdout] test adapter::clippy::tests::a_diagnostic_with_no_lint_code_is_reported_under_a_name ... ok
[INFO] [stdout] test adapter::clippy::tests::declares_no_pinned_assets ... ok
[INFO] [stdout] test adapter::clippy::tests::every_feature_set_labels_itself ... ok
[INFO] [stdout] test adapter::clippy::tests::is_absent_from_the_registry_that_ingest_can_store ... ok
[INFO] [stdout] test adapter::osv_scanner::tests::a_duplicated_advisory_becomes_one_finding_not_two ... ok
[INFO] [stdout] test adapter::clippy::tests::carries_no_package_or_version_so_it_cannot_enter_the_dependency_join ... ok
[INFO] [stdout] test adapter::clippy::tests::the_invocation_mirrors_the_repository_gate_and_states_its_features ... ok
[INFO] [stdout] test adapter::osv_scanner::tests::a_clean_scan_is_a_valid_empty_report ... ok
[INFO] [stdout] test adapter::osv_scanner::tests::refuses_a_package_entry_with_no_package ... ok
[INFO] [stdout] test adapter::osv_scanner::tests::a_path_outside_the_worktree_is_named_not_guessed ... ok
[INFO] [stdout] test adapter::osv_scanner::tests::an_absolute_reported_path_is_made_worktree_relative ... ok
[INFO] [stdout] test adapter::osv_scanner::tests::an_advisory_with_no_published_level_is_graded_high ... ok
[INFO] [stdout] test adapter::osv_scanner::tests::covers_the_dependency_axis_for_the_ecosystems_it_provisions ... ok
[INFO] [stdout] test adapter::osv_scanner::tests::informational_kinds_are_graded_the_way_cargo_audit_grades_them ... ok
[INFO] [stdout] test adapter::osv_scanner::tests::refuses_output_that_is_not_an_osv_scanner_report ... ok
[INFO] [stdout] test adapter::osv_scanner::tests::source_components_cover_relative_absolute_and_unknown ... ok
[INFO] [stdout] test adapter::osv_scanner::tests::a_group_takes_the_highest_level_its_records_publish ... ok
[INFO] [stdout] test adapter::osv_scanner::tests::the_invocation_pins_the_database_and_really_goes_offline ... ok
[INFO] [stdout] test adapter::osv_scanner::tests::uses_the_advisory_ecosystem_package_version_manifest_identity ... ok
[INFO] [stdout] test adapter::osv_scanner::tests::vulnerabilities_without_groups_are_still_reported ... ok
[INFO] [stdout] test adapter::semgrep::tests::a_clean_scan_is_a_valid_empty_report ... ok
[INFO] [stdout] test adapter::osv_scanner::tests::the_same_advisory_in_two_manifests_is_two_findings ... ok
[INFO] [stdout] test adapter::semgrep::tests::declares_the_rule_set_as_the_asset_it_needs ... ok
[INFO] [stdout] test adapter::semgrep::tests::maps_both_severity_vocabularies ... ok
[INFO] [stdout] test adapter::semgrep::tests::normalizes_a_native_report ... ok
[INFO] [stdout] test adapter::semgrep::tests::the_invocation_configures_egress_off_and_points_at_the_pinned_rules ... ok
[INFO] [stdout] test adapter::semgrep::tests::refuses_a_result_with_no_rule_or_no_path ... ok
[INFO] [stdout] test adapter::semgrep::tests::refuses_output_that_is_not_a_semgrep_report ... ok
[INFO] [stdout] test adapter::semgrep::tests::uses_the_rule_path_offset_snippet_identity ... ok
[INFO] [stdout] test adapter::semgrep::tests::a_missing_tree_yields_a_named_snippet_component ... ok
[INFO] [stdout] test adapter::semgrep::tests::the_identity_ignores_semgreps_redacted_snippet_field ... ok
[INFO] [stdout] test adapter::tests::an_unavailable_snippet_is_named_not_hashed_as_empty ... ok
[INFO] [stdout] test adapter::tests::asset_paths_resolve_only_what_was_provisioned ... ok
[INFO] [stdout] test adapter::tests::an_analyzer_without_one_canonical_command_says_so ... ok
[INFO] [stdout] test adapter::tests::every_hint_renders_its_upstream_page_the_same_way ... ok
[INFO] [stdout] test adapter::semgrep::tests::a_message_less_finding_is_titled_by_its_rule ... ok
[INFO] [stdout] test adapter::semgrep::tests::clamps_a_backwards_span_rather_than_emitting_one ... ok
[INFO] [stdout] test adapter::semgrep::tests::changed_code_at_the_same_offset_is_a_different_finding ... ok
[INFO] [stdout] test adapter::tests::every_host_program_has_an_install_hint ... ok
[INFO] [stdout] test adapter::tests::a_program_two_adapters_need_is_obtained_one_way ... ok
[INFO] [stdout] test adapter::tests::a_version_is_taken_from_the_caller_then_the_report_then_unknown ... ok
[INFO] [stdout] test adapter::tests::every_install_hint_carries_upstream_and_guesses_no_package_manager ... ok
[INFO] [stdout] test adapter::tests::every_adapter_states_its_coverage ... ok
[INFO] [stdout] test adapter::tests::every_storable_analyzer_pins_what_decides_its_answer ... ok
[INFO] [stdout] test adapter::tests::every_invoked_program_is_declared_on_path ... ok
[INFO] [stdout] test adapter::tests::snippet_hashes_are_short_stable_and_whitespace_insensitive ... ok
[INFO] [stdout] test adapter::tests::the_lint_tables_name_the_same_analyzers ... ok
[INFO] [stdout] test asset_paths::asset_paths_tests::the_cache_root_prefers_the_explicit_override_then_roteiro_home ... ok
[INFO] [stdout] test adapter::tests::the_lookup_answers_for_a_known_program_and_not_an_unknown_one ... ok
[INFO] [stdout] test adapter::tests::the_toolchain_and_the_subcommand_are_obtained_differently ... ok
[INFO] [stdout] test adapter::tests::the_registry_answers_for_every_analyzer_it_lists ... ok
[INFO] [stdout] test asset_paths::asset_paths_tests::the_declared_variables_are_exactly_the_ones_that_are_read ... ok
[INFO] [stdout] test assets::tests::a_cold_cache_fails_with_the_named_offline_error ... ok
[INFO] [stdout] test assets::tests::a_download_path_that_escapes_the_asset_directory_is_refused ... ok
[INFO] [stdout] test assets::tests::a_lying_fetcher_cannot_install_a_pinned_archive ... ok
[INFO] [stdout] test assets::tests::a_pinned_archive_is_not_fetched_by_a_path_that_may_not_download ... ok
[INFO] [stdout] test assets::tests::a_directory_asset_is_digested_by_content_not_by_layout ... ok
[INFO] [stdout] test assets::tests::a_pinned_archive_that_does_not_match_is_refused ... ok
[INFO] [stdout] test assets::tests::an_absent_external_asset_is_explained_never_fetched ... ok
[INFO] [stdout] test assets::tests::a_warm_pinned_archive_provisions_offline_and_is_still_verified ... ok
[INFO] [stdout] test assets::tests::a_warm_cache_resolves_to_the_provisioned_path ... ok
[INFO] [stdout] test assets::tests::an_asset_edited_after_provisioning_is_refused_not_warned_about ... ok
[INFO] [stdout] test assets::tests::every_pinned_archive_is_complete_and_reachable ... ok
[INFO] [stdout] test assets::tests::every_asset_belongs_to_an_analyzer_that_asked_for_it ... ok
[INFO] [stdout] test assets::tests::the_sandbox_runtime_discloses_every_licence_it_carries ... ok
[INFO] [stdout] test assets::tests::an_unknown_analyzer_needs_nothing ... ok
[INFO] [stdout] test crossref::tests::a_lint_finding_cannot_enter_the_dependency_join ... ok
[INFO] [stdout] test assets::tests::status_covers_every_analyzer_when_none_is_named ... ok
[INFO] [stdout] test crossref::tests::a_sast_layer_does_not_make_a_second_dependency_analyzer ... ok
[INFO] [stdout] test assets::tests::the_sandbox_analyzer_selects_the_runtime_archive_alone ... ok
[INFO] [stdout] test assets::tests::provisioning_a_vendored_asset_installs_and_records_it ... ok
[INFO] [stdout] test assets::tests::provisioning_is_idempotent ... ok
[INFO] [stdout] test assets::tests::status_reports_what_is_provisioned_and_what_is_not ... ok
[INFO] [stdout] test crossref::tests::an_advisory_always_has_a_name ... ok
[INFO] [stdout] test crossref::tests::a_shared_identifier_on_different_packages_does_not_merge ... ok
[INFO] [stdout] test crossref::tests::an_advisory_only_one_analyzer_reports_is_a_normal_single_source_row ... ok
[INFO] [stdout] test crossref::tests::no_finding_is_lost_or_double_counted_by_the_join ... ok
[INFO] [stdout] test crossref::tests::one_analyzer_joins_but_is_not_reported ... ok
[INFO] [stdout] test crossref::tests::sast_findings_are_not_cross_referenced ... ok
[INFO] [stdout] test crossref::tests::nothing_ingested_cross_references_to_nothing ... ok
[INFO] [stdout] test crossref::tests::the_order_is_stable_and_does_not_depend_on_layer_order ... ok
[INFO] [stdout] test crossref::tests::the_same_advisory_at_two_versions_does_not_merge ... ok
[INFO] [stdout] test crossref::tests::two_dependency_analyzers_are_reported_including_single_source_rows ... ok
[INFO] [stdout] test crossref::tests::the_same_advisory_from_two_analyzers_is_one_confirmed_correspondence ... ok
[INFO] [stdout] test crossref::tests::two_findings_join_through_a_shared_cve_neither_names_directly ... ok
[INFO] [stdout] test file_url::file_url_tests::a_path_with_a_literal_percent_round_trips_too ... ok
[INFO] [stdout] test file_url::file_url_tests::a_path_with_a_space_round_trips ... ok
[INFO] [stdout] test file_url::file_url_tests::only_absolute_file_urls_are_accepted ... ok
[INFO] [stdout] test guidance::tests::a_command_may_align_after_a_label_and_may_not_wrap ... ok
[INFO] [stdout] test guidance::tests::a_fragment_can_never_leak_source_indentation_into_the_output ... ok
[INFO] [stdout] test guidance::tests::every_rule_names_the_defect_it_prevents ... ok
[INFO] [stdout] test file_url::file_url_tests::the_emitted_url_resolves_to_the_file_it_was_built_from ... ok
[INFO] [stdout] test guidance::tests::a_guidance_appends_to_a_sentence_rather_than_starting_a_document ... ok
[INFO] [stdout] test guidance::tests::a_command_keeps_the_alignment_that_is_its_content ... ok
[INFO] [stdout] test guidance::tests::a_command_whose_shell_expansion_is_broken_is_a_defect ... ok
[INFO] [stdout] test guidance::tests::fragments_join_into_one_sentence_however_the_source_wrapped_them ... ok
[INFO] [stdout] test guidance::tests::rendering_trims_even_though_a_padded_fragment_is_already_a_defect ... ok
[INFO] [stdout] test image_ref::tests::each_defect_says_what_is_actually_wrong_and_not_what_is_wrong_with_another ... ok
[INFO] [stdout] test image_ref::tests::the_guidance_matches_the_defect_rather_than_the_first_case_written ... ok
[INFO] [stdout] test image_ref::tests::a_reference_is_pinned_by_a_sha256_digest_or_it_is_refused ... ok
[INFO] [stdout] test ingest::tests::a_report_with_no_findings_is_a_valid_clean_run ... ok
[INFO] [stdout] test ingest::tests::a_run_carries_the_source_identity_of_the_caller_not_the_report ... ok
[INFO] [stdout] test ingest::tests::ingests_a_well_formed_report_deterministically ... ok
[INFO] [stdout] test image_ref::tests::the_refusal_names_whichever_key_carried_the_reference ... ok
[INFO] [stdout] test ingest::tests::refuses_to_run_without_consent ... ok
[INFO] [stdout] test ingest::tests::rejects_a_finding_claiming_a_path_outside_the_worktree ... ok
[INFO] [stdout] test ingest::tests::rejects_a_finding_with_no_stable_identity ... ok
[INFO] [stdout] test ingest::tests::rejects_a_report_from_a_different_analyzer ... ok
[INFO] [stdout] test ingest::tests::rejects_duplicate_identities_within_one_report ... ok
[INFO] [stdout] test ingest::tests::rejects_a_report_with_the_wrong_schema_tag ... ok
[INFO] [stdout] test lint_grant::tests::an_ignored_project_grant_is_reported_beside_the_outcome_not_folded_into_it ... ok
[INFO] [stdout] test ingest::tests::the_report_format_round_trips_through_json ... ok
[INFO] [stdout] test lint_grant::tests::asking_for_the_sandbox_denies_the_host_whatever_the_config_says ... ok
[INFO] [stdout] test ingest::tests::rejects_empty_rules_titles_and_backwards_spans ... ok
[INFO] [stdout] test ingest::tests::rejects_a_report_missing_its_evidence ... ok
[INFO] [stdout] test ingest::tests::rejects_bytes_that_are_not_a_report_at_all ... ok
[INFO] [stdout] test ingest::tests::the_report_digest_is_over_the_exact_bytes_received ... ok
[INFO] [stdout] test lint_grant::tests::every_reason_explains_which_layer_decided ... ok
[INFO] [stdout] test lint_grant::tests::either_the_user_layer_or_the_invocation_grants_alone ... ok
[INFO] [stdout] test lint_grant::tests::every_layer_combination_matches_the_adr_table ... ok
[INFO] [stdout] test lint_grant::tests::granted_and_backend_can_never_disagree ... ok
[INFO] [stdout] test lint_grant::tests::the_flag_overrides_a_denial_by_the_user_but_never_by_the_project ... ok
[INFO] [stdout] test lint_grant::tests::saying_nothing_selects_the_sandbox ... ok
[INFO] [stdout] test lint_grant::tests::the_default_escape_keeps_each_form_on_its_own_line ... ok
[INFO] [stdout] test lint_grant::tests::the_host_escape_is_offered_only_to_someone_who_could_take_it ... ok
[INFO] [stdout] test runner::tests::reported_paths_must_stay_inside_the_worktree ... ok
[INFO] [stdout] test runner::tests::the_two_layers_word_a_rejection_identically ... ok
[INFO] [stdout] test runner::tests::preflight_refuses_a_malformed_analyzer_id ... ok
[INFO] [stdout] test runner::tests::worktree_ids_are_opaque_stable_and_path_scoped ... ok
[INFO] [stdout] test runner::tests::a_well_formed_request_passes_preflight ... ok
[INFO] [stdout] test runner::tests::preflight_refuses_a_run_without_consent ... ok
[INFO] [stdout] test runner::tests::preflight_refuses_a_writable_worktree ... ok
[INFO] [stdout] test runner::tests::preflight_refuses_an_over_long_analyzer_id_and_says_why ... ok
[INFO] [stdout] test lint_grant::tests::the_effective_config_value_never_shows_a_project_grant ... ok
[INFO] [stdout] test sandbox_store::tests::an_absent_store_is_reported_rather_than_failing ... ok
[INFO] [stdout] test sandbox_store::tests::a_sparse_disk_image_is_counted_by_what_it_occupies ... ok
[INFO] [stdout] test sandbox_store::tests::an_unknown_reference_names_what_the_store_is_holding ... ok
[INFO] [stdout] test sandbox_store::tests::a_registered_box_blocks_the_clear ... ok
[INFO] [stdout] test sandbox_store::tests::the_disk_image_filename_is_derived_from_the_layer_list ... ok
[INFO] [stdout] test sandbox_store::tests::the_on_disk_name_is_not_the_index_digest ... ok
[INFO] [stdout] test sandbox_store::tests::a_snapshot_base_disk_is_preserved_rather_than_treated_as_spare ... ok
[INFO] [stdout] test sandbox_store::tests::a_base_disk_row_pointing_outside_the_store_is_refused ... ok
[INFO] [stdout] test sandbox_store::tests::the_store_directory_is_the_one_boxlite_is_pointed_at ... ok
[INFO] [stdout] test sandbox_store::tests::an_index_manifest_a_survivor_resolves_through_is_kept ... ok
[INFO] [stdout] test snippet::tests::a_file_it_does_not_have_is_simply_unavailable ... ok
[INFO] [stdout] test snippet::tests::offsets_past_the_end_yield_nothing_rather_than_a_truncated_slice ... ok
[INFO] [stdout] test snippet::tests::reads_the_bytes_a_finding_points_at ... ok
[INFO] [stdout] test snippet::tests::refuses_to_read_outside_the_worktree ... ok
[INFO] [stdout] test sandbox_store::tests::a_layer_two_images_share_survives_dropping_one_of_them ... ok
[INFO] [stdout] test snippet::tests::the_empty_source_answers_nothing ... ok
[INFO] [stdout] test tests::hashes_the_known_vector ... ok
[INFO] [stdout] test tool_security::tests::a_clean_run_is_analyzed_with_zero_findings ... ok
[INFO] [stdout] test tool_security::tests::a_provisioned_analyzer_with_no_binary_is_not_ready ... ok
[INFO] [stdout] test tool_security::tests::a_single_dependency_analyzer_yields_no_cross_reference ... ok
[INFO] [stdout] test tool_security::tests::a_truncated_page_keeps_the_most_severe ... ok
[INFO] [stdout] test tool_security::tests::all_three_states_are_reachable_on_a_provisioned_cache ... ok
[INFO] [stdout] test tool_security::tests::cargo_audit_is_not_ready_on_cargo_alone ... ok
[INFO] [stdout] test tool_security::tests::coverage_matrix_reports_both_facts_not_just_the_verdict ... ok
[INFO] [stdout] test tool_security::tests::an_untruncated_listing_says_so ... ok
[INFO] [stdout] test tool_security::tests::possibly_stale_tracks_the_presence_of_an_advisory_database ... ok
[INFO] [stdout] test tool_security::tests::nothing_analyzed_carries_no_findings_field_at_all ... ok
[INFO] [stdout] test tool_security::tests::readiness_names_the_remedy_that_applies ... ok
[INFO] [stdout] test tool_security::tests::status_labels_its_two_scopes_in_the_document ... ok
[INFO] [stdout] test tool_security::tests::the_page_bound_is_per_layer_and_never_hides_a_layer ... ok
[INFO] [stdout] test tool_security::tests::status_repository_half_distinguishes_unanalyzed_from_clean ... ok
[INFO] [stdout] test tool_security::tests::two_dependency_analyzers_are_cross_referenced_and_counted ... ok
[INFO] [stdout] test tool_security::tests::the_path_probe_requires_an_executable_file ... ok
[INFO] [stdout] test sandbox_store::tests::an_unrecognised_entry_stops_the_clear_without_removing_anything ... ok
[INFO] [stdout] test sandbox_store::tests::the_status_document_labels_its_scope_as_the_machine ... ok
[INFO] [stdout] test sandbox_store::tests::the_status_row_separates_what_an_image_references_from_what_it_would_free ... ok
[INFO] [stdout] test sandbox_store::tests::the_accounted_bytes_and_the_measured_bytes_differ_only_by_the_index ... ok
[INFO] [stdout] test sandbox_store::tests::unattributed_bytes_survive_a_per_image_clear_and_go_with_everything ... ok
[INFO] [stdout] test ingest::tests::rejects_a_runaway_report ... ok
[INFO] [stdout] 
[INFO] [stdout] test result: ok. 194 passed; 0 failed; 0 ignored; 0 measured; 0 filtered out; finished in 3.52s
[INFO] [stdout] 
[INFO] [stderr]      Running tests/backend_parity.rs (/opt/rustwide/target/debug/build/rto-exec/c096bdfedfe03f09/out/backend_parity-c096bdfedfe03f09)
[INFO] [stdout] 
[INFO] [stdout] running 0 tests
[INFO] [stdout] 
[INFO] [stdout] test result: ok. 0 passed; 0 failed; 0 ignored; 0 measured; 0 filtered out; finished in 0.00s
[INFO] [stdout] 
[INFO] [stderr]      Running tests/build_script_fetch_audit.rs (/opt/rustwide/target/debug/build/rto-exec/4b1fd55bed68f686/out/build_script_fetch_audit-4b1fd55bed68f686)
[INFO] [stdout] 
[INFO] [stdout] running 6 tests
[INFO] [stdout] test every_reviewed_exception_states_what_pins_it ... ok
[INFO] [stdout] test the_matcher_matches_exactly_what_the_docs_claim ... ok
[INFO] [stdout] test a_build_script_that_cannot_be_read_is_not_reported_as_clean ... ok
[INFO] [stdout] test a_declared_build_script_is_never_silently_dropped ... ok
[INFO] [stdout] test a_build_script_that_is_not_utf8_is_still_scanned ... ok
[INFO] [stderr] error: test failed, to rerun pass `--test build_script_fetch_audit`
[INFO] [stdout] test no_dependency_build_script_fetches_anything_unpinned ... FAILED
[INFO] [stdout] 
[INFO] [stdout] failures:
[INFO] [stdout] 
[INFO] [stdout] ---- no_dependency_build_script_fetches_anything_unpinned stdout ----
[INFO] [stdout] 
[INFO] [stdout] thread 'no_dependency_build_script_fetches_anything_unpinned' (2770) panicked at tests/build_script_fetch_audit.rs:701:5:
[INFO] [stdout] cargo metadata failed, so the build-script audit could not run. It must fail loudly rather than skip: a gate that quietly does nothing is what this test exists to replace.
[INFO] [stdout] error: could not find `Cargo.toml` in `/opt` or any parent directory
[INFO] [stdout] 
[INFO] [stdout] stack backtrace:
[INFO] [stdout]    0:     0x64bba5efccf1 - std[617be2ca0a6fd877]::backtrace_rs::backtrace::libunwind::trace
[INFO] [stdout]                                at /rustc/e3feeb59cd1bdd011a2bfcc0747b55125d9b8527/library/std/src/../../backtrace/src/backtrace/libunwind.rs:117:9
[INFO] [stdout]    1:     0x64bba5efccf1 - std[617be2ca0a6fd877]::backtrace_rs::backtrace::trace_unsynchronized::<std[617be2ca0a6fd877]::sys::backtrace::_print_fmt::{closure#1}>
[INFO] [stdout]                                at /rustc/e3feeb59cd1bdd011a2bfcc0747b55125d9b8527/library/std/src/../../backtrace/src/backtrace/mod.rs:66:14
[INFO] [stdout]    2:     0x64bba5efccf1 - std[617be2ca0a6fd877]::sys::backtrace::_print_fmt
[INFO] [stdout]                                at /rustc/e3feeb59cd1bdd011a2bfcc0747b55125d9b8527/library/std/src/sys/backtrace.rs:74:9
[INFO] [stdout]    3:     0x64bba5efccf1 - <<std[617be2ca0a6fd877]::sys::backtrace::BacktraceLock>::print::DisplayBacktrace as core[a373ad73a504971]::fmt::Display>::fmt
[INFO] [stdout]                                at /rustc/e3feeb59cd1bdd011a2bfcc0747b55125d9b8527/library/std/src/sys/backtrace.rs:44:26
[INFO] [stdout]    4:     0x64bba5f116ea - <core[a373ad73a504971]::fmt::rt::Argument>::fmt
[INFO] [stdout]                                at /rustc/e3feeb59cd1bdd011a2bfcc0747b55125d9b8527/library/core/src/fmt/rt.rs:152:76
[INFO] [stdout]    5:     0x64bba5f116ea - core[a373ad73a504971]::fmt::write
[INFO] [stdout]    6:     0x64bba5f011fc - core[a373ad73a504971]::io::write::default_write_fmt::<alloc[2e1b2a31b91974c5]::vec::Vec<u8>>
[INFO] [stdout]                                at /rustc/e3feeb59cd1bdd011a2bfcc0747b55125d9b8527/library/core/src/io/write.rs:402:11
[INFO] [stdout]    7:     0x64bba5f011fc - <alloc[2e1b2a31b91974c5]::vec::Vec<u8> as core[a373ad73a504971]::io::write::Write>::write_fmt
[INFO] [stdout]                                at /rustc/e3feeb59cd1bdd011a2bfcc0747b55125d9b8527/library/core/src/io/write.rs:335:13
[INFO] [stdout]    8:     0x64bba5ed7eb6 - <std[617be2ca0a6fd877]::sys::backtrace::BacktraceLock>::print
[INFO] [stdout]                                at /rustc/e3feeb59cd1bdd011a2bfcc0747b55125d9b8527/library/std/src/sys/backtrace.rs:47:9
[INFO] [stdout]    9:     0x64bba5ed7eb6 - std[617be2ca0a6fd877]::panicking::default_hook::{closure#0}
[INFO] [stdout]                                at /rustc/e3feeb59cd1bdd011a2bfcc0747b55125d9b8527/library/std/src/panicking.rs:289:27
[INFO] [stdout]   10:     0x64bba5ef4ba9 - std[617be2ca0a6fd877]::panicking::default_hook
[INFO] [stdout]                                at /rustc/e3feeb59cd1bdd011a2bfcc0747b55125d9b8527/library/std/src/panicking.rs:313:9
[INFO] [stdout]   11:     0x64bba5e90090 - <alloc[2e1b2a31b91974c5]::boxed::Box<dyn for<'a, 'b> core[a373ad73a504971]::ops::function::Fn<(&'a std[617be2ca0a6fd877]::panic::PanicHookInfo<'b>,), Output = ()> + core[a373ad73a504971]::marker::Sync + core[a373ad73a504971]::marker::Send> as core[a373ad73a504971]::ops::function::Fn<(&std[617be2ca0a6fd877]::panic::PanicHookInfo,)>>::call
[INFO] [stdout]                                at /rustc/e3feeb59cd1bdd011a2bfcc0747b55125d9b8527/library/alloc/src/boxed.rs:2328:9
[INFO] [stdout]   12:     0x64bba5e90090 - test[aada8e7e76ba119b]::test_main_inner::{closure#0}
[INFO] [stdout]                                at /rustc/e3feeb59cd1bdd011a2bfcc0747b55125d9b8527/library/test/src/lib.rs:137:21
[INFO] [stdout]   13:     0x64bba5ef4d62 - <alloc[2e1b2a31b91974c5]::boxed::Box<dyn for<'a, 'b> core[a373ad73a504971]::ops::function::Fn<(&'a std[617be2ca0a6fd877]::panic::PanicHookInfo<'b>,), Output = ()> + core[a373ad73a504971]::marker::Sync + core[a373ad73a504971]::marker::Send> as core[a373ad73a504971]::ops::function::Fn<(&std[617be2ca0a6fd877]::panic::PanicHookInfo,)>>::call
[INFO] [stdout]                                at /rustc/e3feeb59cd1bdd011a2bfcc0747b55125d9b8527/library/alloc/src/boxed.rs:2328:9
[INFO] [stdout]   14:     0x64bba5ef4d62 - std[617be2ca0a6fd877]::panicking::panic_with_hook
[INFO] [stdout]                                at /rustc/e3feeb59cd1bdd011a2bfcc0747b55125d9b8527/library/std/src/panicking.rs:819:13
[INFO] [stdout]   15:     0x64bba5ed7f62 - std[617be2ca0a6fd877]::panicking::panic_handler::{closure#0}
[INFO] [stdout]                                at /rustc/e3feeb59cd1bdd011a2bfcc0747b55125d9b8527/library/std/src/panicking.rs:685:13
[INFO] [stdout]   16:     0x64bba5ed0999 - std[617be2ca0a6fd877]::sys::backtrace::__rust_end_short_backtrace::<std[617be2ca0a6fd877]::panicking::panic_handler::{closure#0}, !>
[INFO] [stdout]                                at /rustc/e3feeb59cd1bdd011a2bfcc0747b55125d9b8527/library/std/src/sys/backtrace.rs:182:18
[INFO] [stdout]   17:     0x64bba5ed8b6d - __rustc[ea4f61d10b84890b]::rust_begin_unwind
[INFO] [stdout]                                at /rustc/e3feeb59cd1bdd011a2bfcc0747b55125d9b8527/library/std/src/panicking.rs:676:5
[INFO] [stdout]   18:     0x64bba5f11e9c - core[a373ad73a504971]::panicking::panic_fmt
[INFO] [stdout]                                at /rustc/e3feeb59cd1bdd011a2bfcc0747b55125d9b8527/library/core/src/panicking.rs:80:14
[INFO] [stdout]   19:     0x64bba5e50e15 - build_script_fetch_audit[dce36ee68350d199]::cargo_metadata
[INFO] [stdout]                                at /opt/rustwide/workdir/tests/build_script_fetch_audit.rs:701:5
[INFO] [stdout]   20:     0x64bba5e51ddc - build_script_fetch_audit[dce36ee68350d199]::no_dependency_build_script_fetches_anything_unpinned
[INFO] [stdout]                                at /opt/rustwide/workdir/tests/build_script_fetch_audit.rs:264:20
[INFO] [stdout]   21:     0x64bba5e4fa47 - build_script_fetch_audit[dce36ee68350d199]::no_dependency_build_script_fetches_anything_unpinned::{closure#0}
[INFO] [stdout]                                at /opt/rustwide/workdir/tests/build_script_fetch_audit.rs:263:58
[INFO] [stdout]   22:     0x64bba5e5b956 - <build_script_fetch_audit[dce36ee68350d199]::no_dependency_build_script_fetches_anything_unpinned::{closure#0} as core[a373ad73a504971]::ops::function::FnOnce<()>>::call_once
[INFO] [stdout]                                at /rustc/e3feeb59cd1bdd011a2bfcc0747b55125d9b8527/library/core/src/ops/function.rs:250:5
[INFO] [stdout]   23:     0x64bba5e834db - <fn() -> core[a373ad73a504971]::result::Result<(), alloc[2e1b2a31b91974c5]::string::String> as core[a373ad73a504971]::ops::function::FnOnce<()>>::call_once
[INFO] [stdout]                                at /rustc/e3feeb59cd1bdd011a2bfcc0747b55125d9b8527/library/core/src/ops/function.rs:250:5
[INFO] [stdout]   24:     0x64bba5e834db - test[aada8e7e76ba119b]::__rust_begin_short_backtrace::<core[a373ad73a504971]::result::Result<(), alloc[2e1b2a31b91974c5]::string::String>, fn() -> core[a373ad73a504971]::result::Result<(), alloc[2e1b2a31b91974c5]::string::String>>
[INFO] [stdout]                                at /rustc/e3feeb59cd1bdd011a2bfcc0747b55125d9b8527/library/test/src/lib.rs:701:18
[INFO] [stdout]   25:     0x64bba5e906b5 - test[aada8e7e76ba119b]::run_test_in_process::{closure#0}
[INFO] [stdout]                                at /rustc/e3feeb59cd1bdd011a2bfcc0747b55125d9b8527/library/test/src/lib.rs:724:74
[INFO] [stdout]   26:     0x64bba5e906b5 - <core[a373ad73a504971]::panic::unwind_safe::AssertUnwindSafe<test[aada8e7e76ba119b]::run_test_in_process::{closure#0}> as core[a373ad73a504971]::ops::function::FnOnce<()>>::call_once
[INFO] [stdout]                                at /rustc/e3feeb59cd1bdd011a2bfcc0747b55125d9b8527/library/core/src/panic/unwind_safe.rs:275:9
[INFO] [stdout]   27:     0x64bba5e906b5 - std[617be2ca0a6fd877]::panicking::catch_unwind::do_call::<core[a373ad73a504971]::panic::unwind_safe::AssertUnwindSafe<test[aada8e7e76ba119b]::run_test_in_process::{closure#0}>, core[a373ad73a504971]::result::Result<(), alloc[2e1b2a31b91974c5]::string::String>>
[INFO] [stdout]                                at /rustc/e3feeb59cd1bdd011a2bfcc0747b55125d9b8527/library/std/src/panicking.rs:573:43
[INFO] [stdout]   28:     0x64bba5e906b5 - std[617be2ca0a6fd877]::panicking::catch_unwind::<core[a373ad73a504971]::result::Result<(), alloc[2e1b2a31b91974c5]::string::String>, core[a373ad73a504971]::panic::unwind_safe::AssertUnwindSafe<test[aada8e7e76ba119b]::run_test_in_process::{closure#0}>>
[INFO] [stdout]                                at /rustc/e3feeb59cd1bdd011a2bfcc0747b55125d9b8527/library/std/src/panicking.rs:541:19
[INFO] [stdout]   29:     0x64bba5e906b5 - std[617be2ca0a6fd877]::panic::catch_unwind::<core[a373ad73a504971]::panic::unwind_safe::AssertUnwindSafe<test[aada8e7e76ba119b]::run_test_in_process::{closure#0}>, core[a373ad73a504971]::result::Result<(), alloc[2e1b2a31b91974c5]::string::String>>
[INFO] [stdout]                                at /rustc/e3feeb59cd1bdd011a2bfcc0747b55125d9b8527/library/std/src/panic.rs:359:14
[INFO] [stdout]   30:     0x64bba5e906b5 - test[aada8e7e76ba119b]::run_test_in_process
[INFO] [stdout]                                at /rustc/e3feeb59cd1bdd011a2bfcc0747b55125d9b8527/library/test/src/lib.rs:724:27
[INFO] [stdout]   31:     0x64bba5e906b5 - test[aada8e7e76ba119b]::run_test::{closure#0}
[INFO] [stdout]                                at /rustc/e3feeb59cd1bdd011a2bfcc0747b55125d9b8527/library/test/src/lib.rs:645:43
[INFO] [stdout]   32:     0x64bba5e89fa4 - test[aada8e7e76ba119b]::run_test::{closure#1}
[INFO] [stdout]                                at /rustc/e3feeb59cd1bdd011a2bfcc0747b55125d9b8527/library/test/src/lib.rs:675:41
[INFO] [stdout]   33:     0x64bba5e89fa4 - std[617be2ca0a6fd877]::sys::backtrace::__rust_begin_short_backtrace::<test[aada8e7e76ba119b]::run_test::{closure#1}, ()>
[INFO] [stdout]                                at /rustc/e3feeb59cd1bdd011a2bfcc0747b55125d9b8527/library/std/src/sys/backtrace.rs:166:18
[INFO] [stdout]   34:     0x64bba5e93742 - std[617be2ca0a6fd877]::thread::lifecycle::spawn_unchecked::<test[aada8e7e76ba119b]::run_test::{closure#1}, ()>::{closure#1}::{closure#0}
[INFO] [stdout]                                at /rustc/e3feeb59cd1bdd011a2bfcc0747b55125d9b8527/library/std/src/thread/lifecycle.rs:70:13
[INFO] [stdout]   35:     0x64bba5e93742 - <core[a373ad73a504971]::panic::unwind_safe::AssertUnwindSafe<std[617be2ca0a6fd877]::thread::lifecycle::spawn_unchecked<test[aada8e7e76ba119b]::run_test::{closure#1}, ()>::{closure#1}::{closure#0}> as core[a373ad73a504971]::ops::function::FnOnce<()>>::call_once
[INFO] [stdout]                                at /rustc/e3feeb59cd1bdd011a2bfcc0747b55125d9b8527/library/core/src/panic/unwind_safe.rs:275:9
[INFO] [stdout]   36:     0x64bba5e93742 - std[617be2ca0a6fd877]::panicking::catch_unwind::do_call::<core[a373ad73a504971]::panic::unwind_safe::AssertUnwindSafe<std[617be2ca0a6fd877]::thread::lifecycle::spawn_unchecked<test[aada8e7e76ba119b]::run_test::{closure#1}, ()>::{closure#1}::{closure#0}>, ()>
[INFO] [stdout]                                at /rustc/e3feeb59cd1bdd011a2bfcc0747b55125d9b8527/library/std/src/panicking.rs:573:43
[INFO] [stdout]   37:     0x64bba5e93742 - std[617be2ca0a6fd877]::panicking::catch_unwind::<(), core[a373ad73a504971]::panic::unwind_safe::AssertUnwindSafe<std[617be2ca0a6fd877]::thread::lifecycle::spawn_unchecked<test[aada8e7e76ba119b]::run_test::{closure#1}, ()>::{closure#1}::{closure#0}>>
[INFO] [stdout]                                at /rustc/e3feeb59cd1bdd011a2bfcc0747b55125d9b8527/library/std/src/panicking.rs:541:19
[INFO] [stdout]   38:     0x64bba5e93742 - std[617be2ca0a6fd877]::panic::catch_unwind::<core[a373ad73a504971]::panic::unwind_safe::AssertUnwindSafe<std[617be2ca0a6fd877]::thread::lifecycle::spawn_unchecked<test[aada8e7e76ba119b]::run_test::{closure#1}, ()>::{closure#1}::{closure#0}>, ()>
[INFO] [stdout]                                at /rustc/e3feeb59cd1bdd011a2bfcc0747b55125d9b8527/library/std/src/panic.rs:359:14
[INFO] [stdout]   39:     0x64bba5e93742 - std[617be2ca0a6fd877]::thread::lifecycle::spawn_unchecked::<test[aada8e7e76ba119b]::run_test::{closure#1}, ()>::{closure#1}
[INFO] [stdout]                                at /rustc/e3feeb59cd1bdd011a2bfcc0747b55125d9b8527/library/std/src/thread/lifecycle.rs:68:26
[INFO] [stdout]   40:     0x64bba5e93742 - <std[617be2ca0a6fd877]::thread::lifecycle::spawn_unchecked<test[aada8e7e76ba119b]::run_test::{closure#1}, ()>::{closure#1} as core[a373ad73a504971]::ops::function::FnOnce<()>>::call_once::{shim:vtable#0}
[INFO] [stdout]                                at /rustc/e3feeb59cd1bdd011a2bfcc0747b55125d9b8527/library/core/src/ops/function.rs:250:5
[INFO] [stdout]   41:     0x64bba5efc05f - <alloc[2e1b2a31b91974c5]::boxed::Box<dyn core[a373ad73a504971]::ops::function::FnOnce<(), Output = ()> + core[a373ad73a504971]::marker::Send> as core[a373ad73a504971]::ops::function::FnOnce<()>>::call_once
[INFO] [stdout]                                at /rustc/e3feeb59cd1bdd011a2bfcc0747b55125d9b8527/library/alloc/src/boxed.rs:2314:9
[INFO] [stdout]   42:     0x64bba5efc05f - <std[617be2ca0a6fd877]::sys::thread::unix::Thread>::new::thread_start
[INFO] [stdout]                                at /rustc/e3feeb59cd1bdd011a2bfcc0747b55125d9b8527/library/std/src/sys/thread/unix.rs:127:17
[INFO] [stdout]   43:     0x750536637dfa - <unknown>
[INFO] [stdout]   44:     0x7505366cb3d4 - clone
[INFO] [stdout]   45:                0x0 - <unknown>
[INFO] [stdout] 
[INFO] [stdout] 
[INFO] [stdout] failures:
[INFO] [stdout]     no_dependency_build_script_fetches_anything_unpinned
[INFO] [stdout] 
[INFO] [stdout] test result: FAILED. 5 passed; 1 failed; 0 ignored; 0 measured; 0 filtered out; finished in 0.11s
[INFO] [stdout] 
[INFO] running `Command { std: "docker" "inspect" "58fcfdd336c0cc14c80ef54d8f47dddd766207d2893847cb69f407cb0fc61765", kill_on_drop: false }`
[INFO] running `Command { std: "docker" "rm" "-f" "58fcfdd336c0cc14c80ef54d8f47dddd766207d2893847cb69f407cb0fc61765", kill_on_drop: false }`
[INFO] [stdout] 58fcfdd336c0cc14c80ef54d8f47dddd766207d2893847cb69f407cb0fc61765
