[INFO] fetching crate rtc-turn 0.21.0...
[INFO] testing rtc-turn-0.21.0 against 1.99.0-beta.8 for beta-1.100-2
[INFO] extracting crate rtc-turn 0.21.0 into /workspace/builds/worker-4-tc1/source
[INFO] started tweaking crates.io crate rtc-turn 0.21.0
[INFO] removed 0 missing examples
[INFO] finished tweaking crates.io crate rtc-turn 0.21.0
[INFO] tweaked toml for crates.io crate rtc-turn 0.21.0 written to /workspace/builds/worker-4-tc1/source/Cargo.toml
[INFO] validating manifest of crates.io crate rtc-turn 0.21.0 on toolchain 1.99.0-beta.8
[INFO] running `Command { std: CARGO_HOME="/workspace/cargo-home" RUSTUP_HOME="/workspace/rustup-home" "/workspace/cargo-home/bin/cargo" "+1.99.0-beta.8" "metadata" "--manifest-path" "Cargo.toml" "--no-deps", kill_on_drop: false }`
[INFO] crate crates.io crate rtc-turn 0.21.0 already has a lockfile, it will not be regenerated
[INFO] running `Command { std: CARGO_HOME="/workspace/cargo-home" RUSTUP_HOME="/workspace/rustup-home" "/workspace/cargo-home/bin/cargo" "+1.99.0-beta.8" "fetch" "--manifest-path" "Cargo.toml", kill_on_drop: false }`
[INFO] [stderr]     Blocking waiting for file lock on package cache
[INFO] [stderr]     Updating crates.io index
[INFO] [stderr]  Downloading crates ...
[INFO] [stderr]   Downloaded sansio v1.0.1
[INFO] [stderr]   Downloaded rtc-stun v0.21.0
[INFO] running `Command { std: "docker" "create" "-v" "/var/lib/crater-agent-workspace/builds/worker-4-tc1/source:/opt/rustwide/workdir:ro,Z" "-v" "/var/lib/crater-agent-workspace/builds/worker-4-tc1/target:/opt/rustwide/target:rw,Z" "-v" "/var/lib/crater-agent-workspace/cargo-home:/opt/rustwide/cargo-home:ro,Z" "-v" "/var/lib/crater-agent-workspace/rustup-home:/opt/rustwide/rustup-home:ro,Z" "-m" "1610612736" "--network" "none" "ghcr.io/rust-lang/crates-build-env/linux@sha256:3111399a4047eeb3a02b7a90e478d715f38a8c6669b5c4b49d30a17385265909" "sleep" "infinity", kill_on_drop: false }`
[INFO] [stdout] 39a26205db9316234b62314dd24f741e1afe310dca25bcdde402efcdee9d80c2
[INFO] running `Command { std: "docker" "start" "39a26205db9316234b62314dd24f741e1afe310dca25bcdde402efcdee9d80c2", kill_on_drop: false }`
[INFO] running `Command { std: "docker" "inspect" "39a26205db9316234b62314dd24f741e1afe310dca25bcdde402efcdee9d80c2", kill_on_drop: false }`
[INFO] running `Command { std: "docker" "exec" "-e" "SOURCE_DIR=/opt/rustwide/workdir" "-e" "CARGO_HOME=/opt/rustwide/cargo-home" "-e" "RUSTUP_HOME=/opt/rustwide/rustup-home" "-e" "CARGO_TARGET_DIR=/opt/rustwide/target" "-w" "/opt/rustwide/workdir" "--user" "0:0" "39a26205db9316234b62314dd24f741e1afe310dca25bcdde402efcdee9d80c2" "/opt/rustwide/cargo-home/bin/cargo" "+1.99.0-beta.8" "metadata" "--no-deps" "--format-version=1", kill_on_drop: false }`
[INFO] running `Command { std: "docker" "inspect" "39a26205db9316234b62314dd24f741e1afe310dca25bcdde402efcdee9d80c2", kill_on_drop: false }`
[INFO] running `Command { std: "docker" "exec" "-e" "SOURCE_DIR=/opt/rustwide/workdir" "-e" "CARGO_HOME=/opt/rustwide/cargo-home" "-e" "RUSTUP_HOME=/opt/rustwide/rustup-home" "-e" "CARGO_TARGET_DIR=/opt/rustwide/target" "-e" "CARGO_INCREMENTAL=0" "-e" "RUST_BACKTRACE=full" "-e" "RUSTFLAGS=--cap-lints=warn" "-e" "RUSTDOCFLAGS=--cap-lints=warn" "-w" "/opt/rustwide/workdir" "--user" "0:0" "39a26205db9316234b62314dd24f741e1afe310dca25bcdde402efcdee9d80c2" "/opt/rustwide/cargo-home/bin/cargo" "+1.99.0-beta.8" "build" "--frozen" "--message-format=json", kill_on_drop: false }`
[INFO] [stderr]    Compiling syn v3.0.4
[INFO] [stderr]    Compiling libc v0.2.189
[INFO] [stderr]    Compiling subtle v2.6.1
[INFO] [stderr]    Compiling smallvec v1.16.0
[INFO] [stderr]    Compiling find-msvc-tools v0.1.11
[INFO] [stderr]    Compiling thiserror v2.0.20
[INFO] [stderr]    Compiling nix v0.31.3
[INFO] [stderr]    Compiling chacha20 v0.10.2
[INFO] [stderr]    Compiling substring v1.4.5
[INFO] [stderr]    Compiling percent-encoding v2.3.2
[INFO] [stderr]    Compiling inout v0.1.4
[INFO] [stderr]    Compiling crc-catalog v2.5.0
[INFO] [stderr]    Compiling sansio v1.0.1
[INFO] [stderr]    Compiling crc v3.4.0
[INFO] [stderr]    Compiling form_urlencoded v1.2.2
[INFO] [stderr]    Compiling cc v1.4.4
[INFO] [stderr]    Compiling ring v0.17.14
[INFO] [stderr]    Compiling getrandom v0.2.17
[INFO] [stderr]    Compiling getrandom v0.4.3
[INFO] [stderr]    Compiling rand_core v0.6.4
[INFO] [stderr]    Compiling rand v0.10.2
[INFO] [stderr]    Compiling crypto-common v0.1.7
[INFO] [stderr]    Compiling digest v0.10.7
[INFO] [stderr]    Compiling cipher v0.4.4
[INFO] [stderr]    Compiling aead v0.5.2
[INFO] [stderr]    Compiling sha1 v0.10.7
[INFO] [stderr]    Compiling hmac v0.12.1
[INFO] [stderr]    Compiling md-5 v0.10.6
[INFO] [stderr]    Compiling ctr v0.9.2
[INFO] [stderr]    Compiling aes v0.8.4
[INFO] [stderr]    Compiling ccm v0.5.0
[INFO] [stderr]    Compiling zerovec-derive v0.11.6
[INFO] [stderr]    Compiling displaydoc v0.2.7
[INFO] [stderr]    Compiling thiserror-impl v2.0.20
[INFO] [stderr]    Compiling serde_derive v1.0.229
[INFO] [stderr]    Compiling zerotrie v0.2.5
[INFO] [stderr]    Compiling zerovec v0.11.8
[INFO] [stderr]    Compiling tinystr v0.8.4
[INFO] [stderr]    Compiling potential_utf v0.1.6
[INFO] [stderr]    Compiling icu_collections v2.3.0
[INFO] [stderr]    Compiling icu_locale_core v2.3.0
[INFO] [stderr]    Compiling serde v1.0.229
[INFO] [stderr]    Compiling rtc-crypto v0.21.0
[INFO] [stderr]    Compiling icu_provider v2.3.1
[INFO] [stderr]    Compiling icu_normalizer v2.3.0
[INFO] [stderr]    Compiling icu_properties v2.3.0
[INFO] [stderr]    Compiling idna_adapter v1.2.2
[INFO] [stderr]    Compiling idna v1.1.0
[INFO] [stderr]    Compiling url v2.5.8
[INFO] [stderr]    Compiling rtc-shared v0.21.0
[INFO] [stderr]    Compiling rtc-stun v0.21.0
[INFO] [stderr]    Compiling rtc-turn v0.21.0 (/opt/rustwide/workdir)
[INFO] [stderr]     Finished `dev` profile [unoptimized + debuginfo] target(s) in 20.92s
[INFO] running `Command { std: "docker" "inspect" "39a26205db9316234b62314dd24f741e1afe310dca25bcdde402efcdee9d80c2", kill_on_drop: false }`
[INFO] running `Command { std: "docker" "exec" "-e" "SOURCE_DIR=/opt/rustwide/workdir" "-e" "CARGO_HOME=/opt/rustwide/cargo-home" "-e" "RUSTUP_HOME=/opt/rustwide/rustup-home" "-e" "CARGO_TARGET_DIR=/opt/rustwide/target" "-e" "CARGO_INCREMENTAL=0" "-e" "RUST_BACKTRACE=full" "-e" "RUSTFLAGS=--cap-lints=warn" "-e" "RUSTDOCFLAGS=--cap-lints=warn" "-w" "/opt/rustwide/workdir" "--user" "0:0" "39a26205db9316234b62314dd24f741e1afe310dca25bcdde402efcdee9d80c2" "/opt/rustwide/cargo-home/bin/cargo" "+1.99.0-beta.8" "test" "--frozen" "--no-run" "--message-format=json", kill_on_drop: false }`
[INFO] [stderr]    Compiling serde_core v1.0.229
[INFO] [stderr]    Compiling serde v1.0.229
[INFO] [stderr]    Compiling zerocopy v0.8.56
[INFO] [stderr]    Compiling syn v3.0.4
[INFO] [stderr]    Compiling syn v2.0.119
[INFO] [stderr]    Compiling nix v0.31.3
[INFO] [stderr]    Compiling regex-automata v0.4.18
[INFO] [stderr]    Compiling either v1.18.0
[INFO] [stderr]    Compiling alloca v0.4.0
[INFO] [stderr]    Compiling jiff-core v0.1.0
[INFO] [stderr]    Compiling page_size v0.6.0
[INFO] [stderr]    Compiling chrono v0.4.45
[INFO] [stderr]    Compiling crossbeam-channel v0.5.16
[INFO] [stderr]    Compiling itertools v0.13.0
[INFO] [stderr]    Compiling rayon v1.12.0
[INFO] [stderr]    Compiling jiff v0.2.35
[INFO] [stderr]    Compiling criterion-plot v0.8.2
[INFO] [stderr]    Compiling ctrlc v3.5.2
[INFO] [stderr]    Compiling regex v1.13.1
[INFO] [stderr]    Compiling env_filter v2.0.0
[INFO] [stderr]    Compiling serde_json v1.0.151
[INFO] [stderr]    Compiling env_logger v0.11.11
[INFO] [stderr]    Compiling zerovec-derive v0.11.6
[INFO] [stderr]    Compiling displaydoc v0.2.7
[INFO] [stderr]    Compiling serde_derive v1.0.229
[INFO] [stderr]    Compiling thiserror-impl v2.0.20
[INFO] [stderr]    Compiling clap_derive v4.6.4
[INFO] [stderr]    Compiling synstructure v0.13.2
[INFO] [stderr]    Compiling clap v4.6.6
[INFO] [stderr]    Compiling thiserror v2.0.20
[INFO] [stderr]    Compiling rtc-crypto v0.21.0
[INFO] [stderr]    Compiling zerofrom-derive v0.1.7
[INFO] [stderr]    Compiling yoke-derive v0.8.2
[INFO] [stderr]    Compiling zerocopy-derive v0.8.56
[INFO] [stderr]    Compiling zerofrom v0.1.8
[INFO] [stderr]    Compiling yoke v0.8.3
[INFO] [stderr]    Compiling zerovec v0.11.8
[INFO] [stderr]    Compiling zerotrie v0.2.5
[INFO] [stderr]    Compiling tinytemplate v1.2.1
[INFO] [stderr]    Compiling tinystr v0.8.4
[INFO] [stderr]    Compiling potential_utf v0.1.6
[INFO] [stderr]    Compiling icu_collections v2.3.0
[INFO] [stderr]    Compiling icu_locale_core v2.3.0
[INFO] [stderr]    Compiling icu_provider v2.3.1
[INFO] [stderr]    Compiling icu_normalizer v2.3.0
[INFO] [stderr]    Compiling icu_properties v2.3.0
[INFO] [stderr]    Compiling idna_adapter v1.2.2
[INFO] [stderr]    Compiling idna v1.1.0
[INFO] [stderr]    Compiling url v2.5.8
[INFO] [stderr]    Compiling rtc-shared v0.21.0
[INFO] [stderr]    Compiling half v2.7.1
[INFO] [stderr]    Compiling rtc-stun v0.21.0
[INFO] [stderr]    Compiling ciborium-ll v0.2.2
[INFO] [stderr]    Compiling ciborium v0.2.2
[INFO] [stderr]    Compiling rtc-turn v0.21.0 (/opt/rustwide/workdir)
[INFO] [stderr]    Compiling criterion v0.8.2
[INFO] [stderr]     Finished `test` profile [unoptimized + debuginfo] target(s) in 33.33s
[INFO] running `Command { std: "docker" "inspect" "39a26205db9316234b62314dd24f741e1afe310dca25bcdde402efcdee9d80c2", kill_on_drop: false }`
[INFO] running `Command { std: "docker" "exec" "-e" "SOURCE_DIR=/opt/rustwide/workdir" "-e" "CARGO_HOME=/opt/rustwide/cargo-home" "-e" "RUSTUP_HOME=/opt/rustwide/rustup-home" "-e" "CARGO_TARGET_DIR=/opt/rustwide/target" "-e" "CARGO_INCREMENTAL=0" "-e" "RUST_BACKTRACE=full" "-e" "RUSTFLAGS=--cap-lints=warn" "-e" "RUSTDOCFLAGS=--cap-lints=warn" "-w" "/opt/rustwide/workdir" "--user" "0:0" "39a26205db9316234b62314dd24f741e1afe310dca25bcdde402efcdee9d80c2" "/opt/rustwide/cargo-home/bin/cargo" "+1.99.0-beta.8" "test" "--frozen", kill_on_drop: false }`
[INFO] [stderr]     Finished `test` profile [unoptimized + debuginfo] target(s) in 0.17s
[INFO] [stderr]      Running unittests src/lib.rs (/opt/rustwide/target/debug/deps/rtc_turn-b844e7d2108ae33a)
[INFO] [stdout] 
[INFO] [stdout] running 43 tests
[INFO] [stdout] test client::binding::binding_test::test_binding_manager_failure ... ok
[INFO] [stdout] test client::client_test::test_refresh_response_reschedules_shorter_lifetime_from_response_time ... ok
[INFO] [stdout] test proto::addr::addr_test::test_addr_from_socket_addr ... ok
[INFO] [stdout] test client::client_test::test_client_with_stun_send_binding_request_to_timeout ... ok
[INFO] [stdout] test client::binding::binding_test::test_binding_manager_number_assignment ... ok
[INFO] [stdout] test proto::addr::addr_test::test_five_tuple_equal ... ok
[INFO] [stdout] test client::client_test::test_allocation_refresh_interval_cap_is_applied ... ok
[INFO] [stdout] test client::client_test::test_zero_lifetime_response_drops_the_relay ... ok
[INFO] [stdout] test client::client_test::test_has_transaction_reports_outstanding_requests ... ok
[INFO] [stdout] test client::client_test::test_zero_lifetime_allocate_response_is_an_error ... ok
[INFO] [stdout] test proto::addr::addr_test::test_five_tuple_string ... ok
[INFO] [stdout] test proto::addr::addr_test::test_addr_equal_ip ... ok
[INFO] [stdout] test client::client_test::test_zero_lifetime_relay_does_not_freeze_its_deadline ... ok
[INFO] [stdout] test proto::chandata::chandata_test::test_channel_data_encode ... ok
[INFO] [stdout] test proto::chandata::chandata_test::test_channel_data_equal ... ok
[INFO] [stdout] test client::binding::binding_test::test_binding_manager_method ... ok
[INFO] [stdout] test client::client_test::test_client_with_stun_send_binding_request_to_parallel ... FAILED
[INFO] [stdout] test proto::chandata::chandata_test::test_is_channel_data ... ok
[INFO] [stdout] test proto::chandata::chandata_test::test_channel_data_reset ... ok
[INFO] [stdout] test proto::channum::channnum_test::test_channel_number_add_to ... ok
[INFO] [stdout] test client::client_test::test_relay_refresh_timers_run_on_injected_time ... ok
[INFO] [stdout] test client::client_test::test_refresh_response_reschedule_applies_interval_cap ... ok
[INFO] [stdout] test proto::chandata::chandata_test::test_channel_data_decode ... ok
[INFO] [stdout] test proto::chandata::chandata_test::test_chrome_channel_data ... ok
[INFO] [stdout] test client::client_test::test_overdue_relay_refreshes_are_rescheduled_from_now ... ok
[INFO] [stdout] test client::client_test::test_client_with_stun_send_binding_request ... FAILED
[INFO] [stdout] test proto::channum::channnum_test::test_channel_number_string ... ok
[INFO] [stdout] test proto::data::data_test::test_data_add_to ... ok
[INFO] [stdout] test proto::lifetime::lifetime_test::test_lifetime_string ... ok
[INFO] [stdout] test proto::reqfamily::reqfamily_test::test_requested_address_family_string ... ok
[INFO] [stdout] test proto::evenport::evenport_test::test_even_port_string ... ok
[INFO] [stdout] test proto::reqtrans::reqtrans_test::test_requested_transport_add_to ... ok
[INFO] [stdout] test proto::peeraddr::peeraddr_test::test_peer_address ... ok
[INFO] [stdout] test proto::dontfrag::dontfrag_test::test_dont_fragment_add_to ... ok
[INFO] [stdout] test proto::proto_test::test_chrome_alloc_request ... ok
[INFO] [stdout] test proto::evenport::evenport_test::test_even_port_false ... ok
[INFO] [stdout] test proto::rsrvtoken::rsrvtoken_test::test_reservation_token ... ok
[INFO] [stdout] test proto::lifetime::lifetime_test::test_lifetime_add_to ... ok
[INFO] [stdout] test proto::reqfamily::reqfamily_test::test_requested_address_family_add_to ... ok
[INFO] [stdout] test proto::reqtrans::reqtrans_test::test_requested_transport_string ... ok
[INFO] [stdout] test proto::evenport::evenport_test::test_even_port_add_to ... ok
[INFO] [stdout] test proto::relayaddr::relayaddr_test::test_relayed_address ... ok
[INFO] [stdout] test proto::dontfrag::dontfrag_test::test_dont_fragment_false ... ok
[INFO] [stdout] 
[INFO] [stdout] failures:
[INFO] [stdout] 
[INFO] [stdout] ---- client::client_test::test_client_with_stun_send_binding_request_to_parallel stdout ----
[INFO] [stderr] error: test failed, to rerun pass `--lib`
[INFO] [stdout] Error: Io(IoError(Custom { kind: Uncategorized, error: "failed to lookup address information: Temporary failure in name resolution" }))
[INFO] [stdout] 
[INFO] [stdout] ---- client::client_test::test_client_with_stun_send_binding_request stdout ----
[INFO] [stdout] Error: Io(IoError(Custom { kind: Uncategorized, error: "failed to lookup address information: Temporary failure in name resolution" }))
[INFO] [stdout] 
[INFO] [stdout] 
[INFO] [stdout] failures:
[INFO] [stdout]     client::client_test::test_client_with_stun_send_binding_request
[INFO] [stdout]     client::client_test::test_client_with_stun_send_binding_request_to_parallel
[INFO] [stdout] 
[INFO] [stdout] test result: FAILED. 41 passed; 2 failed; 0 ignored; 0 measured; 0 filtered out; finished in 0.01s
[INFO] [stdout] 
[INFO] running `Command { std: "docker" "inspect" "39a26205db9316234b62314dd24f741e1afe310dca25bcdde402efcdee9d80c2", kill_on_drop: false }`
[INFO] running `Command { std: "docker" "rm" "-f" "39a26205db9316234b62314dd24f741e1afe310dca25bcdde402efcdee9d80c2", kill_on_drop: false }`
[INFO] [stdout] 39a26205db9316234b62314dd24f741e1afe310dca25bcdde402efcdee9d80c2
