[INFO] fetching crate rsomics-bam 0.29.0...
[INFO] testing rsomics-bam-0.29.0 against 1.99.0-beta.8 for beta-1.100-2
[INFO] extracting crate rsomics-bam 0.29.0 into /workspace/builds/worker-2-tc1/source
[INFO] started tweaking crates.io crate rsomics-bam 0.29.0
[INFO] removed 0 missing tests
[INFO] finished tweaking crates.io crate rsomics-bam 0.29.0
[INFO] tweaked toml for crates.io crate rsomics-bam 0.29.0 written to /workspace/builds/worker-2-tc1/source/Cargo.toml
[INFO] validating manifest of crates.io crate rsomics-bam 0.29.0 on toolchain 1.99.0-beta.8
[INFO] running `Command { std: CARGO_HOME="/workspace/cargo-home" RUSTUP_HOME="/workspace/rustup-home" "/workspace/cargo-home/bin/cargo" "+1.99.0-beta.8" "metadata" "--manifest-path" "Cargo.toml" "--no-deps", kill_on_drop: false }`
[INFO] crate crates.io crate rsomics-bam 0.29.0 already has a lockfile, it will not be regenerated
[INFO] running `Command { std: CARGO_HOME="/workspace/cargo-home" RUSTUP_HOME="/workspace/rustup-home" "/workspace/cargo-home/bin/cargo" "+1.99.0-beta.8" "fetch" "--manifest-path" "Cargo.toml", kill_on_drop: false }`
[INFO] [stderr]     Updating crates.io index
[INFO] [stderr]  Downloading crates ...
[INFO] [stderr]   Downloaded rust-htslib v1.0.1
[INFO] [stderr]   Downloaded rustc_version v0.1.7
[INFO] [stderr]   Downloaded newtype_derive v0.1.6
[INFO] [stderr]   Downloaded semver v0.1.20
[INFO] [stderr]   Downloaded linear-map v1.2.0
[INFO] [stderr]   Downloaded ieee754 v0.2.6
[INFO] [stderr]   Downloaded custom_derive v0.1.7
[INFO] [stderr]   Downloaded fs-utils v1.1.4
[INFO] [stderr]   Downloaded derive-new v0.6.0
[INFO] [stderr]   Downloaded bio-types v1.0.4
[INFO] [stderr]   Downloaded libdeflate-sys v1.25.2
[INFO] [stderr]   Downloaded rsomics-seqio v0.5.1
[INFO] [stderr]   Downloaded rsomics-common v0.12.3
[INFO] [stderr]   Downloaded derive-new v0.7.0
[INFO] [stderr]   Downloaded crossbeam-channel v0.5.16
[INFO] [stderr]   Downloaded noodles-csi v0.56.0
[INFO] [stderr]   Downloaded noodles-core v0.20.0
[INFO] [stderr]   Downloaded bit-vec v0.9.1
[INFO] [stderr]   Downloaded noodles-bgzf v0.47.0
[INFO] [stderr]   Downloaded rsomics-pileup v0.9.0
[INFO] [stderr]   Downloaded rsomics-bamio v0.8.4
[INFO] [stderr]   Downloaded libdeflater v1.25.2
[INFO] [stderr]   Downloaded noodles-util v0.79.0
[INFO] [stderr]   Downloaded noodles-sam v0.85.0
[INFO] [stderr]   Downloaded libbz2-rs-sys v0.2.5
[INFO] [stderr]   Downloaded bzip2 v0.6.1
[INFO] [stderr]   Downloaded noodles v0.110.0
[INFO] [stderr]   Downloaded zlib-rs v0.6.6
[INFO] [stderr]   Downloaded noodles-bam v0.89.0
[INFO] [stderr]   Downloaded rsomics-help v0.4.0
[INFO] [stderr]   Downloaded noodles-fasta v0.61.0
[INFO] [stderr]   Downloaded noodles-cram v0.93.0
[INFO] [stderr]   Downloaded lzma-rust2 v0.16.5
[INFO] [stderr]   Downloaded hts-sys v2.2.1
[INFO] running `Command { std: "docker" "create" "-v" "/var/lib/crater-agent-workspace/builds/worker-2-tc1/source:/opt/rustwide/workdir:ro,Z" "-v" "/var/lib/crater-agent-workspace/builds/worker-2-tc1/target:/opt/rustwide/target:rw,Z" "-v" "/var/lib/crater-agent-workspace/cargo-home:/opt/rustwide/cargo-home:ro,Z" "-v" "/var/lib/crater-agent-workspace/rustup-home:/opt/rustwide/rustup-home:ro,Z" "-m" "1610612736" "--network" "none" "ghcr.io/rust-lang/crates-build-env/linux@sha256:3111399a4047eeb3a02b7a90e478d715f38a8c6669b5c4b49d30a17385265909" "sleep" "infinity", kill_on_drop: false }`
[INFO] [stdout] df008433041f79d86323a55ca0d987a3ba6a678908dc604533e344e0ca0c94d3
[INFO] running `Command { std: "docker" "start" "df008433041f79d86323a55ca0d987a3ba6a678908dc604533e344e0ca0c94d3", kill_on_drop: false }`
[INFO] running `Command { std: "docker" "inspect" "df008433041f79d86323a55ca0d987a3ba6a678908dc604533e344e0ca0c94d3", kill_on_drop: false }`
[INFO] running `Command { std: "docker" "exec" "-e" "SOURCE_DIR=/opt/rustwide/workdir" "-e" "CARGO_HOME=/opt/rustwide/cargo-home" "-e" "RUSTUP_HOME=/opt/rustwide/rustup-home" "-e" "CARGO_TARGET_DIR=/opt/rustwide/target" "-w" "/opt/rustwide/workdir" "--user" "0:0" "df008433041f79d86323a55ca0d987a3ba6a678908dc604533e344e0ca0c94d3" "/opt/rustwide/cargo-home/bin/cargo" "+1.99.0-beta.8" "metadata" "--no-deps" "--format-version=1", kill_on_drop: false }`
[INFO] running `Command { std: "docker" "inspect" "df008433041f79d86323a55ca0d987a3ba6a678908dc604533e344e0ca0c94d3", kill_on_drop: false }`
[INFO] running `Command { std: "docker" "exec" "-e" "SOURCE_DIR=/opt/rustwide/workdir" "-e" "CARGO_HOME=/opt/rustwide/cargo-home" "-e" "RUSTUP_HOME=/opt/rustwide/rustup-home" "-e" "CARGO_TARGET_DIR=/opt/rustwide/target" "-e" "CARGO_INCREMENTAL=0" "-e" "RUST_BACKTRACE=full" "-e" "RUSTFLAGS=--cap-lints=warn" "-e" "RUSTDOCFLAGS=--cap-lints=warn" "-w" "/opt/rustwide/workdir" "--user" "0:0" "df008433041f79d86323a55ca0d987a3ba6a678908dc604533e344e0ca0c94d3" "/opt/rustwide/cargo-home/bin/cargo" "+1.99.0-beta.8" "build" "--frozen" "--message-format=json", kill_on_drop: false }`
[INFO] [stderr]    Compiling libc v0.2.189
[INFO] [stderr]    Compiling crossbeam-utils v0.8.22
[INFO] [stderr]    Compiling bitflags v2.13.1
[INFO] [stderr]    Compiling zlib-rs v0.6.6
[INFO] [stderr]    Compiling syn v2.0.119
[INFO] [stderr]    Compiling syn v3.0.3
[INFO] [stderr]    Compiling lexical-util v1.0.7
[INFO] [stderr]    Compiling hybrid-array v0.4.14
[INFO] [stderr]    Compiling rustix v1.1.4
[INFO] [stderr]    Compiling clang-sys v1.9.1
[INFO] [stderr]    Compiling crossbeam-channel v0.5.16
[INFO] [stderr]    Compiling bstr v1.13.0
[INFO] [stderr]    Compiling crypto-common v0.2.2
[INFO] [stderr]    Compiling noodles-core v0.20.0
[INFO] [stderr]    Compiling block-buffer v0.12.1
[INFO] [stderr]    Compiling jobserver v0.1.35
[INFO] [stderr]    Compiling lexical-write-integer v1.0.6
[INFO] [stderr]    Compiling lexical-parse-integer v1.0.6
[INFO] [stderr]    Compiling cc v1.4.0
[INFO] [stderr]    Compiling regex-syntax v0.8.11
[INFO] [stderr]    Compiling memchr v2.8.3
[INFO] [stderr]    Compiling either v1.17.0
[INFO] [stderr]    Compiling minimal-lexical v0.2.1
[INFO] [stderr]    Compiling digest v0.11.3
[INFO] [stderr]    Compiling nom v7.1.3
[INFO] [stderr]    Compiling lexical-write-float v1.0.6
[INFO] [stderr]    Compiling cmake v0.1.58
[INFO] [stderr]    Compiling regex-automata v0.4.16
[INFO] [stderr]    Compiling lexical-parse-float v1.0.6
[INFO] [stderr]    Compiling libdeflate-sys v1.25.2
[INFO] [stderr]    Compiling libloading v0.8.9
[INFO] [stderr]    Compiling bindgen v0.72.1
[INFO] [stderr]    Compiling bit-vec v0.9.1
[INFO] [stderr]    Compiling libz-sys v1.1.29
[INFO] [stderr]    Compiling lexical-core v1.0.6
[INFO] [stderr]    Compiling lzma-sys v0.1.20
[INFO] [stderr]    Compiling bzip2-sys v0.1.13+1.0.8
[INFO] [stderr]    Compiling serde_derive v1.0.229
[INFO] [stderr]    Compiling displaydoc v0.2.7
[INFO] [stderr]    Compiling cexpr v0.6.0
[INFO] [stderr]    Compiling synstructure v0.13.2
[INFO] [stderr]    Compiling terminal_size v0.4.4
[INFO] [stderr]    Compiling itertools v0.13.0
[INFO] [stderr]    Compiling rustc-hash v2.1.3
[INFO] [stderr]    Compiling semver v0.1.20
[INFO] [stderr]    Compiling regex v1.13.1
[INFO] [stderr]    Compiling sha2 v0.11.0
[INFO] [stderr]    Compiling clap_builder v4.6.5
[INFO] [stderr]    Compiling rustc_version v0.1.7
[INFO] [stderr]    Compiling fs-utils v1.1.4
[INFO] [stderr]    Compiling clap_derive v4.6.4
[INFO] [stderr]    Compiling zerofrom-derive v0.1.7
[INFO] [stderr]    Compiling yoke-derive v0.8.2
[INFO] [stderr]    Compiling zerofrom v0.1.8
[INFO] [stderr]    Compiling zerovec-derive v0.11.3
[INFO] [stderr]    Compiling serde v1.0.229
[INFO] [stderr]    Compiling libdeflater v1.25.2
[INFO] [stderr]    Compiling yoke v0.8.3
[INFO] [stderr]    Compiling noodles-bgzf v0.47.0
[INFO] [stderr]    Compiling thiserror-impl v2.0.19
[INFO] [stderr]    Compiling zerotrie v0.2.4
[INFO] [stderr]    Compiling flate2 v1.1.9
[INFO] [stderr]    Compiling smallvec v1.15.2
[INFO] [stderr]    Compiling zerovec v0.11.6
[INFO] [stderr]    Compiling noodles-csi v0.56.0
[INFO] [stderr]    Compiling noodles-sam v0.85.0
[INFO] [stderr]    Compiling tinystr v0.8.3
[INFO] [stderr]    Compiling potential_utf v0.1.5
[INFO] [stderr]    Compiling icu_locale_core v2.2.0
[INFO] [stderr]    Compiling icu_collections v2.2.0
[INFO] [stderr]    Compiling aho-corasick v1.1.4
[INFO] [stderr]    Compiling libbz2-rs-sys v0.2.5
[INFO] [stderr]    Compiling icu_provider v2.2.0
[INFO] [stderr]    Compiling icu_properties v2.2.0
[INFO] [stderr]    Compiling icu_normalizer v2.2.0
[INFO] [stderr]    Compiling noodles-bam v0.89.0
[INFO] [stderr]    Compiling bzip2 v0.6.1
[INFO] [stderr]    Compiling thiserror v2.0.19
[INFO] [stderr]    Compiling noodles-fasta v0.61.0
[INFO] [stderr]    Compiling idna_adapter v1.2.2
[INFO] [stderr]    Compiling clap v4.6.5
[INFO] [stderr]    Compiling thiserror-impl v1.0.69
[INFO] [stderr]    Compiling lzma-rust2 v0.16.5
[INFO] [stderr]    Compiling getrandom v0.4.3
[INFO] [stderr]    Compiling newtype_derive v0.1.6
[INFO] [stderr]    Compiling md-5 v0.11.0
[INFO] [stderr]    Compiling percent-encoding v2.3.2
[INFO] [stderr]    Compiling fastrand v2.5.0
[INFO] [stderr]    Compiling crossbeam-epoch v0.9.20
[INFO] [stderr]    Compiling form_urlencoded v1.2.2
[INFO] [stderr]    Compiling tempfile v3.27.0
[INFO] [stderr]    Compiling strum_macros v0.26.4
[INFO] [stderr]    Compiling idna v1.1.0
[INFO] [stderr]    Compiling hts-sys v2.2.1
[INFO] [stderr]    Compiling thiserror v1.0.69
[INFO] [stderr]    Compiling derive-new v0.6.0
[INFO] [stderr]    Compiling noodles-cram v0.93.0
[INFO] [stderr]    Compiling errno v0.3.14
[INFO] [stderr]    Compiling crossbeam-deque v0.8.7
[INFO] [stderr]    Compiling lazy_static v1.5.0
[INFO] [stderr]    Compiling unicode-segmentation v1.13.3
[INFO] [stderr]    Compiling signal-hook-registry v1.4.8
[INFO] [stderr]    Compiling rsomics-common v0.12.3
[INFO] [stderr]    Compiling url v2.5.8
[INFO] [stderr]    Compiling convert_case v0.10.0
[INFO] [stderr]    Compiling derive-new v0.7.0
[INFO] [stderr]    Compiling linear-map v1.2.0
[INFO] [stderr]    Compiling ieee754 v0.2.6
[INFO] [stderr]    Compiling custom_derive v0.1.7
[INFO] [stderr]    Compiling mio v1.2.2
[INFO] [stderr]    Compiling bio-types v1.0.4
[INFO] [stderr]    Compiling derive_more-impl v2.1.1
[INFO] [stderr]    Compiling signal-hook v0.3.18
[INFO] [stderr]    Compiling parking_lot_core v0.9.12
[INFO] [stderr]    Compiling rayon-core v1.13.0
[INFO] [stderr]    Compiling signal-hook-mio v0.2.5
[INFO] [stderr]    Compiling parking_lot v0.12.5
[INFO] [stderr]    Compiling rsomics-seqio v0.5.1
[INFO] [stderr]    Compiling rsomics-help v0.4.0
[INFO] [stderr]    Compiling rayon v1.12.0
[INFO] [stderr]    Compiling derive_more v2.1.1
[INFO] [stderr]    Compiling crossterm v0.29.0
[INFO] [stderr]    Compiling noodles v0.110.0
[INFO] [stderr]    Compiling noodles-util v0.79.0
[INFO] [stderr]    Compiling rust-htslib v1.0.1
[INFO] [stderr]    Compiling rsomics-bamio v0.8.4
[INFO] [stderr]    Compiling rsomics-pileup v0.9.0
[INFO] [stderr]    Compiling rsomics-bam v0.29.0 (/opt/rustwide/workdir)
[INFO] [stderr]     Finished `dev` profile [unoptimized + debuginfo] target(s) in 2m 06s
[INFO] running `Command { std: "docker" "inspect" "df008433041f79d86323a55ca0d987a3ba6a678908dc604533e344e0ca0c94d3", kill_on_drop: false }`
[INFO] running `Command { std: "docker" "exec" "-e" "SOURCE_DIR=/opt/rustwide/workdir" "-e" "CARGO_HOME=/opt/rustwide/cargo-home" "-e" "RUSTUP_HOME=/opt/rustwide/rustup-home" "-e" "CARGO_TARGET_DIR=/opt/rustwide/target" "-e" "CARGO_INCREMENTAL=0" "-e" "RUST_BACKTRACE=full" "-e" "RUSTFLAGS=--cap-lints=warn" "-e" "RUSTDOCFLAGS=--cap-lints=warn" "-w" "/opt/rustwide/workdir" "--user" "0:0" "df008433041f79d86323a55ca0d987a3ba6a678908dc604533e344e0ca0c94d3" "/opt/rustwide/cargo-home/bin/cargo" "+1.99.0-beta.8" "test" "--frozen" "--no-run" "--message-format=json", kill_on_drop: false }`
[INFO] [stderr]    Compiling rsomics-bam v0.29.0 (/opt/rustwide/workdir)
[INFO] [stderr]     Finished `test` profile [unoptimized + debuginfo] target(s) in 40.65s
[INFO] running `Command { std: "docker" "inspect" "df008433041f79d86323a55ca0d987a3ba6a678908dc604533e344e0ca0c94d3", kill_on_drop: false }`
[INFO] running `Command { std: "docker" "exec" "-e" "SOURCE_DIR=/opt/rustwide/workdir" "-e" "CARGO_HOME=/opt/rustwide/cargo-home" "-e" "RUSTUP_HOME=/opt/rustwide/rustup-home" "-e" "CARGO_TARGET_DIR=/opt/rustwide/target" "-e" "CARGO_INCREMENTAL=0" "-e" "RUST_BACKTRACE=full" "-e" "RUSTFLAGS=--cap-lints=warn" "-e" "RUSTDOCFLAGS=--cap-lints=warn" "-w" "/opt/rustwide/workdir" "--user" "0:0" "df008433041f79d86323a55ca0d987a3ba6a678908dc604533e344e0ca0c94d3" "/opt/rustwide/cargo-home/bin/cargo" "+1.99.0-beta.8" "test" "--frozen", kill_on_drop: false }`
[INFO] [stderr]     Finished `test` profile [unoptimized + debuginfo] target(s) in 0.34s
[INFO] [stderr]      Running unittests src/lib.rs (/opt/rustwide/target/debug/deps/rsomics_bam-72356609b40d7d99)
[INFO] [stdout] 
[INFO] [stdout] running 155 tests
[INFO] [stdout] test alignment_order::tests::natural_names_match_samtools_numeric_order ... ok
[INFO] [stdout] test alignment_order::tests::parses_template_cigars ... ok
[INFO] [stdout] test addreplacerg::tests::rejects_unsupported_or_missing_fields ... ok
[INFO] [stdout] test alignment_order::tests::collate_hash_matches_samtools_1_24 ... ok
[INFO] [stdout] test addreplacerg::tests::parses_repeated_fields_and_supported_escapes ... ok
[INFO] [stdout] test alignment_order::tests::queryname_flags_order_read_ends_and_alignment_classes ... ok
[INFO] [stdout] test alignment_order::tests::template_molecular_suffix_is_ignored ... ok
[INFO] [stdout] test amplicon::tests::preserves_reference_and_primer_order ... ok
[INFO] [stdout] test ampliconstats::tests::matching_mates_return_the_first_alignment ... ok
[INFO] [stdout] test ampliconstats::tests::mates_sharing_an_expected_coordinate_are_tracked_independently ... ok
[INFO] [stdout] test ampliconstats::tests::missing_and_cross_reference_mates_do_not_accumulate ... ok
[INFO] [stdout] test bgzf_rewrite::tests::missing_bc_subfield_is_rejected ... ok
[INFO] [stdout] test bgzf_rewrite::tests::truncated_frame_is_rejected ... ok
[INFO] [stdout] test bgzf_rewrite::tests::variable_extra_subfields_are_accepted ... ok
[INFO] [stdout] test cli::tests::addreplacerg_help_exposes_the_stable_slice ... ok
[INFO] [stdout] test ampliconstats::tests::invalid_coordinates_and_order_are_errors ... ok
[INFO] [stdout] test ampliconstats::tests::inconsistent_mate_metadata_does_not_form_a_pair ... ok
[INFO] [stdout] test cli::tests::calmd_help_exposes_only_the_stable_recalculation_slice ... ok
[INFO] [stdout] test cli::tests::amplicon_help_exposes_the_paired_workflow ... ok
[INFO] [stdout] test cli::tests::cat_and_reheader_help_expose_only_the_stable_slice ... ok
[INFO] [stdout] test cli::tests::consensus_command_writes_the_samtools_oracle_and_summary ... ok
[INFO] [stdout] test cli::tests::consensus_boolean_options_require_yes_or_no_values ... ok
[INFO] [stdout] test cli::tests::command_tree_is_valid ... ok
[INFO] [stdout] test cli::tests::consensus_help_exposes_complete_stable_surface ... ok
[INFO] [stdout] test cli::tests::depad_help_exposes_only_the_stable_projection_slice ... ok
[INFO] [stdout] test cli::tests::help_uses_one_nested_command_tree ... ok
[INFO] [stdout] test cli::tests::cram_size_help_exposes_the_complete_diagnostic_surface ... ok
[INFO] [stdout] test cli::tests::coverage_summary_help_exposes_only_the_stable_table_slice ... ok
[INFO] [stdout] test cli::tests::import_help_exposes_the_stable_fastq_slice ... ok
[INFO] [stdout] test bgzf_rewrite::tests::frame_copy_handles_reader_boundaries ... ok
[INFO] [stdout] test cli::tests::reference_help_uses_the_shared_command_surface ... ok
[INFO] [stdout] test cli::tests::phase_help_exposes_the_stable_slice ... ok
[INFO] [stdout] test cli::tests::consensus_rejects_experimental_options ... ok
[INFO] [stdout] test cli::tests::reset_help_exposes_the_stable_slice ... ok
[INFO] [stdout] test cli::tests::fasta_and_fastq_help_expose_the_unified_output_slice ... ok
[INFO] [stdout] test cli::tests::to_bed_help_exposes_the_complete_conversion_surface ... ok
[INFO] [stdout] test cli::tests::split_help_exposes_one_unified_partition_surface ... ok
[INFO] [stdout] test commands::addreplacerg::tests::bam_extension_is_case_insensitive ... ok
[INFO] [stdout] test commands::calmd::tests::output_selection_rejects_cram_and_sam_compression ... ok
[INFO] [stdout] test commands::checksum::tests::parses_ordered_and_wildcard_tag_lists ... ok
[INFO] [stdout] test commands::checksum::tests::rejects_malformed_and_duplicate_tags ... ok
[INFO] [stdout] test cli::tests::tview_help_uses_the_shared_command_surface ... ok
[INFO] [stdout] test commands::import::tests::bam_extension_is_case_insensitive ... ok
[INFO] [stdout] test cli::tests::split_mode_selectors_are_mutually_exclusive ... ok
[INFO] [stdout] test commands::import::tests::repeated_read_group_fields_form_one_line ... ok
[INFO] [stdout] test commands::depad::tests::output_selection_defaults_to_bam_and_rejects_cram ... ok
[INFO] [stdout] test commands::split::tests::tags_are_exactly_two_bytes ... ok
[INFO] [stdout] test commands::tests::parses_memory_units ... ok
[INFO] [stdout] test consensus::call::tests::ambiguity_and_gap_use_upstream_codes ... ok
[INFO] [stdout] test cli::tests::view_exposes_program_provenance_control ... ok
[INFO] [stdout] test consensus::call::bayesian::calibration::tests::custom_file_rejects_ambiguous_or_unsafe_rows ... ok
[INFO] [stdout] test consensus::call::bayesian::calibration::tests::preset_sentinels_match_samtools_1_24 ... ok
[INFO] [stdout] test consensus::call::tests::calls_dominant_base_and_confidence ... ok
[INFO] [stdout] test consensus::call::tests::depth_and_quality_filters_preserve_a_gap_call ... ok
[INFO] [stdout] test consensus::call::tests::bayesian_without_mapping_quality_matches_samtools_1_24_columns ... ok
[INFO] [stdout] test consensus::call::tests::nt16_ambiguity_contributes_to_each_compatible_base ... ok
[INFO] [stdout] test consensus::call::tests::quality_weighting_changes_the_call ... ok
[INFO] [stdout] test consensus::columns::tests::expands_insertions_and_pads_shorter_records ... ok
[INFO] [stdout] test consensus::columns::tests::preserves_cigar_padding_as_an_insertion_gap ... ok
[INFO] [stdout] test consensus::call::tests::caller_dispatches_both_models ... ok
[INFO] [stdout] test consensus::columns::tests::reads_insertions_after_a_deletion_from_the_next_query_base ... ok
[INFO] [stdout] test consensus::columns::tests::visits_reference_and_insertion_columns_in_output_order ... ok
[INFO] [stdout] test consensus::record::tests::adjusts_long_records_without_homopolymer_redistribution ... ok
[INFO] [stdout] test consensus::record::tests::rejects_malformed_md ... ok
[INFO] [stdout] test consensus::record::tests::retains_local_mismatch_and_homopolymer_context ... ok
[INFO] [stdout] test consensus::regions::tests::matches_samtools_1_24_bed_order_and_interval_sorting ... ok
[INFO] [stdout] test consensus::run::tests::cram_with_reference_matches_samtools_1_24 ... ignored, release oracle: requires samtools 1.24
[INFO] [stdout] test consensus::run::tests::bayesian_pileup_option_matrix_matches_samtools_1_24 ... ok
[INFO] [stdout] test consensus::run::tests::fasta_and_fastq_match_samtools_1_24 ... ok
[INFO] [stdout] test consensus::run::tests::fastq_option_matrix_matches_samtools_1_24 ... ok
[INFO] [stdout] test consensus::run::tests::indexed_bed_regions_match_samtools_1_24 ... ignored, release oracle: requires samtools 1.24
[INFO] [stdout] test consensus::run::tests::indexed_region_matches_samtools_1_24 ... ignored, release oracle: requires samtools 1.24
[INFO] [stdout] test consensus::call::bayesian::calibration::tests::custom_file_interpolates_and_extends_like_samtools_1_24 ... ok
[INFO] [stdout] test consensus::run::tests::machine_profiles_match_samtools_1_24_parameter_sets ... ok
[INFO] [stdout] test amplicon::tests::rejects_invalid_coordinates_and_strands ... ok
[INFO] [stdout] test consensus::run::tests::insertion_markers_match_samtools_1_24 ... ok
[INFO] [stdout] test ampliconstats::tests::end_position_overflow_is_an_error ... ok
[INFO] [stdout] test consensus::run::tests::region_selection_sets_checked_output_bounds ... ok
[INFO] [stdout] test consensus::run::tests::simple_pileup_matches_samtools_1_24 ... ok
[INFO] [stdout] test cli::tests::markdup_help_exposes_stable_scope ... ok
[INFO] [stdout] test consensus::walker::tests::calls_reference_and_insertion_columns ... ok
[INFO] [stdout] test cram_size::encoding::tests::describes_core_and_external_encoding_families ... ok
[INFO] [stdout] test consensus::run::tests::reference_extent_and_line_wrapping_match_samtools_1_24 ... ok
[INFO] [stdout] test cram_size::parser::tests::rejects_oversized_container_indexes ... ok
[INFO] [stdout] test cram_size::parser::tests::rejects_raw_blocks_with_inconsistent_sizes ... ok
[INFO] [stdout] test cram_size::tests::classifies_every_cram_compression_family ... ok
[INFO] [stdout] test cram_size::varint::tests::reads_itf8_boundaries_and_signed_values ... ok
[INFO] [stdout] test cram_size::varint::tests::reads_ltf8_boundaries_and_signed_values ... ok
[INFO] [stdout] test depad::cigar::tests::position_map_counts_only_reference_bases ... ok
[INFO] [stdout] test cram_size::encoding::tests::rejects_trailing_encoding_parameters ... ok
[INFO] [stdout] test depad::cigar::tests::redundant_internal_pads_are_removed ... ok
[INFO] [stdout] test filter::tests::minimum_query_length_uses_read_consuming_cigar_operations ... ok
[INFO] [stdout] test consensus::run::tests::simple_pileup_option_matrix_matches_samtools_1_24 ... ok
[INFO] [stdout] test filter::tests::flag_predicates_follow_samtools_combinations ... ok
[INFO] [stdout] test filter::tests::missing_mapping_quality_distinguishes_mapped_and_unmapped_records ... ok
[INFO] [stdout] test filter::tests::raw_and_decoded_flag_predicates_match ... ok
[INFO] [stdout] test flags::tests::names_are_case_insensitive ... ok
[INFO] [stdout] test flags::tests::numeric_forms_match_strtol_base_zero ... ok
[INFO] [stdout] test flags::tests::malformed_values_fail ... ok
[INFO] [stdout] test flags::tests::rendering_matches_samtools_shape ... ok
[INFO] [stdout] test flagstat::tests::paired_metrics_follow_samtools_branching ... ok
[INFO] [stdout] test flagstat::tests::qc_categories_and_primary_counts_are_independent ... ok
[INFO] [stdout] test flagstat::tests::percentages_are_rounded_like_samtools_json ... ok
[INFO] [stdout] test flagstat::tests::secondary_wins_over_supplementary ... ok
[INFO] [stdout] test flagstat::tests::zero_denominator_uses_samtools_na_marker ... ok
[INFO] [stdout] test head::tests::header_limit_counts_complete_lines ... ok
[INFO] [stdout] test head::tests::unterminated_header_line_gets_a_newline ... ok
[INFO] [stdout] test import::tests::bam_payload_is_validated_and_packs_iupac_bases ... ok
[INFO] [stdout] test import::tests::read_group_requires_an_id ... ok
[INFO] [stdout] test import::tests::name_suffixes_drive_single_input_flags ... ok
[INFO] [stdout] test import::tests::order_tag_parser_is_strict ... ok
[INFO] [stdout] test index::tests::automatic_threads_are_bounded ... ok
[INFO] [stdout] test md::tests::cram_completion_treats_equal_as_a_literal_query_base ... ok
[INFO] [stdout] test md::tests::inconsistent_cigar_is_rejected ... ok
[INFO] [stdout] test md::tests::md_and_nm_cover_mismatches_indels_and_skips ... ok
[INFO] [stdout] test md::tests::raw_tags_preserve_a_correct_numeric_subtype_and_replace_a_wrong_value ... ok
[INFO] [stdout] test md::tests::equal_bases_match_any_reference_base ... ok
[INFO] [stdout] test md::tests::equal_mode_changes_only_reference_matches ... ok
[INFO] [stdout] test output::tests::grouped_commit_restores_every_prior_target ... ok
[INFO] [stdout] test output::tests::transaction_owns_its_target ... ok
[INFO] [stdout] test phase::model::tests::count_workspace_is_bounded_before_allocation ... ok
[INFO] [stdout] test output::tests::grouped_commit_removes_new_outputs_during_rollback ... ok
[INFO] [stdout] test program::tests::adds_after_the_last_existing_record_with_a_unique_id ... ok
[INFO] [stdout] test phase::model::tests::pattern_enumeration_matches_the_naive_definition ... ok
[INFO] [stdout] test program::tests::fields_cannot_create_header_fields_or_lines ... ok
[INFO] [stdout] test samples::tests::sample_order_matches_samtools_hash_iteration ... ok
[INFO] [stdout] test quickcheck::tests::diagnostics_list_only_failed_inputs ... ok
[INFO] [stdout] test sort::tests::automatic_threads_are_bounded ... ok
[INFO] [stdout] test samples::tests::tags_are_exactly_two_bytes ... ok
[INFO] [stdout] test split::bed::tests::malformed_rows_fail_loudly ... ok
[INFO] [stdout] test split::label::tests::output_components_are_reversible_and_path_safe ... ok
[INFO] [stdout] test split::bed::tests::rows_merge_by_reference_and_keep_half_open_boundaries ... ok
[INFO] [stdout] test split::output::tests::output_workers_are_bounded_and_balanced_for_known_sinks ... ok
[INFO] [stdout] test split::parts::tests::splitmix64_seed_zero_vector_is_stable ... ok
[INFO] [stdout] test split::tag::tests::tag_values_preserve_strings_hexadecimal_and_integer_ranges ... ok
[INFO] [stdout] test stats::checksum::tests::crc_matches_standard_vector ... ok
[INFO] [stdout] test phase::model::tests::long_phase_scores_do_not_overflow ... ok
[INFO] [stdout] test split::tag::tests::missing_and_non_groupable_types_are_unaccounted ... ok
[INFO] [stdout] test stats::coverage::tests::streams_changes_into_depth_lengths ... ok
[INFO] [stdout] test to_bed::tests::writer_rejects_excess_workers_before_opening_input ... ok
[INFO] [stdout] test tview::grid::tests::insertion_symbols_and_style_modes_are_explicit ... ok
[INFO] [stdout] test tview::grid::tests::symbols_cover_strand_names_skips_deletions_and_color_space ... ok
[INFO] [stdout] test stats::coverage::tests::flushes_between_references ... ok
[INFO] [stdout] test stats::coverage::tests::stores_extreme_depth_sparsely ... ok
[INFO] [stdout] test tview::terminal::tests::every_display_mode_and_toggle_has_a_deterministic_key ... ok
[INFO] [stdout] test tview::terminal::tests::goto_normalization_and_completion_are_bounded ... ok
[INFO] [stdout] test tview::terminal::tests::movement_saturates_and_scrolls_by_the_viewport ... ok
[INFO] [stdout] test tview::tests::viewport_limits_fail_before_allocation ... ok
[INFO] [stdout] test view::tests::parses_mapped_and_unmapped_regions ... ok
[INFO] [stdout] test tview::render::tests::html_groups_adjacent_cells_with_the_same_style ... ok
[INFO] [stdout] test consensus::columns::tests::retained_record_state_drives_bayesian_columns ... ok
[INFO] [stdout] test consensus::run::tests::hiseq_insertion_context_matches_samtools_1_24 ... ok
[INFO] [stdout] test consensus::run::tests::reference_backfill_matches_samtools_1_24 ... ok
[INFO] [stdout] test consensus::run::tests::all_reference_modes_match_samtools_1_24 ... ok
[INFO] [stdout] test consensus::run::tests::pileup_reference_extent_matches_samtools_1_24 ... ok
[INFO] [stdout] 
[INFO] [stdout] test result: ok. 152 passed; 0 failed; 3 ignored; 0 measured; 0 filtered out; finished in 1.16s
[INFO] [stdout] 
[INFO] [stderr]      Running unittests src/main.rs (/opt/rustwide/target/debug/deps/rsomics_bam-e75ec5cebc5f1305)
[INFO] [stdout] 
[INFO] [stdout] running 0 tests
[INFO] [stdout] 
[INFO] [stdout] test result: ok. 0 passed; 0 failed; 0 ignored; 0 measured; 0 filtered out; finished in 0.00s
[INFO] [stdout] 
[INFO] [stderr]      Running tests/addreplacerg.rs (/opt/rustwide/target/debug/deps/addreplacerg-85bda53fdf6bfc51)
[INFO] [stdout] 
[INFO] [stdout] running 8 tests
[INFO] [stdout] test record_failure_does_not_replace_named_output ... ok
[INFO] [stdout] test omitted_source_uses_the_first_header_read_group ... ok
[INFO] [stdout] test overwrite_all_replaces_header_and_every_record_tag ... ok
[INFO] [stdout] test orphan_only_preserves_existing_tags_and_stamps_missing_records ... ok
[INFO] [stdout] test same_id_requires_overwrite_and_failed_output_is_transactional ... ok
[INFO] [stdout] test invalid_source_and_output_alias_fail_loudly ... ok
[INFO] [stdout] test json_summary_uses_the_shared_output_envelope ... ok
[INFO] [stderr]      Running tests/addreplacerg_compat.rs (/opt/rustwide/target/debug/deps/addreplacerg_compat-eba8e83038d0737f)
[INFO] [stdout] test named_bam_and_standard_input_use_the_same_contract ... ok
[INFO] [stdout] 
[INFO] [stdout] test result: ok. 8 passed; 0 failed; 0 ignored; 0 measured; 0 filtered out; finished in 0.16s
[INFO] [stdout] 
[INFO] [stdout] 
[INFO] [stdout] running 2 tests
[INFO] [stdout] test addreplacerg_bam_and_cram_paths_match_samtools_1_24 ... ignored, release oracle: requires samtools 1.24
[INFO] [stdout] test addreplacerg_matches_samtools_1_24_source_and_mode_matrix ... ignored, release oracle: requires samtools 1.24
[INFO] [stdout] 
[INFO] [stdout] test result: ok. 0 passed; 0 failed; 2 ignored; 0 measured; 0 filtered out; finished in 0.00s
[INFO] [stdout] 
[INFO] [stderr]      Running tests/ampliconclip.rs (/opt/rustwide/target/debug/deps/ampliconclip-258d49b84d46d777)
[INFO] [stdout] 
[INFO] [stdout] running 6 tests
[INFO] [stdout] test live_alignment_matrix_matches_samtools_1_24 ... ignored, release oracle: requires samtools 1.24
[INFO] [stdout] test live_auxiliary_outputs_match_samtools_1_24 ... ignored, release oracle: requires samtools 1.24
[INFO] [stdout] test live_cigar_and_auxiliary_types_match_samtools_1_24 ... ignored, release oracle: requires samtools 1.24
[INFO] [stdout] test failures_preserve_named_outputs_and_reject_aliases ... ok
[INFO] [stdout] test json_counts_and_transactional_outputs_share_the_product_contract ... ok
[INFO] [stdout] test committed_alignment_matrix_matches_samtools ... ok
[INFO] [stdout] 
[INFO] [stdout] test result: ok. 3 passed; 0 failed; 3 ignored; 0 measured; 0 filtered out; finished in 0.61s
[INFO] [stdout] 
[INFO] [stderr]      Running tests/ampliconstats.rs (/opt/rustwide/target/debug/deps/ampliconstats-e3b5b2f432df81fd)
[INFO] [stdout] 
[INFO] [stdout] running 7 tests
[INFO] [stdout] test live_multiple_input_output_matches_samtools_1_24 ... ignored, release oracle: requires samtools 1.24
[INFO] [stdout] test live_multiple_references_and_alternative_primers_match_samtools_1_24 ... ignored, release oracle: requires samtools 1.24
[INFO] [stdout] test live_option_matrix_matches_samtools_1_24 ... ignored, release oracle: requires samtools 1.24
[INFO] [stdout] test default_output_matches_the_committed_samtools_oracle ... ok
[INFO] [stdout] test sample_names_named_output_and_json_use_the_product_contract ... ok
[INFO] [stdout] test multiple_references_and_alternative_primers_use_one_model ... ok
[INFO] [stdout] test failures_preserve_named_output_and_reject_aliases ... ok
[INFO] [stderr]      Running tests/calmd.rs (/opt/rustwide/target/debug/deps/calmd-17351364dbea79f3)
[INFO] [stdout] 
[INFO] [stdout] test result: ok. 4 passed; 0 failed; 3 ignored; 0 measured; 0 filtered out; finished in 0.12s
[INFO] [stdout] 
[INFO] [stdout] 
[INFO] [stdout] running 4 tests
[INFO] [stdout] test default_and_equal_modes_match_the_stable_sam_contract ... ok
[INFO] [stdout] test failures_preserve_named_outputs_and_reject_aliases ... ok
[INFO] [stdout] test named_bam_stdin_and_json_use_product_io_contracts ... ok
[INFO] [stdout] test complex_cigars_tag_replacement_and_missing_sequence_are_stable ... ok
[INFO] [stdout] 
[INFO] [stdout] test result: ok. 4 passed; 0 failed; 0 ignored; 0 measured; 0 filtered out; finished in 0.14s
[INFO] [stdout] 
[INFO] [stderr]      Running tests/calmd_compat.rs (/opt/rustwide/target/debug/deps/calmd_compat-c4585c8aebc4fa28)
[INFO] [stdout] 
[INFO] [stderr]      Running tests/cat_reheader.rs (/opt/rustwide/target/debug/deps/cat_reheader-9baefbde98f324d7)
[INFO] [stdout] running 1 test
[INFO] [stdout] test sam_bam_and_cram_match_samtools_1_24 ... ignored, requires samtools 1.24
[INFO] [stdout] 
[INFO] [stdout] test result: ok. 0 passed; 0 failed; 1 ignored; 0 measured; 0 filtered out; finished in 0.00s
[INFO] [stdout] 
[INFO] [stdout] 
[INFO] [stdout] running 9 tests
[INFO] [stdout] test internal_eof_and_output_failures_are_fatal ... ok
[INFO] [stdout] test cat_lists_external_headers_and_stdout_are_complete ... ok
[INFO] [stdout] test headers_spanning_multiple_bgzf_frames_are_supported ... ok
[INFO] [stdout] test reheader_preflight_failures_preserve_existing_output ... ok
[INFO] [stdout] test reheader_renames_references_without_reencoding_records ... ok
[INFO] [stdout] test cat_preflight_failures_preserve_existing_output ... ok
[INFO] [stdout] test program_records_are_added_and_suppressed ... ok
[INFO] [stdout] test cat_merges_read_groups_and_preserves_record_order ... ok
[INFO] [stdout] test unsupported_stream_contracts_fail_before_replacing_output ... ok
[INFO] [stderr]      Running tests/cat_reheader_compat.rs (/opt/rustwide/target/debug/deps/cat_reheader_compat-0fe09154e889cf11)
[INFO] [stdout] 
[INFO] [stdout] test result: ok. 9 passed; 0 failed; 0 ignored; 0 measured; 0 filtered out; finished in 0.24s
[INFO] [stdout] 
[INFO] [stdout] 
[INFO] [stdout] running 4 tests
[INFO] [stdout] test bam_and_cram_header_sources_match_samtools_1_24 ... ok
[INFO] [stderr]      Running tests/checksum.rs (/opt/rustwide/target/debug/deps/checksum-d8db19b6b6d04011)
[INFO] [stdout] test cat_default_and_read_group_merge_match_samtools_1_24 ... ok
[INFO] [stdout] test cat_list_and_external_header_match_samtools_1_24 ... ok
[INFO] [stdout] test reheader_reference_rename_matches_samtools_1_24 ... ok
[INFO] [stdout] 
[INFO] [stdout] test result: ok. 4 passed; 0 failed; 0 ignored; 0 measured; 0 filtered out; finished in 0.02s
[INFO] [stdout] 
[INFO] [stdout] 
[INFO] [stdout] running 16 tests
[INFO] [stdout] test fastq_pair_suffixes_match_htslib_record_semantics ... ok
[INFO] [stdout] test fastq_standard_input_is_detected_without_an_extension ... ok
[INFO] [stdout] test all_applies_the_samtools_sanitization_contract ... ok
[INFO] [stdout] test live_samtools_1_24_oracle_matches_the_stable_surface ... ignored, release oracle: requires samtools 1.24
[INFO] [stdout] test checksum_matches_the_default_samtools_report ... ok
[INFO] [stdout] test compressed_fastq_is_detected_by_content_for_files_and_stdin ... ok
[INFO] [stdout] test checksum_help_exposes_the_stable_surface ... ok
[INFO] [stdout] test named_fastq_is_detected_by_content ... ok
[INFO] [stdout] test json_keeps_the_compatibility_report_separate ... ok
[INFO] [stdout] test failures_do_not_replace_named_reports ... ok
[INFO] [stdout] test merge_combines_native_reports ... ok
[INFO] [stdout] test incompatible_output_modes_and_empty_merge_fail_loud ... ok
[INFO] [stdout] test sam_and_bam_standard_input_remain_alignment_streams ... ok
[INFO] [stdout] test upstream_native_and_bamseq_merge_cases_match ... ok
[INFO] [stdout] test malformed_merge_contracts_are_rejected ... ok
[INFO] [stdout] test complete_upstream_compute_corpus_matches_samtools_1_24 ... ok
[INFO] [stdout] 
[INFO] [stdout] test result: ok. 15 passed; 0 failed; 1 ignored; 0 measured; 0 filtered out; finished in 0.26s
[INFO] [stdout] 
[INFO] [stderr]      Running tests/collate.rs (/opt/rustwide/target/debug/deps/collate-8222c94f3d9c53de)
[INFO] [stdout] 
[INFO] [stdout] running 5 tests
[INFO] [stdout] test sam_bam_cram_and_external_runs_match_samtools_1_24 ... ignored, requires samtools 1.24
[INFO] [stdout] test groups_names_and_sets_collate_header ... ok
[INFO] [stdout] test stdout_is_a_complete_bam ... ok
[INFO] [stdout] test failures_preserve_outputs_and_aliases_are_rejected ... ok
[INFO] [stdout] test external_runs_are_bounded_merged_and_removed ... ok
[INFO] [stderr]      Running tests/compat.rs (/opt/rustwide/target/debug/deps/compat-78c41698aa3967d3)
[INFO] [stdout] 
[INFO] [stdout] test result: ok. 4 passed; 0 failed; 1 ignored; 0 measured; 0 filtered out; finished in 6.61s
[INFO] [stdout] 
[INFO] [stdout] 
[INFO] [stdout] running 64 tests
[INFO] [stdout] test bedcov_matches_samtools_1_24 ... ignored, release oracle: requires samtools 1.24
[INFO] [stdout] test coverage_summaries_match_samtools_1_24 ... ignored, release oracle: requires samtools 1.24
[INFO] [stdout] test flags_match_samtools_1_24 ... ignored, release oracle: requires samtools 1.24
[INFO] [stdout] test flagstat_matches_samtools_1_24_for_sam_bam_and_cram ... ignored, release oracle: requires samtools 1.24
[INFO] [stdout] test head_matches_samtools_1_24_for_sam_bam_and_cram ... ignored, release oracle: requires samtools 1.24
[INFO] [stdout] test head_restores_cram_md_and_nm_like_samtools_1_24 ... ignored, release oracle: requires samtools 1.24
[INFO] [stdout] test head_stdin_matches_samtools_1_24_for_sam_bam_and_cram ... ignored, release oracle: requires samtools 1.24
[INFO] [stdout] test index_matches_samtools_1_24_for_bai_csi_crai_and_bgzf_sam ... ignored, release oracle: requires samtools 1.24
[INFO] [stdout] test head_reads_alignment_from_stdin ... ok
[INFO] [stdout] test mpileup_matches_samtools_1_24_for_sam_bam_and_cram ... ignored, release oracle: requires samtools 1.24
[INFO] [stdout] test head_defaults_to_header_only ... ok
[INFO] [stdout] test phase_matches_samtools_1_24_across_inputs_options_and_partitions ... ignored, release oracle: requires samtools 1.24
[INFO] [stdout] test head_rejects_json_stream_mixing ... ok
[INFO] [stdout] test head_limits_headers_and_records ... ok
[INFO] [stdout] test quickcheck_matches_samtools_1_24_decisions ... ignored, release oracle: requires samtools 1.24
[INFO] [stdout] test flagstat_matches_committed_samtools_text ... ok
[INFO] [stdout] test quickcheck_detects_missing_bam_eof ... ok
[INFO] [stdout] test machine_output_uses_the_shared_envelope ... ok
[INFO] [stdout] test flagstat_accepts_sam ... ok
[INFO] [stdout] test domain_and_envelope_json_are_not_mixed ... ok
[INFO] [stdout] test mpileup_named_output_uses_the_shared_json_envelope ... ok
[INFO] [stdout] test samples_matches_samtools_1_24_for_sam_bam_cram_and_metadata ... ignored, release oracle: requires samtools 1.24
[INFO] [stdout] test samples_deduplicates_values_and_ignores_missing_tags ... ok
[INFO] [stdout] test quickcheck_accepts_sam_and_bam ... ok
[INFO] [stdout] test view_auxiliary_tag_changes_match_samtools_1_24 ... ignored, release oracle: requires samtools 1.24
[INFO] [stdout] test view_bam_compression_modes_match_samtools_1_24_records ... ignored, release oracle: requires samtools 1.24
[INFO] [stdout] test view_bam_output_matches_samtools_1_24_for_sam_bam_and_cram ... ignored, release oracle: requires samtools 1.24
[INFO] [stdout] test quickcheck_quiet_suppresses_per_input_warning ... ok
[INFO] [stdout] test quickcheck_unmapped_allows_header_without_targets ... ok
[INFO] [stdout] test samples_reads_input_paths_from_stdin ... ok
[INFO] [stdout] test quickcheck_uses_the_shared_json_envelope ... ok
[INFO] [stdout] test samples_uses_the_shared_json_envelope ... ok
[INFO] [stdout] test view_controls_program_header_provenance ... ok
[INFO] [stdout] test view_count_uses_the_shared_json_envelope ... ok
[INFO] [stdout] test view_commits_file_output_only_after_success ... ok
[INFO] [stdout] test view_changes_flags_after_filtering ... ok
[INFO] [stdout] test view_flag_changes_match_samtools_1_24 ... ignored, release oracle: requires samtools 1.24
[INFO] [stdout] test samples_reads_sam_headers_and_custom_tags ... ok
[INFO] [stdout] test truncated_alignment_fails_loudly ... ok
[INFO] [stdout] test view_library_filter_matches_samtools_1_24 ... ignored, release oracle: requires samtools 1.24
[INFO] [stdout] test view_matches_samtools_1_24_for_streaming_filters ... ignored, release oracle: requires samtools 1.24
[INFO] [stdout] test view_minimum_query_length_matches_samtools_1_24 ... ignored, release oracle: requires samtools 1.24
[INFO] [stdout] test view_program_path_remains_available ... ok
[INFO] [stdout] test view_qname_files_match_samtools_1_24 ... ignored, release oracle: requires samtools 1.24
[INFO] [stdout] test view_filters_by_query_length ... ok
[INFO] [stdout] test view_read_group_filters_match_samtools_1_24 ... ignored, release oracle: requires samtools 1.24
[INFO] [stdout] test view_reads_alignment_from_stdin ... ok
[INFO] [stdout] test view_header_only_does_not_require_a_region_index ... ok
[INFO] [stdout] test view_regions_match_samtools_1_24_for_bam_and_cram ... ignored, release oracle: requires samtools 1.24
[INFO] [stdout] test view_queries_indexed_regions_in_order ... ok
[INFO] [stdout] test view_rejects_ambiguous_count_outputs ... ok
[INFO] [stdout] test view_filters_by_library_from_read_group_headers ... ok
[INFO] [stdout] test view_saved_counts_match_samtools_1_24 ... ignored, release oracle: requires samtools 1.24
[INFO] [stdout] test view_rejects_json_stream_mixing ... ok
[INFO] [stdout] test view_rejects_malformed_raw_bam_records ... ok
[INFO] [stdout] test view_saves_filter_counts_transactionally ... ok
[INFO] [stdout] test view_streams_sam_body_and_counts ... ok
[INFO] [stdout] test view_region_requires_an_index ... ok
[INFO] [stdout] test view_filters_by_read_names_from_files ... ok
[INFO] [stdout] test view_filters_records_and_headers_by_read_group ... ok
[INFO] [stdout] test view_controls_bam_compression ... ok
[INFO] [stdout] test view_keeps_or_removes_selected_auxiliary_tags ... ok
[INFO] [stdout] test view_writes_parallel_bam_within_the_thread_budget ... ok
[INFO] [stdout] test view_writes_finished_bam_by_flag_and_extension ... ok
[INFO] [stdout] 
[INFO] [stdout] test result: ok. 41 passed; 0 failed; 23 ignored; 0 measured; 0 filtered out; finished in 0.55s
[INFO] [stdout] 
[INFO] [stderr]      Running tests/consensus_cli.rs (/opt/rustwide/target/debug/deps/consensus_cli-d7ded49172346cf8)
[INFO] [stdout] 
[INFO] [stdout] running 4 tests
[INFO] [stdout] test consensus_reads_sam_from_stdin ... ok
[INFO] [stdout] test simple_default_uses_observable_heterozygous_fraction ... ok
[INFO] [stdout] test consensus_failure_preserves_existing_output ... ok
[INFO] [stdout] test uncovered_indexed_region_outputs_match_samtools_1_24 ... ok
[INFO] [stdout] 
[INFO] [stdout] test result: ok. 4 passed; 0 failed; 0 ignored; 0 measured; 0 filtered out; finished in 0.18s
[INFO] [stdout] 
[INFO] [stderr]      Running tests/consensus_compat.rs (/opt/rustwide/target/debug/deps/consensus_compat-029cdffb74ca5341)
[INFO] [stdout] 
[INFO] [stdout] running 2 tests
[INFO] [stdout] test indexed_regions_and_reference_fill_match_samtools_1_24 ... ignored, release oracle: requires samtools 1.24
[INFO] [stdout] test modes_profiles_and_calibrations_match_samtools_1_24 ... ignored, release oracle: requires samtools 1.24
[INFO] [stdout] 
[INFO] [stdout] test result: ok. 0 passed; 0 failed; 2 ignored; 0 measured; 0 filtered out; finished in 0.00s
[INFO] [stdout] 
[INFO] [stderr]      Running tests/coverage_stats.rs (/opt/rustwide/target/debug/deps/coverage_stats-e9c16dd7715404fb)
[INFO] [stdout] 
[INFO] [stdout] running 15 tests
[INFO] [stdout] test coverage_emits_the_complete_reference_table ... ok
[INFO] [stdout] test bedcov_supports_headers_gzip_and_explicit_indices ... ok
[INFO] [stdout] test bedcov_preserves_bed_rows_and_appends_coverage ... ok
[INFO] [stdout] test bedcov_dense_sweep_preserves_unsorted_row_order ... ok
[INFO] [stdout] test idxstats_accepts_an_explicit_index ... ok
[INFO] [stdout] test idxstats_rejects_an_unsorted_scan ... ok
[INFO] [stdout] test coverage_summaries_use_shared_json_and_preserve_transactions ... ok
[INFO] [stdout] test idxstats_preserves_named_output_on_failure_and_rejects_input_aliases ... ok
[INFO] [stdout] test idxstats_scans_a_coordinate_sorted_file_without_an_index ... ok
[INFO] [stdout] test idxstats_uses_the_shared_json_envelope ... ok
[INFO] [stdout] test idxstats_reads_index_metadata_and_unplaced_counts ... ok
[INFO] [stdout] test coverage_merges_inputs_and_supports_lists_stdin_and_regions ... ok
[INFO] [stdout] test idxstats_rejects_a_broken_explicit_index_instead_of_scanning ... ok
[INFO] [stdout] test coverage_applies_record_base_and_depth_filters ... ok
[INFO] [stderr]      Running tests/cram_size.rs (/opt/rustwide/target/debug/deps/cram_size-a42da7788771e08b)
[INFO] [stdout] test bedcov_matches_gap_filter_threshold_flag_and_depth_semantics ... ok
[INFO] [stdout] 
[INFO] [stdout] test result: ok. 15 passed; 0 failed; 0 ignored; 0 measured; 0 filtered out; finished in 0.32s
[INFO] [stdout] 
[INFO] [stdout] 
[INFO] [stdout] running 6 tests
[INFO] [stdout] test standard_input_matches_file_input ... ok
[INFO] [stdout] test json_requires_named_compatibility_output ... ok
[INFO] [stdout] test named_output_and_json_use_product_contract ... ok
[INFO] [stdout] test invalid_inputs_fail_without_replacing_output ... ok
[INFO] [stdout] test all_text_modes_match_samtools_1_24 ... ok
[INFO] [stdout] test supported_versions_match_samtools_1_24 ... ok
[INFO] [stdout] 
[INFO] [stdout] test result: ok. 6 passed; 0 failed; 0 ignored; 0 measured; 0 filtered out; finished in 0.10s
[INFO] [stdout] 
[INFO] [stderr]      Running tests/depad.rs (/opt/rustwide/target/debug/deps/depad-380549e236d388fd)
[INFO] [stdout] 
[INFO] [stdout] running 6 tests
[INFO] [stdout] test unmapped_records_are_not_projected ... ok
[INFO] [stdout] test failures_preserve_named_output_and_reject_aliases ... ok
[INFO] [stdout] test named_bam_stdin_and_json_use_product_io_contracts ... ok
[INFO] [stdout] test embedded_reference_and_fasta_header_projection_match_the_stable_contract ... ok
[INFO] [stdout] test compression_modes_cannot_select_sam_output ... ok
[INFO] [stdout] test invalid_cigar_and_reference_data_fail_loudly ... ok
[INFO] [stdout] 
[INFO] [stdout] test result: ok. 6 passed; 0 failed; 0 ignored; 0 measured; 0 filtered out; finished in 0.08s
[INFO] [stdout] 
[INFO] [stderr]      Running tests/depad_compat.rs (/opt/rustwide/target/debug/deps/depad_compat-c5e2813f788f1d86)
[INFO] [stdout] 
[INFO] [stdout] running 2 tests
[INFO] [stdout] test long_cigar_bam_output_matches_samtools_1_24 ... ignored, release oracle: requires samtools 1.24
[INFO] [stdout] test sam_bam_cram_outputs_and_projection_edges_match_samtools_1_24 ... ignored, release oracle: requires samtools 1.24
[INFO] [stdout] 
[INFO] [stdout] test result: ok. 0 passed; 0 failed; 2 ignored; 0 measured; 0 filtered out; finished in 0.00s
[INFO] [stdout] 
[INFO] [stderr]      Running tests/depth.rs (/opt/rustwide/target/debug/deps/depth-a366fb1189633003)
[INFO] [stdout] 
[INFO] [stdout] running 8 tests
[INFO] [stdout] test depth_matches_samtools_1_24_for_sam_bam_and_cram ... ignored, release oracle: requires samtools 1.24
[INFO] [stdout] test default_depth_matches_committed_oracle ... ok
[INFO] [stdout] test shorter_record_does_not_truncate_active_depth ... ok
[INFO] [stdout] test multiple_inputs_keep_separate_depth_columns ... ok
[INFO] [stdout] test deletion_and_overlap_modes_match_committed_oracles ... ok
[INFO] [stdout] test all_references_and_bed_selection_are_exact ... ok
[INFO] [stdout] test named_output_is_transactional_and_json_stays_separate ... ok
[INFO] [stdout] test depth_uses_the_shared_long_cigar_contract ... ok
[INFO] [stdout] 
[INFO] [stdout] test result: ok. 7 passed; 0 failed; 1 ignored; 0 measured; 0 filtered out; finished in 0.35s
[INFO] [stdout] 
[INFO] [stderr]      Running tests/fastx.rs (/opt/rustwide/target/debug/deps/fastx-48d22f1f5bed648e)
[INFO] [stdout] 
[INFO] [stdout] running 5 tests
[INFO] [stdout] test json_requires_a_named_sequence_output ... ok
[INFO] [stdout] test malformed_original_quality_fails_without_replacing_output ... ok
[INFO] [stdout] test fastq_original_default_quality_and_filter_controls_are_exact ... ok
[INFO] [stdout] test named_bgzf_output_is_transactional_and_keeps_json_separate ... ok
[INFO] [stdout] test fasta_and_fastq_match_name_group_selection_and_orientation ... ok
[INFO] [stdout] 
[INFO] [stdout] test result: ok. 5 passed; 0 failed; 0 ignored; 0 measured; 0 filtered out; finished in 0.11s
[INFO] [stdout] 
[INFO] [stderr]      Running tests/fastx_compat.rs (/opt/rustwide/target/debug/deps/fastx_compat-88aa08d602df6399)
[INFO] [stdout] 
[INFO] [stdout] running 1 test
[INFO] [stdout] test fasta_and_fastq_match_samtools_1_24_for_sam_bam_cram_and_stdin ... ignored, release oracle: requires samtools 1.24
[INFO] [stdout] 
[INFO] [stdout] test result: ok. 0 passed; 0 failed; 1 ignored; 0 measured; 0 filtered out; finished in 0.00s
[INFO] [stdout] 
[INFO] [stderr]      Running tests/fixmate.rs (/opt/rustwide/target/debug/deps/fixmate-ced4078cfe99e4e7)
[INFO] [stdout] 
[INFO] [stdout] running 6 tests
[INFO] [stdout] test samtools_1_24_matrix_matches_all_supported_modes ... ignored, requires samtools 1.24
[INFO] [stdout] test remove_and_no_proper_pair_match_their_declared_scope ... ok
[INFO] [stdout] test repairs_primary_supplementary_orphan_and_multi_primary_records ... ok
[INFO] [stdout] test coordinate_input_and_path_aliases_fail_transactionally ... ok
[INFO] [stdout] test stdout_is_a_complete_bam_and_help_excludes_unimplemented_modes ... ok
[INFO] [stdout] test long_cigar_populates_the_complete_mate_cigar ... ok
[INFO] [stderr]      Running tests/import.rs (/opt/rustwide/target/debug/deps/import-edc8bef101dc8855)
[INFO] [stdout] 
[INFO] [stdout] test result: ok. 5 passed; 0 failed; 1 ignored; 0 measured; 0 filtered out; finished in 0.21s
[INFO] [stdout] 
[INFO] [stdout] 
[INFO] [stdout] running 13 tests
[INFO] [stdout] test default_header_records_program_provenance ... ok
[INFO] [stdout] test named_output_cannot_alias_an_input ... ok
[INFO] [stdout] test order_tag_cannot_replace_the_read_group_tag ... ok
[INFO] [stdout] test mixed_explicit_and_positional_inputs_are_rejected ... ok
[INFO] [stdout] test named_sam_is_inferred_from_extension ... ok
[INFO] [stdout] test single_fastq_writes_unmapped_sam_to_stdout ... ok
[INFO] [stdout] test non_iupac_fastq_bases_are_rejected ... ok
[INFO] [stdout] test failed_pair_does_not_replace_named_output ... ok
[INFO] [stdout] test single_input_detects_mate_suffixes_per_record ... ok
[INFO] [stdout] test read_group_and_fixed_width_order_tags_are_written ... ok
[INFO] [stdout] test sam_output_normalizes_lowercase_iupac_bases ... ok
[INFO] [stdout] test gzip_and_standard_input_follow_the_same_reader_contract ... ok
[INFO] [stdout] test paired_fastq_writes_bam_in_alternating_order ... ok
[INFO] [stdout] 
[INFO] [stdout] test result: ok. 13 passed; 0 failed; 0 ignored; 0 measured; 0 filtered out; finished in 0.11s
[INFO] [stdout] 
[INFO] [stderr]      Running tests/import_compat.rs (/opt/rustwide/target/debug/deps/import_compat-2925990d70ee4b5b)
[INFO] [stdout] 
[INFO] [stdout] running 3 tests
[INFO] [stdout] test import_bam_gzip_and_stdin_match_samtools_1_24 ... ignored, release oracle: requires samtools 1.24
[INFO] [stdout] test import_matches_samtools_1_24_for_core_input_modes_and_tags ... ignored, release oracle: requires samtools 1.24
[INFO] [stdout] test import_rejects_non_iupac_fastq_like_samtools_1_24 ... ignored, release oracle: requires samtools 1.24
[INFO] [stdout] 
[INFO] [stdout] test result: ok. 0 passed; 0 failed; 3 ignored; 0 measured; 0 filtered out; finished in 0.00s
[INFO] [stdout] 
[INFO] [stderr]      Running tests/index.rs (/opt/rustwide/target/debug/deps/index-2ca884d105df15ba)
[INFO] [stdout] 
[INFO] [stdout] running 5 tests
[INFO] [stdout] test indexing_failures_preserve_existing_outputs ... ok
[INFO] [stdout] test indexes_cram_as_crai ... ok
[INFO] [stdout] test supports_legacy_and_multiple_input_forms ... ok
[INFO] [stdout] test indexes_bgzf_sam_with_bai_or_csi ... ok
[INFO] [stdout] test builds_queryable_bai_and_csi_indexes ... ok
[INFO] [stdout] 
[INFO] [stdout] test result: ok. 5 passed; 0 failed; 0 ignored; 0 measured; 0 filtered out; finished in 0.30s
[INFO] [stdout] 
[INFO] [stderr]      Running tests/markdup.rs (/opt/rustwide/target/debug/deps/markdup-17b4b355c8c81a1c)
[INFO] [stdout] 
[INFO] [stdout] running 25 tests
[INFO] [stdout] test default_header_records_program ... ok
[INFO] [stdout] test lower_scoring_pair_is_marked_duplicate ... ok
[INFO] [stdout] test failed_input_preserves_existing_output ... ok
[INFO] [stdout] test json_reports_markdup_summary ... ok
[INFO] [stdout] test named_cram_without_eof_is_rejected ... ok
[INFO] [stdout] test json_requires_named_output ... ok
[INFO] [stdout] test clear_removes_prior_duplicate_state_before_marking ... ok
[INFO] [stdout] test paired_collision_without_ms_is_rejected ... ok
[INFO] [stdout] test hard_clipping_contributes_to_unclipped_start ... ok
[INFO] [stdout] test output_failure_is_propagated ... ok
[INFO] [stdout] test observed_coordinate_decrease_is_rejected ... ok
[INFO] [stdout] test paired_record_without_mc_is_rejected ... ok
[INFO] [stdout] test paired_record_outranks_single_record ... ok
[INFO] [stdout] test max_read_length_retains_clipped_duplicate_candidate ... ok
[INFO] [stdout] test query_name_sort_declaration_is_rejected ... ok
[INFO] [stdout] test same_input_and_output_is_rejected ... ok
[INFO] [stdout] test prior_duplicate_flags_remain_without_clear ... ok
[INFO] [stdout] test named_bam_without_eof_is_rejected ... ok
[INFO] [stdout] test removal_omits_duplicate_records ... ok
[INFO] [stdout] test paired_score_tie_uses_lexical_name ... ok
[INFO] [stdout] test wrong_ms_type_is_rejected ... ok
[INFO] [stdout] test standard_input_writes_named_bam ... ok
[INFO] [stdout] test standard_output_is_complete_bam ... ok
[INFO] [stdout] test zero_max_read_length_is_rejected ... ok
[INFO] [stdout] test long_cigar_uses_decoded_operations ... ok
[INFO] [stdout] 
[INFO] [stdout] test result: ok. 25 passed; 0 failed; 0 ignored; 0 measured; 0 filtered out; finished in 0.45s
[INFO] [stdout] 
[INFO] [stderr]      Running tests/markdup_compat.rs (/opt/rustwide/target/debug/deps/markdup_compat-9fd712f7c58082fc)
[INFO] [stdout] 
[INFO] [stdout] running 10 tests
[INFO] [stdout] test bam_input_with_threads_matches_samtools ... ok
[INFO] [stdout] test cram_input_matches_samtools ... ok
[INFO] [stdout] test missing_ms_failure_matches_samtools ... ok
[INFO] [stdout] test missing_mc_failure_matches_samtools ... ok
[INFO] [stdout] test query_name_order_failure_matches_samtools ... ok
[INFO] [stdout] test observed_bad_order_failure_matches_samtools ... ok
[INFO] [stdout] test include_fails_matches_samtools ... ok
[INFO] [stdout] test removal_output_matches_samtools ... ok
[INFO] [stdout] test sequence_mode_matches_samtools ... ok
[INFO] [stdout] test default_output_matches_samtools ... ok
[INFO] [stderr]      Running tests/merge.rs (/opt/rustwide/target/debug/deps/merge-de4bd1f0d2fdaf36)
[INFO] [stdout] 
[INFO] [stdout] test result: ok. 10 passed; 0 failed; 0 ignored; 0 measured; 0 filtered out; finished in 0.18s
[INFO] [stdout] 
[INFO] [stdout] 
[INFO] [stdout] running 8 tests
[INFO] [stdout] test all_orders_match_samtools_1_24 ... ignored, requires samtools 1.24
[INFO] [stdout] test sam_bam_and_cram_inputs_match_samtools_1_24 ... ignored, requires samtools 1.24
[INFO] [stdout] test input_count_is_bounded ... ok
[INFO] [stdout] test combine_modes_keep_first_colliding_header_records ... ok
[INFO] [stdout] test coordinate_merge_reconciles_headers_and_translates_records ... ok
[INFO] [stdout] test invalid_inputs_preserve_existing_output ... ok
[INFO] [stdout] test actual_order_is_checked_and_stdout_is_complete_bam ... ok
[INFO] [stdout] test incompatible_dictionaries_headers_and_aliases_fail ... ok
[INFO] [stdout] 
[INFO] [stdout] test result: ok. 6 passed; 0 failed; 2 ignored; 0 measured; 0 filtered out; finished in 0.08s
[INFO] [stdout] 
[INFO] [stderr]      Running tests/mpileup.rs (/opt/rustwide/target/debug/deps/mpileup-c420c20e44f7db28)
[INFO] [stdout] 
[INFO] [stdout] running 4 tests
[INFO] [stdout] test default_text_matches_golden ... ok
[INFO] [stdout] test reference_baq_matches_golden ... ok
[INFO] [stdout] test raw_bam_and_sam_emit_the_same_pileup ... ok
[INFO] [stderr]      Running tests/phase.rs (/opt/rustwide/target/debug/deps/phase-8932c21a0110529a)
[INFO] [stdout] test indels_and_overlapping_mates_use_samtools_text_encoding ... ok
[INFO] [stdout] 
[INFO] [stdout] test result: ok. 4 passed; 0 failed; 0 ignored; 0 measured; 0 filtered out; finished in 0.02s
[INFO] [stdout] 
[INFO] [stdout] 
[INFO] [stdout] running 17 tests
[INFO] [stdout] test colliding_report_and_partition_targets_are_rejected_without_changes ... ok
[INFO] [stdout] test ambiguous_reads_are_routed_to_the_chimera_partition ... ok
[INFO] [stdout] test default_phase_records_match_samtools_1_24 ... ok
[INFO] [stdout] test cram_partitions_require_and_use_an_indexed_reference ... ok
[INFO] [stdout] test no_variant_partition_does_not_discard_input_records ... ok
[INFO] [stdout] test long_uninformative_reads_do_not_delay_phase_assignments ... ok
[INFO] [stdout] test marker_indexes_are_reference_local_across_phase_sets ... ok
[INFO] [stdout] test bam_partitions_preserve_records_tags_and_program_suppression ... ok
[INFO] [stdout] test one_marker_window_preserves_samtools_haplotype_orientation ... ok
[INFO] [stdout] test phase_identity_uses_the_complete_read_name ... ok
[INFO] [stdout] test unsorted_input_fails_instead_of_emitting_a_partial_report ... ok
[INFO] [stdout] test phase_propagates_report_write_failures ... ok
[INFO] [stdout] test window_is_rejected_before_an_unbounded_workspace_is_possible ... ok
[INFO] [stdout] test default_het_lod_is_the_observable_37 ... ok
[INFO] [stdout] test report_and_partitions_commit_as_one_group ... ok
[INFO] [stdout] test head_and_tail_chimeras_are_repaired_and_partitioned ... ok
[INFO] [stderr]      Running tests/reference.rs (/opt/rustwide/target/debug/deps/reference-f98690a5f4929dc1)
[INFO] [stdout] test stdin_and_json_report_output_use_the_same_phase_contract ... ok
[INFO] [stdout] 
[INFO] [stdout] test result: ok. 17 passed; 0 failed; 0 ignored; 0 measured; 0 filtered out; finished in 1.85s
[INFO] [stdout] 
[INFO] [stdout] 
[INFO] [stdout] running 13 tests
[INFO] [stdout] test md_and_embedded_regions_match_samtools_1_24 ... ignored, requires the pinned samtools 1.24 compatibility oracle
[INFO] [stdout] test reconstructs_matches_substitutions_and_deletions ... ok
[INFO] [stdout] test embedded_mode_rejects_non_cram_and_missing_blocks ... ok
[INFO] [stdout] test json_and_regions_require_named_or_indexed_input ... ok
[INFO] [stdout] test handles_clipping_insertions_and_reference_skips ... ok
[INFO] [stdout] test invalid_evidence_fails_without_replacing_output ... ok
[INFO] [stdout] test unsorted_records_fail ... ok
[INFO] [stdout] test named_output_and_json_use_product_contract ... ok
[INFO] [stdout] test rejects_md_operations_that_disagree_with_explicit_cigar_operators ... ok
[INFO] [stdout] test extracts_embedded_cram_reference_by_indexed_region ... ok
[INFO] [stdout] test standard_input_matches_file_input ... ok
[INFO] [stdout] test bam_streaming_and_indexed_region_paths_match ... ok
[INFO] [stderr]      Running tests/reset.rs (/opt/rustwide/target/debug/deps/reset-6aa02dede1b269f9)
[INFO] [stdout] test truncated_embedded_cram_preserves_named_output ... ok
[INFO] [stdout] 
[INFO] [stdout] test result: ok. 12 passed; 0 failed; 1 ignored; 0 measured; 0 filtered out; finished in 0.17s
[INFO] [stdout] 
[INFO] [stdout] 
[INFO] [stdout] running 15 tests
[INFO] [stdout] test bam_fast_path_matches_samtools_for_odd_ambiguous_reverse_reads ... ignored, release oracle: requires samtools 1.24
[INFO] [stdout] test cram_output_decodes_to_the_samtools_1_24_result ... ignored, release oracle: requires samtools 1.24
[INFO] [stdout] test malformed_input_does_not_replace_an_existing_output ... ok
[INFO] [stdout] test no_rg_drops_read_group_header_and_record_tags ... ok
[INFO] [stdout] test keep_tag_takes_precedence_over_remove_tag ... ok
[INFO] [stdout] test input_output_alias_is_rejected_without_replacing_the_input ... ok
[INFO] [stdout] test reset_matches_samtools_1_24_for_sam_bam_and_cram ... ignored, release oracle: requires samtools 1.24
[INFO] [stdout] test named_sam_output_is_inferred_from_the_extension ... ok
[INFO] [stdout] test named_bam_extension_is_case_insensitive ... ok
[INFO] [stdout] test remove_tag_caret_switches_to_keep_mode ... ok
[INFO] [stdout] test reject_pg_drops_the_matching_program_and_its_successors ... ok
[INFO] [stdout] test dupflag_preserves_the_duplicate_bit ... ok
[INFO] [stdout] test malformed_auxiliary_tag_list_is_rejected ... ok
[INFO] [stdout] test output_format_is_case_insensitive ... ok
[INFO] [stdout] test reset_restores_primary_reads_to_unaligned_sam ... ok
[INFO] [stdout] 
[INFO] [stdout] test result: ok. 12 passed; 0 failed; 3 ignored; 0 measured; 0 filtered out; finished in 0.08s
[INFO] [stdout] 
[INFO] [stderr]      Running tests/sort.rs (/opt/rustwide/target/debug/deps/sort-4e603126c1ca7228)
[INFO] [stdout] 
[INFO] [stdout] running 7 tests
[INFO] [stdout] test all_orders_match_samtools_1_24 ... ignored, requires samtools 1.24
[INFO] [stdout] test bam_cram_and_external_runs_match_samtools_1_24 ... ignored, requires samtools 1.24
[INFO] [stdout] test failures_preserve_outputs_and_aliases_are_rejected ... ok
[INFO] [stdout] test binary_stdout_is_a_complete_bam ... ok
[INFO] [stdout] test uncompressed_bam_is_supported_and_missing_bgzf_eof_fails ... ok
[INFO] [stdout] test coordinate_and_queryname_orders_match_committed_oracles ... ok
[INFO] [stdout] test external_runs_are_merged_and_reported ... ok
[INFO] [stderr]      Running tests/split.rs (/opt/rustwide/target/debug/deps/split-9d82e712d34dc5de)
[INFO] [stdout] 
[INFO] [stdout] test result: ok. 5 passed; 0 failed; 2 ignored; 0 measured; 0 filtered out; finished in 5.78s
[INFO] [stdout] 
[INFO] [stdout] 
[INFO] [stdout] running 15 tests
[INFO] [stdout] test explicit_read_group_tag_synthesizes_undeclared_headers ... ok
[INFO] [stdout] test cli_reports_the_default_partition_set_as_json ... ok
[INFO] [stdout] test explicit_tags_encode_paths_pad_integers_and_enforce_the_output_cap ... ok
[INFO] [stdout] test cli_accepts_bam_on_standard_input_for_deterministic_parts ... ok
[INFO] [stdout] test outputs_cannot_alias_primary_or_auxiliary_inputs ... ok
[INFO] [stdout] test missing_and_unknown_read_groups_are_explicit_and_transactional ... ok
[INFO] [stdout] test parts_validate_limits_and_skip_only_unmapped_records ... ok
[INFO] [stdout] test read_group_split_creates_complete_filtered_outputs ... ok
[INFO] [stdout] test unaccounted_header_is_isolated_and_dictionary_checked ... ok
[INFO] [stdout] test mate_mode_projects_decoded_records_to_the_same_single_end_contract ... ok
[INFO] [stdout] test seeded_parts_are_a_reproducible_exact_cover ... ok
[INFO] [stdout] test gene_mode_uses_leftmost_start_and_preserves_targets_on_bed_failure ... ok
[INFO] [stdout] test gene_mode_matches_the_retained_rseqc_record_bodies ... ok
[INFO] [stdout] test mate_mode_matches_the_retained_rseqc_record_bodies ... ok
[INFO] [stderr]      Running tests/split_compat.rs (/opt/rustwide/target/debug/deps/split_compat-4b3e77ee96d8a4f3)
[INFO] [stdout] test sam_and_cram_outputs_keep_the_same_partition_contract ... ok
[INFO] [stdout] 
[INFO] [stdout] test result: ok. 15 passed; 0 failed; 0 ignored; 0 measured; 0 filtered out; finished in 0.23s
[INFO] [stdout] 
[INFO] [stdout] 
[INFO] [stdout] running 2 tests
[INFO] [stdout] test gene_and_mate_outputs_match_rseqc_5_0_4 ... ignored, requires RSeQC 5.0.4 and samtools 1.24
[INFO] [stdout] test read_group_and_integer_tag_outputs_match_samtools_1_24 ... ok
[INFO] [stdout] 
[INFO] [stdout] test result: ok. 1 passed; 0 failed; 1 ignored; 0 measured; 0 filtered out; finished in 0.01s
[INFO] [stdout] 
[INFO] [stderr]      Running tests/stats.rs (/opt/rustwide/target/debug/deps/stats-eba81350d9b66e70)
[INFO] [stdout] 
[INFO] [stdout] running 15 tests
[INFO] [stdout] test live_samtools_1_24_oracle_matches_representative_surface ... ignored, requires samtools 1.24
[INFO] [stdout] test custom_index_and_output_alias_fail_without_overwriting_input ... ok
[INFO] [stdout] test indexed_multi_region_query_counts_each_physical_record_once ... ok
[INFO] [stdout] test default_reference_report_matches_samtools_1_24 ... ok
[INFO] [stderr] error: I/O error: Broken pipe (os error 32)
[INFO] [stdout] test output_failures_and_adversarial_insert_limit_are_bounded ... ok
[INFO] [stdout] test malformed_and_mismatched_inputs_fail_loudly ... ok
[INFO] [stdout] test multithreaded_cram_matches_samtools_1_24 ... ok
[INFO] [stdout] test unsorted_input_stops_streaming_coverage_like_samtools_1_24 ... ok
[INFO] [stdout] test sam_stdin_matches_file_input ... ok
[INFO] [stdout] test json_is_separate_from_text_and_serializes_split_keys ... ok
[INFO] [stdout] test targets_regions_overlap_and_id_selection_match_samtools_1_24 ... ok
[INFO] [stdout] test adversarial_coverage_and_split_cardinality_fail_loudly ... ok
[INFO] [stdout] test split_and_reference_statistics_match_samtools_1_24 ... ok
[INFO] [stdout] test cigar_and_alignment_classification_matrix_matches_samtools_1_24 ... ok
[INFO] [stdout] test barcode_reports_and_large_deletion_match_samtools_1_24 ... ok
[INFO] [stderr]      Running tests/to_bed.rs (/opt/rustwide/target/debug/deps/to_bed-a0e1472e29da873a)
[INFO] [stdout] 
[INFO] [stdout] test result: ok. 14 passed; 0 failed; 1 ignored; 0 measured; 0 filtered out; finished in 0.80s
[INFO] [stdout] 
[INFO] [stdout] 
[INFO] [stdout] running 20 tests
[INFO] [stdout] test bed12_renders_blocks_and_color ... ok
[INFO] [stdout] test default_bed6_projects_mapped_records_and_mate_suffixes ... ok
[INFO] [stdout] test bedpe_orders_real_pairs_and_mate1_can_override_coordinate_order ... ok
[INFO] [stdout] test bedpe_pair_failures_roll_back_named_output ... ok
[INFO] [stdout] test integer_scores_and_cigar_preserve_their_text_contracts ... ok
[INFO] [stdout] test bedpe_renders_unmapped_ends_and_sums_only_present_edit_distance ... ok
[INFO] [stdout] test numeric_tag_stays_in_the_score_column_for_every_split_block ... ok
[INFO] [stdout] test named_output_json_and_upstream_input_alias_share_product_contracts ... ok
[INFO] [stdout] test split_d_retains_bedtools_zero_length_boundary_blocks ... ok
[INFO] [stdout] test failures_preserve_outputs_and_reject_reference_aliases_and_excess_workers ... ok
[INFO] [stdout] test ordinary_gzip_sam_is_detected_on_standard_input ... ok
[INFO] [stdout] test malformed_score_requests_and_cli_values_fail_without_output ... ok
[INFO] [stdout] test incompatible_output_modes_fail_before_reading_records ... ok
[INFO] [stdout] test split_modes_distinguish_reference_skips_and_deletions ... ok
[INFO] [stdout] test integer_score_boundaries_preserve_signed_and_unsigned_values ... ok
[INFO] [stdout] test sam_bam_cram_and_standard_input_have_one_projection_contract ... ok
[INFO] [stdout] test upstream_gzip_sam_with_an_extra_long_header_is_accepted ... ok
[INFO] [stdout] test upstream_2311_regression_corpus_is_exact ... ok
[INFO] [stderr] error: I/O error: Broken pipe (os error 32)
[INFO] [stdout] test closed_standard_output_is_a_command_failure ... ok
[INFO] [stdout] test split_uses_the_decoded_long_cigar_in_bam ... ok
[INFO] [stderr]      Running tests/to_bed_compat.rs (/opt/rustwide/target/debug/deps/to_bed_compat-7ed963f98518e1f1)
[INFO] [stdout] 
[INFO] [stdout] test result: ok. 20 passed; 0 failed; 0 ignored; 0 measured; 0 filtered out; finished in 0.66s
[INFO] [stdout] 
[INFO] [stdout] 
[INFO] [stderr]      Running tests/tview.rs (/opt/rustwide/target/debug/deps/tview-025b74f51318f0f7)
[INFO] [stdout] running 2 tests
[INFO] [stdout] test documented_bed6_and_bed12_modes_match_bedtools_2311 ... ignored, requires bedtools 2.31.1
[INFO] [stdout] test documented_bedpe_modes_match_bedtools_2311 ... ignored, requires bedtools 2.31.1
[INFO] [stdout] 
[INFO] [stdout] test result: ok. 0 passed; 0 failed; 2 ignored; 0 measured; 0 filtered out; finished in 0.00s
[INFO] [stdout] 
[INFO] [stdout] 
[INFO] [stdout] running 20 tests
[INFO] [stdout] test complete_cigar_text_matrix_matches_samtools_1_24 ... ignored, release oracle: requires samtools 1.24
[INFO] [stdout] test depth_limit_matches_samtools_1_24 ... ignored, release oracle: requires samtools 1.24
[INFO] [stdout] test interactive_mode_requires_a_terminal_and_json_never_mixes_streams ... ok
[INFO] [stdout] test invalid_display_width_position_and_index_fail_loudly ... ok
[INFO] [stdout] test large_coordinate_fixture_matches_samtools_1_24 ... ignored, release oracle: requires the samtools 1.24 source tree
[INFO] [stdout] test malformed_alignment_and_index_inputs_fail_nonzero ... ok
[INFO] [stdout] test complete_cigar_and_missing_quality_cells_render_without_loss ... ok
[INFO] [stdout] test custom_index_and_html_escape_the_location ... ok
[INFO] [stdout] test html_preserves_cell_styles_and_escapes_alignment_symbols ... ok
[INFO] [stdout] test interactive_application_failure_restores_the_pty ... ok
[INFO] [stdout] test sample_and_read_group_views_match_samtools_1_24 ... ignored, release oracle: requires samtools 1.24
[INFO] [stdout] test text_oracle_matches_samtools_1_24 ... ignored, release oracle: requires samtools 1.24
[INFO] [stdout] test columns_environment_controls_only_the_noninteractive_default ... ok
[INFO] [stdout] test public_renderer_propagates_write_failures ... ok
[INFO] [stdout] test public_text_renderer_matches_the_samtools_grid ... ok
[INFO] [stdout] test named_output_json_and_failures_are_transactional ... ok
[INFO] [stdout] test threaded_cram_matches_the_single_thread_viewport ... ok
[INFO] [stdout] test command_text_modes_match_the_stable_grids ... ok
[INFO] [stdout] test sample_and_read_group_selectors_form_a_checked_union ... ok
[INFO] [stdout] test interactive_terminal_draws_handles_events_and_restores_the_pty ... FAILED
[INFO] [stdout] 
[INFO] [stdout] failures:
[INFO] [stdout] 
[INFO] [stdout] ---- interactive_terminal_draws_handles_events_and_restores_the_pty stdout ----
[INFO] [stdout] 
[INFO] [stdout] thread 'interactive_terminal_draws_handles_events_and_restores_the_pty' (4780) panicked at tests/tview.rs:647:13:
[INFO] [stdout] terminal tview did not exit: ?xgchr1:2
[INFO] [stdout] .imnbczNCsrvq[?1049h[?25l[1;1H[2J[1;1H[0m[24m1[0m[24m [0m[24m [0m[24m [0m[24m [0m[24m [0m[24m [0m[24m [0m[24m [0m[24m [0m[24m1[0m[24m1[0m[24m [0m[24m [0m[24m [0m[24m [0m[24m [0m[24m [0m[24m [0m[24m [0m[24m [0m[24m [0m[24m2[0m[24m1[0m[24m [0m[24m [0m[24m [0m[24m [0m[24m [0m[24m [0m[24m [0m[24m [0m[24m [0m[24m [0m[24m [0m[24m [0m[24m [0m[24m [0m[24m [0m[24m [2;1H[0m[24mA[0m[24mC[0m[24mG[0m[24mT[0m[24mA[0m[24mC[0m[24mG[0m[24mT[0m[24mA[0m[24mC[0m[24mG[0m[24mT[0m[24mA[0m[24mC[0m[24mG[0m[24mT[0m[24mA[0m[38;5;9m[24m*[0m[38;5;9m[24m*[0m[24mC[0m[24mG[0m[24mT[0m[24mA[0m[24mC[0m[24mG[0m[24mT[0m[24mA[0m[24mC[0m[24mG[0m[24mT[0m[24mA[0m[24mC[0m[24mG[0m[24mT[0m[24mA[0m[24mC[0m[24mG[0m[24mT[0m[24mA[0m[24mC[3;1H[0m[24m [0m[24m [0m[24m [0m[24m [0m[38;5;15m[4m.[0m[38;5;15m[4m.[0m[38;5;15m[4m.[0m[38;5;15m[4m.[0m[38;5;15m[4m.[0m[38;5;12m[4mM[0m[38;5;12m[4mS[0m[38;5;12m[4mK[0m[38;5;12m[4mW[0m[38;5;12m[4mM[0m[38;5;12m[4mS[0m[38;5;12m[4mK[0m[38;5;12m[4mW[0m[24m [0m[24m [0m[38;5;12m[4mM[0m[38;5;12m[4mS[0m[38;5;12m[4mK[0m[38;5;12m[4mW[0m[38;5;12m[4mM[0m[38;5;12m[4mS[0m[38;5;12m[4mK[0m[38;5;10m[4mY[0m[38;5;12m[4mG[0m[38;5;10m[4m.[0m[38;5;10m[4m.[0m[38;5;12m[4mC[0m[38;5;12m[4mG[0m[38;5;12m[4mT[0m[38;5;12m[4mA[0m[38;5;12m[4mC[0m[38;5;12m[4mG[0m[38;5;12m[4mT[0m[38;5;12m[4mA[0m[38;5;12m[4mC[0m[38;5;12m[4mG[4;1H[0m[24m [0m[24m [0m[24m [0m[24m [0m[38;5;15m[24m.[0m[38;5;15m[24m.[0m[38;5;15m[24m.[0m[38;5;15m[24m.[0m[38;5;15m[24m.[0m[38;5;15m[24m.[0m[38;5;15m[24m.[0m[38;5;15m[24m.[0m[38;5;15m[24m.[0m[38;5;15m[24m.[0m[38;5;15m[24m.[0m[38;5;15m[24m.[0m[38;5;15m[24m.[0m[38;5;15m[24m*[0m[38;5;15m[24m*[0m[38;5;15m[24m.[0m[38;5;15m[24m.[0m[38;5;15m[24m.[0m[38;5;15m[24m.[0m[38;5;15m[24m.[0m[38;5;15m[24m.[0m[38;5;15m[24m.[0m[24m [0m[24m [0m[24m [0m[24m [0m[24m [0m[38;5;15m[24mg[0m[38;5;15m[24mt[0m[38;5;15m[24ma[0m[38;5;15m[24mc[0m[38;5;15m[24mg[0m[38;5;15m[24mt[0m[38;5;15m[24ma[0m[38;5;15m[24mc[0m[38;5;15m[24mg[5;1H[0m[24m [0m[24m [0m[24m [0m[24m [0m[24m [0m[24m [0m[24m [0m[24m [0m[24m [0m[38;5;15m[24mA[0m[38;5;15m[24mC[0m[38;5;15m[24mG[0m[38;5;15m[24mT[0m[38;5;15m[24mA[0m[38;5;15m[24mC[0m[38;5;15m[24mG[0m[38;5;15m[24mT[0m[38;5;15m[24mT[0m[38;5;15m[24mT[0m[38;5;15m[24mA[0m[38;5;15m[24mC[0m[38;5;15m[24mG[0m[38;5;15m[24mT[0m[38;5;15m[24mA[0m[38;5;15m[24mC[0m[38;5;15m[24mG[0m[38;5;15m[24mT[0m[24m [0m[24m [0m[24m [0m[24m [0m[24m [0m[24m [0m[24m [0m[24m [0m[24m [0m[24m [0m[24m [0m[24m [0m[24m [6;1H[0m[24m [0m[24m [0m[24m [0m[24m [0m[24m [0m[24m [0m[24m [0m[24m [0m[24m [0m[24m [0m[24m [0m[24m [0m[24m [0m[24m [0m[24m [0m[24m [0m[24m [0m[24m [0m[24m [0m[38;5;15m[24mg[0m[38;5;15m[24mt[0m[38;5;15m[24ma[0m[38;5;15m[24mc[0m[38;5;15m[24mg[0m[38;5;15m[24mt[0m[38;5;15m[24ma[0m[38;5;15m[24mc[0m[38;5;15m[24mg[0m[38;5;15m[24mt[0m[38;5;15m[24ma[0m[38;5;15m[24mc[0m[38;5;15m[24mg[0m[38;5;15m[24mt[0m[38;5;15m[24ma[0m[38;5;15m[24mc[0m[38;5;15m[24mg[0m[38;5;15m[24mt[0m[38;5;15m[24ma[0m[38;5;15m[24mc[0m[24m [0m[24m[1;1H[2J[0m[1;1Hrsomics-bam tview[2;1H? help   q/Esc/Ctrl-C exit   g or / goto[3;1Harrows h/j/k/l move   H/J/K/L move 20[4;1HCtrl-H/Ctrl-L move 1 kb   space/backspac[5;1Hm mapping quality   b base quality   n n[6;1Hc color-space color   z color-space qual[7;1H. dots   s reference skips   r read name[8;1HN nucleotide bases   C color-space bases[9;1Hunderline: secondary or improperly paire[1;1H[2J[1;1H[0m[24m1[0m[24m [0m[24m [0m[24m [0m[24m [0m[24m [0m[24m [0m[24m [0m[24m [0m[24m [0m[24m1[0m[24m1[0m[24m [0m[24m [0m[24m [0m[24m [0m[24m [0m[24m [0m[24m [0m[24m [0m[24m [0m[24m [0m[24m2[0m[24m1[0m[24m [0m[24m [0m[24m [0m[24m [0m[24m [0m[24m [0m[24m [0m[24m [0m[24m [0m[24m [0m[24m [0m[24m [0m[24m [0m[24m [0m[24m [0m[24m [2;1H[0m[24mA[0m[24mC[0m[24mG[0m[24mT[0m[24mA[0m[24mC[0m[24mG[0m[24mT[0m[24mA[0m[24mC[0m[24mG[0m[24mT[0m[24mA[0m[24mC[0m[24mG[0m[24mT[0m[24mA[0m[38;5;9m[24m*[0m[38;5;9m[24m*[0m[24mC[0m[24mG[0m[24mT[0m[24mA[0m[24mC[0m[24mG[0m[24mT[0m[24mA[0m[24mC[0m[24mG[0m[24mT[0m[24mA[0m[24mC[0m[24mG[0m[24mT[0m[24mA[0m[24mC[0m[24mG[0m[24mT[0m[24mA[0m[24mC[3;1H[0m[24m [0m[24m [0m[24m [0m[24m [0m[38;5;15m[4m.[0m[38;5;15m[4m.[0m[38;5;15m[4m.[0m[38;5;15m[4m.[0m[38;5;15m[4m.[0m[38;5;12m[4mM[0m[38;5;12m[4mS[0m[38;5;12m[4mK[0m[38;5;12m[4mW[0m[38;5;12m[4mM[0m[38;5;12m[4mS[0m[38;5;12m[4mK[0m[38;5;12m[4mW[0m[24m [0m[24m [0m[38;5;12m[4mM[0m[38;5;12m[4mS[0m[38;5;12m[4mK[0m[38;5;12m[4mW[0m[38;5;12m[4mM[0m[38;5;12m[4mS[0m[38;5;12m[4mK[0m[38;5;10m[4mY[0m[38;5;12m[4mG[0m[38;5;10m[4m.[0m[38;5;10m[4m.[0m[38;5;12m[4mC[0m[38;5;12m[4mG[0m[38;5;12m[4mT[0m[38;5;12m[4mA[0m[38;5;12m[4mC[0m[38;5;12m[4mG[0m[38;5;12m[4mT[0m[38;5;12m[4mA[0m[38;5;12m[4mC[0m[38;5;12m[4mG[4;1H[0m[24m [0m[24m [0m[24m [0m[24m [0m[38;5;15m[24m.[0m[38;5;15m[24m.[0m[38;5;15m[24m.[0m[38;5;15m[24m.[0m[38;5;15m[24m.[0m[38;5;15m[24m.[0m[38;5;15m[24m.[0m[38;5;15m[24m.[0m[38;5;15m[24m.[0m[38;5;15m[24m.[0m[38;5;15m[24m.[0m[38;5;15m[24m.[0m[38;5;15m[24m.[0m[38;5;15m[24m*[0m[38;5;15m[24m*[0m[38;5;15m[24m.[0m[38;5;15m[24m.[0m[38;5;15m[24m.[0m[38;5;15m[24m.[0m[38;5;15m[24m.[0m[38;5;15m[24m.[0m[38;5;15m[24m.[0m[24m [0m[24m [0m[24m [0m[24m [0m[24m [0m[38;5;15m[24mg[0m[38;5;15m[24mt[0m[38;5;15m[24ma[0m[38;5;15m[24mc[0m[38;5;15m[24mg[0m[38;5;15m[24mt[0m[38;5;15m[24ma[0m[38;5;15m[24mc[0m[38;5;15m[24mg[5;1H[0m[24m [0m[24m [0m[24m [0m[24m [0m[24m [0m[24m [0m[24m [0m[24m [0m[24m [0m[38;5;15m[24mA[0m[38;5;15m[24mC[0m[38;5;15m[24mG[0m[38;5;15m[24mT[0m[38;5;15m[24mA[0m[38;5;15m[24mC[0m[38;5;15m[24mG[0m[38;5;15m[24mT[0m[38;5;15m[24mT[0m[38;5;15m[24mT[0m[38;5;15m[24mA[0m[38;5;15m[24mC[0m[38;5;15m[24mG[0m[38;5;15m[24mT[0m[38;5;15m[24mA[0m[38;5;15m[24mC[0m[38;5;15m[24mG[0m[38;5;15m[24mT[0m[24m [0m[24m [0m[24m [0m[24m [0m[24m [0m[24m [0m[24m [0m[24m [0m[24m [0m[24m [0m[24m [0m[24m [0m[24m [6;1H[0m[24m [0m[24m [0m[24m [0m[24m [0m[24m [0m[24m [0m[24m [0m[24m [0m[24m [0m[24m [0m[24m [0m[24m [0m[24m [0m[24m [0m[24m [0m[24m [0m[24m [0m[24m [0m[24m [0m[38;5;15m[24mg[0m[38;5;15m[24mt[0m[38;5;15m[24ma[0m[38;5;15m[24mc[0m[38;5;15m[24mg[0m[38;5;15m[24mt[0m[38;5;15m[24ma[0m[38;5;15m[24mc[0m[38;5;15m[24mg[0m[38;5;15m[24mt[0m[38;5;15m[24ma[0m[38;5;15m[24mc[0m[38;5;15m[24mg[0m[38;5;15m[24mt[0m[38;5;15m[24ma[0m[38;5;15m[24mc[0m[38;5;15m[24mg[0m[38;5;15m[24mt[0m[38;5;15m[24ma[0m[38;5;15m[24mc[0m[24m [0m[24m[10;1H[2K[0mgoto> [10;1H[2K[0mgoto> c[10;1H[2K[0mgoto> ch[10;1H[2K[0mgoto> chr[10;1H[2K[0mgoto> chr1[10;1H[2K[0mgoto> chr1:[10;1H[2K[0mgoto> chr1:2[10;1H[2K[0mgoto> chr1:2[10;1H[2K[0mgoto> chr1:2.[10;1H[2K[0mgoto> chr1:2.i[10;1H[2K[0mgoto> chr1:2.im[10;1H[2K[0mgoto> chr1:2.imn[10;1H[2K[0mgoto> chr1:2.imnb[10;1H[2K[0mgoto> chr1:2.imnbc[10;1H[2K[0mgoto> chr1:2.imnbcz[10;1H[2K[0mgoto> chr1:2.imnbczN[10;1H[2K[0mgoto> chr1:2.imnbczNC[10;1H[2K[0mgoto> chr1:2.imnbczNCs[10;1H[2K[0mgoto> chr1:2.imnbczNCsr[10;1H[2K[0mgoto> chr1:2.imnbczNCsrv[10;1H[2K[0mgoto> chr1:2.imnbczNCsrvq
[INFO] [stdout] stack backtrace:
[INFO] [stdout]    0:     0x585d3f137831 - std[70759c8f55707aa4]::backtrace_rs::backtrace::libunwind::trace
[INFO] [stdout]                                at /rustc/dfb0accb7f508ae8be965d8629557221c889dd98/library/std/src/../../backtrace/src/backtrace/libunwind.rs:117:9
[INFO] [stdout]    1:     0x585d3f137831 - std[70759c8f55707aa4]::backtrace_rs::backtrace::trace_unsynchronized::<std[70759c8f55707aa4]::sys::backtrace::_print_fmt::{closure#1}>
[INFO] [stdout]                                at /rustc/dfb0accb7f508ae8be965d8629557221c889dd98/library/std/src/../../backtrace/src/backtrace/mod.rs:66:14
[INFO] [stdout]    2:     0x585d3f137831 - std[70759c8f55707aa4]::sys::backtrace::_print_fmt
[INFO] [stdout]                                at /rustc/dfb0accb7f508ae8be965d8629557221c889dd98/library/std/src/sys/backtrace.rs:74:9
[INFO] [stdout]    3:     0x585d3f137831 - <<std[70759c8f55707aa4]::sys::backtrace::BacktraceLock>::print::DisplayBacktrace as core[df12db4294e9bfd3]::fmt::Display>::fmt
[INFO] [stdout]                                at /rustc/dfb0accb7f508ae8be965d8629557221c889dd98/library/std/src/sys/backtrace.rs:44:26
[INFO] [stdout]    4:     0x585d3f14cf7a - <core[df12db4294e9bfd3]::fmt::rt::Argument>::fmt
[INFO] [stdout]                                at /rustc/dfb0accb7f508ae8be965d8629557221c889dd98/library/core/src/fmt/rt.rs:152:76
[INFO] [stdout]    5:     0x585d3f14cf7a - core[df12db4294e9bfd3]::fmt::write
[INFO] [stdout]    6:     0x585d3f13c1ac - core[df12db4294e9bfd3]::io::write::default_write_fmt::<alloc[2182bb758b4b3781]::vec::Vec<u8>>
[INFO] [stdout]                                at /rustc/dfb0accb7f508ae8be965d8629557221c889dd98/library/core/src/io/write.rs:402:11
[INFO] [stdout]    7:     0x585d3f13c1ac - <alloc[2182bb758b4b3781]::vec::Vec<u8> as core[df12db4294e9bfd3]::io::write::Write>::write_fmt
[INFO] [stdout]                                at /rustc/dfb0accb7f508ae8be965d8629557221c889dd98/library/core/src/io/write.rs:335:13
[INFO] [stdout]    8:     0x585d3f110b56 - <std[70759c8f55707aa4]::sys::backtrace::BacktraceLock>::print
[INFO] [stdout]                                at /rustc/dfb0accb7f508ae8be965d8629557221c889dd98/library/std/src/sys/backtrace.rs:47:9
[INFO] [stdout]    9:     0x585d3f110b56 - std[70759c8f55707aa4]::panicking::default_hook::{closure#0}
[INFO] [stdout]                                at /rustc/dfb0accb7f508ae8be965d8629557221c889dd98/library/std/src/panicking.rs:292:27
[INFO] [stdout]   10:     0x585d3f12e389 - std[70759c8f55707aa4]::panicking::default_hook
[INFO] [stdout]                                at /rustc/dfb0accb7f508ae8be965d8629557221c889dd98/library/std/src/panicking.rs:316:9
[INFO] [stdout]   11:     0x585d3ecb79c0 - <alloc[2182bb758b4b3781]::boxed::Box<dyn for<'a, 'b> core[df12db4294e9bfd3]::ops::function::Fn<(&'a std[70759c8f55707aa4]::panic::PanicHookInfo<'b>,), Output = ()> + core[df12db4294e9bfd3]::marker::Send + core[df12db4294e9bfd3]::marker::Sync> as core[df12db4294e9bfd3]::ops::function::Fn<(&std[70759c8f55707aa4]::panic::PanicHookInfo,)>>::call
[INFO] [stdout]                                at /rustc/dfb0accb7f508ae8be965d8629557221c889dd98/library/alloc/src/boxed.rs:2334:9
[INFO] [stdout]   12:     0x585d3ecb79c0 - test[9d35eded1c95d3be]::test_main_inner::<test[9d35eded1c95d3be]::test_main_static::{closure#0}>::{closure#0}
[INFO] [stdout]                                at /rustc/dfb0accb7f508ae8be965d8629557221c889dd98/library/test/src/lib.rs:155:21
[INFO] [stdout]   13:     0x585d3f12e542 - <alloc[2182bb758b4b3781]::boxed::Box<dyn for<'a, 'b> core[df12db4294e9bfd3]::ops::function::Fn<(&'a std[70759c8f55707aa4]::panic::PanicHookInfo<'b>,), Output = ()> + core[df12db4294e9bfd3]::marker::Send + core[df12db4294e9bfd3]::marker::Sync> as core[df12db4294e9bfd3]::ops::function::Fn<(&std[70759c8f55707aa4]::panic::PanicHookInfo,)>>::call
[INFO] [stdout]                                at /rustc/dfb0accb7f508ae8be965d8629557221c889dd98/library/alloc/src/boxed.rs:2334:9
[INFO] [stdout]   14:     0x585d3f12e542 - std[70759c8f55707aa4]::panicking::panic_with_hook
[INFO] [stdout]                                at /rustc/dfb0accb7f508ae8be965d8629557221c889dd98/library/std/src/panicking.rs:823:13
[INFO] [stdout]   15:     0x585d3f110c02 - std[70759c8f55707aa4]::panicking::panic_handler::{closure#0}
[INFO] [stdout]                                at /rustc/dfb0accb7f508ae8be965d8629557221c889dd98/library/std/src/panicking.rs:688:13
[INFO] [stdout]   16:     0x585d3f109649 - std[70759c8f55707aa4]::sys::backtrace::__rust_end_short_backtrace::<std[70759c8f55707aa4]::panicking::panic_handler::{closure#0}, !>
[INFO] [stdout]                                at /rustc/dfb0accb7f508ae8be965d8629557221c889dd98/library/std/src/sys/backtrace.rs:182:18
[INFO] [stdout]   17:     0x585d3f1118ed - __rustc[8fa7c3cbc660c2b3]::rust_begin_unwind
[INFO] [stdout]                                at /rustc/dfb0accb7f508ae8be965d8629557221c889dd98/library/std/src/panicking.rs:679:5
[INFO] [stdout]   18:     0x585d3f14d7ec - core[df12db4294e9bfd3]::panicking::panic_fmt
[INFO] [stdout]                                at /rustc/dfb0accb7f508ae8be965d8629557221c889dd98/library/core/src/panicking.rs:80:14
[INFO] [stdout]   19:     0x585d3ec91e86 - tview[edfac167b65ae1a3]::finish_pty
[INFO] [stdout]                                at /opt/rustwide/workdir/tests/tview.rs:647:13
[INFO] [stdout]   20:     0x585d3eca16b5 - tview[edfac167b65ae1a3]::interactive_terminal_draws_handles_events_and_restores_the_pty
[INFO] [stdout]                                at /opt/rustwide/workdir/tests/tview.rs:580:32
[INFO] [stdout]   21:     0x585d3ec91477 - tview[edfac167b65ae1a3]::interactive_terminal_draws_handles_events_and_restores_the_pty::{closure#0}
[INFO] [stdout]                                at /opt/rustwide/workdir/tests/tview.rs:560:68
[INFO] [stdout]   22:     0x585d3ec90f96 - <tview[edfac167b65ae1a3]::interactive_terminal_draws_handles_events_and_restores_the_pty::{closure#0} as core[df12db4294e9bfd3]::ops::function::FnOnce<()>>::call_once
[INFO] [stdout]                                at /rustc/dfb0accb7f508ae8be965d8629557221c889dd98/library/core/src/ops/function.rs:250:5
[INFO] [stdout]   23:     0x585d3ecaacab - <fn() -> core[df12db4294e9bfd3]::result::Result<(), alloc[2182bb758b4b3781]::string::String> as core[df12db4294e9bfd3]::ops::function::FnOnce<()>>::call_once
[INFO] [stdout]                                at /rustc/dfb0accb7f508ae8be965d8629557221c889dd98/library/core/src/ops/function.rs:250:5
[INFO] [stdout]   24:     0x585d3ecaacab - test[9d35eded1c95d3be]::__rust_begin_short_backtrace::<core[df12db4294e9bfd3]::result::Result<(), alloc[2182bb758b4b3781]::string::String>, fn() -> core[df12db4294e9bfd3]::result::Result<(), alloc[2182bb758b4b3781]::string::String>>
[INFO] [stdout]                                at /rustc/dfb0accb7f508ae8be965d8629557221c889dd98/library/test/src/lib.rs:733:18
[INFO] [stdout]   25:     0x585d3ecb8315 - test[9d35eded1c95d3be]::run_test_in_process::{closure#0}
[INFO] [stdout]                                at /rustc/dfb0accb7f508ae8be965d8629557221c889dd98/library/test/src/lib.rs:756:74
[INFO] [stdout]   26:     0x585d3ecb8315 - <core[df12db4294e9bfd3]::panic::unwind_safe::AssertUnwindSafe<test[9d35eded1c95d3be]::run_test_in_process::{closure#0}> as core[df12db4294e9bfd3]::ops::function::FnOnce<()>>::call_once
[INFO] [stdout]                                at /rustc/dfb0accb7f508ae8be965d8629557221c889dd98/library/core/src/panic/unwind_safe.rs:275:9
[INFO] [stdout]   27:     0x585d3ecb8315 - std[70759c8f55707aa4]::panicking::catch_unwind::do_call::<core[df12db4294e9bfd3]::panic::unwind_safe::AssertUnwindSafe<test[9d35eded1c95d3be]::run_test_in_process::{closure#0}>, core[df12db4294e9bfd3]::result::Result<(), alloc[2182bb758b4b3781]::string::String>>
[INFO] [stdout]                                at /rustc/dfb0accb7f508ae8be965d8629557221c889dd98/library/std/src/panicking.rs:576:43
[INFO] [stdout]   28:     0x585d3ecb8315 - std[70759c8f55707aa4]::panicking::catch_unwind::<core[df12db4294e9bfd3]::result::Result<(), alloc[2182bb758b4b3781]::string::String>, core[df12db4294e9bfd3]::panic::unwind_safe::AssertUnwindSafe<test[9d35eded1c95d3be]::run_test_in_process::{closure#0}>>
[INFO] [stdout]                                at /rustc/dfb0accb7f508ae8be965d8629557221c889dd98/library/std/src/panicking.rs:544:19
[INFO] [stdout]   29:     0x585d3ecb8315 - std[70759c8f55707aa4]::panic::catch_unwind::<core[df12db4294e9bfd3]::panic::unwind_safe::AssertUnwindSafe<test[9d35eded1c95d3be]::run_test_in_process::{closure#0}>, core[df12db4294e9bfd3]::result::Result<(), alloc[2182bb758b4b3781]::string::String>>
[INFO] [stdout]                                at /rustc/dfb0accb7f508ae8be965d8629557221c889dd98/library/std/src/panic.rs:359:14
[INFO] [stdout]   30:     0x585d3ecb8315 - test[9d35eded1c95d3be]::run_test_in_process
[INFO] [stdout]                                at /rustc/dfb0accb7f508ae8be965d8629557221c889dd98/library/test/src/lib.rs:756:27
[INFO] [stdout]   31:     0x585d3ecb8315 - test[9d35eded1c95d3be]::run_test::{closure#0}
[INFO] [stdout]                                at /rustc/dfb0accb7f508ae8be965d8629557221c889dd98/library/test/src/lib.rs:677:43
[INFO] [stdout]   32:     0x585d3ecb1bd4 - test[9d35eded1c95d3be]::run_test::{closure#1}
[INFO] [stdout]                                at /rustc/dfb0accb7f508ae8be965d8629557221c889dd98/library/test/src/lib.rs:707:41
[INFO] [stdout]   33:     0x585d3ecb1bd4 - std[70759c8f55707aa4]::sys::backtrace::__rust_begin_short_backtrace::<test[9d35eded1c95d3be]::run_test::{closure#1}, ()>
[INFO] [stdout]                                at /rustc/dfb0accb7f508ae8be965d8629557221c889dd98/library/std/src/sys/backtrace.rs:166:18
[INFO] [stdout]   34:     0x585d3ecbb472 - std[70759c8f55707aa4]::thread::lifecycle::spawn_unchecked::<test[9d35eded1c95d3be]::run_test::{closure#1}, ()>::{closure#1}::{closure#0}
[INFO] [stdout]                                at /rustc/dfb0accb7f508ae8be965d8629557221c889dd98/library/std/src/thread/lifecycle.rs:70:13
[INFO] [stdout]   35:     0x585d3ecbb472 - <core[df12db4294e9bfd3]::panic::unwind_safe::AssertUnwindSafe<std[70759c8f55707aa4]::thread::lifecycle::spawn_unchecked<test[9d35eded1c95d3be]::run_test::{closure#1}, ()>::{closure#1}::{closure#0}> as core[df12db4294e9bfd3]::ops::function::FnOnce<()>>::call_once
[INFO] [stdout]                                at /rustc/dfb0accb7f508ae8be965d8629557221c889dd98/library/core/src/panic/unwind_safe.rs:275:9
[INFO] [stdout]   36:     0x585d3ecbb472 - std[70759c8f55707aa4]::panicking::catch_unwind::do_call::<core[df12db4294e9bfd3]::panic::unwind_safe::AssertUnwindSafe<std[70759c8f55707aa4]::thread::lifecycle::spawn_unchecked<test[9d35eded1c95d3be]::run_test::{closure#1}, ()>::{closure#1}::{closure#0}>, ()>
[INFO] [stdout]                                at /rustc/dfb0accb7f508ae8be965d8629557221c889dd98/library/std/src/panicking.rs:576:43
[INFO] [stdout]   37:     0x585d3ecbb472 - std[70759c8f55707aa4]::panicking::catch_unwind::<(), core[df12db4294e9bfd3]::panic::unwind_safe::AssertUnwindSafe<std[70759c8f55707aa4]::thread::lifecycle::spawn_unchecked<test[9d35eded1c95d3be]::run_test::{closure#1}, ()>::{closure#1}::{closure#0}>>
[INFO] [stdout]                                at /rustc/dfb0accb7f508ae8be965d8629557221c889dd98/library/std/src/panicking.rs:544:19
[INFO] [stdout]   38:     0x585d3ecbb472 - std[70759c8f55707aa4]::panic::catch_unwind::<core[df12db4294e9bfd3]::panic::unwind_safe::AssertUnwindSafe<std[70759c8f55707aa4]::thread::lifecycle::spawn_unchecked<test[9d35eded1c95d3be]::run_test::{closure#1}, ()>::{closure#1}::{closure#0}>, ()>
[INFO] [stdout]                                at /rustc/dfb0accb7f508ae8be965d8629557221c889dd98/library/std/src/panic.rs:359:14
[INFO] [stdout]   39:     0x585d3ecbb472 - std[70759c8f55707aa4]::thread::lifecycle::spawn_unchecked::<test[9d35eded1c95d3be]::run_test::{closure#1}, ()>::{closure#1}
[INFO] [stdout]                                at /rustc/dfb0accb7f508ae8be965d8629557221c889dd98/library/std/src/thread/lifecycle.rs:68:26
[INFO] [stdout]   40:     0x585d3ecbb472 - <std[70759c8f55707aa4]::thread::lifecycle::spawn_unchecked<test[9d35eded1c95d3be]::run_test::{closure#1}, ()>::{closure#1} as core[df12db4294e9bfd3]::ops::function::FnOnce<()>>::call_once::{shim:vtable#0}
[INFO] [stdout]                                at /rustc/dfb0accb7f508ae8be965d8629557221c889dd98/library/core/src/ops/function.rs:250:5
[INFO] [stdout]   41:     0x585d3f136b39 - <alloc[2182bb758b4b3781]::boxed::Box<dyn core[df12db4294e9bfd3]::ops::function::FnOnce<(), Output = ()> + core[df12db4294e9bfd3]::marker::Send> as core[df12db4294e9bfd3]::ops::function::FnOnce<()>>::call_once
[INFO] [stdout]                                at /rustc/dfb0accb7f508ae8be965d8629557221c889dd98/library/alloc/src/boxed.rs:2320:9
[INFO] [stdout]   42:     0x585d3f136b39 - <std[70759c8f55707aa4]::sys::thread::unix::Thread>::new::thread_start
[INFO] [stdout]                                at /rustc/dfb0accb7f508ae8be965d8629557221c889dd98/library/std/src/sys/thread/unix.rs:123:17
[INFO] [stdout]   43:     0x73d04ae86dfa - <unknown>
[INFO] [stdout]   44:     0x73d04af1a3d4 - clone
[INFO] [stdout]   45:                0x0 - <unknown>
[INFO] [stdout] 
[INFO] [stdout] 
[INFO] [stdout] failures:
[INFO] [stdout]     interactive_terminal_draws_handles_events_and_restores_the_pty
[INFO] [stdout] 
[INFO] [stdout] test result: FAILED. 14 passed; 1 failed; 5 ignored; 0 measured; 0 filtered out; finished in 15.76s
[INFO] [stdout] 
[INFO] [stderr] error: test failed, to rerun pass `--test tview`
[INFO] running `Command { std: "docker" "inspect" "df008433041f79d86323a55ca0d987a3ba6a678908dc604533e344e0ca0c94d3", kill_on_drop: false }`
[INFO] running `Command { std: "docker" "rm" "-f" "df008433041f79d86323a55ca0d987a3ba6a678908dc604533e344e0ca0c94d3", kill_on_drop: false }`
[INFO] [stdout] df008433041f79d86323a55ca0d987a3ba6a678908dc604533e344e0ca0c94d3
