[INFO] fetching crate rscap 0.3.2...
[INFO] testing rscap-0.3.2 against 1.100.0-beta.1 for beta-1.100-2
[INFO] extracting crate rscap 0.3.2 into /workspace/builds/worker-3-tc2/source
[INFO] started tweaking crates.io crate rscap 0.3.2
[INFO] finished tweaking crates.io crate rscap 0.3.2
[INFO] tweaked toml for crates.io crate rscap 0.3.2 written to /workspace/builds/worker-3-tc2/source/Cargo.toml
[INFO] validating manifest of crates.io crate rscap 0.3.2 on toolchain 1.100.0-beta.1
[INFO] running `Command { std: CARGO_HOME="/workspace/cargo-home" RUSTUP_HOME="/workspace/rustup-home" "/workspace/cargo-home/bin/cargo" "+1.100.0-beta.1" "metadata" "--manifest-path" "Cargo.toml" "--no-deps", kill_on_drop: false }`
[INFO] crate crates.io crate rscap 0.3.2 already has a lockfile, it will not be regenerated
[INFO] running `Command { std: CARGO_HOME="/workspace/cargo-home" RUSTUP_HOME="/workspace/rustup-home" "/workspace/cargo-home/bin/cargo" "+1.100.0-beta.1" "fetch" "--manifest-path" "Cargo.toml", kill_on_drop: false }`
[INFO] running `Command { std: "docker" "create" "-v" "/var/lib/crater-agent-workspace/builds/worker-3-tc2/source:/opt/rustwide/workdir:ro,Z" "-v" "/var/lib/crater-agent-workspace/builds/worker-3-tc2/target:/opt/rustwide/target:rw,Z" "-v" "/var/lib/crater-agent-workspace/cargo-home:/opt/rustwide/cargo-home:ro,Z" "-v" "/var/lib/crater-agent-workspace/rustup-home:/opt/rustwide/rustup-home:ro,Z" "-m" "1610612736" "--network" "none" "ghcr.io/rust-lang/crates-build-env/linux@sha256:3111399a4047eeb3a02b7a90e478d715f38a8c6669b5c4b49d30a17385265909" "sleep" "infinity", kill_on_drop: false }`
[INFO] [stdout] a04aeb0398b008501724cb04fdd8d6b27bd1b5ce01ae97fc80035d01c28c5a24
[INFO] running `Command { std: "docker" "start" "a04aeb0398b008501724cb04fdd8d6b27bd1b5ce01ae97fc80035d01c28c5a24", kill_on_drop: false }`
[INFO] running `Command { std: "docker" "inspect" "a04aeb0398b008501724cb04fdd8d6b27bd1b5ce01ae97fc80035d01c28c5a24", kill_on_drop: false }`
[INFO] running `Command { std: "docker" "exec" "-e" "SOURCE_DIR=/opt/rustwide/workdir" "-e" "CARGO_HOME=/opt/rustwide/cargo-home" "-e" "RUSTUP_HOME=/opt/rustwide/rustup-home" "-e" "CARGO_TARGET_DIR=/opt/rustwide/target" "-w" "/opt/rustwide/workdir" "--user" "0:0" "a04aeb0398b008501724cb04fdd8d6b27bd1b5ce01ae97fc80035d01c28c5a24" "/opt/rustwide/cargo-home/bin/cargo" "+1.100.0-beta.1" "metadata" "--no-deps" "--format-version=1", kill_on_drop: false }`
[INFO] running `Command { std: "docker" "inspect" "a04aeb0398b008501724cb04fdd8d6b27bd1b5ce01ae97fc80035d01c28c5a24", kill_on_drop: false }`
[INFO] running `Command { std: "docker" "exec" "-e" "SOURCE_DIR=/opt/rustwide/workdir" "-e" "CARGO_HOME=/opt/rustwide/cargo-home" "-e" "RUSTUP_HOME=/opt/rustwide/rustup-home" "-e" "CARGO_TARGET_DIR=/opt/rustwide/target" "-e" "CARGO_INCREMENTAL=0" "-e" "RUST_BACKTRACE=full" "-e" "RUSTFLAGS=--cap-lints=warn" "-e" "RUSTDOCFLAGS=--cap-lints=warn" "-w" "/opt/rustwide/workdir" "--user" "0:0" "a04aeb0398b008501724cb04fdd8d6b27bd1b5ce01ae97fc80035d01c28c5a24" "/opt/rustwide/cargo-home/bin/cargo" "+1.100.0-beta.1" "build" "--frozen" "--message-format=json", kill_on_drop: false }`
[INFO] [stderr]    Compiling windows_x86_64_gnu v0.52.6
[INFO] [stderr]    Compiling bitflags v2.13.2
[INFO] [stderr]    Compiling pkts-common v0.1.0
[INFO] [stderr]    Compiling windows-targets v0.52.6
[INFO] [stderr]    Compiling windows-sys v0.59.0
[INFO] [stderr]    Compiling rscap v0.3.2 (/opt/rustwide/workdir)
[INFO] [stderr] warning: unused dependency `once_cell`
[INFO] [stderr]   --> Cargo.toml:20:15
[INFO] [stderr]    |
[INFO] [stderr] 20 | [dependencies.once_cell]
[INFO] [stderr]    |               ^^^^^^^^^^
[INFO] [stderr]    |
[INFO] [stderr]    = note: `cargo::unused_dependencies` is set to `warn` by default
[INFO] [stderr] help: consider removing the dependency on `once_cell`
[INFO] [stderr] warning: unused dependency `windows-sys`
[INFO] [stderr]   --> Cargo.toml:35:15
[INFO] [stderr]    |
[INFO] [stderr] 35 | [dependencies.windows-sys]
[INFO] [stderr]    |               ^^^^^^^^^^^^
[INFO] [stderr]    |
[INFO] [stderr] help: consider removing the dependency on `windows-sys`
[INFO] [stderr] warning: `rscap` (manifest) generated 2 warnings
[INFO] [stderr]     Finished `dev` profile [unoptimized + debuginfo] target(s) in 2.88s
[INFO] running `Command { std: "docker" "inspect" "a04aeb0398b008501724cb04fdd8d6b27bd1b5ce01ae97fc80035d01c28c5a24", kill_on_drop: false }`
[INFO] running `Command { std: "docker" "exec" "-e" "SOURCE_DIR=/opt/rustwide/workdir" "-e" "CARGO_HOME=/opt/rustwide/cargo-home" "-e" "RUSTUP_HOME=/opt/rustwide/rustup-home" "-e" "CARGO_TARGET_DIR=/opt/rustwide/target" "-e" "CARGO_INCREMENTAL=0" "-e" "RUST_BACKTRACE=full" "-e" "RUSTFLAGS=--cap-lints=warn" "-e" "RUSTDOCFLAGS=--cap-lints=warn" "-w" "/opt/rustwide/workdir" "--user" "0:0" "a04aeb0398b008501724cb04fdd8d6b27bd1b5ce01ae97fc80035d01c28c5a24" "/opt/rustwide/cargo-home/bin/cargo" "+1.100.0-beta.1" "test" "--frozen" "--no-run" "--message-format=json", kill_on_drop: false }`
[INFO] [stderr]    Compiling rscap v0.3.2 (/opt/rustwide/workdir)
[INFO] [stderr] warning: unused dependency `once_cell`
[INFO] [stderr]   --> Cargo.toml:20:15
[INFO] [stderr]    |
[INFO] [stderr] 20 | [dependencies.once_cell]
[INFO] [stderr]    |               ^^^^^^^^^^
[INFO] [stderr]    |
[INFO] [stderr]    = note: `cargo::unused_dependencies` is set to `warn` by default
[INFO] [stderr] help: consider removing the dependency on `once_cell`
[INFO] [stderr] warning: unused dependency `windows-sys`
[INFO] [stderr]   --> Cargo.toml:35:15
[INFO] [stderr]    |
[INFO] [stderr] 35 | [dependencies.windows-sys]
[INFO] [stderr]    |               ^^^^^^^^^^^^
[INFO] [stderr]    |
[INFO] [stderr] help: consider removing the dependency on `windows-sys`
[INFO] [stderr] warning: `rscap` (manifest) generated 2 warnings
[INFO] [stderr]     Finished `test` profile [unoptimized + debuginfo] target(s) in 0.60s
[INFO] running `Command { std: "docker" "inspect" "a04aeb0398b008501724cb04fdd8d6b27bd1b5ce01ae97fc80035d01c28c5a24", kill_on_drop: false }`
[INFO] running `Command { std: "docker" "exec" "-e" "SOURCE_DIR=/opt/rustwide/workdir" "-e" "CARGO_HOME=/opt/rustwide/cargo-home" "-e" "RUSTUP_HOME=/opt/rustwide/rustup-home" "-e" "CARGO_TARGET_DIR=/opt/rustwide/target" "-e" "CARGO_INCREMENTAL=0" "-e" "RUST_BACKTRACE=full" "-e" "RUSTFLAGS=--cap-lints=warn" "-e" "RUSTDOCFLAGS=--cap-lints=warn" "-w" "/opt/rustwide/workdir" "--user" "0:0" "a04aeb0398b008501724cb04fdd8d6b27bd1b5ce01ae97fc80035d01c28c5a24" "/opt/rustwide/cargo-home/bin/cargo" "+1.100.0-beta.1" "test" "--frozen", kill_on_drop: false }`
[INFO] [stderr] warning: unused dependency `once_cell`
[INFO] [stderr]   --> Cargo.toml:20:15
[INFO] [stderr]    |
[INFO] [stderr] 20 | [dependencies.once_cell]
[INFO] [stderr]    |               ^^^^^^^^^^
[INFO] [stderr]    |
[INFO] [stderr]    = note: `cargo::unused_dependencies` is set to `warn` by default
[INFO] [stderr] help: consider removing the dependency on `once_cell`
[INFO] [stderr] warning: unused dependency `windows-sys`
[INFO] [stderr]   --> Cargo.toml:35:15
[INFO] [stderr]    |
[INFO] [stderr] 35 | [dependencies.windows-sys]
[INFO] [stderr]    |               ^^^^^^^^^^^^
[INFO] [stderr]    |
[INFO] [stderr] help: consider removing the dependency on `windows-sys`
[INFO] [stderr] warning: `rscap` (manifest) generated 2 warnings
[INFO] [stderr]     Finished `test` profile [unoptimized + debuginfo] target(s) in 0.05s
[INFO] [stderr]      Running unittests src/lib.rs (/opt/rustwide/target/debug/build/rscap/a4e7dc2675623954/out/rscap-a4e7dc2675623954)
[INFO] [stdout] 
[INFO] [stdout] running 1 test
[INFO] [stderr]    Doc-tests rscap
[INFO] [stdout] test linux::l4::tests::bind_localhost ... ok
[INFO] [stdout] 
[INFO] [stdout] test result: ok. 1 passed; 0 failed; 0 ignored; 0 measured; 0 filtered out; finished in 0.00s
[INFO] [stdout] 
[INFO] [stderr] error[E0433]: cannot find module or crate `mio` in this scope
[INFO] [stderr]   --> src/mio/sniffer.rs:19:5
[INFO] [stderr]    |
[INFO] [stderr] 19 | use mio::event::Source;
[INFO] [stderr]    |     ^^^ use of unresolved module or unlinked crate `mio`
[INFO] [stderr]    |
[INFO] [stderr]    = help: if you wanted to use a crate named `mio`, use `cargo add mio` to add it to your `Cargo.toml`
[INFO] [stderr] 
[INFO] [stderr] error[E0433]: cannot find module or crate `mio` in this scope
[INFO] [stderr]   --> src/mio/sniffer.rs:20:5
[INFO] [stderr]    |
[INFO] [stderr] 20 | use mio::net::UdpSocket;
[INFO] [stderr]    |     ^^^ use of unresolved module or unlinked crate `mio`
[INFO] [stderr]    |
[INFO] [stderr]    = help: if you wanted to use a crate named `mio`, use `cargo add mio` to add it to your `Cargo.toml`
[INFO] [stderr] 
[INFO] [stderr] error[E0432]: unresolved import `async_io`
[INFO] [stderr]   --> src/async_std/sniffer.rs:18:5
[INFO] [stderr]    |
[INFO] [stderr] 18 | use async_io::Async;
[INFO] [stderr]    |     ^^^^^^^^ use of unresolved module or unlinked crate `async_io`
[INFO] [stderr]    |
[INFO] [stderr]    = help: if you wanted to use a crate named `async_io`, use `cargo add async_io` to add it to your `Cargo.toml`
[INFO] [stderr] 
[INFO] [stderr] error[E0432]: unresolved import `mio`
[INFO] [stderr]   --> src/mio/sniffer.rs:21:5
[INFO] [stderr]    |
[INFO] [stderr] 21 | use mio::{Interest, Registry, Token};
[INFO] [stderr]    |     ^^^
[INFO] [stderr]    |
[INFO] [stderr]    = note: `use` statements changed in Rust 2018; read more at <https://doc.rust-lang.org/edition-guide/rust-2018/module-system/path-clarity.html>
[INFO] [stderr] help: a similar path exists
[INFO] [stderr]    |
[INFO] [stderr] 21 | use crate::mio::{Interest, Registry, Token};
[INFO] [stderr]    |     +++++++
[INFO] [stderr] 
[INFO] [stderr] error[E0433]: cannot find module or crate `tokio` in this scope
[INFO] [stderr]   --> src/tokio/sniffer.rs:21:5
[INFO] [stderr]    |
[INFO] [stderr] 21 | use tokio::io::unix::AsyncFd;
[INFO] [stderr]    |     ^^^^^ use of unresolved module or unlinked crate `tokio`
[INFO] [stderr]    |
[INFO] [stderr]    = help: if you wanted to use a crate named `tokio`, use `cargo add tokio` to add it to your `Cargo.toml`
[INFO] [stderr] 
[INFO] [stderr] error[E0432]: unresolved import `async_io`
[INFO] [stderr]   --> src/smol/sniffer.rs:18:5
[INFO] [stderr]    |
[INFO] [stderr] 18 | use async_io::Async;
[INFO] [stderr]    |     ^^^^^^^^ use of unresolved module or unlinked crate `async_io`
[INFO] [stderr]    |
[INFO] [stderr]    = help: if you wanted to use a crate named `async_io`, use `cargo add async_io` to add it to your `Cargo.toml`
[INFO] [stderr] 
[INFO] [stderr] error: aborting due to 6 previous errors
[INFO] [stderr] 
[INFO] [stderr] Some errors have detailed explanations: E0432, E0433.
[INFO] [stderr] For more information about an error, try `rustc --explain E0432`.
[INFO] [stderr] error: doctest failed, to rerun pass `--doc`
[INFO] [stderr] 
[INFO] [stderr] Caused by:
[INFO] [stderr]   process didn't exit successfully: `/opt/rustwide/rustup-home/toolchains/1.100.0-beta.1-x86_64-unknown-linux-gnu/bin/rustdoc --edition=2021 --crate-type lib --color auto --crate-name rscap --test src/lib.rs --test-run-directory /opt/rustwide/workdir -L native=/opt/rustwide/cargo-home/registry/src/index.crates.io-1949cf8c6b5b557f/windows_x86_64_gnu-0.52.6/lib --extern bitflags=/opt/rustwide/target/debug/build/bitflags/f1dadb638be7cd27/out/libbitflags-f1dadb638be7cd27.rlib --extern libc=/opt/rustwide/target/debug/build/libc/32464e1b8391e223/out/liblibc-32464e1b8391e223.rlib --extern once_cell=/opt/rustwide/target/debug/build/once_cell/b5bdc597ed9676b3/out/libonce_cell-b5bdc597ed9676b3.rlib --extern pkts_common=/opt/rustwide/target/debug/build/pkts-common/c4d858b9919b31fb/out/libpkts_common-c4d858b9919b31fb.rlib --extern rscap=/opt/rustwide/target/debug/build/rscap/8e9ec1213ff3d528/out/librscap-8e9ec1213ff3d528.rlib --extern windows_sys=/opt/rustwide/target/debug/build/windows-sys/e80080f8d88d8217/out/libwindows_sys-e80080f8d88d8217.rlib -L dependency=/opt/rustwide/target/debug/build/bitflags/f1dadb638be7cd27/out -L dependency=/opt/rustwide/target/debug/build/libc/32464e1b8391e223/out -L dependency=/opt/rustwide/target/debug/build/once_cell/b5bdc597ed9676b3/out -L dependency=/opt/rustwide/target/debug/build/pkts-common/c4d858b9919b31fb/out -L dependency=/opt/rustwide/target/debug/build/windows-sys/e80080f8d88d8217/out -L dependency=/opt/rustwide/target/debug/build/windows-targets/0ddfa11a3bea1536/out -L dependency=/opt/rustwide/target/debug/build/windows_x86_64_gnu/83b95a85d39e07d7/out -C embed-bitcode=no --check-cfg 'cfg(docsrs,test)' --check-cfg 'cfg(feature, values("async-std", "mio", "npcap", "npcap-runtime", "smol", "tokio"))' --cap-lints=warn --error-format human` (exit status: 1)
[INFO] [stderr] note: test exited abnormally; to see the full output pass --no-capture to the harness.
[INFO] running `Command { std: "docker" "inspect" "a04aeb0398b008501724cb04fdd8d6b27bd1b5ce01ae97fc80035d01c28c5a24", kill_on_drop: false }`
[INFO] running `Command { std: "docker" "rm" "-f" "a04aeb0398b008501724cb04fdd8d6b27bd1b5ce01ae97fc80035d01c28c5a24", kill_on_drop: false }`
[INFO] [stdout] a04aeb0398b008501724cb04fdd8d6b27bd1b5ce01ae97fc80035d01c28c5a24
