[INFO] fetching crate rs-crdt 0.1.0...
[INFO] testing rs-crdt-0.1.0 against 1.99.0-beta.8 for beta-1.100-2
[INFO] extracting crate rs-crdt 0.1.0 into /workspace/builds/worker-1-tc1/source
[INFO] removed /workspace/builds/worker-1-tc1/source/rust-toolchain.toml
[INFO] started tweaking crates.io crate rs-crdt 0.1.0
[INFO] finished tweaking crates.io crate rs-crdt 0.1.0
[INFO] tweaked toml for crates.io crate rs-crdt 0.1.0 written to /workspace/builds/worker-1-tc1/source/Cargo.toml
[INFO] validating manifest of crates.io crate rs-crdt 0.1.0 on toolchain 1.99.0-beta.8
[INFO] running `Command { std: CARGO_HOME="/workspace/cargo-home" RUSTUP_HOME="/workspace/rustup-home" "/workspace/cargo-home/bin/cargo" "+1.99.0-beta.8" "metadata" "--manifest-path" "Cargo.toml" "--no-deps", kill_on_drop: false }`
[INFO] crate crates.io crate rs-crdt 0.1.0 already has a lockfile, it will not be regenerated
[INFO] running `Command { std: CARGO_HOME="/workspace/cargo-home" RUSTUP_HOME="/workspace/rustup-home" "/workspace/cargo-home/bin/cargo" "+1.99.0-beta.8" "fetch" "--manifest-path" "Cargo.toml", kill_on_drop: false }`
[INFO] [stderr]     Updating crates.io index
[INFO] [stderr]     Blocking waiting for file lock on package cache
[INFO] [stderr]  Downloading crates ...
[INFO] [stderr]   Downloaded spin v0.9.9
[INFO] [stderr]   Downloaded wincode-derive v0.5.0
[INFO] [stderr]   Downloaded wincode v0.6.0
[INFO] [stderr]   Downloaded syn v3.0.2
[INFO] running `Command { std: "docker" "create" "-v" "/var/lib/crater-agent-workspace/builds/worker-1-tc1/source:/opt/rustwide/workdir:ro,Z" "-v" "/var/lib/crater-agent-workspace/builds/worker-1-tc1/target:/opt/rustwide/target:rw,Z" "-v" "/var/lib/crater-agent-workspace/cargo-home:/opt/rustwide/cargo-home:ro,Z" "-v" "/var/lib/crater-agent-workspace/rustup-home:/opt/rustwide/rustup-home:ro,Z" "-m" "1610612736" "--network" "none" "ghcr.io/rust-lang/crates-build-env/linux@sha256:3111399a4047eeb3a02b7a90e478d715f38a8c6669b5c4b49d30a17385265909" "sleep" "infinity", kill_on_drop: false }`
[INFO] [stdout] 47bdc22cdb62134d197a44df67b08f4303a58c0fb8fd6bd85b66b40f250ca821
[INFO] running `Command { std: "docker" "start" "47bdc22cdb62134d197a44df67b08f4303a58c0fb8fd6bd85b66b40f250ca821", kill_on_drop: false }`
[INFO] running `Command { std: "docker" "inspect" "47bdc22cdb62134d197a44df67b08f4303a58c0fb8fd6bd85b66b40f250ca821", kill_on_drop: false }`
[INFO] running `Command { std: "docker" "exec" "-e" "SOURCE_DIR=/opt/rustwide/workdir" "-e" "CARGO_HOME=/opt/rustwide/cargo-home" "-e" "RUSTUP_HOME=/opt/rustwide/rustup-home" "-e" "CARGO_TARGET_DIR=/opt/rustwide/target" "-w" "/opt/rustwide/workdir" "--user" "0:0" "47bdc22cdb62134d197a44df67b08f4303a58c0fb8fd6bd85b66b40f250ca821" "/opt/rustwide/cargo-home/bin/cargo" "+1.99.0-beta.8" "metadata" "--no-deps" "--format-version=1", kill_on_drop: false }`
[INFO] running `Command { std: "docker" "inspect" "47bdc22cdb62134d197a44df67b08f4303a58c0fb8fd6bd85b66b40f250ca821", kill_on_drop: false }`
[INFO] running `Command { std: "docker" "exec" "-e" "SOURCE_DIR=/opt/rustwide/workdir" "-e" "CARGO_HOME=/opt/rustwide/cargo-home" "-e" "RUSTUP_HOME=/opt/rustwide/rustup-home" "-e" "CARGO_TARGET_DIR=/opt/rustwide/target" "-e" "CARGO_INCREMENTAL=0" "-e" "RUST_BACKTRACE=full" "-e" "RUSTFLAGS=--cap-lints=warn" "-e" "RUSTDOCFLAGS=--cap-lints=warn" "-w" "/opt/rustwide/workdir" "--user" "0:0" "47bdc22cdb62134d197a44df67b08f4303a58c0fb8fd6bd85b66b40f250ca821" "/opt/rustwide/cargo-home/bin/cargo" "+1.99.0-beta.8" "build" "--frozen" "--message-format=json", kill_on_drop: false }`
[INFO] [stderr]    Compiling syn v2.0.117
[INFO] [stderr]    Compiling semver v1.0.28
[INFO] [stderr]    Compiling serde_core v1.0.229
[INFO] [stderr]    Compiling thiserror v2.0.18
[INFO] [stderr]    Compiling syn v3.0.2
[INFO] [stderr]    Compiling serde v1.0.229
[INFO] [stderr]    Compiling byteorder v1.5.0
[INFO] [stderr]    Compiling wincode v0.6.0
[INFO] [stderr]    Compiling stable_deref_trait v1.2.1
[INFO] [stderr]    Compiling spin v0.9.9
[INFO] [stderr]    Compiling hash32 v0.2.1
[INFO] [stderr]    Compiling rustc_version v0.4.1
[INFO] [stderr]    Compiling heapless v0.7.17
[INFO] [stderr]    Compiling serde_derive v1.0.229
[INFO] [stderr]    Compiling darling_core v0.23.0
[INFO] [stderr]    Compiling thiserror-impl v2.0.18
[INFO] [stderr]    Compiling cobs v0.3.0
[INFO] [stderr]    Compiling darling_macro v0.23.0
[INFO] [stderr]    Compiling darling v0.23.0
[INFO] [stderr]    Compiling wincode-derive v0.5.0
[INFO] [stderr]    Compiling postcard v1.1.3
[INFO] [stderr]    Compiling rs-crdt v0.1.0 (/opt/rustwide/workdir)
[INFO] [stderr]     Finished `dev` profile [unoptimized + debuginfo] target(s) in 16.36s
[INFO] running `Command { std: "docker" "inspect" "47bdc22cdb62134d197a44df67b08f4303a58c0fb8fd6bd85b66b40f250ca821", kill_on_drop: false }`
[INFO] running `Command { std: "docker" "exec" "-e" "SOURCE_DIR=/opt/rustwide/workdir" "-e" "CARGO_HOME=/opt/rustwide/cargo-home" "-e" "RUSTUP_HOME=/opt/rustwide/rustup-home" "-e" "CARGO_TARGET_DIR=/opt/rustwide/target" "-e" "CARGO_INCREMENTAL=0" "-e" "RUST_BACKTRACE=full" "-e" "RUSTFLAGS=--cap-lints=warn" "-e" "RUSTDOCFLAGS=--cap-lints=warn" "-w" "/opt/rustwide/workdir" "--user" "0:0" "47bdc22cdb62134d197a44df67b08f4303a58c0fb8fd6bd85b66b40f250ca821" "/opt/rustwide/cargo-home/bin/cargo" "+1.99.0-beta.8" "test" "--frozen" "--no-run" "--message-format=json", kill_on_drop: false }`
[INFO] [stderr]    Compiling zmij v1.0.21
[INFO] [stderr]    Compiling serde_json v1.0.151
[INFO] [stderr]    Compiling memchr v2.8.0
[INFO] [stderr]    Compiling rs-crdt v0.1.0 (/opt/rustwide/workdir)
[INFO] [stderr]     Finished `test` profile [unoptimized + debuginfo] target(s) in 4.93s
[INFO] running `Command { std: "docker" "inspect" "47bdc22cdb62134d197a44df67b08f4303a58c0fb8fd6bd85b66b40f250ca821", kill_on_drop: false }`
[INFO] running `Command { std: "docker" "exec" "-e" "SOURCE_DIR=/opt/rustwide/workdir" "-e" "CARGO_HOME=/opt/rustwide/cargo-home" "-e" "RUSTUP_HOME=/opt/rustwide/rustup-home" "-e" "CARGO_TARGET_DIR=/opt/rustwide/target" "-e" "CARGO_INCREMENTAL=0" "-e" "RUST_BACKTRACE=full" "-e" "RUSTFLAGS=--cap-lints=warn" "-e" "RUSTDOCFLAGS=--cap-lints=warn" "-w" "/opt/rustwide/workdir" "--user" "0:0" "47bdc22cdb62134d197a44df67b08f4303a58c0fb8fd6bd85b66b40f250ca821" "/opt/rustwide/cargo-home/bin/cargo" "+1.99.0-beta.8" "test" "--frozen", kill_on_drop: false }`
[INFO] [stderr]     Finished `test` profile [unoptimized + debuginfo] target(s) in 0.09s
[INFO] [stderr]      Running unittests src/lib.rs (/opt/rustwide/target/debug/deps/rs_crdt-77f8361e8f1b9b94)
[INFO] [stdout] 
[INFO] [stdout] running 63 tests
[INFO] [stdout] test counters::pn_tests::test_pncounter_increment_decrement ... ok
[INFO] [stdout] test counters::tests::test_commutativity ... ok
[INFO] [stdout] test counters::tests::test_idempotence ... ok
[INFO] [stdout] test clocks::tests::test_vclock_watermark_no_peers ... ok
[INFO] [stdout] test clocks::tests::test_vclock_watermark_three_nodes ... ok
[INFO] [stdout] test maps::tests::test_ormap_deep_nesting ... ok
[INFO] [stdout] test maps::tests::test_ormap_basic_convergence ... ok
[INFO] [stdout] test maps::tests::test_ormap_idempotent_merge ... ok
[INFO] [stdout] test maps::tests::test_ormap_insert_and_get ... ok
[INFO] [stdout] test counters::pn_tests::test_pncounter_commutativity ... ok
[INFO] [stdout] test maps::tests::test_ormap_nested_orset_merge ... ok
[INFO] [stdout] test maps::tests::test_ormap_nested_rga_concurrent_edits ... ok
[INFO] [stdout] test maps::tests::test_ormap_prune_delegates_to_inner ... ok
[INFO] [stdout] test counters::tests::test_convergence ... ok
[INFO] [stdout] test maps::tests::test_ormap_remove ... ok
[INFO] [stdout] test maps::tests::test_ormap_update_wins_over_remove ... ok
[INFO] [stdout] test network::tests::test_anti_entropy_convergence ... ok
[INFO] [stdout] test network::tests::test_gossip_mesh_delta_dissemination ... ok
[INFO] [stdout] test richtext::tests::test_peritext_concurrent_merge ... ok
[INFO] [stdout] test richtext::tests::test_peritext_rich_text_formatting ... ok
[INFO] [stdout] test sequences::tests::test_rga_collaborative_editing ... ok
[INFO] [stdout] test clocks::tests::test_vclock_witness ... ok
[INFO] [stdout] test clocks::tests::test_vclock_concurrent_detection ... ok
[INFO] [stdout] test sequences::tests::test_rga_concurrent_typo_fix ... ok
[INFO] [stdout] test sequences::tests::test_rga_insert_delete ... ok
[INFO] [stdout] test clocks::tests::test_vclock_equal_clocks ... ok
[INFO] [stdout] test sequences::tests::test_rga_insert_middle_concurrent ... ok
[INFO] [stdout] test sets::lww_tests::test_lwwset_concurrent_different_timestamps ... ok
[INFO] [stdout] test sets::lww_tests::test_lwwset_convergence ... ok
[INFO] [stdout] test sets::lww_tests::test_lwwset_multiple_add_remove ... ok
[INFO] [stdout] test sequences::tests::test_rga_convergence ... ok
[INFO] [stdout] test sequences::tests::test_rga_concurrent_insert_same_position ... ok
[INFO] [stdout] test sequences::tests::test_rga_basic_insert ... ok
[INFO] [stdout] test sequences::tests::test_rga_delete_concurrent ... ok
[INFO] [stdout] test sets::lww_tests::test_lwwset_last_write_wins ... ok
[INFO] [stdout] test sets::lww_tests::test_lwwset_add_remove ... ok
[INFO] [stdout] test clocks::tests::test_vclock_merge_is_idempotent ... ok
[INFO] [stdout] test clocks::tests::test_vclock_dominates_basic ... ok
[INFO] [stdout] test counters::pn_tests::test_pncounter_negative_values ... ok
[INFO] [stdout] test clocks::tests::test_vclock_merge_is_commutative ... ok
[INFO] [stdout] test clocks::tests::test_vclock_merge_pointwise_max ... ok
[INFO] [stdout] test sets::or_tests::test_orset_convergence ... ok
[INFO] [stdout] test counters::pn_tests::test_pncounter_convergence ... ok
[INFO] [stdout] test sets::or_tests::test_orset_add_remove ... ok
[INFO] [stdout] test sets::or_tests::test_orset_idempotence ... ok
[INFO] [stdout] test sets::twop_tests::test_2pset_concurrent_add_remove ... ok
[INFO] [stdout] test sets::lww_tests::test_lwwset_idempotence ... ok
[INFO] [stdout] test sets::twop_tests::test_2pset_add_remove ... ok
[INFO] [stdout] test sets::or_tests::test_orset_multiple_adds_same_element ... ok
[INFO] [stdout] test sets::twop_tests::test_2pset_cannot_readd ... ok
[INFO] [stdout] test clocks::tests::test_vclock_tick_and_get ... ok
[INFO] [stdout] test sets::or_tests::test_orset_can_readd ... ok
[INFO] [stdout] test sets::or_tests::test_orset_concurrent_add_wins ... ok
[INFO] [stdout] test clocks::tests::test_vclock_watermark_drives_rga_prune ... ok
[INFO] [stdout] test sets::or_tests::test_orset_remove_then_add ... ok
[INFO] [stdout] test undo::tests::test_selective_undo_redo_local ... ok
[INFO] [stdout] test sets::tests::test_gset_add ... ok
[INFO] [stdout] test sets::tests::test_gset_convergence ... ok
[INFO] [stdout] test sets::tests::test_gset_idempotent ... ok
[INFO] [stdout] test storage::tests::test_wal_snapshot_and_deltas_recovery ... ok
[INFO] [stdout] test undo::tests::test_selective_undo_with_concurrent_peer_edits ... ok
[INFO] [stdout] test storage::tests::test_wal_compaction ... ok
[INFO] [stdout] test sets::twop_tests::test_2pset_convergence ... ok
[INFO] [stdout] 
[INFO] [stdout] test result: ok. 63 passed; 0 failed; 0 ignored; 0 measured; 0 filtered out; finished in 0.02s
[INFO] [stdout] 
[INFO] [stderr]    Doc-tests rs_crdt
[INFO] [stdout] 
[INFO] [stdout] running 1 test
[INFO] [stdout] test src/clocks.rs - clocks::VectorClock (line 21) ... FAILED
[INFO] [stdout] 
[INFO] [stdout] failures:
[INFO] [stdout] 
[INFO] [stdout] ---- src/clocks.rs - clocks::VectorClock (line 21) stdout ----
[INFO] [stdout] error[E0433]: cannot find module or crate `crdt` in this scope
[INFO] [stdout]   --> src/clocks.rs:22:5
[INFO] [stdout]    |
[INFO] [stdout] 22 | use crdt::clocks::VectorClock;
[INFO] [stdout]    |     ^^^^ use of unresolved module or unlinked crate `crdt`
[INFO] [stdout]    |
[INFO] [stdout]    = help: if you wanted to use a crate named `crdt`, use `cargo add crdt` to add it to your `Cargo.toml`
[INFO] [stdout] 
[INFO] [stdout] error: aborting due to 1 previous error
[INFO] [stdout] 
[INFO] [stdout] For more information about this error, try `rustc --explain E0433`.
[INFO] [stdout] Couldn't compile the test.
[INFO] [stdout] 
[INFO] [stdout] failures:
[INFO] [stdout]     src/clocks.rs - clocks::VectorClock (line 21)
[INFO] [stdout] 
[INFO] [stdout] test result: FAILED. 0 passed; 1 failed; 0 ignored; 0 measured; 0 filtered out; finished in 0.05s
[INFO] [stdout] 
[INFO] [stdout] all doctests ran in 0.10s; merged doctests compilation took 0.04s
[INFO] [stderr] error: doctest failed, to rerun pass `--doc`
[INFO] running `Command { std: "docker" "inspect" "47bdc22cdb62134d197a44df67b08f4303a58c0fb8fd6bd85b66b40f250ca821", kill_on_drop: false }`
[INFO] running `Command { std: "docker" "rm" "-f" "47bdc22cdb62134d197a44df67b08f4303a58c0fb8fd6bd85b66b40f250ca821", kill_on_drop: false }`
[INFO] [stdout] 47bdc22cdb62134d197a44df67b08f4303a58c0fb8fd6bd85b66b40f250ca821
