[INFO] fetching crate rpgassist 0.1.11...
[INFO] testing rpgassist-0.1.11 against 1.100.0-beta.1 for beta-1.100-2
[INFO] extracting crate rpgassist 0.1.11 into /workspace/builds/worker-7-tc2/source
[INFO] started tweaking crates.io crate rpgassist 0.1.11
[INFO] finished tweaking crates.io crate rpgassist 0.1.11
[INFO] tweaked toml for crates.io crate rpgassist 0.1.11 written to /workspace/builds/worker-7-tc2/source/Cargo.toml
[INFO] validating manifest of crates.io crate rpgassist 0.1.11 on toolchain 1.100.0-beta.1
[INFO] running `Command { std: CARGO_HOME="/workspace/cargo-home" RUSTUP_HOME="/workspace/rustup-home" "/workspace/cargo-home/bin/cargo" "+1.100.0-beta.1" "metadata" "--manifest-path" "Cargo.toml" "--no-deps", kill_on_drop: false }`
[INFO] crate crates.io crate rpgassist 0.1.11 already has a lockfile, it will not be regenerated
[INFO] running `Command { std: CARGO_HOME="/workspace/cargo-home" RUSTUP_HOME="/workspace/rustup-home" "/workspace/cargo-home/bin/cargo" "+1.100.0-beta.1" "fetch" "--manifest-path" "Cargo.toml", kill_on_drop: false }`
[INFO] running `Command { std: "docker" "create" "-v" "/var/lib/crater-agent-workspace/builds/worker-7-tc2/source:/opt/rustwide/workdir:ro,Z" "-v" "/var/lib/crater-agent-workspace/builds/worker-7-tc2/target:/opt/rustwide/target:rw,Z" "-v" "/var/lib/crater-agent-workspace/cargo-home:/opt/rustwide/cargo-home:ro,Z" "-v" "/var/lib/crater-agent-workspace/rustup-home:/opt/rustwide/rustup-home:ro,Z" "-m" "1610612736" "--network" "none" "ghcr.io/rust-lang/crates-build-env/linux@sha256:3111399a4047eeb3a02b7a90e478d715f38a8c6669b5c4b49d30a17385265909" "sleep" "infinity", kill_on_drop: false }`
[INFO] [stdout] 548ee213a9c7dc80b9d842b1cea55ca57c4ee5797b005fb9e1b143001941e24b
[INFO] running `Command { std: "docker" "start" "548ee213a9c7dc80b9d842b1cea55ca57c4ee5797b005fb9e1b143001941e24b", kill_on_drop: false }`
[INFO] running `Command { std: "docker" "inspect" "548ee213a9c7dc80b9d842b1cea55ca57c4ee5797b005fb9e1b143001941e24b", kill_on_drop: false }`
[INFO] running `Command { std: "docker" "exec" "-e" "SOURCE_DIR=/opt/rustwide/workdir" "-e" "CARGO_HOME=/opt/rustwide/cargo-home" "-e" "RUSTUP_HOME=/opt/rustwide/rustup-home" "-e" "CARGO_TARGET_DIR=/opt/rustwide/target" "-w" "/opt/rustwide/workdir" "--user" "0:0" "548ee213a9c7dc80b9d842b1cea55ca57c4ee5797b005fb9e1b143001941e24b" "/opt/rustwide/cargo-home/bin/cargo" "+1.100.0-beta.1" "metadata" "--no-deps" "--format-version=1", kill_on_drop: false }`
[INFO] running `Command { std: "docker" "inspect" "548ee213a9c7dc80b9d842b1cea55ca57c4ee5797b005fb9e1b143001941e24b", kill_on_drop: false }`
[INFO] running `Command { std: "docker" "exec" "-e" "SOURCE_DIR=/opt/rustwide/workdir" "-e" "CARGO_HOME=/opt/rustwide/cargo-home" "-e" "RUSTUP_HOME=/opt/rustwide/rustup-home" "-e" "CARGO_TARGET_DIR=/opt/rustwide/target" "-e" "CARGO_INCREMENTAL=0" "-e" "RUST_BACKTRACE=full" "-e" "RUSTFLAGS=--cap-lints=warn" "-e" "RUSTDOCFLAGS=--cap-lints=warn" "-w" "/opt/rustwide/workdir" "--user" "0:0" "548ee213a9c7dc80b9d842b1cea55ca57c4ee5797b005fb9e1b143001941e24b" "/opt/rustwide/cargo-home/bin/cargo" "+1.100.0-beta.1" "build" "--frozen" "--message-format=json", kill_on_drop: false }`
[INFO] [stderr]    Compiling num-traits v0.2.19
[INFO] [stderr]    Compiling libc v0.2.177
[INFO] [stderr]    Compiling proc-macro2 v1.0.103
[INFO] [stderr]    Compiling zerocopy v0.8.27
[INFO] [stderr]    Compiling memchr v2.7.6
[INFO] [stderr]    Compiling quote v1.0.41
[INFO] [stderr]    Compiling regex-syntax v0.8.8
[INFO] [stderr]    Compiling serde_json v1.0.145
[INFO] [stderr]    Compiling serde_core v1.0.228
[INFO] [stderr]    Compiling anstyle-parse v0.2.7
[INFO] [stderr]    Compiling anstyle-query v1.1.4
[INFO] [stderr]    Compiling anstyle v1.0.13
[INFO] [stderr]    Compiling log v0.4.28
[INFO] [stderr]    Compiling colorchoice v1.0.4
[INFO] [stderr]    Compiling serde v1.0.228
[INFO] [stderr]    Compiling jiff v0.2.15
[INFO] [stderr]    Compiling anstream v0.6.21
[INFO] [stderr]    Compiling aho-corasick v1.1.4
[INFO] [stderr]    Compiling getrandom v0.3.4
[INFO] [stderr]    Compiling num-integer v0.1.46
[INFO] [stderr]    Compiling num-complex v0.4.6
[INFO] [stderr]    Compiling rand_core v0.9.3
[INFO] [stderr]    Compiling syn v2.0.108
[INFO] [stderr]    Compiling num-bigint v0.4.6
[INFO] [stderr]    Compiling num-iter v0.1.45
[INFO] [stderr]    Compiling regex-automata v0.4.13
[INFO] [stderr]    Compiling num-rational v0.4.2
[INFO] [stderr]    Compiling ppv-lite86 v0.2.21
[INFO] [stderr]    Compiling num v0.4.3
[INFO] [stderr]    Compiling rand_chacha v0.9.0
[INFO] [stderr]    Compiling rand v0.9.2
[INFO] [stderr]    Compiling serde_derive v1.0.228
[INFO] [stderr]    Compiling dicebag v0.3.4
[INFO] [stderr]    Compiling regex v1.12.2
[INFO] [stderr]    Compiling env_filter v0.1.4
[INFO] [stderr]    Compiling env_logger v0.11.8
[INFO] [stderr]    Compiling rpgassist v0.1.11 (/opt/rustwide/workdir)
[INFO] [stderr] warning: unused dependency `env_logger`
[INFO] [stderr]   --> Cargo.toml:11:15
[INFO] [stderr]    |
[INFO] [stderr] 11 | [dependencies.env_logger]
[INFO] [stderr]    |               ^^^^^^^^^^^
[INFO] [stderr]    |
[INFO] [stderr]    = note: `cargo::unused_dependencies` is set to `warn` by default
[INFO] [stderr] help: consider removing the dependency on `env_logger`
[INFO] [stderr] warning: unused dependency `serde_json`
[INFO] [stderr]   --> Cargo.toml:24:15
[INFO] [stderr]    |
[INFO] [stderr] 24 | [dependencies.serde_json]
[INFO] [stderr]    |               ^^^^^^^^^^^
[INFO] [stderr]    |
[INFO] [stderr] help: consider removing the dependency on `serde_json`
[INFO] [stderr] warning: `rpgassist` (manifest) generated 2 warnings
[INFO] [stderr]     Finished `dev` profile [unoptimized + debuginfo] target(s) in 16.09s
[INFO] running `Command { std: "docker" "inspect" "548ee213a9c7dc80b9d842b1cea55ca57c4ee5797b005fb9e1b143001941e24b", kill_on_drop: false }`
[INFO] running `Command { std: "docker" "exec" "-e" "SOURCE_DIR=/opt/rustwide/workdir" "-e" "CARGO_HOME=/opt/rustwide/cargo-home" "-e" "RUSTUP_HOME=/opt/rustwide/rustup-home" "-e" "CARGO_TARGET_DIR=/opt/rustwide/target" "-e" "CARGO_INCREMENTAL=0" "-e" "RUST_BACKTRACE=full" "-e" "RUSTFLAGS=--cap-lints=warn" "-e" "RUSTDOCFLAGS=--cap-lints=warn" "-w" "/opt/rustwide/workdir" "--user" "0:0" "548ee213a9c7dc80b9d842b1cea55ca57c4ee5797b005fb9e1b143001941e24b" "/opt/rustwide/cargo-home/bin/cargo" "+1.100.0-beta.1" "test" "--frozen" "--no-run" "--message-format=json", kill_on_drop: false }`
[INFO] [stderr]    Compiling rpgassist v0.1.11 (/opt/rustwide/workdir)
[INFO] [stderr] warning: unused dependency `env_logger`
[INFO] [stderr]   --> Cargo.toml:11:15
[INFO] [stderr]    |
[INFO] [stderr] 11 | [dependencies.env_logger]
[INFO] [stderr]    |               ^^^^^^^^^^^
[INFO] [stderr]    |
[INFO] [stderr]    = note: `cargo::unused_dependencies` is set to `warn` by default
[INFO] [stderr] help: consider removing the dependency on `env_logger`
[INFO] [stderr] help: to still use for development builds, move to `dev-dependencies`
[INFO] [stderr] warning: unused dependency `serde_json`
[INFO] [stderr]   --> Cargo.toml:24:15
[INFO] [stderr]    |
[INFO] [stderr] 24 | [dependencies.serde_json]
[INFO] [stderr]    |               ^^^^^^^^^^^
[INFO] [stderr]    |
[INFO] [stderr] help: consider removing the dependency on `serde_json`
[INFO] [stderr] warning: `rpgassist` (manifest) generated 2 warnings
[INFO] [stderr]     Finished `test` profile [unoptimized + debuginfo] target(s) in 1.01s
[INFO] running `Command { std: "docker" "inspect" "548ee213a9c7dc80b9d842b1cea55ca57c4ee5797b005fb9e1b143001941e24b", kill_on_drop: false }`
[INFO] running `Command { std: "docker" "exec" "-e" "SOURCE_DIR=/opt/rustwide/workdir" "-e" "CARGO_HOME=/opt/rustwide/cargo-home" "-e" "RUSTUP_HOME=/opt/rustwide/rustup-home" "-e" "CARGO_TARGET_DIR=/opt/rustwide/target" "-e" "CARGO_INCREMENTAL=0" "-e" "RUST_BACKTRACE=full" "-e" "RUSTFLAGS=--cap-lints=warn" "-e" "RUSTDOCFLAGS=--cap-lints=warn" "-w" "/opt/rustwide/workdir" "--user" "0:0" "548ee213a9c7dc80b9d842b1cea55ca57c4ee5797b005fb9e1b143001941e24b" "/opt/rustwide/cargo-home/bin/cargo" "+1.100.0-beta.1" "test" "--frozen", kill_on_drop: false }`
[INFO] [stderr] warning: unused dependency `env_logger`
[INFO] [stderr]   --> Cargo.toml:11:15
[INFO] [stderr]    |
[INFO] [stderr] 11 | [dependencies.env_logger]
[INFO] [stderr]    |               ^^^^^^^^^^^
[INFO] [stderr]    |
[INFO] [stderr]    = note: `cargo::unused_dependencies` is set to `warn` by default
[INFO] [stderr] help: consider removing the dependency on `env_logger`
[INFO] [stderr] help: to still use for development builds, move to `dev-dependencies`
[INFO] [stderr] warning: unused dependency `serde_json`
[INFO] [stderr]   --> Cargo.toml:24:15
[INFO] [stderr]    |
[INFO] [stderr] 24 | [dependencies.serde_json]
[INFO] [stderr]    |               ^^^^^^^^^^^
[INFO] [stderr]    |
[INFO] [stderr] help: consider removing the dependency on `serde_json`
[INFO] [stderr] warning: `rpgassist` (manifest) generated 2 warnings
[INFO] [stderr]     Finished `test` profile [unoptimized + debuginfo] target(s) in 0.09s
[INFO] [stderr]      Running unittests src/lib.rs (/opt/rustwide/target/debug/build/rpgassist/ed0a6be237b5967f/out/rpgassist-ed0a6be237b5967f)
[INFO] [stderr] [2026-10-06T17:17:59Z ERROR rpgassist::ranking::rank] Value '+18446744073709551615' is WAY too big for the teensy i32 to hold onto…!
[INFO] [stdout] 
[INFO] [stdout] running 18 tests
[INFO] [stdout] test ext::natural_join::natural_join_tests::natural_join_single ... ok
[INFO] [stdout] test ext::natural_join::natural_join_tests::natural_join_nothing ... ok
[INFO] [stdout] test ranking::rank::rank_tests::add_i32_to_rank ... ok
[INFO] [stdout] test ranking::rank::rank_tests::addassign_i32_to_rank ... ok
[INFO] [stdout] test ext::natural_join::natural_join_tests::natural_join_three ... ok
[INFO] [stdout] test ranking::rank::rank_tests::sub_i32_from_rank ... ok
[INFO] [stdout] test ranking::rank::rank_tests::subassign_i32_to_rank ... ok
[INFO] [stdout] test ext::natural_join::natural_join_tests::natural_join_two ... ok
[INFO] [stdout] test stat::stat_tests::add_stat_to_stat ... ok
[INFO] [stdout] test stat::stat_tests::add_i32_to_stat ... ok
[INFO] [stdout] test stat::stat_tests::subassign_stat_from_stat ... ok
[INFO] [stdout] test stat::stat_tests::addassign_stat_to_stat ... ok
[INFO] [stdout] test stat::stat_tests::sub_i32_from_stat ... ok
[INFO] [stdout] test ranking::rank::rank_tests::assigning_u64max_panix - should panic ... ok
[INFO] [stdout] test stat::stat_tests::subassign_diff_stat_from_stat - should panic ... ok
[INFO] [stdout] test stat::stat_tests::add_diff_stat_to_stat - should panic ... ok
[INFO] [stdout] test stat::stat_tests::value_clamp_works - should panic ... ok
[INFO] [stdout] test stat::stat_tests::addassign_diff_stat_to_stat - should panic ... ok
[INFO] [stdout] 
[INFO] [stdout] test result: ok. 18 passed; 0 failed; 0 ignored; 0 measured; 0 filtered out; finished in 0.47s
[INFO] [stdout] 
[INFO] [stderr]      Running unittests src/main.rs (/opt/rustwide/target/debug/build/rpgassist/ba61e8401cf3bba0/out/rpgassist-ba61e8401cf3bba0)
[INFO] [stdout] 
[INFO] [stdout] running 0 tests
[INFO] [stdout] 
[INFO] [stdout] test result: ok. 0 passed; 0 failed; 0 ignored; 0 measured; 0 filtered out; finished in 0.00s
[INFO] [stdout] 
[INFO] [stderr]    Doc-tests rpgassist
[INFO] [stdout] 
[INFO] [stdout] running 1 test
[INFO] [stdout] test src/details.rs - details::ProperCaseExt (line 25) ... FAILED
[INFO] [stdout] 
[INFO] [stdout] failures:
[INFO] [stdout] 
[INFO] [stdout] ---- src/details.rs - details::ProperCaseExt (line 25) stdout ----
[INFO] [stdout] error[E0432]: unresolved import `rpgassist::ext::ProperCaseExt`
[INFO] [stdout]   --> src/details.rs:27:5
[INFO] [stdout]    |
[INFO] [stdout] 27 | use rpgassist::ext::ProperCaseExt; // (Adjust path as needed)
[INFO] [stdout]    |     ^^^^^^^^^^^^^^^^-------------
[INFO] [stdout]    |                     |
[INFO] [stdout]    |                     no `ProperCaseExt` in `ext`
[INFO] [stdout] 
[INFO] [stdout] error[E0599]: no method named `proper_case` found for reference `&str` in the current scope
[INFO] [stdout]   --> src/details.rs:30:14
[INFO] [stdout]    |
[INFO] [stdout] 30 | assert_eq!(s.proper_case(), "A Test-String (With Fawns)");
[INFO] [stdout]    |              ^^^^^^^^^^^ method not found in `&str`
[INFO] [stdout]    |
[INFO] [stdout]    = help: items from traits can only be used if the trait is in scope
[INFO] [stdout] help: trait `ProperCaseExt` which provides `proper_case` is implemented but not in scope; perhaps you want to import it
[INFO] [stdout]    |
[INFO] [stdout] 24 + use crate::rpgassist::details::ProperCaseExt;
[INFO] [stdout]    |
[INFO] [stdout] 
[INFO] [stdout] error[E0599]: no method named `proper_case` found for reference `&str` in the current scope
[INFO] [stdout]   --> src/details.rs:33:15
[INFO] [stdout]    |
[INFO] [stdout] 33 | assert_eq!(s2.proper_case(), "Adam Caplitter");
[INFO] [stdout]    |               ^^^^^^^^^^^ method not found in `&str`
[INFO] [stdout]    |
[INFO] [stdout]    = help: items from traits can only be used if the trait is in scope
[INFO] [stdout] help: trait `ProperCaseExt` which provides `proper_case` is implemented but not in scope; perhaps you want to import it
[INFO] [stdout]    |
[INFO] [stdout] 24 + use crate::rpgassist::details::ProperCaseExt;
[INFO] [stdout]    |
[INFO] [stdout] 
[INFO] [stdout] error: aborting due to 3 previous errors
[INFO] [stdout] 
[INFO] [stdout] Some errors have detailed explanations: E0432, E0599.
[INFO] [stdout] For more information about an error, try `rustc --explain E0432`.
[INFO] [stdout] Couldn't compile the test.
[INFO] [stdout] 
[INFO] [stdout] failures:
[INFO] [stdout]     src/details.rs - details::ProperCaseExt (line 25)
[INFO] [stdout] 
[INFO] [stdout] test result: FAILED. 0 passed; 1 failed; 0 ignored; 0 measured; 0 filtered out; finished in 0.23s
[INFO] [stdout] 
[INFO] [stdout] all doctests ran in 0.35s; merged doctests compilation took 0.11s
[INFO] [stderr] error: doctest failed, to rerun pass `--doc`
[INFO] running `Command { std: "docker" "inspect" "548ee213a9c7dc80b9d842b1cea55ca57c4ee5797b005fb9e1b143001941e24b", kill_on_drop: false }`
[INFO] running `Command { std: "docker" "rm" "-f" "548ee213a9c7dc80b9d842b1cea55ca57c4ee5797b005fb9e1b143001941e24b", kill_on_drop: false }`
[INFO] [stdout] 548ee213a9c7dc80b9d842b1cea55ca57c4ee5797b005fb9e1b143001941e24b
