[INFO] fetching crate route-macros 0.1.1...
[INFO] testing route-macros-0.1.1 against 1.100.0-beta.1 for beta-1.100-2
[INFO] extracting crate route-macros 0.1.1 into /workspace/builds/worker-1-tc2/source
[INFO] started tweaking crates.io crate route-macros 0.1.1
[INFO] finished tweaking crates.io crate route-macros 0.1.1
[INFO] tweaked toml for crates.io crate route-macros 0.1.1 written to /workspace/builds/worker-1-tc2/source/Cargo.toml
[INFO] validating manifest of crates.io crate route-macros 0.1.1 on toolchain 1.100.0-beta.1
[INFO] running `Command { std: CARGO_HOME="/workspace/cargo-home" RUSTUP_HOME="/workspace/rustup-home" "/workspace/cargo-home/bin/cargo" "+1.100.0-beta.1" "metadata" "--manifest-path" "Cargo.toml" "--no-deps", kill_on_drop: false }`
[INFO] crate crates.io crate route-macros 0.1.1 already has a lockfile, it will not be regenerated
[INFO] running `Command { std: CARGO_HOME="/workspace/cargo-home" RUSTUP_HOME="/workspace/rustup-home" "/workspace/cargo-home/bin/cargo" "+1.100.0-beta.1" "fetch" "--manifest-path" "Cargo.toml", kill_on_drop: false }`
[INFO] running `Command { std: "docker" "create" "-v" "/var/lib/crater-agent-workspace/builds/worker-1-tc2/source:/opt/rustwide/workdir:ro,Z" "-v" "/var/lib/crater-agent-workspace/builds/worker-1-tc2/target:/opt/rustwide/target:rw,Z" "-v" "/var/lib/crater-agent-workspace/cargo-home:/opt/rustwide/cargo-home:ro,Z" "-v" "/var/lib/crater-agent-workspace/rustup-home:/opt/rustwide/rustup-home:ro,Z" "-m" "1610612736" "--network" "none" "ghcr.io/rust-lang/crates-build-env/linux@sha256:3111399a4047eeb3a02b7a90e478d715f38a8c6669b5c4b49d30a17385265909" "sleep" "infinity", kill_on_drop: false }`
[INFO] [stdout] 34e519b2d5b7d738d9a400d0ab8a1fed8cca7d21d342179e3c214d04acf8f9e7
[INFO] running `Command { std: "docker" "start" "34e519b2d5b7d738d9a400d0ab8a1fed8cca7d21d342179e3c214d04acf8f9e7", kill_on_drop: false }`
[INFO] running `Command { std: "docker" "inspect" "34e519b2d5b7d738d9a400d0ab8a1fed8cca7d21d342179e3c214d04acf8f9e7", kill_on_drop: false }`
[INFO] running `Command { std: "docker" "exec" "-e" "SOURCE_DIR=/opt/rustwide/workdir" "-e" "CARGO_HOME=/opt/rustwide/cargo-home" "-e" "RUSTUP_HOME=/opt/rustwide/rustup-home" "-e" "CARGO_TARGET_DIR=/opt/rustwide/target" "-w" "/opt/rustwide/workdir" "--user" "0:0" "34e519b2d5b7d738d9a400d0ab8a1fed8cca7d21d342179e3c214d04acf8f9e7" "/opt/rustwide/cargo-home/bin/cargo" "+1.100.0-beta.1" "metadata" "--no-deps" "--format-version=1", kill_on_drop: false }`
[INFO] running `Command { std: "docker" "inspect" "34e519b2d5b7d738d9a400d0ab8a1fed8cca7d21d342179e3c214d04acf8f9e7", kill_on_drop: false }`
[INFO] running `Command { std: "docker" "exec" "-e" "SOURCE_DIR=/opt/rustwide/workdir" "-e" "CARGO_HOME=/opt/rustwide/cargo-home" "-e" "RUSTUP_HOME=/opt/rustwide/rustup-home" "-e" "CARGO_TARGET_DIR=/opt/rustwide/target" "-e" "CARGO_INCREMENTAL=0" "-e" "RUST_BACKTRACE=full" "-e" "RUSTFLAGS=--cap-lints=warn" "-e" "RUSTDOCFLAGS=--cap-lints=warn" "-w" "/opt/rustwide/workdir" "--user" "0:0" "34e519b2d5b7d738d9a400d0ab8a1fed8cca7d21d342179e3c214d04acf8f9e7" "/opt/rustwide/cargo-home/bin/cargo" "+1.100.0-beta.1" "build" "--frozen" "--message-format=json", kill_on_drop: false }`
[INFO] [stderr]    Compiling cfg-if v1.0.4
[INFO] [stderr]    Compiling pin-project-lite v0.2.17
[INFO] [stderr]    Compiling stable_deref_trait v1.2.1
[INFO] [stderr]    Compiling smallvec v1.15.1
[INFO] [stderr]    Compiling memchr v2.8.0
[INFO] [stderr]    Compiling log v0.4.29
[INFO] [stderr]    Compiling futures-core v0.3.32
[INFO] [stderr]    Compiling libc v0.2.183
[INFO] [stderr]    Compiling bytes v1.11.1
[INFO] [stderr]    Compiling once_cell v1.21.4
[INFO] [stderr]    Compiling parking_lot_core v0.9.12
[INFO] [stderr]    Compiling scopeguard v1.2.0
[INFO] [stderr]    Compiling writeable v0.6.2
[INFO] [stderr]    Compiling litemap v0.8.1
[INFO] [stderr]    Compiling zerofrom v0.1.6
[INFO] [stderr]    Compiling serde v1.0.228
[INFO] [stderr]    Compiling icu_properties_data v2.1.2
[INFO] [stderr]    Compiling typenum v1.19.0
[INFO] [stderr]    Compiling icu_normalizer_data v2.1.1
[INFO] [stderr]    Compiling lock_api v0.4.14
[INFO] [stderr]    Compiling yoke v0.8.1
[INFO] [stderr]    Compiling tracing-core v0.1.36
[INFO] [stderr]    Compiling percent-encoding v2.3.2
[INFO] [stderr]    Compiling generic-array v0.14.7
[INFO] [stderr]    Compiling zmij v1.0.21
[INFO] [stderr]    Compiling getrandom v0.3.4
[INFO] [stderr]    Compiling zerocopy v0.8.48
[INFO] [stderr]    Compiling serde_json v1.0.149
[INFO] [stderr]    Compiling futures-sink v0.3.32
[INFO] [stderr]    Compiling unicode-segmentation v1.13.2
[INFO] [stderr]    Compiling powerfmt v0.2.0
[INFO] [stderr]    Compiling futures-task v0.3.32
[INFO] [stderr]    Compiling time-core v0.1.8
[INFO] [stderr]    Compiling fnv v1.0.7
[INFO] [stderr]    Compiling num-conv v0.2.1
[INFO] [stderr]    Compiling zerovec v0.11.5
[INFO] [stderr]    Compiling zerotrie v0.2.3
[INFO] [stderr]    Compiling slab v0.4.12
[INFO] [stderr]    Compiling futures-util v0.3.32
[INFO] [stderr]    Compiling form_urlencoded v1.2.2
[INFO] [stderr]    Compiling proc-macro2-diagnostics v0.10.1
[INFO] [stderr]    Compiling aho-corasick v1.1.4
[INFO] [stderr]    Compiling time-macros v0.2.27
[INFO] [stderr]    Compiling deranged v0.5.8
[INFO] [stderr]    Compiling http v0.2.12
[INFO] [stderr]    Compiling utf8_iter v1.0.4
[INFO] [stderr]    Compiling tinystr v0.8.2
[INFO] [stderr]    Compiling potential_utf v0.1.4
[INFO] [stderr]    Compiling tracing v0.1.44
[INFO] [stderr]    Compiling local-waker v0.1.4
[INFO] [stderr]    Compiling icu_collections v2.1.1
[INFO] [stderr]    Compiling unicode-xid v0.2.6
[INFO] [stderr]    Compiling alloc-no-stdlib v2.0.4
[INFO] [stderr]    Compiling convert_case v0.10.0
[INFO] [stderr]    Compiling hashbrown v0.16.1
[INFO] [stderr]    Compiling zstd-safe v7.2.4
[INFO] [stderr]    Compiling crc32fast v1.5.0
[INFO] [stderr]    Compiling alloc-stdlib v0.2.2
[INFO] [stderr]    Compiling libm v0.2.16
[INFO] [stderr]    Compiling bytestring v1.5.0
[INFO] [stderr]    Compiling proc-macro-error-attr2 v2.0.0
[INFO] [stderr]    Compiling jobserver v0.1.34
[INFO] [stderr]    Compiling icu_locale_core v2.1.1
[INFO] [stderr]    Compiling errno v0.3.14
[INFO] [stderr]    Compiling signal-hook-registry v1.4.8
[INFO] [stderr]    Compiling cc v1.2.58
[INFO] [stderr]    Compiling socket2 v0.6.3
[INFO] [stderr]    Compiling parking_lot v0.12.5
[INFO] [stderr]    Compiling mio v1.2.0
[INFO] [stderr]    Compiling derive_more-impl v2.1.1
[INFO] [stderr]    Compiling indexmap v2.13.0
[INFO] [stderr]    Compiling rand_core v0.9.5
[INFO] [stderr]    Compiling bigdecimal v0.4.10
[INFO] [stderr]    Compiling rust_decimal v1.41.0
[INFO] [stderr]    Compiling regex-automata v0.4.14
[INFO] [stderr]    Compiling adler2 v2.0.1
[INFO] [stderr]    Compiling block-buffer v0.10.4
[INFO] [stderr]    Compiling crypto-common v0.1.7
[INFO] [stderr]    Compiling tokio v1.50.0
[INFO] [stderr]    Compiling simd-adler32 v0.3.9
[INFO] [stderr]    Compiling yansi v1.0.1
[INFO] [stderr]    Compiling httparse v1.10.1
[INFO] [stderr]    Compiling digest v0.10.7
[INFO] [stderr]    Compiling proc-macro-error2 v2.0.1
[INFO] [stderr]    Compiling icu_provider v2.1.1
[INFO] [stderr]    Compiling miniz_oxide v0.8.9
[INFO] [stderr]    Compiling brotli-decompressor v5.0.0
[INFO] [stderr]    Compiling actix-utils v3.0.1
[INFO] [stderr]    Compiling actix-service v2.0.3
[INFO] [stderr]    Compiling cookie v0.16.2
[INFO] [stderr]    Compiling regex-lite v0.1.9
[INFO] [stderr]    Compiling iana-time-zone v0.1.65
[INFO] [stderr]    Compiling time v0.3.47
[INFO] [stderr]    Compiling cpufeatures v0.2.17
[INFO] [stderr]    Compiling arrayvec v0.7.6
[INFO] [stderr]    Compiling bitflags v2.11.0
[INFO] [stderr]    Compiling icu_normalizer v2.1.1
[INFO] [stderr]    Compiling icu_properties v2.1.2
[INFO] [stderr]    Compiling ouroboros_macro v0.18.5
[INFO] [stderr]    Compiling chrono v0.4.44
[INFO] [stderr]    Compiling flate2 v1.1.9
[INFO] [stderr]    Compiling sha1 v0.10.6
[INFO] [stderr]    Compiling thiserror v2.0.18
[INFO] [stderr]    Compiling sea-bae v0.2.1
[INFO] [stderr]    Compiling brotli v8.0.2
[INFO] [stderr]    Compiling zstd-sys v2.0.16+zstd.1.5.7
[INFO] [stderr]    Compiling socket2 v0.5.10
[INFO] [stderr]    Compiling local-channel v0.1.5
[INFO] [stderr]    Compiling ppv-lite86 v0.2.21
[INFO] [stderr]    Compiling ordered-float v4.6.0
[INFO] [stderr]    Compiling rand_chacha v0.9.0
[INFO] [stderr]    Compiling inherent v1.0.13
[INFO] [stderr]    Compiling async-stream-impl v0.3.6
[INFO] [stderr]    Compiling uuid v1.23.0
[INFO] [stderr]    Compiling encoding_rs v0.8.35
[INFO] [stderr]    Compiling base64 v0.22.1
[INFO] [stderr]    Compiling language-tags v0.3.2
[INFO] [stderr]    Compiling foldhash v0.1.5
[INFO] [stderr]    Compiling regex v1.12.3
[INFO] [stderr]    Compiling rand v0.9.2
[INFO] [stderr]    Compiling aliasable v0.1.3
[INFO] [stderr]    Compiling ryu v1.0.23
[INFO] [stderr]    Compiling mime v0.3.17
[INFO] [stderr]    Compiling static_assertions v1.1.0
[INFO] [stderr]    Compiling actix-router v0.5.4
[INFO] [stderr]    Compiling httpdate v1.0.3
[INFO] [stderr]    Compiling async-stream v0.3.6
[INFO] [stderr]    Compiling serde_urlencoded v0.7.1
[INFO] [stderr]    Compiling sea-orm-macros v1.1.19
[INFO] [stderr]    Compiling ouroboros v0.18.5
[INFO] [stderr]    Compiling idna_adapter v1.2.1
[INFO] [stderr]    Compiling actix-macros v0.2.4
[INFO] [stderr]    Compiling utoipa-gen v5.4.0
[INFO] [stderr]    Compiling idna v1.1.0
[INFO] [stderr]    Compiling strum v0.26.3
[INFO] [stderr]    Compiling impl-more v0.1.9
[INFO] [stderr]    Compiling url v2.5.8
[INFO] [stderr]    Compiling sea-query v0.32.7
[INFO] [stderr]    Compiling actix-web-codegen v4.3.0
[INFO] [stderr]    Compiling derive_more v2.1.1
[INFO] [stderr]    Compiling validator v0.20.0
[INFO] [stderr]    Compiling tokio-util v0.7.18
[INFO] [stderr]    Compiling actix-rt v2.11.0
[INFO] [stderr]    Compiling actix-server v2.6.0
[INFO] [stderr]    Compiling sea-orm v1.1.19
[INFO] [stderr]    Compiling h2 v0.3.27
[INFO] [stderr]    Compiling actix-codec v0.5.2
[INFO] [stderr]    Compiling zstd v0.13.3
[INFO] [stderr]    Compiling utoipa v5.4.0
[INFO] [stderr]    Compiling actix-http v3.12.0
[INFO] [stderr]    Compiling actix-web v4.13.0
[INFO] [stderr]    Compiling route-macros-types v0.1.0
[INFO] [stderr]    Compiling route-macros v0.1.1 (/opt/rustwide/workdir)
[INFO] [stderr] warning: unused dependency `route-macros-types`
[INFO] [stderr]  --> Cargo.toml:7:15
[INFO] [stderr]   |
[INFO] [stderr] 7 | [dependencies.route-macros-types]
[INFO] [stderr]   |               ^^^^^^^^^^^^^^^^^^^
[INFO] [stderr]   |
[INFO] [stderr]   = note: `cargo::unused_dependencies` is set to `warn` by default
[INFO] [stderr] help: consider removing the dependency on `route-macros-types`
[INFO] [stderr] warning: `route-macros` (manifest) generated 1 warning
[INFO] [stderr]     Finished `dev` profile [unoptimized + debuginfo] target(s) in 41.43s
[INFO] [stderr] warning: the following packages contain code that will be rejected by a future version of Rust: proc-macro-error2 v2.0.1
[INFO] [stderr] note: to see what the problems were, use the option `--future-incompat-report`, or run `cargo report future-incompatibilities --id 4`
[INFO] running `Command { std: "docker" "inspect" "34e519b2d5b7d738d9a400d0ab8a1fed8cca7d21d342179e3c214d04acf8f9e7", kill_on_drop: false }`
[INFO] running `Command { std: "docker" "exec" "-e" "SOURCE_DIR=/opt/rustwide/workdir" "-e" "CARGO_HOME=/opt/rustwide/cargo-home" "-e" "RUSTUP_HOME=/opt/rustwide/rustup-home" "-e" "CARGO_TARGET_DIR=/opt/rustwide/target" "-e" "CARGO_INCREMENTAL=0" "-e" "RUST_BACKTRACE=full" "-e" "RUSTFLAGS=--cap-lints=warn" "-e" "RUSTDOCFLAGS=--cap-lints=warn" "-w" "/opt/rustwide/workdir" "--user" "0:0" "34e519b2d5b7d738d9a400d0ab8a1fed8cca7d21d342179e3c214d04acf8f9e7" "/opt/rustwide/cargo-home/bin/cargo" "+1.100.0-beta.1" "test" "--frozen" "--no-run" "--message-format=json", kill_on_drop: false }`
[INFO] [stderr]    Compiling route-macros v0.1.1 (/opt/rustwide/workdir)
[INFO] [stderr] warning: unused dependency `route-macros-types`
[INFO] [stderr]  --> Cargo.toml:7:15
[INFO] [stderr]   |
[INFO] [stderr] 7 | [dependencies.route-macros-types]
[INFO] [stderr]   |               ^^^^^^^^^^^^^^^^^^^
[INFO] [stderr]   |
[INFO] [stderr]   = note: `cargo::unused_dependencies` is set to `warn` by default
[INFO] [stderr] help: consider removing the dependency on `route-macros-types`
[INFO] [stderr] warning: `route-macros` (manifest) generated 1 warning
[INFO] [stderr]     Finished `test` profile [unoptimized + debuginfo] target(s) in 1.11s
[INFO] [stderr] warning: the following packages contain code that will be rejected by a future version of Rust: proc-macro-error2 v2.0.1
[INFO] [stderr] note: to see what the problems were, use the option `--future-incompat-report`, or run `cargo report future-incompatibilities --id 4`
[INFO] running `Command { std: "docker" "inspect" "34e519b2d5b7d738d9a400d0ab8a1fed8cca7d21d342179e3c214d04acf8f9e7", kill_on_drop: false }`
[INFO] running `Command { std: "docker" "exec" "-e" "SOURCE_DIR=/opt/rustwide/workdir" "-e" "CARGO_HOME=/opt/rustwide/cargo-home" "-e" "RUSTUP_HOME=/opt/rustwide/rustup-home" "-e" "CARGO_TARGET_DIR=/opt/rustwide/target" "-e" "CARGO_INCREMENTAL=0" "-e" "RUST_BACKTRACE=full" "-e" "RUSTFLAGS=--cap-lints=warn" "-e" "RUSTDOCFLAGS=--cap-lints=warn" "-w" "/opt/rustwide/workdir" "--user" "0:0" "34e519b2d5b7d738d9a400d0ab8a1fed8cca7d21d342179e3c214d04acf8f9e7" "/opt/rustwide/cargo-home/bin/cargo" "+1.100.0-beta.1" "test" "--frozen", kill_on_drop: false }`
[INFO] [stderr] warning: unused dependency `route-macros-types`
[INFO] [stderr]  --> Cargo.toml:7:15
[INFO] [stderr]   |
[INFO] [stderr] 7 | [dependencies.route-macros-types]
[INFO] [stderr]   |               ^^^^^^^^^^^^^^^^^^^
[INFO] [stderr]   |
[INFO] [stderr]   = note: `cargo::unused_dependencies` is set to `warn` by default
[INFO] [stderr] help: consider removing the dependency on `route-macros-types`
[INFO] [stderr] warning: `route-macros` (manifest) generated 1 warning
[INFO] [stderr]     Finished `test` profile [unoptimized + debuginfo] target(s) in 0.27s
[INFO] [stderr] warning: the following packages contain code that will be rejected by a future version of Rust: proc-macro-error2 v2.0.1
[INFO] [stderr] note: to see what the problems were, use the option `--future-incompat-report`, or run `cargo report future-incompatibilities --id 4`
[INFO] [stderr]      Running unittests src/lib.rs (/opt/rustwide/target/debug/build/route-macros/cb37d332ad918748/out/route_macros-cb37d332ad918748)
[INFO] [stdout] 
[INFO] [stdout] running 0 tests
[INFO] [stdout] 
[INFO] [stdout] test result: ok. 0 passed; 0 failed; 0 ignored; 0 measured; 0 filtered out; finished in 0.00s
[INFO] [stdout] 
[INFO] [stderr]    Doc-tests route_macros
[INFO] [stdout] 
[INFO] [stdout] running 2 tests
[INFO] [stdout] test src/lib.rs - route_permission (line 33) ... ignored
[INFO] [stderr] error: doctest failed, to rerun pass `--doc`
[INFO] [stdout] test src/lib.rs - (line 7) ... FAILED
[INFO] [stdout] 
[INFO] [stdout] failures:
[INFO] [stdout] 
[INFO] [stdout] ---- src/lib.rs - (line 7) stdout ----
[INFO] [stdout] [route-macros] categories: /api/v1/categories 路由, 4 操作
[INFO] [stdout] [route-macros]   └─ 创建操作: create_categories_handler
[INFO] [stdout] [route-macros]   └─ 读取操作: get_categories_handler
[INFO] [stdout] [route-macros]   └─ 列表操作: get_categories_all_handler
[INFO] [stdout] [route-macros]   └─ 删除操作: delete_categories_handler
[INFO] [stdout] error[E0433]: cannot find `route_permission` in the crate root
[INFO] [stdout]   --> src/lib.rs:11:1
[INFO] [stdout]    |
[INFO] [stdout] 11 | / crud_entity!({
[INFO] [stdout] 12 | |     entity: categories,
[INFO] [stdout] 13 | |     route_prefix: "/api/v1/categories",
[INFO] [stdout] 14 | |     permission_prefix: "categories",
[INFO] [stdout] ...  |
[INFO] [stdout] 19 | |     openapi_summary: "分类管理",
[INFO] [stdout] 20 | | });
[INFO] [stdout]    | |__^ could not find `route_permission` in the crate root
[INFO] [stdout]    |
[INFO] [stdout]    = note: this error originates in the macro `crud_entity` (in Nightly builds, run with -Z macro-backtrace for more info)
[INFO] [stdout] 
[INFO] [stdout] error[E0433]: cannot find module or crate `log` in this scope
[INFO] [stdout]   --> src/lib.rs:11:1
[INFO] [stdout]    |
[INFO] [stdout] 11 | / crud_entity!({
[INFO] [stdout] 12 | |     entity: categories,
[INFO] [stdout] 13 | |     route_prefix: "/api/v1/categories",
[INFO] [stdout] 14 | |     permission_prefix: "categories",
[INFO] [stdout] ...  |
[INFO] [stdout] 19 | |     openapi_summary: "分类管理",
[INFO] [stdout] 20 | | });
[INFO] [stdout]    | |__^ use of unresolved module or unlinked crate `log`
[INFO] [stdout]    |
[INFO] [stdout]    = note: this error originates in the macro `crud_entity` (in Nightly builds, run with -Z macro-backtrace for more info)
[INFO] [stdout] 
[INFO] [stdout] error[E0433]: cannot find `AppError` in the crate root
[INFO] [stdout]   --> src/lib.rs:11:1
[INFO] [stdout]    |
[INFO] [stdout] 11 | / crud_entity!({
[INFO] [stdout] 12 | |     entity: categories,
[INFO] [stdout] 13 | |     route_prefix: "/api/v1/categories",
[INFO] [stdout] 14 | |     permission_prefix: "categories",
[INFO] [stdout] ...  |
[INFO] [stdout] 19 | |     openapi_summary: "分类管理",
[INFO] [stdout] 20 | | });
[INFO] [stdout]    | |__^ could not find `AppError` in the crate root
[INFO] [stdout]    |
[INFO] [stdout]    = note: this error originates in the macro `crud_entity` (in Nightly builds, run with -Z macro-backtrace for more info)
[INFO] [stdout] 
[INFO] [stdout] error[E0433]: cannot find module or crate `categories` in this scope
[INFO] [stdout]   --> src/lib.rs:12:13
[INFO] [stdout]    |
[INFO] [stdout] 12 |     entity: categories,
[INFO] [stdout]    |             ^^^^^^^^^^ use of unresolved module or unlinked crate `categories`
[INFO] [stdout]    |
[INFO] [stdout]    = help: if you wanted to use a crate named `categories`, use `cargo add categories` to add it to your `Cargo.toml`
[INFO] [stdout] 
[INFO] [stdout] error[E0425]: cannot find type `DatabaseConnection` in this scope
[INFO] [stdout]   --> src/lib.rs:11:1
[INFO] [stdout]    |
[INFO] [stdout] 11 | / crud_entity!({
[INFO] [stdout] 12 | |     entity: categories,
[INFO] [stdout] 13 | |     route_prefix: "/api/v1/categories",
[INFO] [stdout] 14 | |     permission_prefix: "categories",
[INFO] [stdout] ...  |
[INFO] [stdout] 19 | |     openapi_summary: "分类管理",
[INFO] [stdout] 20 | | });
[INFO] [stdout]    | |__^ not found in this scope
[INFO] [stdout]    |
[INFO] [stdout]    = note: this error originates in the macro `crud_entity` (in Nightly builds, run with -Z macro-backtrace for more info)
[INFO] [stdout] 
[INFO] [stdout] error[E0425]: cannot find type `CreateCategoryRequest` in this scope
[INFO] [stdout]   --> src/lib.rs:17:26
[INFO] [stdout]    |
[INFO] [stdout] 17 |     create_request_type: CreateCategoryRequest,
[INFO] [stdout]    |                          ^^^^^^^^^^^^^^^^^^^^^ not found in this scope
[INFO] [stdout] 
[INFO] [stdout] error[E0425]: cannot find type `AppError` in the crate root
[INFO] [stdout]   --> src/lib.rs:11:1
[INFO] [stdout]    |
[INFO] [stdout] 11 | / crud_entity!({
[INFO] [stdout] 12 | |     entity: categories,
[INFO] [stdout] 13 | |     route_prefix: "/api/v1/categories",
[INFO] [stdout] 14 | |     permission_prefix: "categories",
[INFO] [stdout] ...  |
[INFO] [stdout] 19 | |     openapi_summary: "分类管理",
[INFO] [stdout] 20 | | });
[INFO] [stdout]    | |__^ not found in the crate root
[INFO] [stdout]    |
[INFO] [stdout]    = note: this error originates in the macro `crud_entity` (in Nightly builds, run with -Z macro-backtrace for more info)
[INFO] [stdout] 
[INFO] [stdout] error[E0425]: cannot find type `ApiResponse` in the crate root
[INFO] [stdout]   --> src/lib.rs:11:1
[INFO] [stdout]    |
[INFO] [stdout] 11 | / crud_entity!({
[INFO] [stdout] 12 | |     entity: categories,
[INFO] [stdout] 13 | |     route_prefix: "/api/v1/categories",
[INFO] [stdout] 14 | |     permission_prefix: "categories",
[INFO] [stdout] ...  |
[INFO] [stdout] 19 | |     openapi_summary: "分类管理",
[INFO] [stdout] 20 | | });
[INFO] [stdout]    | |__^ not found in the crate root
[INFO] [stdout]    |
[INFO] [stdout]    = note: this error originates in the macro `crud_entity` (in Nightly builds, run with -Z macro-backtrace for more info)
[INFO] [stdout] 
[INFO] [stdout] error[E0425]: cannot find type `EmptyResponse` in the crate root
[INFO] [stdout]   --> src/lib.rs:11:1
[INFO] [stdout]    |
[INFO] [stdout] 11 | / crud_entity!({
[INFO] [stdout] 12 | |     entity: categories,
[INFO] [stdout] 13 | |     route_prefix: "/api/v1/categories",
[INFO] [stdout] 14 | |     permission_prefix: "categories",
[INFO] [stdout] ...  |
[INFO] [stdout] 19 | |     openapi_summary: "分类管理",
[INFO] [stdout] 20 | | });
[INFO] [stdout]    | |__^ not found in the crate root
[INFO] [stdout]    |
[INFO] [stdout]    = note: this error originates in the macro `crud_entity` (in Nightly builds, run with -Z macro-backtrace for more info)
[INFO] [stdout] 
[INFO] [stdout] error[E0425]: cannot find type `CreateCategoryRequest` in this scope
[INFO] [stdout]   --> src/lib.rs:17:26
[INFO] [stdout]    |
[INFO] [stdout] 17 |     create_request_type: CreateCategoryRequest,
[INFO] [stdout]    |                          ^^^^^^^^^^^^^^^^^^^^^ not found in this scope
[INFO] [stdout]    |
[INFO] [stdout] help: you might be missing a type parameter
[INFO] [stdout]    |
[INFO] [stdout] 12 |     entity: categories<CreateCategoryRequest>,
[INFO] [stdout]    |                       +++++++++++++++++++++++
[INFO] [stdout] 
[INFO] [stdout] error[E0425]: cannot find type `HttpResult` in this scope
[INFO] [stdout]   --> src/lib.rs:11:1
[INFO] [stdout]    |
[INFO] [stdout] 11 | / crud_entity!({
[INFO] [stdout] 12 | |     entity: categories,
[INFO] [stdout] 13 | |     route_prefix: "/api/v1/categories",
[INFO] [stdout] 14 | |     permission_prefix: "categories",
[INFO] [stdout] ...  |
[INFO] [stdout] 19 | |     openapi_summary: "分类管理",
[INFO] [stdout] 20 | | });
[INFO] [stdout]    | |__^ not found in this scope
[INFO] [stdout]    |
[INFO] [stdout]    = note: this error originates in the macro `crud_entity` (in Nightly builds, run with -Z macro-backtrace for more info)
[INFO] [stdout] 
[INFO] [stdout] error[E0425]: cannot find type `EmptyResponse` in this scope
[INFO] [stdout]   --> src/lib.rs:11:1
[INFO] [stdout]    |
[INFO] [stdout] 11 | / crud_entity!({
[INFO] [stdout] 12 | |     entity: categories,
[INFO] [stdout] 13 | |     route_prefix: "/api/v1/categories",
[INFO] [stdout] 14 | |     permission_prefix: "categories",
[INFO] [stdout] ...  |
[INFO] [stdout] 19 | |     openapi_summary: "分类管理",
[INFO] [stdout] 20 | | });
[INFO] [stdout]    | |__^ not found in this scope
[INFO] [stdout]    |
[INFO] [stdout]    = note: this error originates in the macro `crud_entity` (in Nightly builds, run with -Z macro-backtrace for more info)
[INFO] [stdout] 
[INFO] [stdout] error[E0425]: cannot find value `EmptyResponse` in this scope
[INFO] [stdout]   --> src/lib.rs:11:1
[INFO] [stdout]    |
[INFO] [stdout] 11 | / crud_entity!({
[INFO] [stdout] 12 | |     entity: categories,
[INFO] [stdout] 13 | |     route_prefix: "/api/v1/categories",
[INFO] [stdout] 14 | |     permission_prefix: "categories",
[INFO] [stdout] ...  |
[INFO] [stdout] 19 | |     openapi_summary: "分类管理",
[INFO] [stdout] 20 | | });
[INFO] [stdout]    | |__^ not found in this scope
[INFO] [stdout]    |
[INFO] [stdout]    = note: this error originates in the macro `crud_entity` (in Nightly builds, run with -Z macro-backtrace for more info)
[INFO] [stdout] 
[INFO] [stdout] error[E0425]: cannot find type `PaginatedResp` in this scope
[INFO] [stdout]   --> src/lib.rs:11:1
[INFO] [stdout]    |
[INFO] [stdout] 11 | / crud_entity!({
[INFO] [stdout] 12 | |     entity: categories,
[INFO] [stdout] 13 | |     route_prefix: "/api/v1/categories",
[INFO] [stdout] 14 | |     permission_prefix: "categories",
[INFO] [stdout] ...  |
[INFO] [stdout] 19 | |     openapi_summary: "分类管理",
[INFO] [stdout] 20 | | });
[INFO] [stdout]    | |__^ not found in this scope
[INFO] [stdout]    |
[INFO] [stdout]    = note: this error originates in the macro `crud_entity` (in Nightly builds, run with -Z macro-backtrace for more info)
[INFO] [stdout] 
[INFO] [stdout] error[E0425]: cannot find type `HttpResponse` in this scope
[INFO] [stdout]   --> src/lib.rs:11:1
[INFO] [stdout]    |
[INFO] [stdout] 11 | / crud_entity!({
[INFO] [stdout] 12 | |     entity: categories,
[INFO] [stdout] 13 | |     route_prefix: "/api/v1/categories",
[INFO] [stdout] 14 | |     permission_prefix: "categories",
[INFO] [stdout] ...  |
[INFO] [stdout] 19 | |     openapi_summary: "分类管理",
[INFO] [stdout] 20 | | });
[INFO] [stdout]    | |__^ not found in this scope
[INFO] [stdout]    |
[INFO] [stdout]    = note: this error originates in the macro `crud_entity` (in Nightly builds, run with -Z macro-backtrace for more info)
[INFO] [stdout] 
[INFO] [stdout] error[E0422]: cannot find struct, variant or union type `PaginatedResp` in this scope
[INFO] [stdout]   --> src/lib.rs:11:1
[INFO] [stdout]    |
[INFO] [stdout] 11 | / crud_entity!({
[INFO] [stdout] 12 | |     entity: categories,
[INFO] [stdout] 13 | |     route_prefix: "/api/v1/categories",
[INFO] [stdout] 14 | |     permission_prefix: "categories",
[INFO] [stdout] ...  |
[INFO] [stdout] 19 | |     openapi_summary: "分类管理",
[INFO] [stdout] 20 | | });
[INFO] [stdout]    | |__^ not found in this scope
[INFO] [stdout]    |
[INFO] [stdout]    = note: this error originates in the macro `crud_entity` (in Nightly builds, run with -Z macro-backtrace for more info)
[INFO] [stdout] 
[INFO] [stdout] error[E0422]: cannot find struct, variant or union type `Pagination` in this scope
[INFO] [stdout]   --> src/lib.rs:11:1
[INFO] [stdout]    |
[INFO] [stdout] 11 | / crud_entity!({
[INFO] [stdout] 12 | |     entity: categories,
[INFO] [stdout] 13 | |     route_prefix: "/api/v1/categories",
[INFO] [stdout] 14 | |     permission_prefix: "categories",
[INFO] [stdout] ...  |
[INFO] [stdout] 19 | |     openapi_summary: "分类管理",
[INFO] [stdout] 20 | | });
[INFO] [stdout]    | |__^ not found in this scope
[INFO] [stdout]    |
[INFO] [stdout]    = note: this error originates in the macro `crud_entity` (in Nightly builds, run with -Z macro-backtrace for more info)
[INFO] [stdout] 
[INFO] [stdout] error[E0425]: cannot find type `PaginationQuery` in this scope
[INFO] [stdout]   --> src/lib.rs:11:1
[INFO] [stdout]    |
[INFO] [stdout] 11 | / crud_entity!({
[INFO] [stdout] 12 | |     entity: categories,
[INFO] [stdout] 13 | |     route_prefix: "/api/v1/categories",
[INFO] [stdout] 14 | |     permission_prefix: "categories",
[INFO] [stdout] ...  |
[INFO] [stdout] 19 | |     openapi_summary: "分类管理",
[INFO] [stdout] 20 | | });
[INFO] [stdout]    | |__^ not found in this scope
[INFO] [stdout]    |
[INFO] [stdout]    = note: this error originates in the macro `crud_entity` (in Nightly builds, run with -Z macro-backtrace for more info)
[INFO] [stdout] 
[INFO] [stdout] error[E0422]: cannot find struct, variant or union type `PaginationQuery` in this scope
[INFO] [stdout]   --> src/lib.rs:11:1
[INFO] [stdout]    |
[INFO] [stdout] 11 | / crud_entity!({
[INFO] [stdout] 12 | |     entity: categories,
[INFO] [stdout] 13 | |     route_prefix: "/api/v1/categories",
[INFO] [stdout] 14 | |     permission_prefix: "categories",
[INFO] [stdout] ...  |
[INFO] [stdout] 19 | |     openapi_summary: "分类管理",
[INFO] [stdout] 20 | | });
[INFO] [stdout]    | |__^ not found in this scope
[INFO] [stdout]    |
[INFO] [stdout]    = note: this error originates in the macro `crud_entity` (in Nightly builds, run with -Z macro-backtrace for more info)
[INFO] [stdout] 
[INFO] [stdout] error[E0433]: cannot find module or crate `web` in this scope
[INFO] [stdout]   --> src/lib.rs:11:1
[INFO] [stdout]    |
[INFO] [stdout] 11 | / crud_entity!({
[INFO] [stdout] 12 | |     entity: categories,
[INFO] [stdout] 13 | |     route_prefix: "/api/v1/categories",
[INFO] [stdout] 14 | |     permission_prefix: "categories",
[INFO] [stdout] ...  |
[INFO] [stdout] 19 | |     openapi_summary: "分类管理",
[INFO] [stdout] 20 | | });
[INFO] [stdout]    | |__^ use of unresolved module or unlinked crate `web`
[INFO] [stdout]    |
[INFO] [stdout]    = help: if you wanted to use a crate named `web`, use `cargo add web` to add it to your `Cargo.toml`
[INFO] [stdout]    = note: this error originates in the macro `crud_entity` (in Nightly builds, run with -Z macro-backtrace for more info)
[INFO] [stdout] 
[INFO] [stdout] error[E0425]: cannot find function `db_err_map` in this scope
[INFO] [stdout]   --> src/lib.rs:11:1
[INFO] [stdout]    |
[INFO] [stdout] 11 | / crud_entity!({
[INFO] [stdout] 12 | |     entity: categories,
[INFO] [stdout] 13 | |     route_prefix: "/api/v1/categories",
[INFO] [stdout] 14 | |     permission_prefix: "categories",
[INFO] [stdout] ...  |
[INFO] [stdout] 19 | |     openapi_summary: "分类管理",
[INFO] [stdout] 20 | | });
[INFO] [stdout]    | |__^ not found in this scope
[INFO] [stdout]    |
[INFO] [stdout]    = note: this error originates in the macro `crud_entity` (in Nightly builds, run with -Z macro-backtrace for more info)
[INFO] [stdout] 
[INFO] [stdout] error: aborting due to 21 previous errors
[INFO] [stdout] 
[INFO] [stdout] Some errors have detailed explanations: E0422, E0425, E0433.
[INFO] [stdout] For more information about an error, try `rustc --explain E0422`.
[INFO] [stdout] Couldn't compile the test.
[INFO] [stdout] 
[INFO] [stdout] failures:
[INFO] [stdout]     src/lib.rs - (line 7)
[INFO] [stdout] 
[INFO] [stdout] test result: FAILED. 0 passed; 1 failed; 1 ignored; 0 measured; 0 filtered out; finished in 2.55s
[INFO] [stdout] 
[INFO] [stdout] all doctests ran in 4.93s; merged doctests compilation took 2.38s
[INFO] running `Command { std: "docker" "inspect" "34e519b2d5b7d738d9a400d0ab8a1fed8cca7d21d342179e3c214d04acf8f9e7", kill_on_drop: false }`
[INFO] running `Command { std: "docker" "rm" "-f" "34e519b2d5b7d738d9a400d0ab8a1fed8cca7d21d342179e3c214d04acf8f9e7", kill_on_drop: false }`
[INFO] [stdout] 34e519b2d5b7d738d9a400d0ab8a1fed8cca7d21d342179e3c214d04acf8f9e7
