[INFO] fetching crate roteiro 6.1.0...
[INFO] testing roteiro-6.1.0 against 1.99.0-beta.8 for beta-1.100-2
[INFO] extracting crate roteiro 6.1.0 into /workspace/builds/worker-2-tc1/source
[INFO] started tweaking crates.io crate roteiro 6.1.0
[INFO] removed 0 missing tests
[INFO] finished tweaking crates.io crate roteiro 6.1.0
[INFO] tweaked toml for crates.io crate roteiro 6.1.0 written to /workspace/builds/worker-2-tc1/source/Cargo.toml
[INFO] validating manifest of crates.io crate roteiro 6.1.0 on toolchain 1.99.0-beta.8
[INFO] running `Command { std: CARGO_HOME="/workspace/cargo-home" RUSTUP_HOME="/workspace/rustup-home" "/workspace/cargo-home/bin/cargo" "+1.99.0-beta.8" "metadata" "--manifest-path" "Cargo.toml" "--no-deps", kill_on_drop: false }`
[INFO] crate crates.io crate roteiro 6.1.0 already has a lockfile, it will not be regenerated
[INFO] running `Command { std: CARGO_HOME="/workspace/cargo-home" RUSTUP_HOME="/workspace/rustup-home" "/workspace/cargo-home/bin/cargo" "+1.99.0-beta.8" "fetch" "--manifest-path" "Cargo.toml", kill_on_drop: false }`
[INFO] [stderr]     Updating crates.io index
[INFO] [stderr]  Downloading crates ...
[INFO] [stderr]   Downloaded rustls-webpki v0.103.14
[INFO] [stderr]   Downloaded ureq-proto v0.6.3
[INFO] [stderr]   Downloaded hashlink v0.12.1
[INFO] [stderr]   Downloaded tree-sitter-tags v0.26.13
[INFO] [stderr]   Downloaded sigpipe v0.1.3
[INFO] [stderr]   Downloaded rsqlite-vfs v0.1.1
[INFO] [stderr]   Downloaded extended v0.1.0
[INFO] [stderr]   Downloaded memo-map v0.3.3
[INFO] [stderr]   Downloaded find_cuda_helper v0.2.0
[INFO] [stderr]   Downloaded rten-base v0.26.0
[INFO] [stderr]   Downloaded rten-parallel v0.26.0
[INFO] [stderr]   Downloaded pulldown-cmark-escape v0.11.0
[INFO] [stderr]   Downloaded symphonia v0.6.1
[INFO] [stderr]   Downloaded symphonia-format-riff v0.6.1
[INFO] [stderr]   Downloaded symphonia-bundle-flac v0.6.1
[INFO] [stderr]   Downloaded symphonia-common v0.6.1
[INFO] [stderr]   Downloaded flatbuffers v24.12.23
[INFO] [stderr]   Downloaded type1-encoding-parser v0.1.1
[INFO] [stderr]   Downloaded ecb v0.1.2
[INFO] [stderr]   Downloaded adobe-cmap-parser v0.4.1
[INFO] [stderr]   Downloaded nonempty v0.12.0
[INFO] [stderr]   Downloaded gix-zlib v0.1.0
[INFO] [stderr]   Downloaded gix-validate v0.11.4
[INFO] [stderr]   Downloaded gix-hashtable v0.16.0
[INFO] [stderr]   Downloaded yaml-rust2 v0.13.0
[INFO] [stderr]   Downloaded crossbeam-channel v0.5.16
[INFO] [stderr]   Downloaded minijinja-contrib v2.24.0
[INFO] [stderr]   Downloaded postscript v0.14.1
[INFO] [stderr]   Downloaded rten-vecmath v0.26.0
[INFO] [stderr]   Downloaded rten-imageproc v0.26.0
[INFO] [stderr]   Downloaded faster-hex v0.10.0
[INFO] [stderr]   Downloaded jiff-static v0.2.35
[INFO] [stderr]   Downloaded gix-command v0.10.0
[INFO] [stderr]   Downloaded gix-chunk v0.8.0
[INFO] [stderr]   Downloaded rten-simd v0.26.0
[INFO] [stderr]   Downloaded rten-model-file v0.26.0
[INFO] [stderr]   Downloaded cff-parser v0.2.0
[INFO] [stderr]   Downloaded gix-traverse v0.61.0
[INFO] [stderr]   Downloaded gix-revwalk v0.35.0
[INFO] [stderr]   Downloaded gix-utils v0.3.6
[INFO] [stderr]   Downloaded gix-tempfile v24.0.0
[INFO] [stderr]   Downloaded gix-trace v0.1.21
[INFO] [stderr]   Downloaded gix-date v0.16.0
[INFO] [stderr]   Downloaded shell-words v1.1.1
[INFO] [stderr]   Downloaded gix-fs v0.22.1
[INFO] [stderr]   Downloaded gix-hash v0.26.2
[INFO] [stderr]   Downloaded gix-error v0.3.1
[INFO] [stderr]   Downloaded gix-actor v0.42.0
[INFO] [stderr]   Downloaded gix-commitgraph v0.39.0
[INFO] [stderr]   Downloaded symphonia-metadata v0.6.1
[INFO] [stderr]   Downloaded symphonia-bundle-mp3 v0.6.1
[INFO] [stderr]   Downloaded rten-shape-inference v0.26.0
[INFO] [stderr]   Downloaded gix-worktree-stream v0.36.1
[INFO] [stderr]   Downloaded gix-path v0.12.5
[INFO] [stderr]   Downloaded gix-features v0.49.1
[INFO] [stderr]   Downloaded gix-quote v0.8.0
[INFO] [stderr]   Downloaded rten-gemm v0.26.0
[INFO] [stderr]   Downloaded rangemap v1.7.1
[INFO] [stderr]   Downloaded euclid v0.20.14
[INFO] [stderr]   Downloaded gix-object v0.64.1
[INFO] [stderr]   Downloaded gix-filter v0.34.0
[INFO] [stderr]   Downloaded unicode-bom v2.0.3
[INFO] [stderr]   Downloaded gix-glob v0.27.1
[INFO] [stderr]   Downloaded tree-sitter-go v0.25.0
[INFO] [stderr]   Downloaded rten-tensor v0.26.0
[INFO] [stderr]   Downloaded pdf-extract v0.12.1
[INFO] [stderr]   Downloaded heapless v0.8.0
[INFO] [stderr]   Downloaded gix-packetline v0.22.2
[INFO] [stderr]   Downloaded gix-attributes v0.35.0
[INFO] [stderr]   Downloaded prodash v31.0.0
[INFO] [stderr]   Downloaded gix-worktree v0.56.0
[INFO] [stderr]   Downloaded reflink-copy v0.1.30
[INFO] [stderr]   Downloaded wasm-bindgen-futures v0.4.77
[INFO] [stderr]   Downloaded rusqlite v0.39.0
[INFO] [stderr]   Downloaded rto-spec v6.1.0
[INFO] [stderr]   Downloaded tree-sitter v0.26.13
[INFO] [stderr]   Downloaded tree-sitter-python v0.25.0
[INFO] [stderr]   Downloaded tree-sitter-javascript v0.25.0
[INFO] [stderr]   Downloaded tree-sitter-java v0.23.5
[INFO] [stderr]   Downloaded symphonia-core v0.6.1
[INFO] [stderr]   Downloaded rto-llama v6.1.0
[INFO] [stderr]   Downloaded jiff-core v0.1.0
[INFO] [stderr]   Downloaded gix-lock v24.0.0
[INFO] [stderr]   Downloaded gix-bitmap v0.4.0
[INFO] [stderr]   Downloaded gix-ignore v0.22.1
[INFO] [stderr]   Downloaded gix-submodule v0.34.0
[INFO] [stderr]   Downloaded gix-config-value v0.19.1
[INFO] [stderr]   Downloaded gix-shallow v0.13.0
[INFO] [stderr]   Downloaded term_size v0.3.2
[INFO] [stderr]   Downloaded minijinja v2.24.0
[INFO] [stderr]   Downloaded llama-cpp-2 v0.1.157
[INFO] [stderr]   Downloaded pom v1.1.0
[INFO] [stderr]   Downloaded lopdf v0.42.0
[INFO] [stderr]   Downloaded ttf-parser v0.25.1
[INFO] [stderr]   Downloaded gix-index v0.55.0
[INFO] [stderr]   Downloaded gix-url v0.38.0
[INFO] [stderr]   Downloaded gix-refspec v0.45.1
[INFO] [stderr]   Downloaded gix-pathspec v0.20.0
[INFO] [stderr]   Downloaded gix-sec v0.14.2
[INFO] [stderr]   Downloaded gix-dir v0.29.1
[INFO] [stderr]   Downloaded gix-discover v0.55.0
[INFO] [stderr]   Downloaded gix-imara-diff v0.2.5
[INFO] [stderr]   Downloaded gix-macros v0.1.6
[INFO] [stderr]   Downloaded ulid v1.2.1
[INFO] [stderr]   Downloaded tree-sitter-c v0.24.2
[INFO] [stderr]   Downloaded rten-onnx v0.26.0
[INFO] [stderr]   Downloaded gix-config v0.60.0
[INFO] [stderr]   Downloaded gix-ref v0.67.1
[INFO] [stderr]   Downloaded gix-status v0.34.1
[INFO] [stderr]   Downloaded gix-diff v0.67.1
[INFO] [stderr]   Downloaded gix-revision v0.49.1
[INFO] [stderr]   Downloaded gix-protocol v0.65.1
[INFO] [stderr]   Downloaded gix-transport v0.59.1
[INFO] [stderr]   Downloaded recursive v0.1.1
[INFO] [stderr]   Downloaded boxlite-shared v0.10.4
[INFO] [stderr]   Downloaded zstd-safe v7.2.4
[INFO] [stderr]   Downloaded memoffset v0.7.1
[INFO] [stderr]   Downloaded endian-type v0.1.2
[INFO] [stderr]   Downloaded gix-note v0.1.1
[INFO] [stderr]   Downloaded olpc-cjson v0.1.4
[INFO] [stderr]   Downloaded nanoid v0.4.0
[INFO] [stderr]   Downloaded inventory v0.3.24
[INFO] [stderr]   Downloaded nibble_vec v0.1.0
[INFO] [stderr]   Downloaded caps v0.5.6
[INFO] [stderr]   Downloaded e2fsprogs-sys v0.10.4
[INFO] [stderr]   Downloaded libredox v0.1.20
[INFO] [stderr]   Downloaded ocrs v0.13.1
[INFO] [stderr]   Downloaded jwt v0.16.0
[INFO] [stderr]   Downloaded http-auth v0.1.10
[INFO] [stderr]   Downloaded unty v0.0.4
[INFO] [stderr]   Downloaded bincode_derive v2.0.1
[INFO] [stderr]   Downloaded sse-stream v0.2.5
[INFO] [stderr]   Downloaded darling_macro v0.24.0
[INFO] [stderr]   Downloaded gix v0.87.1
[INFO] [stderr]   Downloaded gix-pack v0.74.2
[INFO] [stderr]   Downloaded oci-spec v0.8.4
[INFO] [stderr]   Downloaded landlock v0.4.7
[INFO] [stderr]   Downloaded vmm-sys-util v0.12.1
[INFO] [stderr]   Downloaded bubblewrap-sys v0.10.4
[INFO] [stderr]   Downloaded virtue v0.0.18
[INFO] [stderr]   Downloaded rmcp-macros v3.5.0
[INFO] [stderr]   Downloaded pastey v0.2.3
[INFO] [stderr]   Downloaded tree-sitter-rust v0.24.2
[INFO] [stderr]   Downloaded libkrun-sys v0.10.4
[INFO] [stderr]   Downloaded vm-memory v0.14.1
[INFO] [stderr]   Downloaded bincode v2.0.1
[INFO] [stderr]   Downloaded darling v0.24.0
[INFO] [stderr]   Downloaded rto-remote v6.1.0
[INFO] [stderr]   Downloaded bstr v1.13.1
[INFO] [stderr]   Downloaded mio v0.8.11
[INFO] [stderr]   Downloaded darling_core v0.24.0
[INFO] [stderr]   Downloaded tree-sitter-bash v0.25.1
[INFO] [stderr]   Downloaded tree-sitter-elixir v0.3.5
[INFO] [stderr]   Downloaded rten v0.26.0
[INFO] [stderr]   Downloaded tree-sitter-ruby v0.23.1
[INFO] [stderr]   Downloaded radix_trie v0.2.1
[INFO] [stderr]   Downloaded nix v0.24.3
[INFO] [stderr]   Downloaded ref-cast v1.0.26
[INFO] [stderr]   Downloaded futures-locks v0.7.1
[INFO] [stderr]   Downloaded strum v0.27.2
[INFO] [stderr]   Downloaded nix v0.30.1
[INFO] [stderr]   Downloaded tree-sitter-php v0.24.2
[INFO] [stderr]   Downloaded jiff v0.2.35
[INFO] [stderr]   Downloaded rto-graph v6.1.0
[INFO] [stderr]   Downloaded clap-num v1.2.0
[INFO] [stderr]   Downloaded tree-sitter-typescript v0.23.2
[INFO] [stderr]   Downloaded ipnet v2.12.1
[INFO] [stderr]   Downloaded ref-cast-impl v1.0.26
[INFO] [stderr]   Downloaded rto-okf-syntax v0.1.2
[INFO] [stderr]   Downloaded stacker v0.1.25
[INFO] [stderr]   Downloaded recursive-proc-macro-impl v0.1.1
[INFO] [stderr]   Downloaded pem v3.0.6
[INFO] [stderr]   Downloaded humantime v2.4.0
[INFO] [stderr]   Downloaded strum_macros v0.27.2
[INFO] [stderr]   Downloaded zerovec-derive v0.11.4
[INFO] [stderr]   Downloaded clru v0.6.3
[INFO] [stderr]   Downloaded fuse-backend-rs v0.12.1
[INFO] [stderr]   Downloaded tree-sitter-sequel v0.3.11
[INFO] [stderr]   Downloaded rmcp v3.4.1
[INFO] [stderr]   Downloaded tree-sitter-cpp v0.23.4
[INFO] [stderr]   Downloaded zstd-sys v2.0.16+zstd.1.5.7
[INFO] [stderr]   Downloaded schemars_derive v1.2.2
[INFO] [stderr]   Downloaded serde_derive_internals v0.30.0
[INFO] [stderr]   Downloaded psm v0.1.32
[INFO] [stderr]   Downloaded yasna v0.5.2
[INFO] [stderr]   Downloaded socket2 v0.4.10
[INFO] [stderr]   Downloaded axum-server v0.8.0
[INFO] [stderr]   Downloaded serde_path_to_error v0.1.20
[INFO] [stderr]   Downloaded icu_provider v2.3.0
[INFO] [stderr]   Downloaded seccompiler v0.4.0
[INFO] [stderr]   Downloaded boxlite v0.10.4
[INFO] [stderr]   Downloaded io-uring v0.5.13
[INFO] [stderr]   Downloaded tree-sitter-c-sharp v0.23.5
[INFO] [stderr]   Downloaded qcow2-rs v0.1.6
[INFO] [stderr]   Downloaded tokio-uring v0.4.0
[INFO] [stderr]   Downloaded miniz_oxide v0.7.4
[INFO] [stderr]   Downloaded gix-odb v0.84.0
[INFO] [stderr]   Downloaded ar_archive_writer v0.5.3
[INFO] [stderr]   Downloaded rcgen v0.13.2
[INFO] [stderr]   Downloaded tree-sitter-scala v0.26.2
[INFO] [stderr]   Downloaded sysinfo v0.30.13
[INFO] [stderr]   Downloaded oci-spec v0.9.0
[INFO] [stderr]   Downloaded zerovec v0.11.7
[INFO] [stderr]   Downloaded okf-core v0.2.7
[INFO] [stderr]   Downloaded hyper v1.11.0
[INFO] [stderr]   Downloaded h2 v0.4.16
[INFO] [stderr]   Downloaded rto-serve v6.1.0
[INFO] [stderr]   Downloaded rto-render v6.1.0
[INFO] [stderr]   Downloaded rto-exec v6.1.0
[INFO] [stderr]   Downloaded pathrs v0.2.5
[INFO] [stderr]   Downloaded sqlparser v0.63.0
[INFO] [stderr]   Downloaded tree-sitter-ocaml v0.26.0
[INFO] [stderr]   Downloaded oci-client v0.15.0
[INFO] [stderr]   Downloaded libsqlite3-sys v0.37.0
[INFO] [stderr]   Downloaded llama-cpp-sys-2 v0.1.157
[INFO] [stderr]   Downloaded sqlite-wasm-rs v0.5.5
[INFO] [stderr]   Downloaded windows v0.52.0
[INFO] running `Command { std: "docker" "create" "-v" "/var/lib/crater-agent-workspace/builds/worker-2-tc1/source:/opt/rustwide/workdir:ro,Z" "-v" "/var/lib/crater-agent-workspace/builds/worker-2-tc1/target:/opt/rustwide/target:rw,Z" "-v" "/var/lib/crater-agent-workspace/cargo-home:/opt/rustwide/cargo-home:ro,Z" "-v" "/var/lib/crater-agent-workspace/rustup-home:/opt/rustwide/rustup-home:ro,Z" "-m" "1610612736" "--network" "none" "ghcr.io/rust-lang/crates-build-env/linux@sha256:3111399a4047eeb3a02b7a90e478d715f38a8c6669b5c4b49d30a17385265909" "sleep" "infinity", kill_on_drop: false }`
[INFO] [stdout] a7afae9c44b1b59ba2e45852ecb0d79261d2d6f7c12de3a23bffc6461b037262
[INFO] running `Command { std: "docker" "start" "a7afae9c44b1b59ba2e45852ecb0d79261d2d6f7c12de3a23bffc6461b037262", kill_on_drop: false }`
[INFO] running `Command { std: "docker" "inspect" "a7afae9c44b1b59ba2e45852ecb0d79261d2d6f7c12de3a23bffc6461b037262", kill_on_drop: false }`
[INFO] running `Command { std: "docker" "exec" "-e" "SOURCE_DIR=/opt/rustwide/workdir" "-e" "CARGO_HOME=/opt/rustwide/cargo-home" "-e" "RUSTUP_HOME=/opt/rustwide/rustup-home" "-e" "CARGO_TARGET_DIR=/opt/rustwide/target" "-w" "/opt/rustwide/workdir" "--user" "0:0" "a7afae9c44b1b59ba2e45852ecb0d79261d2d6f7c12de3a23bffc6461b037262" "/opt/rustwide/cargo-home/bin/cargo" "+1.99.0-beta.8" "metadata" "--no-deps" "--format-version=1", kill_on_drop: false }`
[INFO] running `Command { std: "docker" "inspect" "a7afae9c44b1b59ba2e45852ecb0d79261d2d6f7c12de3a23bffc6461b037262", kill_on_drop: false }`
[INFO] running `Command { std: "docker" "exec" "-e" "SOURCE_DIR=/opt/rustwide/workdir" "-e" "CARGO_HOME=/opt/rustwide/cargo-home" "-e" "RUSTUP_HOME=/opt/rustwide/rustup-home" "-e" "CARGO_TARGET_DIR=/opt/rustwide/target" "-e" "CARGO_INCREMENTAL=0" "-e" "RUST_BACKTRACE=full" "-e" "RUSTFLAGS=--cap-lints=warn" "-e" "RUSTDOCFLAGS=--cap-lints=warn" "-w" "/opt/rustwide/workdir" "--user" "0:0" "a7afae9c44b1b59ba2e45852ecb0d79261d2d6f7c12de3a23bffc6461b037262" "/opt/rustwide/cargo-home/bin/cargo" "+1.99.0-beta.8" "build" "--frozen" "--message-format=json", kill_on_drop: false }`
[INFO] [stderr]    Compiling find-msvc-tools v0.1.10
[INFO] [stderr]    Compiling shlex v2.0.1
[INFO] [stderr]    Compiling libc v0.2.189
[INFO] [stderr]    Compiling thiserror v2.0.21
[INFO] [stderr]    Compiling regex-automata v0.4.18
[INFO] [stderr]    Compiling getrandom v0.4.3
[INFO] [stderr]    Compiling smallvec v1.15.2
[INFO] [stderr]    Compiling syn v3.0.6
[INFO] [stderr]    Compiling tree-sitter-language v0.1.7
[INFO] [stderr]    Compiling cc v1.2.67
[INFO] [stderr]    Compiling tinyvec_macros v0.1.1
[INFO] [stderr]    Compiling tinyvec v1.12.0
[INFO] [stderr]    Compiling gix-trace v0.1.21
[INFO] [stderr]    Compiling fastrand v2.5.0
[INFO] [stderr]    Compiling crc32fast v1.5.0
[INFO] [stderr]    Compiling typenum v1.20.1
[INFO] [stderr]    Compiling bitflags v2.13.1
[INFO] [stderr]    Compiling unicode-normalization v0.1.25
[INFO] [stderr]    Compiling generic-array v0.14.7
[INFO] [stderr]    Compiling heapless v0.8.0
[INFO] [stderr]    Compiling allocator-api2 v0.2.21
[INFO] [stderr]    Compiling foldhash v0.2.0
[INFO] [stderr]    Compiling crossbeam-utils v0.8.22
[INFO] [stderr]    Compiling cpufeatures v0.2.17
[INFO] [stderr]    Compiling rustix v1.1.4
[INFO] [stderr]    Compiling faster-hex v0.10.0
[INFO] [stderr]    Compiling hashbrown v0.17.1
[INFO] [stderr]    Compiling parking_lot_core v0.9.12
[INFO] [stderr]    Compiling hashbrown v0.14.5
[INFO] [stderr]    Compiling parking_lot v0.12.5
[INFO] [stderr]    Compiling jiff-core v0.1.0
[INFO] [stderr]    Compiling block-buffer v0.10.4
[INFO] [stderr]    Compiling prodash v31.0.0
[INFO] [stderr]    Compiling crypto-common v0.1.7
[INFO] [stderr]    Compiling digest v0.10.7
[INFO] [stderr]    Compiling dashmap v6.2.1
[INFO] [stderr]    Compiling shell-words v1.1.1
[INFO] [stderr]    Compiling sha1 v0.10.7
[INFO] [stderr]    Compiling memmap2 v0.9.11
[INFO] [stderr]    Compiling sha1-checked v0.10.0
[INFO] [stderr]    Compiling memchr v2.8.3
[INFO] [stderr]    Compiling nonempty v0.12.0
[INFO] [stderr]    Compiling syn v2.0.119
[INFO] [stderr]    Compiling jiff v0.2.35
[INFO] [stderr]    Compiling rustversion v1.0.23
[INFO] [stderr]    Compiling unicode-bom v2.0.3
[INFO] [stderr]    Compiling gix-sec v0.14.2
[INFO] [stderr]    Compiling bstr v1.13.1
[INFO] [stderr]    Compiling serde_core v1.0.229
[INFO] [stderr]    Compiling tempfile v3.27.0
[INFO] [stderr]    Compiling gix-validate v0.11.4
[INFO] [stderr]    Compiling gix-utils v0.3.6
[INFO] [stderr]    Compiling gix-error v0.3.1
[INFO] [stderr]    Compiling object v0.39.1
[INFO] [stderr]    Compiling gix-quote v0.8.0
[INFO] [stderr]    Compiling gix-chunk v0.8.0
[INFO] [stderr]    Compiling serde_json v1.0.151
[INFO] [stderr]    Compiling indexmap v2.14.0
[INFO] [stderr]    Compiling gix-bitmap v0.4.0
[INFO] [stderr]    Compiling thiserror-impl v2.0.21
[INFO] [stderr]    Compiling encoding_rs v0.8.42
[INFO] [stderr]    Compiling gix-date v0.16.0
[INFO] [stderr]    Compiling filetime v0.2.29
[INFO] [stderr]    Compiling hashbrown v0.16.1
[INFO] [stderr]    Compiling gix-path v0.12.5
[INFO] [stderr]    Compiling gix-features v0.49.1
[INFO] [stderr]    Compiling gix-command v0.10.0
[INFO] [stderr]    Compiling gix-actor v0.42.0
[INFO] [stderr]    Compiling gix-config-value v0.19.1
[INFO] [stderr]    Compiling gix-hash v0.26.2
[INFO] [stderr]    Compiling gix-fs v0.22.1
[INFO] [stderr]    Compiling gix-glob v0.27.1
[INFO] [stderr]    Compiling gix-tempfile v24.0.0
[INFO] [stderr]    Compiling gix-hashtable v0.16.0
[INFO] [stderr]    Compiling gix-object v0.64.1
[INFO] [stderr]    Compiling gix-lock v24.0.0
[INFO] [stderr]    Compiling gix-commitgraph v0.39.0
[INFO] [stderr]    Compiling gix-attributes v0.35.0
[INFO] [stderr]    Compiling gix-packetline v0.22.2
[INFO] [stderr]    Compiling hybrid-array v0.4.14
[INFO] [stderr]    Compiling percent-encoding v2.3.2
[INFO] [stderr]    Compiling gix-pathspec v0.20.0
[INFO] [stderr]    Compiling gix-ignore v0.22.1
[INFO] [stderr]    Compiling log v0.4.33
[INFO] [stderr]    Compiling gix-revwalk v0.35.0
[INFO] [stderr]    Compiling gix-ref v0.67.1
[INFO] [stderr]    Compiling simdutf8 v0.1.5
[INFO] [stderr]    Compiling gix-traverse v0.61.0
[INFO] [stderr]    Compiling core_detect v1.0.0
[INFO] [stderr]    Compiling multiversion_no_op v1.0.0
[INFO] [stderr]    Compiling crypto-common v0.2.2
[INFO] [stderr]    Compiling block-buffer v0.12.1
[INFO] [stderr]    Compiling gix-url v0.38.0
[INFO] [stderr]    Compiling gix-index v0.55.0
[INFO] [stderr]    Compiling const-oid v0.10.2
[INFO] [stderr]    Compiling zlib-rs v0.6.7
[INFO] [stderr]    Compiling vcpkg v0.2.15
[INFO] [stderr]    Compiling digest v0.11.3
[INFO] [stderr]    Compiling tree-sitter v0.26.13
[INFO] [stderr]    Compiling gix-filter v0.34.0
[INFO] [stderr]    Compiling libsqlite3-sys v0.37.0
[INFO] [stderr]    Compiling gix-discover v0.55.0
[INFO] [stderr]    Compiling clru v0.6.3
[INFO] [stderr]    Compiling gix-worktree v0.56.0
[INFO] [stderr]    Compiling gix-imara-diff v0.2.5
[INFO] [stderr]    Compiling regex v1.13.1
[INFO] [stderr]    Compiling tree-sitter-javascript v0.25.0
[INFO] [stderr]    Compiling tree-sitter-rust v0.24.2
[INFO] [stderr]    Compiling tree-sitter-python v0.25.0
[INFO] [stderr]    Compiling tree-sitter-typescript v0.23.2
[INFO] [stderr]    Compiling tree-sitter-bash v0.25.1
[INFO] [stderr]    Compiling streaming-iterator v0.1.9
[INFO] [stderr]    Compiling cpufeatures v0.3.0
[INFO] [stderr]    Compiling sha2 v0.11.0
[INFO] [stderr]    Compiling ar_archive_writer v0.5.3
[INFO] [stderr]    Compiling psm v0.1.32
[INFO] [stderr]    Compiling gix-diff v0.67.1
[INFO] [stderr]    Compiling gix-dir v0.29.1
[INFO] [stderr]    Compiling gix-config v0.60.0
[INFO] [stderr]    Compiling gix-transport v0.59.1
[INFO] [stderr]    Compiling gix-macros v0.1.6
[INFO] [stderr]    Compiling gix-shallow v0.13.0
[INFO] [stderr]    Compiling gix-refspec v0.45.1
[INFO] [stderr]    Compiling arc-swap v1.9.2
[INFO] [stderr]    Compiling tree-sitter-cpp v0.23.4
[INFO] [stderr]    Compiling tree-sitter-sequel v0.3.11
[INFO] [stderr]    Compiling tree-sitter-go v0.25.0
[INFO] [stderr]    Compiling tree-sitter-c-sharp v0.23.5
[INFO] [stderr]    Compiling tree-sitter-ocaml v0.26.0
[INFO] [stderr]    Compiling tree-sitter-elixir v0.3.5
[INFO] [stderr]    Compiling ring v0.17.14
[INFO] [stderr]    Compiling tree-sitter-java v0.23.5
[INFO] [stderr]    Compiling tree-sitter-scala v0.26.2
[INFO] [stderr]    Compiling gix-zlib v0.1.0
[INFO] [stderr]    Compiling tree-sitter-ruby v0.23.1
[INFO] [stderr]    Compiling stacker v0.1.25
[INFO] [stderr]    Compiling gix-pack v0.74.2
[INFO] [stderr]    Compiling tree-sitter-php v0.24.2
[INFO] [stderr]    Compiling tree-sitter-c v0.24.2
[INFO] [stderr]    Compiling winnow v1.0.4
[INFO] [stderr]    Compiling pulldown-cmark v0.13.4
[INFO] [stderr]    Compiling toml_parser v1.1.3+spec-1.1.0
[INFO] [stderr]    Compiling gix-odb v0.84.0
[INFO] [stderr]    Compiling gix-submodule v0.34.0
[INFO] [stderr]    Compiling gix-protocol v0.65.1
[INFO] [stderr]    Compiling gix-status v0.34.1
[INFO] [stderr]    Compiling gix-revision v0.49.1
[INFO] [stderr]    Compiling serde_spanned v1.1.1
[INFO] [stderr]    Compiling toml_datetime v1.1.1+spec-1.1.0
[INFO] [stderr]    Compiling hashlink v0.11.1
[INFO] [stderr]    Compiling serde_derive v1.0.229
[INFO] [stderr]    Compiling hashlink v0.12.1
[INFO] [stderr]    Compiling pulldown-cmark-escape v0.11.0
[INFO] [stderr]    Compiling fallible-streaming-iterator v0.1.9
[INFO] [stderr]    Compiling toml_writer v1.1.2+spec-1.1.0
[INFO] [stderr]    Compiling unicase v2.9.0
[INFO] [stderr]    Compiling fallible-iterator v0.3.0
[INFO] [stderr]    Compiling zeroize v1.9.0
[INFO] [stderr]    Compiling arraydeque v0.5.1
[INFO] [stderr]    Compiling rustls-pki-types v1.15.1
[INFO] [stderr]    Compiling toml v1.1.6+spec-1.1.0
[INFO] [stderr]    Compiling yaml-rust2 v0.13.0
[INFO] [stderr]    Compiling gix v0.87.1
[INFO] [stderr]    Compiling rusqlite v0.39.0
[INFO] [stderr]    Compiling tree-sitter-tags v0.26.13
[INFO] [stderr]    Compiling recursive-proc-macro-impl v0.1.1
[INFO] [stderr]    Compiling getrandom v0.2.17
[INFO] [stderr]    Compiling untrusted v0.9.0
[INFO] [stderr]    Compiling httparse v1.10.1
[INFO] [stderr]    Compiling anstyle-parse v1.0.0
[INFO] [stderr]    Compiling recursive v0.1.1
[INFO] [stderr]    Compiling rto-exec v6.1.0
[INFO] [stderr]    Compiling serde v1.0.229
[INFO] [stderr]    Compiling tracing-attributes v0.1.31
[INFO] [stderr]    Compiling rustls v0.23.45
[INFO] [stderr]    Compiling adler2 v2.0.1
[INFO] [stderr]    Compiling is_terminal_polyfill v1.70.2
[INFO] [stderr]    Compiling bytes v1.12.1
[INFO] [stderr]    Compiling lazy_static v1.5.0
[INFO] [stderr]    Compiling colorchoice v1.0.5
[INFO] [stderr]    Compiling simd-adler32 v0.3.10
[INFO] [stderr]    Compiling anstyle v1.0.14
[INFO] [stderr]    Compiling anstyle-query v1.1.5
[INFO] [stderr]    Compiling miniz_oxide v0.8.9
[INFO] [stderr]    Compiling sharded-slab v0.1.7
[INFO] [stderr]    Compiling http v1.5.0
[INFO] [stderr]    Compiling anstream v1.0.0
[INFO] [stderr]    Compiling sqlparser v0.63.0
[INFO] [stderr]    Compiling rustls-webpki v0.103.14
[INFO] [stderr]    Compiling tracing-log v0.2.0
[INFO] [stderr]    Compiling tracing v0.1.44
[INFO] [stderr]    Compiling matchers v0.2.0
[INFO] [stderr]    Compiling thread_local v1.1.10
[INFO] [stderr]    Compiling deranged v0.5.8
[INFO] [stderr]    Compiling powerfmt v0.2.0
[INFO] [stderr]    Compiling clap_lex v1.1.0
[INFO] [stderr]    Compiling subtle v2.6.1
[INFO] [stderr]    Compiling base64 v0.23.1
[INFO] [stderr]    Compiling okf-core v0.2.7
[INFO] [stderr]    Compiling time-core v0.1.9
[INFO] [stderr]    Compiling num-conv v0.2.2
[INFO] [stderr]    Compiling clap_builder v4.6.7
[INFO] [stderr]    Compiling ureq-proto v0.6.3
[INFO] [stderr]    Compiling time v0.3.55
[INFO] [stderr]    Compiling tracing-subscriber v0.3.23
[INFO] [stderr]    Compiling rto-graph v6.1.0
[INFO] [stderr]    Compiling clap_derive v4.6.7
[INFO] [stderr]    Compiling flate2 v1.1.9
[INFO] [stderr]    Compiling webpki-roots v1.0.9
[INFO] [stderr]    Compiling crossbeam-channel v0.5.16
[INFO] [stderr]    Compiling symlink v0.1.0
[INFO] [stderr]    Compiling utf8-zero v0.8.1
[INFO] [stderr]    Compiling tracing-appender v0.2.5
[INFO] [stderr]    Compiling clap v4.6.7
[INFO] [stderr]    Compiling sigpipe v0.1.3
[INFO] [stderr]    Compiling ureq v3.4.2
[INFO] [stderr]    Compiling rto-spec v6.1.0
[INFO] [stderr]    Compiling rto-okf-syntax v0.1.2
[INFO] [stderr]    Compiling rto-render v6.1.0
[INFO] [stderr]    Compiling roteiro v6.1.0 (/opt/rustwide/workdir)
[INFO] [stderr]     Finished `dev` profile [unoptimized + debuginfo] target(s) in 3m 55s
[INFO] running `Command { std: "docker" "inspect" "a7afae9c44b1b59ba2e45852ecb0d79261d2d6f7c12de3a23bffc6461b037262", kill_on_drop: false }`
[INFO] running `Command { std: "docker" "exec" "-e" "SOURCE_DIR=/opt/rustwide/workdir" "-e" "CARGO_HOME=/opt/rustwide/cargo-home" "-e" "RUSTUP_HOME=/opt/rustwide/rustup-home" "-e" "CARGO_TARGET_DIR=/opt/rustwide/target" "-e" "CARGO_INCREMENTAL=0" "-e" "RUST_BACKTRACE=full" "-e" "RUSTFLAGS=--cap-lints=warn" "-e" "RUSTDOCFLAGS=--cap-lints=warn" "-w" "/opt/rustwide/workdir" "--user" "0:0" "a7afae9c44b1b59ba2e45852ecb0d79261d2d6f7c12de3a23bffc6461b037262" "/opt/rustwide/cargo-home/bin/cargo" "+1.99.0-beta.8" "test" "--frozen" "--no-run" "--message-format=json", kill_on_drop: false }`
[INFO] [stderr]    Compiling http v1.5.0
[INFO] [stderr]    Compiling futures-core v0.3.34
[INFO] [stderr]    Compiling futures-task v0.3.34
[INFO] [stderr]    Compiling slab v0.4.12
[INFO] [stderr]    Compiling tokio-macros v2.7.2
[INFO] [stderr]    Compiling tower-service v0.3.3
[INFO] [stderr]    Compiling sync_wrapper v1.0.2
[INFO] [stderr]    Compiling tower-layer v0.3.3
[INFO] [stderr]    Compiling futures-util v0.3.34
[INFO] [stderr]    Compiling tokio v1.53.1
[INFO] [stderr]    Compiling ureq-proto v0.6.3
[INFO] [stderr]    Compiling http-body v1.1.0
[INFO] [stderr]    Compiling http-body-util v0.1.5
[INFO] [stderr]    Compiling ureq v3.4.2
[INFO] [stderr]    Compiling tower v0.5.3
[INFO] [stderr]    Compiling roteiro v6.1.0 (/opt/rustwide/workdir)
[INFO] [stderr]     Finished `test` profile [unoptimized + debuginfo] target(s) in 1m 05s
[INFO] running `Command { std: "docker" "inspect" "a7afae9c44b1b59ba2e45852ecb0d79261d2d6f7c12de3a23bffc6461b037262", kill_on_drop: false }`
[INFO] running `Command { std: "docker" "exec" "-e" "SOURCE_DIR=/opt/rustwide/workdir" "-e" "CARGO_HOME=/opt/rustwide/cargo-home" "-e" "RUSTUP_HOME=/opt/rustwide/rustup-home" "-e" "CARGO_TARGET_DIR=/opt/rustwide/target" "-e" "CARGO_INCREMENTAL=0" "-e" "RUST_BACKTRACE=full" "-e" "RUSTFLAGS=--cap-lints=warn" "-e" "RUSTDOCFLAGS=--cap-lints=warn" "-w" "/opt/rustwide/workdir" "--user" "0:0" "a7afae9c44b1b59ba2e45852ecb0d79261d2d6f7c12de3a23bffc6461b037262" "/opt/rustwide/cargo-home/bin/cargo" "+1.99.0-beta.8" "test" "--frozen", kill_on_drop: false }`
[INFO] [stderr]     Finished `test` profile [unoptimized + debuginfo] target(s) in 0.67s
[INFO] [stderr]      Running unittests src/main.rs (/opt/rustwide/target/debug/deps/roteiro-1821cff764a56986)
[INFO] [stdout] 
[INFO] [stdout] running 234 tests
[INFO] [stdout] test asset_download::only_a_real_number_counts_as_a_declared_length ... ok
[INFO] [stdout] test audio_stream_tests::an_audio_stream_node_prints_its_stream_and_marks_an_estimate ... ok
[INFO] [stdout] test asset_download::a_failed_fetch_leaves_the_asset_unprovisioned_and_the_cache_clean ... ok
[INFO] [stdout] test asset_download::a_complete_download_succeeds_and_writes_every_byte ... ok
[INFO] [stdout] test asset_download::a_short_transfer_is_reported_with_both_counts ... ok
[INFO] [stdout] test asset_download::the_request_asks_for_a_framing_it_can_verify ... ok
[INFO] [stdout] test config::tests::a_config_file_no_layer_reads_is_named_together_with_the_one_that_is ... ok
[INFO] [stdout] test config::tests::a_project_file_may_lower_the_client_tool_bound_but_never_raise_it ... ok
[INFO] [stdout] test config::tests::a_blank_pin_is_dropped_when_the_layer_is_parsed ... ok
[INFO] [stdout] test audio_stream_tests::other_kinds_print_nothing_extra ... ok
[INFO] [stdout] test config::tests::a_bang_that_is_not_a_leading_negation_is_left_alone ... ok
[INFO] [stdout] test config::tests::a_project_file_may_lower_the_prefix_cache_budget_but_never_raise_it ... ok
[INFO] [stdout] test config::tests::an_inert_user_layer_reset_does_not_claim_a_reset_that_never_happened ... ok
[INFO] [stdout] test config::tests::an_unsupported_ignore_pattern_is_reported_by_construct ... ok
[INFO] [stdout] test config::tests::a_models_key_is_reported_exactly_as_it_is_resolved ... ok
[INFO] [stdout] test config::tests::config_without_includes_resolves_exactly_as_before ... ok
[INFO] [stdout] test config::tests::a_bad_security_image_is_reported_rather_than_refused_at_load ... ok
[INFO] [stdout] test config::tests::an_unmatched_delimiter_is_a_filename_rather_than_a_construct ... ok
[INFO] [stdout] test config::tests::debt_ignore_merges_across_layers_instead_of_replacing ... ok
[INFO] [stdout] test config::tests::expand_tilde_handles_bare_and_prefixed_and_passes_others_through ... ok
[INFO] [stdout] test config::tests::includes_dedupe_by_expanded_path_not_by_declared_string ... ok
[INFO] [stdout] test config::tests::includes_cycle_is_refused_naming_the_path ... ok
[INFO] [stdout] test config::tests::config_layering_precedence_and_errors ... ok
[INFO] [stdout] test config::tests::debt_ignore_reset_drops_the_inherited_list_visibly ... ok
[INFO] [stdout] test asset_download::a_body_of_unknown_length_is_refused_rather_than_pinned ... ok
[INFO] [stdout] test asset_download::a_truncated_body_fails_and_leaves_nothing_installed ... ok
[INFO] [stdout] test config::tests::includes_fold_transitively_through_three_levels ... ok
[INFO] [stdout] test config::tests::includes_resolve_to_the_union_of_members ... ok
[INFO] [stdout] test config::tests::includes_diamond_yields_each_member_once ... ok
[INFO] [stdout] test config::tests::duplicate_linked_workspace_names_are_a_config_error ... ok
[INFO] [stdout] test config::tests::includes_self_reference_is_refused ... ok
[INFO] [stdout] test config::tests::legacy_workspace_only_resolves_to_one_default_linked_group ... ok
[INFO] [stdout] test config::tests::legacy_workspace_is_includable_as_default ... ok
[INFO] [stdout] test config::tests::multi_workspace_fields_parse_and_overlay ... ok
[INFO] [stdout] test config::tests::path_exclusions_merge_across_layers_and_report_their_layer ... ok
[INFO] [stdout] test config::tests::security_images_layer_per_analyzer_rather_than_per_table ... ok
[INFO] [stdout] test config::tests::named_workspaces_and_standalone_partition_correctly ... ok
[INFO] [stdout] test config::tests::resolved_workspaces_expand_leading_tilde_in_all_path_inputs ... ok
[INFO] [stdout] test config::tests::no_security_table_declares_nothing_and_reports_nothing ... ok
[INFO] [stdout] test config::tests::standalone_repos_cannot_be_included ... ok
[INFO] [stdout] test config::tests::telemetry_block_parses_and_overlays_per_field ... ok
[INFO] [stdout] test config::tests::other_list_keys_still_replace_rather_than_merge ... ok
[INFO] [stdout] test config::tests::project_config_is_repo_root_bounded ... ok
[INFO] [stdout] test config::tests::the_lint_image_takes_ordinary_precedence_unlike_the_key_beside_it ... ok
[INFO] [stdout] test config::tests::the_table_and_the_resolved_list_agree ... ok
[INFO] [stdout] test config::tests::the_adr_example_parses_and_composes ... ok
[INFO] [stdout] test config::tests::the_lint_merge_delegates_the_inversion_rather_than_repeating_it ... ok
[INFO] [stdout] test config_render_tests::a_real_ceiling_leads_with_its_number_and_states_the_clamp ... ok
[INFO] [stdout] test config::tests::unknown_include_is_refused_listing_the_known_workspaces ... ok
[INFO] [stdout] test config_render_tests::the_zero_sentinel_is_rendered_as_its_meaning_not_as_zero ... ok
[INFO] [stdout] test config_render_tests::unset_and_explicit_zero_read_differently ... ok
[INFO] [stdout] test config_secrets_summary_tests::a_redaction_under_a_non_secret_name_is_explained_when_present ... ok
[INFO] [stdout] test config_render_tests::unset_is_rendered_as_its_meaning_not_as_none ... ok
[INFO] [stdout] test config_secrets_summary_tests::an_unredacted_value_is_warned_about_and_attributed_to_the_import ... ok
[INFO] [stdout] test config_secrets_summary_tests::the_caveat_is_unconditional ... ok
[INFO] [stdout] test config::tests::standalone_names_dedupe_against_linked_names ... ok
[INFO] [stdout] test config::tests::standalone_root_yields_one_single_repo_group_per_repo ... ok
[INFO] [stdout] test config::tests::mcp_tools_intersect_so_a_project_file_can_narrow_but_never_widen ... ok
[INFO] [stdout] test diff::tests::an_unchanged_file_is_empty_but_not_a_failure ... ok
[INFO] [stdout] test diff::tests::a_tracked_edit_produces_hunks ... ok
[INFO] [stdout] test diff::tests::an_untracked_diff_of_a_missing_path_fails_rather_than_reads_empty ... ok
[INFO] [stdout] test infer_links::tests::a_hub_absent_key_is_still_reported_as_drift ... ok
[INFO] [stdout] test infer_links::tests::an_ambiguous_canonical_collision_produces_no_wrong_link ... ok
[INFO] [stdout] test infer_links::tests::camel_snake_kebab_bridge_the_naming_convention_gap ... ok
[INFO] [stdout] test infer_links::tests::exact_match_takes_precedence_over_a_canonical_one ... ok
[INFO] [stdout] test infer_links::tests::link_facts_builds_an_external_ref_and_inferred_edge_per_match ... ok
[INFO] [stdout] test infer_links::tests::struct_derived_hub_keys_match_spoke_infra_keys ... ok
[INFO] [stdout] test infer_links::tests::struct_derived_key_gets_no_false_value_agreement_bump ... ok
[INFO] [stdout] test infer_links::tests::value_agreement_lifts_confidence_and_ambiguous_leaf_is_skipped ... ok
[INFO] [stdout] test diff::tests::a_mode_only_change_still_produces_a_diff ... ok
[INFO] [stdout] test init::tests::agents_section_points_at_search_and_the_skill ... ok
[INFO] [stdout] test init::tests::committed_skill_artifacts_match_the_template ... ok
[INFO] [stdout] test init::tests::agents_created_updated_and_idempotent ... ok
[INFO] [stdout] test diff::tests::an_untracked_file_still_gets_a_diff ... ok
[INFO] [stdout] test init::tests::fetch_hook_tries_artifact_then_falls_back_to_sync ... ok
[INFO] [stdout] test init::tests::frontmatter_is_recognised_only_when_it_is_first ... ok
[INFO] [stdout] test init::tests::hook_is_recognisable_and_self_guarding ... ok
[INFO] [stdout] test diff::tests::an_empty_range_sees_only_unstaged_edits ... ok
[INFO] [stdout] test diff::tests::a_warning_on_stderr_does_not_discard_the_diff ... ok
[INFO] [stdout] test init::tests::okf_flag_appends_bundle_render_to_freshness_hooks_only ... ok
[INFO] [stdout] test init::tests::install_skill_creates_updates_and_skips_foreign ... ok
[INFO] [stdout] test init::tests::install_creates_updates_and_skips_foreign ... ok
[INFO] [stdout] test init::tests::pre_commit_hook_gates_on_check_and_is_skippable ... ok
[INFO] [stdout] test init::tests::skill_is_managed_and_a_valid_skill_document ... ok
[INFO] [stdout] test diff::tests::an_external_differ_is_refused ... ok
[INFO] [stdout] test lint_cli::a_project_deny_overrides_a_user_grant_and_the_flag ... ok
[INFO] [stdout] test lint_cli::a_project_grant_does_not_enable_host_execution ... ok
[INFO] [stdout] test lint_cli::asking_for_the_sandbox_overrides_a_standing_grant ... ok
[INFO] [stdout] test lint_cli::either_the_user_config_or_the_flag_grants_on_its_own ... ok
[INFO] [stdout] test lint_cli::feature_flags_resolve_to_the_set_the_build_will_use ... ok
[INFO] [stdout] test lint_cli::lint_requires_an_analyzer ... ok
[INFO] [stdout] test lint_cli::lint_takes_one_analyzer_and_reports_by_default ... ok
[INFO] [stdout] test limit_contract_tests::every_surface_reading_zero_as_unlimited_says_so_in_the_same_words ... ok
[INFO] [stdout] test lint_cli::the_caveats_name_every_reading_that_moves_a_count ... ok
[INFO] [stdout] test lint_cli::the_two_feature_flags_are_mutually_exclusive ... ok
[INFO] [stdout] test lint_cli::with_no_flag_the_gate_says_what_the_config_layers_say ... ok
[INFO] [stdout] test lint_cli::the_two_isolation_flags_are_mutually_exclusive ... ok
[INFO] [stdout] test lint_cli::with_nothing_configured_and_no_flag_the_sandbox_is_selected ... ok
[INFO] [stdout] test media_cli::a_disabled_gate_resolves_to_thresholds_that_refuse_nothing ... ok
[INFO] [stdout] test diff::tests::trailing_whitespace_on_the_last_diff_line_survives ... ok
[INFO] [stdout] test media_cli::build_accepts_each_modality_and_the_force_and_json_flags ... ok
[INFO] [stdout] test media_cli::build_narrows_to_one_blob ... ok
[INFO] [stdout] test diff::tests::head_shows_the_worktree_not_the_index ... ok
[INFO] [stdout] test init::tests::every_generated_hook_is_valid_posix_shell ... ok
[INFO] [stdout] test media_cli::build_takes_no_flags_and_defaults_them_all_off ... ok
[INFO] [stdout] test media_cli::no_modality_flag_means_both ... ok
[INFO] [stdout] test media_cli::status_takes_only_json ... ok
[INFO] [stdout] test media_cli::the_clear_json_shape_is_the_documented_one ... ok
[INFO] [stdout] test memory_cli::a_listing_row_is_one_marked_line ... ok
[INFO] [stdout] test media_cli::clear_defaults_to_every_producer_and_can_narrow ... ok
[INFO] [stdout] test memory_cli::a_record_with_no_anchor_reads_differently_from_one_that_failed_to_resolve ... ok
[INFO] [stdout] test media_cli::media_requires_an_action ... ok
[INFO] [stdout] test memory_cli::add_accepts_every_flag ... ok
[INFO] [stdout] test memory_cli::add_needs_only_a_body_and_defaults_the_rest ... ok
[INFO] [stdout] test init::tests::every_roteiro_command_a_hook_runs_is_one_the_cli_accepts ... ok
[INFO] [stdout] test memory_cli::list_defaults_to_live_records_only ... ok
[INFO] [stdout] test memory_cli::cache_reports_unless_asked_to_sweep ... ok
[INFO] [stdout] test memory_cli::list_narrows_by_scope_kind_and_anchor ... ok
[INFO] [stdout] test memory_cli::recall_defaults_to_no_query_and_no_decay ... ok
[INFO] [stdout] test memory_cli::restored_records_are_pluralised ... ok
[INFO] [stdout] test memory_cli::search_keeps_memory_behind_its_own_opt_in ... ok
[INFO] [stdout] test memory_cli::an_unknown_kind_is_refused_with_the_vocabulary ... ok
[INFO] [stdout] test memory_cli::recall_accepts_every_flag_and_both_decay_shapes ... ok
[INFO] [stdout] test okf_diagnostic_tests::a_legitimate_bundle_path_is_shown_as_itself ... ok
[INFO] [stdout] test memory_cli::forget_requires_one_id ... ok
[INFO] [stdout] test okf_diagnostic_tests::the_imports_own_lines_never_interpolate_a_peer_bare ... ok
[INFO] [stdout] test okf_diagnostic_tests::the_manual_imports_report_cannot_be_rewritten_by_the_bundle ... ok
[INFO] [stdout] test okf_diagnostic_tests::the_manual_imports_report_leaves_an_honest_bundle_alone ... ok
[INFO] [stdout] test okf_discovery::tests::a_bundles_filenames_cannot_rewrite_its_inventory ... ok
[INFO] [stdout] test okf_discovery::tests::a_peer_is_noted_once_per_process ... ok
[INFO] [stdout] test okf_discovery::tests::a_peers_own_text_cannot_rewrite_the_question_about_them ... ok
[INFO] [stdout] test okf_discovery::tests::an_honest_bundle_reaches_the_question_unaltered ... ok
[INFO] [stdout] test okf_discovery::tests::beyond_the_limit_peers_are_counted_rather_than_named ... ok
[INFO] [stdout] test okf_diagnostic_tests::the_import_line_never_interpolates_the_layer_key_bare ... ok
[INFO] [stdout] test okf_report_tests::a_bundle_cannot_rewrite_the_computations_report ... ok
[INFO] [stdout] test okf_report_tests::a_bundle_cannot_rewrite_the_diff_report ... ok
[INFO] [stdout] test okf_report_tests::a_bundle_cannot_rewrite_the_info_report ... ok
[INFO] [stdout] test okf_report_tests::a_bundle_cannot_rewrite_the_links_report ... ok
[INFO] [stdout] test okf_report_tests::a_bundle_cannot_rewrite_the_syntax_report ... ok
[INFO] [stdout] test okf_report_tests::a_bundle_cannot_rewrite_the_lint_report ... ok
[INFO] [stdout] test okf_report_tests::a_bundle_cannot_rewrite_the_trust_report ... ok
[INFO] [stdout] test okf_report_tests::a_line_break_in_a_field_forges_no_line_and_the_note_covers_it ... ok
[INFO] [stdout] test okf_report_tests::an_honest_bundle_survives_the_computations_report ... ok
[INFO] [stdout] test okf_report_tests::an_honest_bundle_survives_the_links_and_diff_reports ... ok
[INFO] [stdout] test okf_report_tests::an_honest_bundle_survives_the_info_report ... ok
[INFO] [stdout] test okf_report_tests::an_honest_bundle_survives_the_lint_report ... ok
[INFO] [stdout] test okf_report_tests::an_honest_bundle_survives_the_syntax_report ... ok
[INFO] [stdout] test okf_report_tests::an_honest_bundle_survives_the_trust_report ... ok
[INFO] [stdout] test init::tests::the_default_bundle_directory_is_ignored_here ... FAILED
[INFO] [stdout] test lint_cli::an_empty_feature_list_is_refused_rather_than_silently_defaulted ... ok
[INFO] [stdout] test media_cli::a_modality_disabled_in_config_is_dropped_silently_but_refused_when_asked_for ... ok
[INFO] [stdout] test okf_report_tests::the_json_path_carries_the_literal_bytes ... ok
[INFO] [stdout] test overview::tests::a_drift_key_set_by_multiple_spokes_is_one_row_with_a_cell_per_deploy ... ok
[INFO] [stdout] test overview::tests::a_baseline_belongs_to_the_file_its_match_came_from ... ok
[INFO] [stdout] test overview::tests::a_hub_key_from_two_different_files_yields_an_ambiguous_empty_row_file ... ok
[INFO] [stdout] test overview::tests::a_pinned_run_that_found_no_pins_still_says_it_asked ... ok
[INFO] [stdout] test overview::tests::a_redundant_restatement_never_hides_a_real_override ... ok
[INFO] [stdout] test overview::tests::a_pinned_matrix_says_which_hub_version_each_spoke_was_measured_against ... ok
[INFO] [stdout] test media_cli::disabling_both_modalities_leaves_nothing_to_do ... ok
[INFO] [stdout] test memory_cli::the_cache_budget_resolves_from_the_flag_then_the_default ... ok
[INFO] [stdout] test okf_diagnostic_tests::a_peers_filenames_cannot_rewrite_the_imports_diagnostics ... ok
[INFO] [stdout] test overview::tests::build_pivots_matches_into_rows_and_flags_real_overrides ... ok
[INFO] [stdout] test overview::tests::build_carries_the_hub_source_file_onto_each_row ... ok
[INFO] [stdout] test overview::tests::differs_is_measured_against_the_revision_the_spoke_deploys ... ok
[INFO] [stdout] test overview::tests::render_html_escapes_injected_markup ... ok
[INFO] [stdout] test overview::tests::a_repeated_orphan_key_within_one_spoke_collapses_to_one_cell ... ok
[INFO] [stdout] test overview::tests::text_table_marks_overrides_and_lists_drift ... ok
[INFO] [stdout] test overview::tests::render_html_is_self_contained_and_escapes ... ok
[INFO] [stdout] test overview::tests::build_carries_real_per_cell_provenance ... ok
[INFO] [stdout] test overview::tests::the_matrix_export_inlines_the_token_master ... ok
[INFO] [stdout] test overview::tests::an_unpinned_matrix_is_unchanged ... ok
[INFO] [stdout] test refusal_text_tests::the_missing_analyzer_refusal_renders_no_leaked_indentation ... ok
[INFO] [stdout] test pins::tests::image_basename_strips_registry_and_org ... ok
[INFO] [stdout] test pins::tests::url_matches_hub_by_origin_or_basename ... ok
[INFO] [stdout] test overview::tests::a_spoke_setting_one_drift_key_two_ways_is_a_deterministic_conflict_cell ... ok
[INFO] [stdout] test refusal_text_tests::the_unnamed_analyzer_refusal_renders_no_leaked_indentation ... ok
[INFO] [stdout] test review::tests::json_schema_tags_are_frozen ... ok
[INFO] [stdout] test review_llm::tests::a_mod_rss_parent_is_searched_one_directory_up ... ok
[INFO] [stdout] test review_llm::tests::the_arm_tags_are_stable_and_distinct ... ok
[INFO] [stdout] test review_llm::tests::the_diff_only_arm_sends_no_context_at_all ... ok
[INFO] [stderr] SKIP: review_llm::tests::every_corpus_commit_reconstructs_a_diff_touching_its_anchor — not a git work tree, or git could not be run here. The diff reconstruction at every corpus commit went unchecked. Run these from a checkout of the repository. In a repository checkout on CI this is a failure rather than a skip (`.github/workflows/ci.yml` checks out with `fetch-depth: 0` in every job that runs tests), so on a runner this line means the crate is packaged.
[INFO] [stdout] test review_llm::tests::every_corpus_commit_reconstructs_a_diff_touching_its_anchor ... ok
[INFO] [stderr] SKIP: review_llm::tests::nothing_the_harness_skips_carries_an_adjudicated_row — not a git work tree, or git could not be run here. The unreviewable-path check over every corpus commit went unchecked. Run these from a checkout of the repository. In a repository checkout on CI this is a failure rather than a skip (`.github/workflows/ci.yml` checks out with `fetch-depth: 0` in every job that runs tests), so on a runner this line means the crate is packaged.
[INFO] [stdout] test review_llm::tests::nothing_the_harness_skips_carries_an_adjudicated_row ... ok
[INFO] [stderr] SKIP: review_llm::tests::the_graph_arm_is_built_at_the_reviewed_commit_not_at_head — not a git work tree, or git could not be run here. The graph at every corpus commit went unchecked. Run these from a checkout of the repository. In a repository checkout on CI this is a failure rather than a skip (`.github/workflows/ci.yml` checks out with `fetch-depth: 0` in every job that runs tests), so on a runner this line means the crate is packaged.
[INFO] [stdout] test overview::tests::the_html_column_headers_carry_each_spokes_pin ... ok
[INFO] [stdout] test review_llm::tests::the_graph_arm_is_built_at_the_reviewed_commit_not_at_head ... ok
[INFO] [stdout] test review_llm::tests::review_llm_has_no_allow_remote_flag_until_the_allow_list_carries_source ... ok
[INFO] [stderr] SKIP: review_llm::tests::the_live_surface_builds_the_same_graph_as_the_replay — not a git work tree, or git could not be run here. The live-surface-versus-replay graph comparison went unchecked. Run these from a checkout of the repository. In a repository checkout on CI this is a failure rather than a skip (`.github/workflows/ci.yml` checks out with `fetch-depth: 0` in every job that runs tests), so on a runner this line means the crate is packaged.
[INFO] [stderr] SKIP: review_llm::tests::a_replay_covers_the_measured_number_of_files — not a git work tree, or git could not be run here. The measured replay window (commits, changed paths, reviewable paths) went unchecked. Run these from a checkout of the repository. In a repository checkout on CI this is a failure rather than a skip (`.github/workflows/ci.yml` checks out with `fetch-depth: 0` in every job that runs tests), so on a runner this line means the crate is packaged.
[INFO] [stdout] test review_llm::tests::the_parent_module_is_found_and_is_never_the_file_itself ... ok
[INFO] [stdout] test review_llm::tests::the_manifest_rule_accepts_only_this_repository ... ok
[INFO] [stdout] test review_llm::tests::the_live_surface_builds_the_same_graph_as_the_replay ... ok
[INFO] [stderr] SKIP: review_llm::tests::the_graph_arm_supplies_provenance_tagged_context_on_the_corpus — not a git work tree, or git could not be run here. The graph at every corpus commit went unchecked. Run these from a checkout of the repository. In a repository checkout on CI this is a failure rather than a skip (`.github/workflows/ci.yml` checks out with `fetch-depth: 0` in every job that runs tests), so on a runner this line means the crate is packaged.
[INFO] [stdout] test review_llm::tests::the_package_exemption_cannot_claim_a_real_checkout ... ok
[INFO] [stdout] test review_llm::tests::a_replay_covers_the_measured_number_of_files ... ok
[INFO] [stdout] test review_llm::tests::the_graph_arm_supplies_provenance_tagged_context_on_the_corpus ... ok
[INFO] [stdout] test review_llm::tests::the_reviewable_rule_is_one_rule_and_skips_are_kept ... ok
[INFO] [stdout] test sandbox_cli::clearing_nothing_in_particular_is_a_refusal_and_never_everything ... ok
[INFO] [stdout] test sandbox_cli::without_the_pinned_image_table_the_analyzer_selector_says_so ... ok
[INFO] [stdout] test security_cli::a_file_that_is_not_json_fails_with_a_message_naming_it ... ok
[INFO] [stdout] test security_cli::a_build_with_no_sandbox_refuses_and_names_the_bootstrap ... ok
[INFO] [stdout] test sandbox_cli::two_selectors_are_a_refusal_whichever_two_they_are ... ok
[INFO] [stdout] test security_cli::ingest_takes_an_analyzer_for_native_output ... ok
[INFO] [stdout] test sandbox_cli::one_selector_resolves_to_the_scope_it_names ... ok
[INFO] [stdout] test security_cli::asking_for_the_sandbox_explicitly_refuses_identically ... ok
[INFO] [stdout] test security_cli::native_output_requires_an_explicit_analyzer ... ok
[INFO] [stdout] test security_cli::ingest_takes_one_report_argument ... ok
[INFO] [stdout] test security_cli::ingest_reads_stdin_and_emits_json_like_its_neighbours ... ok
[INFO] [stdout] test security_cli::list_defaults_to_every_analyzer_and_can_narrow ... ok
[INFO] [stdout] test sandbox_cli::the_store_has_exactly_two_verbs ... ok
[INFO] [stdout] test security_cli::run_requires_the_unsandboxed_flag_to_be_given_explicitly ... ok
[INFO] [stdout] test security_cli::prefetch_and_status_default_to_every_analyzer ... ok
[INFO] [stdout] test security_cli::provisioning_is_reachable_without_any_execution_backend ... ok
[INFO] [stdout] test security_cli::run_needs_an_analyzer_named ... ok
[INFO] [stdout] test security_cli::the_analyzer_column_names_the_missing_program ... ok
[INFO] [stdout] test security_cli::security_requires_an_action ... ok
[INFO] [stdout] test security_cli::the_isolation_note_is_read_out_of_the_stored_run ... ok
[INFO] [stdout] test security_cli::the_analyzer_is_read_out_of_a_normalized_report ... ok
[INFO] [stdout] test security_cli::the_json_shapes_are_the_documented_ones ... ok
[INFO] [stdout] test security_cli::the_cross_reference_appears_only_once_there_is_something_to_compare ... ok
[INFO] [stdout] test security_cli::the_advisory_line_says_possibly_stale_and_never_current ... ok
[INFO] [stdout] test security_cli::sandboxed_and_allow_unsandboxed_are_mutually_exclusive ... ok
[INFO] [stdout] test security_cli::the_sandbox_analyzer_prefetches_the_runtime_archive_alone ... ok
[INFO] [stdout] test security_cli::the_sandbox_is_what_no_flag_means ... ok
[INFO] [stdout] test telemetry::tests::resolve_precedence_and_defaults ... ok
[INFO] [stdout] test telemetry::tests::resolve_path_expands_tilde_and_falls_back_to_roteiro_home ... ok
[INFO] [stdout] test url_tests::source_blob_base_uses_host_specific_infix ... ok
[INFO] [stdout] test workspace_tests::discovers_the_root_and_immediate_repo_subdirs_only ... ok
[INFO] [stdout] test url_tests::repo_web_root_maps_common_remote_forms ... ok
[INFO] [stdout] test telemetry::tests::native_logs_are_level_gated_like_any_event ... ok
[INFO] [stdout] test telemetry::tests::otel_file_layer_writes_parsable_line_with_otel_fields ... ok
[INFO] [stdout] test security_cli::the_run_surface_is_the_same_in_every_build ... ok
[INFO] [stdout] test okf_report_tests::the_okf_report_commands_print_nothing_but_assembled_lines ... ok
[INFO] [stdout] test worktree_discovery_tests::an_explicit_repos_entry_still_hosts_a_worktree ... ok
[INFO] [stdout] test worktree_discovery_tests::a_roots_entry_no_longer_hosts_a_worktree_found_beneath_it ... ok
[INFO] [stdout] test worktree_discovery_tests::include_worktrees_restores_the_old_behaviour_for_that_workspace_only ... ok
[INFO] [stdout] test review_llm::tests::the_replay_path_builds_no_diff_for_a_declared_path ... ok
[INFO] [stdout] test worktree_discovery_tests::a_standalone_root_skips_worktrees_and_honours_its_own_opt_in ... ok
[INFO] [stdout] test okf_report_tests::no_scalar_the_escaper_transforms_reaches_a_report_line ... ok
[INFO] [stdout] 
[INFO] [stdout] failures:
[INFO] [stdout] 
[INFO] [stdout] ---- init::tests::the_default_bundle_directory_is_ignored_here stdout ----
[INFO] [stdout] 
[INFO] [stdout] thread 'init::tests::the_default_bundle_directory_is_ignored_here' (4970) panicked at src/init.rs:577:10:
[INFO] [stdout] the repository has a .gitignore: Os { code: 2, kind: NotFound, message: "No such file or directory" }
[INFO] [stdout] stack backtrace:
[INFO] [stdout]    0:     0x56eea9cbad31 - std[70759c8f55707aa4]::backtrace_rs::backtrace::libunwind::trace
[INFO] [stdout]                                at /rustc/dfb0accb7f508ae8be965d8629557221c889dd98/library/std/src/../../backtrace/src/backtrace/libunwind.rs:117:9
[INFO] [stdout]    1:     0x56eea9cbad31 - std[70759c8f55707aa4]::backtrace_rs::backtrace::trace_unsynchronized::<std[70759c8f55707aa4]::sys::backtrace::_print_fmt::{closure#1}>
[INFO] [stdout]                                at /rustc/dfb0accb7f508ae8be965d8629557221c889dd98/library/std/src/../../backtrace/src/backtrace/mod.rs:66:14
[INFO] [stdout]    2:     0x56eea9cbad31 - std[70759c8f55707aa4]::sys::backtrace::_print_fmt
[INFO] [stdout]                                at /rustc/dfb0accb7f508ae8be965d8629557221c889dd98/library/std/src/sys/backtrace.rs:74:9
[INFO] [stdout]    3:     0x56eea9cbad31 - <<std[70759c8f55707aa4]::sys::backtrace::BacktraceLock>::print::DisplayBacktrace as core[df12db4294e9bfd3]::fmt::Display>::fmt
[INFO] [stdout]                                at /rustc/dfb0accb7f508ae8be965d8629557221c889dd98/library/std/src/sys/backtrace.rs:44:26
[INFO] [stdout]    4:     0x56eea9cd4f8a - <core[df12db4294e9bfd3]::fmt::rt::Argument>::fmt
[INFO] [stdout]                                at /rustc/dfb0accb7f508ae8be965d8629557221c889dd98/library/core/src/fmt/rt.rs:152:76
[INFO] [stdout]    5:     0x56eea9cd4f8a - core[df12db4294e9bfd3]::fmt::write
[INFO] [stdout]    6:     0x56eea9cc033c - core[df12db4294e9bfd3]::io::write::default_write_fmt::<alloc[2182bb758b4b3781]::vec::Vec<u8>>
[INFO] [stdout]                                at /rustc/dfb0accb7f508ae8be965d8629557221c889dd98/library/core/src/io/write.rs:402:11
[INFO] [stdout]    7:     0x56eea9cc033c - <alloc[2182bb758b4b3781]::vec::Vec<u8> as core[df12db4294e9bfd3]::io::write::Write>::write_fmt
[INFO] [stdout]                                at /rustc/dfb0accb7f508ae8be965d8629557221c889dd98/library/core/src/io/write.rs:335:13
[INFO] [stdout]    8:     0x56eea9c907a6 - <std[70759c8f55707aa4]::sys::backtrace::BacktraceLock>::print
[INFO] [stdout]                                at /rustc/dfb0accb7f508ae8be965d8629557221c889dd98/library/std/src/sys/backtrace.rs:47:9
[INFO] [stdout]    9:     0x56eea9c907a6 - std[70759c8f55707aa4]::panicking::default_hook::{closure#0}
[INFO] [stdout]                                at /rustc/dfb0accb7f508ae8be965d8629557221c889dd98/library/std/src/panicking.rs:292:27
[INFO] [stdout]   10:     0x56eea9cb0b19 - std[70759c8f55707aa4]::panicking::default_hook
[INFO] [stdout]                                at /rustc/dfb0accb7f508ae8be965d8629557221c889dd98/library/std/src/panicking.rs:316:9
[INFO] [stdout]   11:     0x56eea8ad2e60 - <alloc[2182bb758b4b3781]::boxed::Box<dyn for<'a, 'b> core[df12db4294e9bfd3]::ops::function::Fn<(&'a std[70759c8f55707aa4]::panic::PanicHookInfo<'b>,), Output = ()> + core[df12db4294e9bfd3]::marker::Send + core[df12db4294e9bfd3]::marker::Sync> as core[df12db4294e9bfd3]::ops::function::Fn<(&std[70759c8f55707aa4]::panic::PanicHookInfo,)>>::call
[INFO] [stdout]                                at /rustc/dfb0accb7f508ae8be965d8629557221c889dd98/library/alloc/src/boxed.rs:2334:9
[INFO] [stdout]   12:     0x56eea8ad2e60 - test[9d35eded1c95d3be]::test_main_inner::<test[9d35eded1c95d3be]::test_main_static::{closure#0}>::{closure#0}
[INFO] [stdout]                                at /rustc/dfb0accb7f508ae8be965d8629557221c889dd98/library/test/src/lib.rs:155:21
[INFO] [stdout]   13:     0x56eea9cb0cd2 - <alloc[2182bb758b4b3781]::boxed::Box<dyn for<'a, 'b> core[df12db4294e9bfd3]::ops::function::Fn<(&'a std[70759c8f55707aa4]::panic::PanicHookInfo<'b>,), Output = ()> + core[df12db4294e9bfd3]::marker::Send + core[df12db4294e9bfd3]::marker::Sync> as core[df12db4294e9bfd3]::ops::function::Fn<(&std[70759c8f55707aa4]::panic::PanicHookInfo,)>>::call
[INFO] [stdout]                                at /rustc/dfb0accb7f508ae8be965d8629557221c889dd98/library/alloc/src/boxed.rs:2334:9
[INFO] [stdout]   14:     0x56eea9cb0cd2 - std[70759c8f55707aa4]::panicking::panic_with_hook
[INFO] [stdout]                                at /rustc/dfb0accb7f508ae8be965d8629557221c889dd98/library/std/src/panicking.rs:823:13
[INFO] [stdout]   15:     0x56eea9c90852 - std[70759c8f55707aa4]::panicking::panic_handler::{closure#0}
[INFO] [stdout]                                at /rustc/dfb0accb7f508ae8be965d8629557221c889dd98/library/std/src/panicking.rs:688:13
[INFO] [stdout]   16:     0x56eea9c88949 - std[70759c8f55707aa4]::sys::backtrace::__rust_end_short_backtrace::<std[70759c8f55707aa4]::panicking::panic_handler::{closure#0}, !>
[INFO] [stdout]                                at /rustc/dfb0accb7f508ae8be965d8629557221c889dd98/library/std/src/sys/backtrace.rs:182:18
[INFO] [stdout]   17:     0x56eea9c91a6d - __rustc[8fa7c3cbc660c2b3]::rust_begin_unwind
[INFO] [stdout]                                at /rustc/dfb0accb7f508ae8be965d8629557221c889dd98/library/std/src/panicking.rs:679:5
[INFO] [stdout]   18:     0x56eea9cd585c - core[df12db4294e9bfd3]::panicking::panic_fmt
[INFO] [stdout]                                at /rustc/dfb0accb7f508ae8be965d8629557221c889dd98/library/core/src/panicking.rs:80:14
[INFO] [stdout]   19:     0x56eea9cd5582 - core[df12db4294e9bfd3]::result::unwrap_failed
[INFO] [stdout]                                at /rustc/dfb0accb7f508ae8be965d8629557221c889dd98/library/core/src/result.rs:1871:5
[INFO] [stdout]   20:     0x56eea86c52b3 - <core[df12db4294e9bfd3]::result::Result<alloc[2182bb758b4b3781]::string::String, core[df12db4294e9bfd3]::io::error::Error>>::expect
[INFO] [stdout]                                at /rustc/dfb0accb7f508ae8be965d8629557221c889dd98/library/core/src/result.rs:1184:23
[INFO] [stdout]   21:     0x56eea858b238 - roteiro[9edd10d684bc65e8]::init::tests::the_default_bundle_directory_is_ignored_here
[INFO] [stdout]                                at /opt/rustwide/workdir/src/init.rs:577:10
[INFO] [stdout]   22:     0x56eea857a837 - roteiro[9edd10d684bc65e8]::init::tests::the_default_bundle_directory_is_ignored_here::{closure#0}
[INFO] [stdout]                                at /opt/rustwide/workdir/src/init.rs:571:54
[INFO] [stdout]   23:     0x56eea8657006 - <roteiro[9edd10d684bc65e8]::init::tests::the_default_bundle_directory_is_ignored_here::{closure#0} as core[df12db4294e9bfd3]::ops::function::FnOnce<()>>::call_once
[INFO] [stdout]                                at /rustc/dfb0accb7f508ae8be965d8629557221c889dd98/library/core/src/ops/function.rs:250:5
[INFO] [stdout]   24:     0x56eea8ac614b - <fn() -> core[df12db4294e9bfd3]::result::Result<(), alloc[2182bb758b4b3781]::string::String> as core[df12db4294e9bfd3]::ops::function::FnOnce<()>>::call_once
[INFO] [stdout]                                at /rustc/dfb0accb7f508ae8be965d8629557221c889dd98/library/core/src/ops/function.rs:250:5
[INFO] [stdout]   25:     0x56eea8ac614b - test[9d35eded1c95d3be]::__rust_begin_short_backtrace::<core[df12db4294e9bfd3]::result::Result<(), alloc[2182bb758b4b3781]::string::String>, fn() -> core[df12db4294e9bfd3]::result::Result<(), alloc[2182bb758b4b3781]::string::String>>
[INFO] [stdout]                                at /rustc/dfb0accb7f508ae8be965d8629557221c889dd98/library/test/src/lib.rs:733:18
[INFO] [stdout]   26:     0x56eea8ad37b5 - test[9d35eded1c95d3be]::run_test_in_process::{closure#0}
[INFO] [stdout]                                at /rustc/dfb0accb7f508ae8be965d8629557221c889dd98/library/test/src/lib.rs:756:74
[INFO] [stdout]   27:     0x56eea8ad37b5 - <core[df12db4294e9bfd3]::panic::unwind_safe::AssertUnwindSafe<test[9d35eded1c95d3be]::run_test_in_process::{closure#0}> as core[df12db4294e9bfd3]::ops::function::FnOnce<()>>::call_once
[INFO] [stdout]                                at /rustc/dfb0accb7f508ae8be965d8629557221c889dd98/library/core/src/panic/unwind_safe.rs:275:9
[INFO] [stdout]   28:     0x56eea8ad37b5 - std[70759c8f55707aa4]::panicking::catch_unwind::do_call::<core[df12db4294e9bfd3]::panic::unwind_safe::AssertUnwindSafe<test[9d35eded1c95d3be]::run_test_in_process::{closure#0}>, core[df12db4294e9bfd3]::result::Result<(), alloc[2182bb758b4b3781]::string::String>>
[INFO] [stdout]                                at /rustc/dfb0accb7f508ae8be965d8629557221c889dd98/library/std/src/panicking.rs:576:43
[INFO] [stdout]   29:     0x56eea8ad37b5 - std[70759c8f55707aa4]::panicking::catch_unwind::<core[df12db4294e9bfd3]::result::Result<(), alloc[2182bb758b4b3781]::string::String>, core[df12db4294e9bfd3]::panic::unwind_safe::AssertUnwindSafe<test[9d35eded1c95d3be]::run_test_in_process::{closure#0}>>
[INFO] [stdout]                                at /rustc/dfb0accb7f508ae8be965d8629557221c889dd98/library/std/src/panicking.rs:544:19
[INFO] [stdout]   30:     0x56eea8ad37b5 - std[70759c8f55707aa4]::panic::catch_unwind::<core[df12db4294e9bfd3]::panic::unwind_safe::AssertUnwindSafe<test[9d35eded1c95d3be]::run_test_in_process::{closure#0}>, core[df12db4294e9bfd3]::result::Result<(), alloc[2182bb758b4b3781]::string::String>>
[INFO] [stdout]                                at /rustc/dfb0accb7f508ae8be965d8629557221c889dd98/library/std/src/panic.rs:359:14
[INFO] [stdout]   31:     0x56eea8ad37b5 - test[9d35eded1c95d3be]::run_test_in_process
[INFO] [stdout]                                at /rustc/dfb0accb7f508ae8be965d8629557221c889dd98/library/test/src/lib.rs:756:27
[INFO] [stdout]   32:     0x56eea8ad37b5 - test[9d35eded1c95d3be]::run_test::{closure#0}
[INFO] [stdout]                                at /rustc/dfb0accb7f508ae8be965d8629557221c889dd98/library/test/src/lib.rs:677:43
[INFO] [stdout]   33:     0x56eea8acd074 - test[9d35eded1c95d3be]::run_test::{closure#1}
[INFO] [stdout]                                at /rustc/dfb0accb7f508ae8be965d8629557221c889dd98/library/test/src/lib.rs:707:41
[INFO] [stdout]   34:     0x56eea8acd074 - std[70759c8f55707aa4]::sys::backtrace::__rust_begin_short_backtrace::<test[9d35eded1c95d3be]::run_test::{closure#1}, ()>
[INFO] [stdout]                                at /rustc/dfb0accb7f508ae8be965d8629557221c889dd98/library/std/src/sys/backtrace.rs:166:18
[INFO] [stdout]   35:     0x56eea8ad6912 - std[70759c8f55707aa4]::thread::lifecycle::spawn_unchecked::<test[9d35eded1c95d3be]::run_test::{closure#1}, ()>::{closure#1}::{closure#0}
[INFO] [stdout]                                at /rustc/dfb0accb7f508ae8be965d8629557221c889dd98/library/std/src/thread/lifecycle.rs:70:13
[INFO] [stdout]   36:     0x56eea8ad6912 - <core[df12db4294e9bfd3]::panic::unwind_safe::AssertUnwindSafe<std[70759c8f55707aa4]::thread::lifecycle::spawn_unchecked<test[9d35eded1c95d3be]::run_test::{closure#1}, ()>::{closure#1}::{closure#0}> as core[df12db4294e9bfd3]::ops::function::FnOnce<()>>::call_once
[INFO] [stdout]                                at /rustc/dfb0accb7f508ae8be965d8629557221c889dd98/library/core/src/panic/unwind_safe.rs:275:9
[INFO] [stdout]   37:     0x56eea8ad6912 - std[70759c8f55707aa4]::panicking::catch_unwind::do_call::<core[df12db4294e9bfd3]::panic::unwind_safe::AssertUnwindSafe<std[70759c8f55707aa4]::thread::lifecycle::spawn_unchecked<test[9d35eded1c95d3be]::run_test::{closure#1}, ()>::{closure#1}::{closure#0}>, ()>
[INFO] [stdout]                                at /rustc/dfb0accb7f508ae8be965d8629557221c889dd98/library/std/src/panicking.rs:576:43
[INFO] [stdout]   38:     0x56eea8ad6912 - std[70759c8f55707aa4]::panicking::catch_unwind::<(), core[df12db4294e9bfd3]::panic::unwind_safe::AssertUnwindSafe<std[70759c8f55707aa4]::thread::lifecycle::spawn_unchecked<test[9d35eded1c95d3be]::run_test::{closure#1}, ()>::{closure#1}::{closure#0}>>
[INFO] [stdout]                                at /rustc/dfb0accb7f508ae8be965d8629557221c889dd98/library/std/src/panicking.rs:544:19
[INFO] [stdout]   39:     0x56eea8ad6912 - std[70759c8f55707aa4]::panic::catch_unwind::<core[df12db4294e9bfd3]::panic::unwind_safe::AssertUnwindSafe<std[70759c8f55707aa4]::thread::lifecycle::spawn_unchecked<test[9d35eded1c95d3be]::run_test::{closure#1}, ()>::{closure#1}::{closure#0}>, ()>
[INFO] [stdout]                                at /rustc/dfb0accb7f508ae8be965d8629557221c889dd98/library/std/src/panic.rs:359:14
[INFO] [stdout]   40:     0x56eea8ad6912 - std[70759c8f55707aa4]::thread::lifecycle::spawn_unchecked::<test[9d35eded1c95d3be]::run_test::{closure#1}, ()>::{closure#1}
[INFO] [stdout]                                at /rustc/dfb0accb7f508ae8be965d8629557221c889dd98/library/std/src/thread/lifecycle.rs:68:26
[INFO] [stdout]   41:     0x56eea8ad6912 - <std[70759c8f55707aa4]::thread::lifecycle::spawn_unchecked<test[9d35eded1c95d3be]::run_test::{closure#1}, ()>::{closure#1} as core[df12db4294e9bfd3]::ops::function::FnOnce<()>>::call_once::{shim:vtable#0}
[INFO] [stdout]                                at /rustc/dfb0accb7f508ae8be965d8629557221c889dd98/library/core/src/ops/function.rs:250:5
[INFO] [stdout]   42:     0x56eea9cb9579 - <alloc[2182bb758b4b3781]::boxed::Box<dyn core[df12db4294e9bfd3]::ops::function::FnOnce<(), Output = ()> + core[df12db4294e9bfd3]::marker::Send> as core[df12db4294e9bfd3]::ops::function::FnOnce<()>>::call_once
[INFO] [stdout]                                at /rustc/dfb0accb7f508ae8be965d8629557221c889dd98/library/alloc/src/boxed.rs:2320:9
[INFO] [stdout]   43:     0x56eea9cb9579 - <std[70759c8f55707aa4]::sys::thread::unix::Thread>::new::thread_start
[INFO] [stdout]                                at /rustc/dfb0accb7f508ae8be965d8629557221c889dd98/library/std/src/sys/thread/unix.rs:123:17
[INFO] [stdout]   44:     0x748a5d4fbdfa - <unknown>
[INFO] [stdout]   45:     0x748a5d58f3d4 - clone
[INFO] [stdout]   46:                0x0 - <unknown>
[INFO] [stdout] 
[INFO] [stdout] 
[INFO] [stdout] failures:
[INFO] [stdout]     init::tests::the_default_bundle_directory_is_ignored_here
[INFO] [stdout] 
[INFO] [stdout] test result: FAILED. 233 passed; 1 failed; 0 ignored; 0 measured; 0 filtered out; finished in 4.59s
[INFO] [stdout] 
[INFO] [stderr] error: test failed, to rerun pass `--bin roteiro`
[INFO] running `Command { std: "docker" "inspect" "a7afae9c44b1b59ba2e45852ecb0d79261d2d6f7c12de3a23bffc6461b037262", kill_on_drop: false }`
[INFO] running `Command { std: "docker" "rm" "-f" "a7afae9c44b1b59ba2e45852ecb0d79261d2d6f7c12de3a23bffc6461b037262", kill_on_drop: false }`
[INFO] [stdout] a7afae9c44b1b59ba2e45852ecb0d79261d2d6f7c12de3a23bffc6461b037262
