[INFO] fetching crate rotary-permutator 0.1.11...
[INFO] testing rotary-permutator-0.1.11 against 1.99.0-beta.8 for beta-1.100-2
[INFO] extracting crate rotary-permutator 0.1.11 into /workspace/builds/worker-6-tc1/source
[INFO] started tweaking crates.io crate rotary-permutator 0.1.11
[INFO] removed 0 missing examples
[INFO] finished tweaking crates.io crate rotary-permutator 0.1.11
[INFO] tweaked toml for crates.io crate rotary-permutator 0.1.11 written to /workspace/builds/worker-6-tc1/source/Cargo.toml
[INFO] validating manifest of crates.io crate rotary-permutator 0.1.11 on toolchain 1.99.0-beta.8
[INFO] running `Command { std: CARGO_HOME="/workspace/cargo-home" RUSTUP_HOME="/workspace/rustup-home" "/workspace/cargo-home/bin/cargo" "+1.99.0-beta.8" "metadata" "--manifest-path" "Cargo.toml" "--no-deps", kill_on_drop: false }`
[INFO] crate crates.io crate rotary-permutator 0.1.11 already has a lockfile, it will not be regenerated
[INFO] running `Command { std: CARGO_HOME="/workspace/cargo-home" RUSTUP_HOME="/workspace/rustup-home" "/workspace/cargo-home/bin/cargo" "+1.99.0-beta.8" "fetch" "--manifest-path" "Cargo.toml", kill_on_drop: false }`
[INFO] [stderr]     Updating crates.io index
[INFO] [stderr]  Downloading crates ...
[INFO] [stderr]   Downloaded rotary-permutator-derive v0.1.11
[INFO] [stderr]   Downloaded syn v2.0.100
[INFO] running `Command { std: "docker" "create" "-v" "/var/lib/crater-agent-workspace/builds/worker-6-tc1/source:/opt/rustwide/workdir:ro,Z" "-v" "/var/lib/crater-agent-workspace/builds/worker-6-tc1/target:/opt/rustwide/target:rw,Z" "-v" "/var/lib/crater-agent-workspace/cargo-home:/opt/rustwide/cargo-home:ro,Z" "-v" "/var/lib/crater-agent-workspace/rustup-home:/opt/rustwide/rustup-home:ro,Z" "-m" "1610612736" "--network" "none" "ghcr.io/rust-lang/crates-build-env/linux@sha256:3111399a4047eeb3a02b7a90e478d715f38a8c6669b5c4b49d30a17385265909" "sleep" "infinity", kill_on_drop: false }`
[INFO] [stdout] cc9b517f7d9c0f02d72f169e34e0293ffdf71be570c8bd5919289c7374a5b616
[INFO] running `Command { std: "docker" "start" "cc9b517f7d9c0f02d72f169e34e0293ffdf71be570c8bd5919289c7374a5b616", kill_on_drop: false }`
[INFO] running `Command { std: "docker" "inspect" "cc9b517f7d9c0f02d72f169e34e0293ffdf71be570c8bd5919289c7374a5b616", kill_on_drop: false }`
[INFO] running `Command { std: "docker" "exec" "-e" "SOURCE_DIR=/opt/rustwide/workdir" "-e" "CARGO_HOME=/opt/rustwide/cargo-home" "-e" "RUSTUP_HOME=/opt/rustwide/rustup-home" "-e" "CARGO_TARGET_DIR=/opt/rustwide/target" "-w" "/opt/rustwide/workdir" "--user" "0:0" "cc9b517f7d9c0f02d72f169e34e0293ffdf71be570c8bd5919289c7374a5b616" "/opt/rustwide/cargo-home/bin/cargo" "+1.99.0-beta.8" "metadata" "--no-deps" "--format-version=1", kill_on_drop: false }`
[INFO] running `Command { std: "docker" "inspect" "cc9b517f7d9c0f02d72f169e34e0293ffdf71be570c8bd5919289c7374a5b616", kill_on_drop: false }`
[INFO] running `Command { std: "docker" "exec" "-e" "SOURCE_DIR=/opt/rustwide/workdir" "-e" "CARGO_HOME=/opt/rustwide/cargo-home" "-e" "RUSTUP_HOME=/opt/rustwide/rustup-home" "-e" "CARGO_TARGET_DIR=/opt/rustwide/target" "-e" "CARGO_INCREMENTAL=0" "-e" "RUST_BACKTRACE=full" "-e" "RUSTFLAGS=--cap-lints=warn" "-e" "RUSTDOCFLAGS=--cap-lints=warn" "-w" "/opt/rustwide/workdir" "--user" "0:0" "cc9b517f7d9c0f02d72f169e34e0293ffdf71be570c8bd5919289c7374a5b616" "/opt/rustwide/cargo-home/bin/cargo" "+1.99.0-beta.8" "build" "--frozen" "--message-format=json", kill_on_drop: false }`
[INFO] [stderr]    Compiling proc-macro2 v1.0.94
[INFO] [stderr]    Compiling unicode-ident v1.0.18
[INFO] [stderr]    Compiling quote v1.0.40
[INFO] [stderr]    Compiling syn v2.0.100
[INFO] [stderr]    Compiling rotary-permutator-derive v0.1.11
[INFO] [stderr]    Compiling rotary-permutator v0.1.11 (/opt/rustwide/workdir)
[INFO] [stderr]     Finished `dev` profile [unoptimized + debuginfo] target(s) in 3.05s
[INFO] running `Command { std: "docker" "inspect" "cc9b517f7d9c0f02d72f169e34e0293ffdf71be570c8bd5919289c7374a5b616", kill_on_drop: false }`
[INFO] running `Command { std: "docker" "exec" "-e" "SOURCE_DIR=/opt/rustwide/workdir" "-e" "CARGO_HOME=/opt/rustwide/cargo-home" "-e" "RUSTUP_HOME=/opt/rustwide/rustup-home" "-e" "CARGO_TARGET_DIR=/opt/rustwide/target" "-e" "CARGO_INCREMENTAL=0" "-e" "RUST_BACKTRACE=full" "-e" "RUSTFLAGS=--cap-lints=warn" "-e" "RUSTDOCFLAGS=--cap-lints=warn" "-w" "/opt/rustwide/workdir" "--user" "0:0" "cc9b517f7d9c0f02d72f169e34e0293ffdf71be570c8bd5919289c7374a5b616" "/opt/rustwide/cargo-home/bin/cargo" "+1.99.0-beta.8" "test" "--frozen" "--no-run" "--message-format=json", kill_on_drop: false }`
[INFO] [stderr]    Compiling rotary-permutator v0.1.11 (/opt/rustwide/workdir)
[INFO] [stderr]     Finished `test` profile [unoptimized + debuginfo] target(s) in 0.18s
[INFO] running `Command { std: "docker" "inspect" "cc9b517f7d9c0f02d72f169e34e0293ffdf71be570c8bd5919289c7374a5b616", kill_on_drop: false }`
[INFO] running `Command { std: "docker" "exec" "-e" "SOURCE_DIR=/opt/rustwide/workdir" "-e" "CARGO_HOME=/opt/rustwide/cargo-home" "-e" "RUSTUP_HOME=/opt/rustwide/rustup-home" "-e" "CARGO_TARGET_DIR=/opt/rustwide/target" "-e" "CARGO_INCREMENTAL=0" "-e" "RUST_BACKTRACE=full" "-e" "RUSTFLAGS=--cap-lints=warn" "-e" "RUSTDOCFLAGS=--cap-lints=warn" "-w" "/opt/rustwide/workdir" "--user" "0:0" "cc9b517f7d9c0f02d72f169e34e0293ffdf71be570c8bd5919289c7374a5b616" "/opt/rustwide/cargo-home/bin/cargo" "+1.99.0-beta.8" "test" "--frozen", kill_on_drop: false }`
[INFO] [stderr]     Finished `test` profile [unoptimized + debuginfo] target(s) in 0.02s
[INFO] [stderr]      Running unittests src/lib.rs (/opt/rustwide/target/debug/deps/rotary_permutator-15fb65946615f277)
[INFO] [stdout] 
[INFO] [stdout] running 0 tests
[INFO] [stdout] 
[INFO] [stdout] test result: ok. 0 passed; 0 failed; 0 ignored; 0 measured; 0 filtered out; finished in 0.00s
[INFO] [stdout] 
[INFO] [stderr]    Doc-tests rotary_permutator
[INFO] [stdout] 
[INFO] [stdout] running 1 test
[INFO] [stdout] test src/char_rotor.rs - char_rotor::CharRotor::init (line 18) ... FAILED
[INFO] [stdout] 
[INFO] [stdout] failures:
[INFO] [stdout] 
[INFO] [stdout] ---- src/char_rotor.rs - char_rotor::CharRotor::init (line 18) stdout ----
[INFO] [stdout] error[E0433]: cannot find type `CharRotor` in this scope
[INFO] [stdout]   --> src/char_rotor.rs:19:22
[INFO] [stdout]    |
[INFO] [stdout] 19 | let mut char_rotor = CharRotor::init(vec!['a', 'b', 'c']);
[INFO] [stdout]    |                      ^^^^^^^^^ use of undeclared type `CharRotor`
[INFO] [stdout] 
[INFO] [stdout] error: aborting due to 1 previous error
[INFO] [stdout] 
[INFO] [stdout] For more information about this error, try `rustc --explain E0433`.
[INFO] [stdout] Couldn't compile the test.
[INFO] [stdout] 
[INFO] [stdout] failures:
[INFO] [stdout]     src/char_rotor.rs - char_rotor::CharRotor::init (line 18)
[INFO] [stdout] 
[INFO] [stdout] test result: FAILED. 0 passed; 1 failed; 0 ignored; 0 measured; 0 filtered out; finished in 0.06s
[INFO] [stdout] 
[INFO] [stdout] all doctests ran in 0.14s; merged doctests compilation took 0.08s
[INFO] [stderr] error: doctest failed, to rerun pass `--doc`
[INFO] running `Command { std: "docker" "inspect" "cc9b517f7d9c0f02d72f169e34e0293ffdf71be570c8bd5919289c7374a5b616", kill_on_drop: false }`
[INFO] running `Command { std: "docker" "rm" "-f" "cc9b517f7d9c0f02d72f169e34e0293ffdf71be570c8bd5919289c7374a5b616", kill_on_drop: false }`
[INFO] [stdout] cc9b517f7d9c0f02d72f169e34e0293ffdf71be570c8bd5919289c7374a5b616
