[INFO] fetching crate rorpc-parse 0.2.5...
[INFO] testing rorpc-parse-0.2.5 against 1.99.0-beta.8 for beta-1.100-2
[INFO] extracting crate rorpc-parse 0.2.5 into /workspace/builds/worker-3-tc1/source
[INFO] started tweaking crates.io crate rorpc-parse 0.2.5
[INFO] finished tweaking crates.io crate rorpc-parse 0.2.5
[INFO] tweaked toml for crates.io crate rorpc-parse 0.2.5 written to /workspace/builds/worker-3-tc1/source/Cargo.toml
[INFO] validating manifest of crates.io crate rorpc-parse 0.2.5 on toolchain 1.99.0-beta.8
[INFO] running `Command { std: CARGO_HOME="/workspace/cargo-home" RUSTUP_HOME="/workspace/rustup-home" "/workspace/cargo-home/bin/cargo" "+1.99.0-beta.8" "metadata" "--manifest-path" "Cargo.toml" "--no-deps", kill_on_drop: false }`
[INFO] crate crates.io crate rorpc-parse 0.2.5 already has a lockfile, it will not be regenerated
[INFO] running `Command { std: CARGO_HOME="/workspace/cargo-home" RUSTUP_HOME="/workspace/rustup-home" "/workspace/cargo-home/bin/cargo" "+1.99.0-beta.8" "fetch" "--manifest-path" "Cargo.toml", kill_on_drop: false }`
[INFO] [stderr]  Downloading crates ...
[INFO] [stderr]   Downloaded toml v1.1.5+spec-1.1.0
[INFO] running `Command { std: "docker" "create" "-v" "/var/lib/crater-agent-workspace/builds/worker-3-tc1/source:/opt/rustwide/workdir:ro,Z" "-v" "/var/lib/crater-agent-workspace/builds/worker-3-tc1/target:/opt/rustwide/target:rw,Z" "-v" "/var/lib/crater-agent-workspace/cargo-home:/opt/rustwide/cargo-home:ro,Z" "-v" "/var/lib/crater-agent-workspace/rustup-home:/opt/rustwide/rustup-home:ro,Z" "-m" "1610612736" "--network" "none" "ghcr.io/rust-lang/crates-build-env/linux@sha256:3111399a4047eeb3a02b7a90e478d715f38a8c6669b5c4b49d30a17385265909" "sleep" "infinity", kill_on_drop: false }`
[INFO] [stdout] 92c357635128d97539b1c4b9396d94bddda75d9ea048a20cc208b14895412b0d
[INFO] running `Command { std: "docker" "start" "92c357635128d97539b1c4b9396d94bddda75d9ea048a20cc208b14895412b0d", kill_on_drop: false }`
[INFO] running `Command { std: "docker" "inspect" "92c357635128d97539b1c4b9396d94bddda75d9ea048a20cc208b14895412b0d", kill_on_drop: false }`
[INFO] running `Command { std: "docker" "exec" "-e" "SOURCE_DIR=/opt/rustwide/workdir" "-e" "CARGO_HOME=/opt/rustwide/cargo-home" "-e" "RUSTUP_HOME=/opt/rustwide/rustup-home" "-e" "CARGO_TARGET_DIR=/opt/rustwide/target" "-w" "/opt/rustwide/workdir" "--user" "0:0" "92c357635128d97539b1c4b9396d94bddda75d9ea048a20cc208b14895412b0d" "/opt/rustwide/cargo-home/bin/cargo" "+1.99.0-beta.8" "metadata" "--no-deps" "--format-version=1", kill_on_drop: false }`
[INFO] running `Command { std: "docker" "inspect" "92c357635128d97539b1c4b9396d94bddda75d9ea048a20cc208b14895412b0d", kill_on_drop: false }`
[INFO] running `Command { std: "docker" "exec" "-e" "SOURCE_DIR=/opt/rustwide/workdir" "-e" "CARGO_HOME=/opt/rustwide/cargo-home" "-e" "RUSTUP_HOME=/opt/rustwide/rustup-home" "-e" "CARGO_TARGET_DIR=/opt/rustwide/target" "-e" "CARGO_INCREMENTAL=0" "-e" "RUST_BACKTRACE=full" "-e" "RUSTFLAGS=--cap-lints=warn" "-e" "RUSTDOCFLAGS=--cap-lints=warn" "-w" "/opt/rustwide/workdir" "--user" "0:0" "92c357635128d97539b1c4b9396d94bddda75d9ea048a20cc208b14895412b0d" "/opt/rustwide/cargo-home/bin/cargo" "+1.99.0-beta.8" "build" "--frozen" "--message-format=json", kill_on_drop: false }`
[INFO] [stderr]    Compiling serde_core v1.0.229
[INFO] [stderr]    Compiling proc-macro2 v1.0.107
[INFO] [stderr]    Compiling winnow v1.0.4
[INFO] [stderr]    Compiling toml_writer v1.1.2+spec-1.1.0
[INFO] [stderr]    Compiling inventory v0.3.24
[INFO] [stderr]    Compiling toml_parser v1.1.3+spec-1.1.0
[INFO] [stderr]    Compiling quote v1.0.47
[INFO] [stderr]    Compiling syn v3.0.5
[INFO] [stderr]    Compiling toml_datetime v1.1.1+spec-1.1.0
[INFO] [stderr]    Compiling serde_spanned v1.1.1
[INFO] [stderr]    Compiling toml v1.1.5+spec-1.1.0
[INFO] [stderr]    Compiling rorpc-parse v0.2.5 (/opt/rustwide/workdir)
[INFO] [stderr]     Finished `dev` profile [unoptimized + debuginfo] target(s) in 15.31s
[INFO] running `Command { std: "docker" "inspect" "92c357635128d97539b1c4b9396d94bddda75d9ea048a20cc208b14895412b0d", kill_on_drop: false }`
[INFO] running `Command { std: "docker" "exec" "-e" "SOURCE_DIR=/opt/rustwide/workdir" "-e" "CARGO_HOME=/opt/rustwide/cargo-home" "-e" "RUSTUP_HOME=/opt/rustwide/rustup-home" "-e" "CARGO_TARGET_DIR=/opt/rustwide/target" "-e" "CARGO_INCREMENTAL=0" "-e" "RUST_BACKTRACE=full" "-e" "RUSTFLAGS=--cap-lints=warn" "-e" "RUSTDOCFLAGS=--cap-lints=warn" "-w" "/opt/rustwide/workdir" "--user" "0:0" "92c357635128d97539b1c4b9396d94bddda75d9ea048a20cc208b14895412b0d" "/opt/rustwide/cargo-home/bin/cargo" "+1.99.0-beta.8" "test" "--frozen" "--no-run" "--message-format=json", kill_on_drop: false }`
[INFO] [stderr]    Compiling rorpc-parse v0.2.5 (/opt/rustwide/workdir)
[INFO] [stderr]     Finished `test` profile [unoptimized + debuginfo] target(s) in 2.24s
[INFO] running `Command { std: "docker" "inspect" "92c357635128d97539b1c4b9396d94bddda75d9ea048a20cc208b14895412b0d", kill_on_drop: false }`
[INFO] running `Command { std: "docker" "exec" "-e" "SOURCE_DIR=/opt/rustwide/workdir" "-e" "CARGO_HOME=/opt/rustwide/cargo-home" "-e" "RUSTUP_HOME=/opt/rustwide/rustup-home" "-e" "CARGO_TARGET_DIR=/opt/rustwide/target" "-e" "CARGO_INCREMENTAL=0" "-e" "RUST_BACKTRACE=full" "-e" "RUSTFLAGS=--cap-lints=warn" "-e" "RUSTDOCFLAGS=--cap-lints=warn" "-w" "/opt/rustwide/workdir" "--user" "0:0" "92c357635128d97539b1c4b9396d94bddda75d9ea048a20cc208b14895412b0d" "/opt/rustwide/cargo-home/bin/cargo" "+1.99.0-beta.8" "test" "--frozen", kill_on_drop: false }`
[INFO] [stderr]     Finished `test` profile [unoptimized + debuginfo] target(s) in 0.04s
[INFO] [stderr]      Running unittests src/lib.rs (/opt/rustwide/target/debug/deps/rorpc_parse-16f1c5692bc83770)
[INFO] [stdout] 
[INFO] [stdout] running 123 tests
[INFO] [stdout] test attributes::tests::rename_rules ... ok
[INFO] [stdout] test attributes::tests::serde_skip_serializing_if_option_is_none ... ok
[INFO] [stdout] test attributes::tests::serde_default ... ok
[INFO] [stdout] test attributes::tests::serde_rename_simple ... ok
[INFO] [stdout] test attributes::tests::serde_skip ... ok
[INFO] [stdout] test attributes::tests::serde_tag_and_content ... ok
[INFO] [stdout] test attributes::tests::unknown_rule_passthrough ... ok
[INFO] [stdout] test attributes::tests::serde_skip_serializing_if_custom_predicate ... ok
[INFO] [stdout] test attributes::tests::non_serde_attr_ignored ... ok
[INFO] [stdout] test attributes::tests::serde_rename_all ... ok
[INFO] [stdout] test attributes::tests::zod_number_constraints ... ok
[INFO] [stdout] test attributes::tests::serde_tag_only ... ok
[INFO] [stdout] test attributes::tests::serde_untagged ... ok
[INFO] [stdout] test attributes::tests::serde_unknown_key_ignored ... ok
[INFO] [stdout] test codegen::contract_attr::tests::normalize_deep_traversal_stops_at_root ... ok
[INFO] [stdout] test codegen::contract_attr::tests::normalize_simple_parent_traversal ... ok
[INFO] [stdout] test codegen::contract_attr::tests::normalize_sibling_dir ... ok
[INFO] [stdout] test attributes::tests::zod_string_constraints ... ok
[INFO] [stdout] test attributes::tests::zod_unknown_key_returns_error ... ok
[INFO] [stdout] test codegen::contract_attr::tests::expand_preserves_attributes ... ok
[INFO] [stdout] test codegen::contract_attr::tests::parse_concat_macro ... ok
[INFO] [stdout] test codegen::contract_attr::tests::expand_with_string_literal ... ok
[INFO] [stdout] test codegen::contract_attr::tests::normalize_already_clean_path_unchanged ... ok
[INFO] [stdout] test codegen::contract_attr::tests::normalize_curdirs_are_skipped ... ok
[INFO] [stdout] test codegen::contract_attr::tests::parse_constant ... ok
[INFO] [stdout] test codegen::contract_attr::tests::parse_empty_args ... ok
[INFO] [stdout] test codegen::error_derive::tests::expand_unit_enum ... ok
[INFO] [stdout] test codegen::error_derive::tests::screaming_snake_case ... ok
[INFO] [stdout] test codegen::error_derive::tests::zod_schema_custom_type ... ok
[INFO] [stdout] test codegen::contract_attr::tests::parse_env_macro ... ok
[INFO] [stdout] test codegen::error_derive::tests::zod_schema_option ... ok
[INFO] [stdout] test codegen::error_derive::tests::zod_schema_primitives ... ok
[INFO] [stdout] test codegen::contract_attr::tests::parse_string_literal ... ok
[INFO] [stdout] test codegen::error_derive::tests::expand_rejects_struct ... ok
[INFO] [stdout] test codegen::error_derive::tests::zod_schema_hashmap ... ok
[INFO] [stdout] test codegen::error_derive::tests::zod_schema_hashmap_with_int_value ... ok
[INFO] [stdout] test codegen::error_derive::tests::zod_schema_value ... ok
[INFO] [stdout] test codegen::error_derive::tests::zod_schema_qualified_option ... ok
[INFO] [stdout] test codegen::error_derive::tests::zod_schema_vec ... ok
[INFO] [stdout] test codegen::namespace::tests::reject_missing_leading_slash ... ok
[INFO] [stdout] test codegen::namespace::tests::reject_trailing_slash ... ok
[INFO] [stdout] test codegen::orpc::parse_shorthand_with_data_string ... ok
[INFO] [stdout] test codegen::orpc::parse_shorthand_with_data_type_path ... ok
[INFO] [stdout] test codegen::orpc::parse_shorthand_with_qualified_data ... ok
[INFO] [stdout] test codegen::orpc::shorthand_method_normalized_to_uppercase ... ok
[INFO] [stdout] test codegen::namespace::tests::parse_valid_prefix ... ok
[INFO] [stdout] test codegen::namespace::tests::parse_root_prefix ... ok
[INFO] [stdout] test codegen::orpc::shorthand_with_data_converts_to_orpc_args ... ok
[INFO] [stdout] test codegen::orpc::shorthand_converts_to_orpc_args ... ok
[INFO] [stdout] test codegen::orpc::tests::data_type_converts_to_string_literal ... ok
[INFO] [stdout] test codegen::namespace::tests::reject_path_traversal ... ok
[INFO] [stdout] test codegen::orpc::parse_shorthand_path_only ... ok
[INFO] [stdout] test codegen::orpc::tests::parse_data_type_path_backward_compat ... ok
[INFO] [stdout] test codegen::router::tests::expand_simple ... ok
[INFO] [stdout] test codegen::router::tests::parse_array_pattern ... ok
[INFO] [stdout] test codegen::router::tests::expand_brace_group ... ok
[INFO] [stdout] test codegen::router::tests::expand_brace_with_whitespace ... ok
[INFO] [stdout] test codegen::router::tests::parse_duplicate_pattern_errors ... ok
[INFO] [stdout] test codegen::orpc::tests::parse_data_qualified_path_string ... ok
[INFO] [stdout] test codegen::router::tests::parse_no_args ... ok
[INFO] [stdout] test codegen::orpc::tests::parse_data_type_string ... ok
[INFO] [stdout] test codegen::router::tests::parse_pattern_only ... ok
[INFO] [stdout] test codegen::zod_ts::runtime_conversion_tests::base_type_strips_module_path ... ok
[INFO] [stdout] test codegen::zod_ts::runtime_conversion_tests::hashmap_with_custom_key ... ok
[INFO] [stdout] test codegen::router::tests::expand_wildcard ... ok
[INFO] [stdout] test codegen::zod_ts::runtime_conversion_tests::hashmap_with_custom_value ... ok
[INFO] [stdout] test codegen::zod_ts::runtime_conversion_tests::json_hashmap ... ok
[INFO] [stdout] test codegen::zod_ts::runtime_conversion_tests::json_planet ... ok
[INFO] [stdout] test codegen::zod_ts::runtime_conversion_tests::result_json_planet ... ok
[INFO] [stdout] test codegen::zod_ts::runtime_conversion_tests::schema_name_simple ... ok
[INFO] [stdout] test codegen::zod_ts::runtime_conversion_tests::schema_name_vec ... ok
[INFO] [stdout] test codegen::zod_ts::runtime_conversion_tests::hashmap_fully_primitive_returns_none ... ok
[INFO] [stdout] test codegen::zod_ts::runtime_conversion_tests::json_string ... ok
[INFO] [stdout] test codegen::zod_ts::runtime_conversion_tests::json_vec_planet ... ok
[INFO] [stdout] test codegen::zod_ts::runtime_conversion_tests::hashmap_string_string ... ok
[INFO] [stdout] test codegen::zod_ts::runtime_conversion_tests::base_type_unwraps_wrappers ... ok
[INFO] [stdout] test codegen::zod_ts::runtime_conversion_tests::unit_type ... ok
[INFO] [stdout] test codegen::zod_ts::runtime_conversion_tests::vec_of_custom_type ... ok
[INFO] [stdout] test errors::tests::conflicting_attrs_message ... ok
[INFO] [stdout] test codegen::orpc::tests::parse_without_data ... ok
[INFO] [stdout] test errors::tests::empty_generic_args_message ... ok
[INFO] [stdout] test errors::tests::invalid_handler_sig_message ... ok
[INFO] [stdout] test codegen::zod_ts::runtime_conversion_tests::vec_of_primitive_returns_none ... ok
[INFO] [stdout] test errors::tests::missing_required_attr_message ... ok
[INFO] [stdout] test errors::tests::missing_return_type_message ... ok
[INFO] [stdout] test errors::tests::syn_error_forwarded ... ok
[INFO] [stdout] test errors::tests::missing_wrapper_message ... ok
[INFO] [stdout] test errors::tests::to_compile_error_is_nonempty ... ok
[INFO] [stdout] test functions::tests::bare_type_return_error ... ok
[INFO] [stdout] test errors::tests::unknown_key_message ... ok
[INFO] [stdout] test functions::tests::both_state_and_json_params ... ok
[INFO] [stdout] test functions::tests::json_param_extracted ... ok
[INFO] [stdout] test functions::tests::json_return_only ... ok
[INFO] [stdout] test functions::tests::multiple_path_params_extracted ... ok
[INFO] [stdout] test functions::tests::path_param_extracted ... ok
[INFO] [stdout] test functions::tests::path_and_query_params_both_extracted ... ok
[INFO] [stdout] test functions::tests::no_return_type_error ... ok
[INFO] [stdout] test functions::tests::no_path_params_gives_empty_vec ... ok
[INFO] [stdout] test functions::tests::qualified_json_return ... ok
[INFO] [stdout] test functions::tests::qualified_result_return ... ok
[INFO] [stdout] test functions::tests::result_json_return ... ok
[INFO] [stdout] test functions::tests::result_without_json_inner_error ... ok
[INFO] [stdout] test functions::tests::qualified_statuscode_works ... ok
[INFO] [stdout] test functions::tests::state_param_extracted ... ok
[INFO] [stdout] test functions::tests::qualified_sse_return_is_streaming ... ok
[INFO] [stdout] test functions::tests::sse_return_is_streaming ... ok
[INFO] [stdout] test functions::tests::sync_function_allowed ... ok
[INFO] [stdout] test types::tests::custom_type_at_root_returned_as_is ... ok
[INFO] [stdout] test types::tests::custom_type_not_primitive ... ok
[INFO] [stdout] test types::tests::bare_json ... ok
[INFO] [stdout] test types::tests::extract_wrong_wrapper_gives_error ... ok
[INFO] [stdout] test functions::tests::statuscode_return_maps_to_unit ... ok
[INFO] [stdout] test types::tests::nth_type_indexing ... ok
[INFO] [stdout] test types::tests::primitives_identified ... ok
[INFO] [stdout] test types::tests::qualified_result ... ok
[INFO] [stdout] test types::tests::primitive_innermost_returns_none ... ok
[INFO] [stdout] test types::tests::qualified_json ... ok
[INFO] [stdout] test types::tests::second_type_on_result ... ok
[INFO] [stdout] test types::tests::unit_type_is_primitive ... ok
[INFO] [stdout] test types::tests::unwraps_result_json_vec ... ok
[INFO] [stdout] test types::tests::wrapper_without_args_returns_none ... ok
[INFO] [stdout] test types::tests::wrong_wrapper_returns_none ... ok
[INFO] [stdout] test codegen::zod_ts::runtime_conversion_tests::serde_json_value ... FAILED
[INFO] [stdout] 
[INFO] [stdout] failures:
[INFO] [stdout] 
[INFO] [stdout] ---- codegen::zod_ts::runtime_conversion_tests::serde_json_value stdout ----
[INFO] [stdout] 
[INFO] [stdout] thread 'codegen::zod_ts::runtime_conversion_tests::serde_json_value' (367) panicked at src/codegen/zod_ts.rs:828:9:
[INFO] [stdout] assertion `left == right` failed
[INFO] [stdout]   left: "ValueSchema"
[INFO] [stdout]  right: "z.record(z.string(), z.unknown())"
[INFO] [stdout] stack backtrace:
[INFO] [stdout]    0:     0x5acc45da0d41 - std[70759c8f55707aa4]::backtrace_rs::backtrace::libunwind::trace
[INFO] [stdout]                                at /rustc/dfb0accb7f508ae8be965d8629557221c889dd98/library/std/src/../../backtrace/src/backtrace/libunwind.rs:117:9
[INFO] [stdout]    1:     0x5acc45da0d41 - std[70759c8f55707aa4]::backtrace_rs::backtrace::trace_unsynchronized::<std[70759c8f55707aa4]::sys::backtrace::_print_fmt::{closure#1}>
[INFO] [stdout]                                at /rustc/dfb0accb7f508ae8be965d8629557221c889dd98/library/std/src/../../backtrace/src/backtrace/mod.rs:66:14
[INFO] [stdout]    2:     0x5acc45da0d41 - std[70759c8f55707aa4]::sys::backtrace::_print_fmt
[INFO] [stdout]                                at /rustc/dfb0accb7f508ae8be965d8629557221c889dd98/library/std/src/sys/backtrace.rs:74:9
[INFO] [stdout]    3:     0x5acc45da0d41 - <<std[70759c8f55707aa4]::sys::backtrace::BacktraceLock>::print::DisplayBacktrace as core[df12db4294e9bfd3]::fmt::Display>::fmt
[INFO] [stdout]                                at /rustc/dfb0accb7f508ae8be965d8629557221c889dd98/library/std/src/sys/backtrace.rs:44:26
[INFO] [stdout]    4:     0x5acc45db6fda - <core[df12db4294e9bfd3]::fmt::rt::Argument>::fmt
[INFO] [stdout]                                at /rustc/dfb0accb7f508ae8be965d8629557221c889dd98/library/core/src/fmt/rt.rs:152:76
[INFO] [stdout]    5:     0x5acc45db6fda - core[df12db4294e9bfd3]::fmt::write
[INFO] [stdout]    6:     0x5acc45da522c - core[df12db4294e9bfd3]::io::write::default_write_fmt::<alloc[2182bb758b4b3781]::vec::Vec<u8>>
[INFO] [stdout]                                at /rustc/dfb0accb7f508ae8be965d8629557221c889dd98/library/core/src/io/write.rs:402:11
[INFO] [stdout]    7:     0x5acc45da522c - <alloc[2182bb758b4b3781]::vec::Vec<u8> as core[df12db4294e9bfd3]::io::write::Write>::write_fmt
[INFO] [stdout]                                at /rustc/dfb0accb7f508ae8be965d8629557221c889dd98/library/core/src/io/write.rs:335:13
[INFO] [stdout]    8:     0x5acc45d7cc36 - <std[70759c8f55707aa4]::sys::backtrace::BacktraceLock>::print
[INFO] [stdout]                                at /rustc/dfb0accb7f508ae8be965d8629557221c889dd98/library/std/src/sys/backtrace.rs:47:9
[INFO] [stdout]    9:     0x5acc45d7cc36 - std[70759c8f55707aa4]::panicking::default_hook::{closure#0}
[INFO] [stdout]                                at /rustc/dfb0accb7f508ae8be965d8629557221c889dd98/library/std/src/panicking.rs:292:27
[INFO] [stdout]   10:     0x5acc45d98f79 - std[70759c8f55707aa4]::panicking::default_hook
[INFO] [stdout]                                at /rustc/dfb0accb7f508ae8be965d8629557221c889dd98/library/std/src/panicking.rs:316:9
[INFO] [stdout]   11:     0x5acc45bcb490 - <alloc[2182bb758b4b3781]::boxed::Box<dyn for<'a, 'b> core[df12db4294e9bfd3]::ops::function::Fn<(&'a std[70759c8f55707aa4]::panic::PanicHookInfo<'b>,), Output = ()> + core[df12db4294e9bfd3]::marker::Send + core[df12db4294e9bfd3]::marker::Sync> as core[df12db4294e9bfd3]::ops::function::Fn<(&std[70759c8f55707aa4]::panic::PanicHookInfo,)>>::call
[INFO] [stdout]                                at /rustc/dfb0accb7f508ae8be965d8629557221c889dd98/library/alloc/src/boxed.rs:2334:9
[INFO] [stdout]   12:     0x5acc45bcb490 - test[9d35eded1c95d3be]::test_main_inner::<test[9d35eded1c95d3be]::test_main_static::{closure#0}>::{closure#0}
[INFO] [stdout]                                at /rustc/dfb0accb7f508ae8be965d8629557221c889dd98/library/test/src/lib.rs:155:21
[INFO] [stdout]   13:     0x5acc45d992a2 - <alloc[2182bb758b4b3781]::boxed::Box<dyn for<'a, 'b> core[df12db4294e9bfd3]::ops::function::Fn<(&'a std[70759c8f55707aa4]::panic::PanicHookInfo<'b>,), Output = ()> + core[df12db4294e9bfd3]::marker::Send + core[df12db4294e9bfd3]::marker::Sync> as core[df12db4294e9bfd3]::ops::function::Fn<(&std[70759c8f55707aa4]::panic::PanicHookInfo,)>>::call
[INFO] [stdout]                                at /rustc/dfb0accb7f508ae8be965d8629557221c889dd98/library/alloc/src/boxed.rs:2334:9
[INFO] [stdout]   14:     0x5acc45d992a2 - std[70759c8f55707aa4]::panicking::panic_with_hook
[INFO] [stdout]                                at /rustc/dfb0accb7f508ae8be965d8629557221c889dd98/library/std/src/panicking.rs:823:13
[INFO] [stdout]   15:     0x5acc45d7cce2 - std[70759c8f55707aa4]::panicking::panic_handler::{closure#0}
[INFO] [stdout]                                at /rustc/dfb0accb7f508ae8be965d8629557221c889dd98/library/std/src/panicking.rs:688:13
[INFO] [stdout]   16:     0x5acc45d758d9 - std[70759c8f55707aa4]::sys::backtrace::__rust_end_short_backtrace::<std[70759c8f55707aa4]::panicking::panic_handler::{closure#0}, !>
[INFO] [stdout]                                at /rustc/dfb0accb7f508ae8be965d8629557221c889dd98/library/std/src/sys/backtrace.rs:182:18
[INFO] [stdout]   17:     0x5acc45d7d8dd - __rustc[8fa7c3cbc660c2b3]::rust_begin_unwind
[INFO] [stdout]                                at /rustc/dfb0accb7f508ae8be965d8629557221c889dd98/library/std/src/panicking.rs:679:5
[INFO] [stdout]   18:     0x5acc45db787c - core[df12db4294e9bfd3]::panicking::panic_fmt
[INFO] [stdout]                                at /rustc/dfb0accb7f508ae8be965d8629557221c889dd98/library/core/src/panicking.rs:80:14
[INFO] [stdout]   19:     0x5acc45db7713 - core[df12db4294e9bfd3]::panicking::assert_failed_inner
[INFO] [stdout]                                at /rustc/dfb0accb7f508ae8be965d8629557221c889dd98/library/core/src/panicking.rs:452:17
[INFO] [stdout]   20:     0x5acc45b0a580 - core[df12db4294e9bfd3]::panicking::assert_failed::<alloc[2182bb758b4b3781]::string::String, &str>
[INFO] [stdout]                                at /rustc/dfb0accb7f508ae8be965d8629557221c889dd98/library/core/src/panicking.rs:407:5
[INFO] [stdout]   21:     0x5acc45b4879b - rorpc_parse[ced0cf38ad3a9f92]::codegen::zod_ts::runtime_conversion_tests::serde_json_value
[INFO] [stdout]                                at /opt/rustwide/workdir/src/codegen/zod_ts.rs:828:9
[INFO] [stdout]   22:     0x5acc45b46117 - rorpc_parse[ced0cf38ad3a9f92]::codegen::zod_ts::runtime_conversion_tests::serde_json_value::{closure#0}
[INFO] [stdout]                                at /opt/rustwide/workdir/src/codegen/zod_ts.rs:827:26
[INFO] [stdout]   23:     0x5acc45b1e156 - <rorpc_parse[ced0cf38ad3a9f92]::codegen::zod_ts::runtime_conversion_tests::serde_json_value::{closure#0} as core[df12db4294e9bfd3]::ops::function::FnOnce<()>>::call_once
[INFO] [stdout]                                at /rustc/dfb0accb7f508ae8be965d8629557221c889dd98/library/core/src/ops/function.rs:250:5
[INFO] [stdout]   24:     0x5acc45bbe77b - <fn() -> core[df12db4294e9bfd3]::result::Result<(), alloc[2182bb758b4b3781]::string::String> as core[df12db4294e9bfd3]::ops::function::FnOnce<()>>::call_once
[INFO] [stdout]                                at /rustc/dfb0accb7f508ae8be965d8629557221c889dd98/library/core/src/ops/function.rs:250:5
[INFO] [stdout]   25:     0x5acc45bbe77b - test[9d35eded1c95d3be]::__rust_begin_short_backtrace::<core[df12db4294e9bfd3]::result::Result<(), alloc[2182bb758b4b3781]::string::String>, fn() -> core[df12db4294e9bfd3]::result::Result<(), alloc[2182bb758b4b3781]::string::String>>
[INFO] [stdout]                                at /rustc/dfb0accb7f508ae8be965d8629557221c889dd98/library/test/src/lib.rs:733:18
[INFO] [stdout]   26:     0x5acc45bcbde5 - test[9d35eded1c95d3be]::run_test_in_process::{closure#0}
[INFO] [stdout]                                at /rustc/dfb0accb7f508ae8be965d8629557221c889dd98/library/test/src/lib.rs:756:74
[INFO] [stdout]   27:     0x5acc45bcbde5 - <core[df12db4294e9bfd3]::panic::unwind_safe::AssertUnwindSafe<test[9d35eded1c95d3be]::run_test_in_process::{closure#0}> as core[df12db4294e9bfd3]::ops::function::FnOnce<()>>::call_once
[INFO] [stdout]                                at /rustc/dfb0accb7f508ae8be965d8629557221c889dd98/library/core/src/panic/unwind_safe.rs:275:9
[INFO] [stdout]   28:     0x5acc45bcbde5 - std[70759c8f55707aa4]::panicking::catch_unwind::do_call::<core[df12db4294e9bfd3]::panic::unwind_safe::AssertUnwindSafe<test[9d35eded1c95d3be]::run_test_in_process::{closure#0}>, core[df12db4294e9bfd3]::result::Result<(), alloc[2182bb758b4b3781]::string::String>>
[INFO] [stdout]                                at /rustc/dfb0accb7f508ae8be965d8629557221c889dd98/library/std/src/panicking.rs:576:43
[INFO] [stdout]   29:     0x5acc45bcbde5 - std[70759c8f55707aa4]::panicking::catch_unwind::<core[df12db4294e9bfd3]::result::Result<(), alloc[2182bb758b4b3781]::string::String>, core[df12db4294e9bfd3]::panic::unwind_safe::AssertUnwindSafe<test[9d35eded1c95d3be]::run_test_in_process::{closure#0}>>
[INFO] [stdout]                                at /rustc/dfb0accb7f508ae8be965d8629557221c889dd98/library/std/src/panicking.rs:544:19
[INFO] [stdout]   30:     0x5acc45bcbde5 - std[70759c8f55707aa4]::panic::catch_unwind::<core[df12db4294e9bfd3]::panic::unwind_safe::AssertUnwindSafe<test[9d35eded1c95d3be]::run_test_in_process::{closure#0}>, core[df12db4294e9bfd3]::result::Result<(), alloc[2182bb758b4b3781]::string::String>>
[INFO] [stdout]                                at /rustc/dfb0accb7f508ae8be965d8629557221c889dd98/library/std/src/panic.rs:359:14
[INFO] [stdout]   31:     0x5acc45bcbde5 - test[9d35eded1c95d3be]::run_test_in_process
[INFO] [stdout]                                at /rustc/dfb0accb7f508ae8be965d8629557221c889dd98/library/test/src/lib.rs:756:27
[INFO] [stdout]   32:     0x5acc45bcbde5 - test[9d35eded1c95d3be]::run_test::{closure#0}
[INFO] [stdout]                                at /rustc/dfb0accb7f508ae8be965d8629557221c889dd98/library/test/src/lib.rs:677:43
[INFO] [stdout]   33:     0x5acc45bc56a4 - test[9d35eded1c95d3be]::run_test::{closure#1}
[INFO] [stdout]                                at /rustc/dfb0accb7f508ae8be965d8629557221c889dd98/library/test/src/lib.rs:707:41
[INFO] [stdout]   34:     0x5acc45bc56a4 - std[70759c8f55707aa4]::sys::backtrace::__rust_begin_short_backtrace::<test[9d35eded1c95d3be]::run_test::{closure#1}, ()>
[INFO] [stdout]                                at /rustc/dfb0accb7f508ae8be965d8629557221c889dd98/library/std/src/sys/backtrace.rs:166:18
[INFO] [stdout]   35:     0x5acc45bcef42 - std[70759c8f55707aa4]::thread::lifecycle::spawn_unchecked::<test[9d35eded1c95d3be]::run_test::{closure#1}, ()>::{closure#1}::{closure#0}
[INFO] [stdout]                                at /rustc/dfb0accb7f508ae8be965d8629557221c889dd98/library/std/src/thread/lifecycle.rs:70:13
[INFO] [stdout]   36:     0x5acc45bcef42 - <core[df12db4294e9bfd3]::panic::unwind_safe::AssertUnwindSafe<std[70759c8f55707aa4]::thread::lifecycle::spawn_unchecked<test[9d35eded1c95d3be]::run_test::{closure#1}, ()>::{closure#1}::{closure#0}> as core[df12db4294e9bfd3]::ops::function::FnOnce<()>>::call_once
[INFO] [stdout]                                at /rustc/dfb0accb7f508ae8be965d8629557221c889dd98/library/core/src/panic/unwind_safe.rs:275:9
[INFO] [stdout]   37:     0x5acc45bcef42 - std[70759c8f55707aa4]::panicking::catch_unwind::do_call::<core[df12db4294e9bfd3]::panic::unwind_safe::AssertUnwindSafe<std[70759c8f55707aa4]::thread::lifecycle::spawn_unchecked<test[9d35eded1c95d3be]::run_test::{closure#1}, ()>::{closure#1}::{closure#0}>, ()>
[INFO] [stdout]                                at /rustc/dfb0accb7f508ae8be965d8629557221c889dd98/library/std/src/panicking.rs:576:43
[INFO] [stdout]   38:     0x5acc45bcef42 - std[70759c8f55707aa4]::panicking::catch_unwind::<(), core[df12db4294e9bfd3]::panic::unwind_safe::AssertUnwindSafe<std[70759c8f55707aa4]::thread::lifecycle::spawn_unchecked<test[9d35eded1c95d3be]::run_test::{closure#1}, ()>::{closure#1}::{closure#0}>>
[INFO] [stdout]                                at /rustc/dfb0accb7f508ae8be965d8629557221c889dd98/library/std/src/panicking.rs:544:19
[INFO] [stdout]   39:     0x5acc45bcef42 - std[70759c8f55707aa4]::panic::catch_unwind::<core[df12db4294e9bfd3]::panic::unwind_safe::AssertUnwindSafe<std[70759c8f55707aa4]::thread::lifecycle::spawn_unchecked<test[9d35eded1c95d3be]::run_test::{closure#1}, ()>::{closure#1}::{closure#0}>, ()>
[INFO] [stdout]                                at /rustc/dfb0accb7f508ae8be965d8629557221c889dd98/library/std/src/panic.rs:359:14
[INFO] [stdout]   40:     0x5acc45bcef42 - std[70759c8f55707aa4]::thread::lifecycle::spawn_unchecked::<test[9d35eded1c95d3be]::run_test::{closure#1}, ()>::{closure#1}
[INFO] [stdout]                                at /rustc/dfb0accb7f508ae8be965d8629557221c889dd98/library/std/src/thread/lifecycle.rs:68:26
[INFO] [stdout]   41:     0x5acc45bcef42 - <std[70759c8f55707aa4]::thread::lifecycle::spawn_unchecked<test[9d35eded1c95d3be]::run_test::{closure#1}, ()>::{closure#1} as core[df12db4294e9bfd3]::ops::function::FnOnce<()>>::call_once::{shim:vtable#0}
[INFO] [stdout]                                at /rustc/dfb0accb7f508ae8be965d8629557221c889dd98/library/core/src/ops/function.rs:250:5
[INFO] [stdout]   42:     0x5acc45da0299 - <alloc[2182bb758b4b3781]::boxed::Box<dyn core[df12db4294e9bfd3]::ops::function::FnOnce<(), Output = ()> + core[df12db4294e9bfd3]::marker::Send> as core[df12db4294e9bfd3]::ops::function::FnOnce<()>>::call_once
[INFO] [stdout]                                at /rustc/dfb0accb7f508ae8be965d8629557221c889dd98/library/alloc/src/boxed.rs:2320:9
[INFO] [stdout]   43:     0x5acc45da0299 - <std[70759c8f55707aa4]::sys::thread::unix::Thread>::new::thread_start
[INFO] [stdout]                                at /rustc/dfb0accb7f508ae8be965d8629557221c889dd98/library/std/src/sys/thread/unix.rs:123:17
[INFO] [stdout]   44:     0x759ab4d56dfa - <unknown>
[INFO] [stdout]   45:     0x759ab4dea3d4 - clone
[INFO] [stdout]   46:                0x0 - <unknown>
[INFO] [stdout] 
[INFO] [stdout] 
[INFO] [stdout] failures:
[INFO] [stdout]     codegen::zod_ts::runtime_conversion_tests::serde_json_value
[INFO] [stdout] 
[INFO] [stdout] test result: FAILED. 122 passed; 1 failed; 0 ignored; 0 measured; 0 filtered out; finished in 0.07s
[INFO] [stdout] 
[INFO] [stderr] error: test failed, to rerun pass `--lib`
[INFO] running `Command { std: "docker" "inspect" "92c357635128d97539b1c4b9396d94bddda75d9ea048a20cc208b14895412b0d", kill_on_drop: false }`
[INFO] running `Command { std: "docker" "rm" "-f" "92c357635128d97539b1c4b9396d94bddda75d9ea048a20cc208b14895412b0d", kill_on_drop: false }`
[INFO] [stdout] 92c357635128d97539b1c4b9396d94bddda75d9ea048a20cc208b14895412b0d
