[INFO] fetching crate romio 0.3.0-alpha.10...
[INFO] testing romio-0.3.0-alpha.10 against 1.100.0-beta.1 for beta-1.100-2
[INFO] extracting crate romio 0.3.0-alpha.10 into /workspace/builds/worker-2-tc2/source
[INFO] started tweaking crates.io crate romio 0.3.0-alpha.10
[INFO] finished tweaking crates.io crate romio 0.3.0-alpha.10
[INFO] tweaked toml for crates.io crate romio 0.3.0-alpha.10 written to /workspace/builds/worker-2-tc2/source/Cargo.toml
[INFO] validating manifest of crates.io crate romio 0.3.0-alpha.10 on toolchain 1.100.0-beta.1
[INFO] running `Command { std: CARGO_HOME="/workspace/cargo-home" RUSTUP_HOME="/workspace/rustup-home" "/workspace/cargo-home/bin/cargo" "+1.100.0-beta.1" "metadata" "--manifest-path" "Cargo.toml" "--no-deps", kill_on_drop: false }`
[INFO] crate crates.io crate romio 0.3.0-alpha.10 already has a lockfile, it will not be regenerated
[INFO] running `Command { std: CARGO_HOME="/workspace/cargo-home" RUSTUP_HOME="/workspace/rustup-home" "/workspace/cargo-home/bin/cargo" "+1.100.0-beta.1" "fetch" "--manifest-path" "Cargo.toml", kill_on_drop: false }`
[INFO] running `Command { std: "docker" "create" "-v" "/var/lib/crater-agent-workspace/builds/worker-2-tc2/source:/opt/rustwide/workdir:ro,Z" "-v" "/var/lib/crater-agent-workspace/builds/worker-2-tc2/target:/opt/rustwide/target:rw,Z" "-v" "/var/lib/crater-agent-workspace/cargo-home:/opt/rustwide/cargo-home:ro,Z" "-v" "/var/lib/crater-agent-workspace/rustup-home:/opt/rustwide/rustup-home:ro,Z" "-m" "1610612736" "--network" "none" "ghcr.io/rust-lang/crates-build-env/linux@sha256:3111399a4047eeb3a02b7a90e478d715f38a8c6669b5c4b49d30a17385265909" "sleep" "infinity", kill_on_drop: false }`
[INFO] [stdout] f5e3a55ac777076fa468dd0f4819e4f2b0186a281a32ec6c0a5e017b7413eb8c
[INFO] running `Command { std: "docker" "start" "f5e3a55ac777076fa468dd0f4819e4f2b0186a281a32ec6c0a5e017b7413eb8c", kill_on_drop: false }`
[INFO] running `Command { std: "docker" "inspect" "f5e3a55ac777076fa468dd0f4819e4f2b0186a281a32ec6c0a5e017b7413eb8c", kill_on_drop: false }`
[INFO] running `Command { std: "docker" "exec" "-e" "SOURCE_DIR=/opt/rustwide/workdir" "-e" "CARGO_HOME=/opt/rustwide/cargo-home" "-e" "RUSTUP_HOME=/opt/rustwide/rustup-home" "-e" "CARGO_TARGET_DIR=/opt/rustwide/target" "-w" "/opt/rustwide/workdir" "--user" "0:0" "f5e3a55ac777076fa468dd0f4819e4f2b0186a281a32ec6c0a5e017b7413eb8c" "/opt/rustwide/cargo-home/bin/cargo" "+1.100.0-beta.1" "metadata" "--no-deps" "--format-version=1", kill_on_drop: false }`
[INFO] running `Command { std: "docker" "inspect" "f5e3a55ac777076fa468dd0f4819e4f2b0186a281a32ec6c0a5e017b7413eb8c", kill_on_drop: false }`
[INFO] running `Command { std: "docker" "exec" "-e" "SOURCE_DIR=/opt/rustwide/workdir" "-e" "CARGO_HOME=/opt/rustwide/cargo-home" "-e" "RUSTUP_HOME=/opt/rustwide/rustup-home" "-e" "CARGO_TARGET_DIR=/opt/rustwide/target" "-e" "CARGO_INCREMENTAL=0" "-e" "RUST_BACKTRACE=full" "-e" "RUSTFLAGS=--cap-lints=warn" "-e" "RUSTDOCFLAGS=--cap-lints=warn" "-w" "/opt/rustwide/workdir" "--user" "0:0" "f5e3a55ac777076fa468dd0f4819e4f2b0186a281a32ec6c0a5e017b7413eb8c" "/opt/rustwide/cargo-home/bin/cargo" "+1.100.0-beta.1" "build" "--frozen" "--message-format=json", kill_on_drop: false }`
[INFO] [stderr]    Compiling libc v0.2.62
[INFO] [stderr]    Compiling semver-parser v0.7.0
[INFO] [stderr]    Compiling cfg-if v0.1.6
[INFO] [stderr]    Compiling memchr v2.2.0
[INFO] [stderr]    Compiling slab v0.4.2
[INFO] [stderr]    Compiling futures-core-preview v0.3.0-alpha.18
[INFO] [stderr]    Compiling futures-io-preview v0.3.0-alpha.18
[INFO] [stderr]    Compiling pin-utils v0.1.0-alpha.4
[INFO] [stderr]    Compiling lazycell v1.2.1
[INFO] [stderr]    Compiling log v0.4.6
[INFO] [stderr]    Compiling scopeguard v1.0.0
[INFO] [stderr]    Compiling futures-sink-preview v0.3.0-alpha.18
[INFO] [stderr]    Compiling smallvec v0.6.9
[INFO] [stderr]    Compiling semver v0.9.0
[INFO] [stderr]    Compiling futures-channel-preview v0.3.0-alpha.18
[INFO] [stderr]    Compiling lock_api v0.3.1
[INFO] [stderr]    Compiling lazy_static v1.2.0
[INFO] [stderr]    Compiling crossbeam-utils v0.6.5
[INFO] [stderr]    Compiling async-datagram v3.0.0
[INFO] [stderr]    Compiling async-ready v3.0.0
[INFO] [stderr]    Compiling futures-util-preview v0.3.0-alpha.18
[INFO] [stderr]    Compiling rustc_version v0.2.3
[INFO] [stderr]    Compiling iovec v0.1.2
[INFO] [stderr]    Compiling net2 v0.2.33
[INFO] [stderr]    Compiling num_cpus v1.10.0
[INFO] [stderr]    Compiling parking_lot_core v0.6.2
[INFO] [stderr]    Compiling parking_lot v0.9.0
[INFO] [stderr]    Compiling mio v0.6.16
[INFO] [stderr]    Compiling mio-uds v0.6.7
[INFO] [stderr]    Compiling futures-executor-preview v0.3.0-alpha.18
[INFO] [stderr]    Compiling futures-preview v0.3.0-alpha.18
[INFO] [stderr]    Compiling romio v0.3.0-alpha.10 (/opt/rustwide/workdir)
[INFO] [stdout] warning: unused import: `crate::raw::PollEvented`
[INFO] [stdout]  --> src/reactor/mod.rs:8:9
[INFO] [stdout]   |
[INFO] [stdout] 8 | pub use crate::raw::PollEvented;
[INFO] [stdout]   |         ^^^^^^^^^^^^^^^^^^^^^^^
[INFO] [stdout]   |
[INFO] [stdout]   = note: `#[warn(unused_imports)]` (part of `#[warn(unused)]`) on by default
[INFO] [stdout] 
[INFO] [stdout] 
[INFO] [stdout] warning: use of deprecated module `std::usize`: all constants in this module replaced by associated constants on the type
[INFO] [stdout]   --> src/reactor/mod.rs:21:16
[INFO] [stdout]    |
[INFO] [stdout] 21 | use std::{fmt, usize};
[INFO] [stdout]    |                ^^^^^
[INFO] [stdout]    |
[INFO] [stdout]    = note: `#[warn(deprecated)]` on by default
[INFO] [stdout] 
[INFO] [stdout] 
[INFO] [stdout] warning: use of deprecated module `std::usize`: all constants in this module replaced by associated constants on the type
[INFO] [stdout]  --> src/reactor/registration.rs:9:20
[INFO] [stdout]   |
[INFO] [stdout] 9 | use std::{io, ptr, usize};
[INFO] [stdout]   |                    ^^^^^
[INFO] [stdout] 
[INFO] [stdout] 
[INFO] [stdout] warning: use of deprecated constant `std::usize::MAX`: replaced by the `MAX` associated constant on this type
[INFO] [stdout]   --> src/reactor/registration.rs:84:29
[INFO] [stdout]    |
[INFO] [stdout] 84 | const ERROR: usize = usize::MAX;
[INFO] [stdout]    |                             ^^^
[INFO] [stdout] 
[INFO] [stdout] 
[INFO] [stdout] warning: use of deprecated associated function `futures::core_reexport::num::<impl u32>::max_value`: replaced by the `MAX` associated constant on this type
[INFO] [stdout]   --> src/uds/ucred.rs:48:40
[INFO] [stdout]    |
[INFO] [stdout] 48 |             assert!(ucred_size <= u32::max_value() as usize);
[INFO] [stdout]    |                                        ^^^^^^^^^
[INFO] [stdout] 
[INFO] [stdout] 
[INFO] [stdout] warning: use of deprecated method `std::sync::atomic::Atomic::<usize>::compare_and_swap`: Use `compare_exchange` or `compare_exchange_weak` instead
[INFO] [stdout]    --> src/reactor/background.rs:142:18
[INFO] [stdout]     |
[INFO] [stdout] 142 |                 .compare_and_swap(curr, SHUTDOWN_NOW, SeqCst);
[INFO] [stdout]     |                  ^^^^^^^^^^^^^^^^
[INFO] [stdout] 
[INFO] [stdout] 
[INFO] [stdout] warning: use of deprecated method `std::sync::atomic::Atomic::<usize>::compare_and_swap`: Use `compare_exchange` or `compare_exchange_weak` instead
[INFO] [stdout]    --> src/reactor/registration.rs:159:45
[INFO] [stdout]     |
[INFO] [stdout] 159 |                     let actual = self.state.compare_and_swap(INIT, LOCKED, SeqCst);
[INFO] [stdout]     |                                             ^^^^^^^^^^^^^^^^
[INFO] [stdout] 
[INFO] [stdout] 
[INFO] [stdout] warning: use of deprecated method `std::sync::atomic::Atomic::<usize>::compare_and_swap`: Use `compare_exchange` or `compare_exchange_weak` instead
[INFO] [stdout]    --> src/reactor/registration.rs:367:45
[INFO] [stdout]     |
[INFO] [stdout] 367 |                     let actual = self.state.compare_and_swap(state, next, SeqCst);
[INFO] [stdout]     |                                             ^^^^^^^^^^^^^^^^
[INFO] [stdout] 
[INFO] [stdout] 
[INFO] [stdout] warning: calls to `std::mem::drop` with a value that implements `Copy` does nothing
[INFO] [stdout]    --> src/reactor/mod.rs:416:13
[INFO] [stdout]     |
[INFO] [stdout] 416 |             drop(handle.into_usize());
[INFO] [stdout]     |             ^^^^^-------------------^
[INFO] [stdout]     |                  |
[INFO] [stdout]     |                  argument has type `usize`
[INFO] [stdout]     |
[INFO] [stdout]     = note: `#[warn(dropping_copy_types)]` on by default
[INFO] [stdout] help: use `let _ = ...` to ignore the expression or result
[INFO] [stdout]     |
[INFO] [stdout] 416 -             drop(handle.into_usize());
[INFO] [stdout] 416 +             let _ = handle.into_usize();
[INFO] [stdout]     |
[INFO] [stdout] 
[INFO] [stdout] 
[INFO] [stderr]     Finished `dev` profile [unoptimized + debuginfo] target(s) in 7.70s
[INFO] running `Command { std: "docker" "inspect" "f5e3a55ac777076fa468dd0f4819e4f2b0186a281a32ec6c0a5e017b7413eb8c", kill_on_drop: false }`
[INFO] running `Command { std: "docker" "exec" "-e" "SOURCE_DIR=/opt/rustwide/workdir" "-e" "CARGO_HOME=/opt/rustwide/cargo-home" "-e" "RUSTUP_HOME=/opt/rustwide/rustup-home" "-e" "CARGO_TARGET_DIR=/opt/rustwide/target" "-e" "CARGO_INCREMENTAL=0" "-e" "RUST_BACKTRACE=full" "-e" "RUSTFLAGS=--cap-lints=warn" "-e" "RUSTDOCFLAGS=--cap-lints=warn" "-w" "/opt/rustwide/workdir" "--user" "0:0" "f5e3a55ac777076fa468dd0f4819e4f2b0186a281a32ec6c0a5e017b7413eb8c" "/opt/rustwide/cargo-home/bin/cargo" "+1.100.0-beta.1" "test" "--frozen" "--no-run" "--message-format=json", kill_on_drop: false }`
[INFO] [stderr]    Compiling getrandom v0.1.12
[INFO] [stderr]    Compiling ppv-lite86 v0.2.5
[INFO] [stderr]    Compiling byteorder v1.3.1
[INFO] [stderr]    Compiling rand v0.4.6
[INFO] [stderr]    Compiling remove_dir_all v0.5.1
[INFO] [stderr]    Compiling env_logger v0.6.1
[INFO] [stdout] warning: unused import: `crate::raw::PollEvented`
[INFO] [stdout]  --> src/reactor/mod.rs:8:9
[INFO] [stdout]   |
[INFO] [stdout] 8 | pub use crate::raw::PollEvented;
[INFO] [stdout]   |         ^^^^^^^^^^^^^^^^^^^^^^^
[INFO] [stdout]   |
[INFO] [stdout]   = note: `#[warn(unused_imports)]` (part of `#[warn(unused)]`) on by default
[INFO] [stdout] 
[INFO] [stdout] 
[INFO] [stdout] warning: use of deprecated module `std::usize`: all constants in this module replaced by associated constants on the type
[INFO] [stdout]   --> src/reactor/mod.rs:21:16
[INFO] [stdout]    |
[INFO] [stdout] 21 | use std::{fmt, usize};
[INFO] [stdout]    |                ^^^^^
[INFO] [stdout]    |
[INFO] [stdout]    = note: `#[warn(deprecated)]` on by default
[INFO] [stdout] 
[INFO] [stdout] 
[INFO] [stdout] warning: use of deprecated module `std::usize`: all constants in this module replaced by associated constants on the type
[INFO] [stdout]  --> src/reactor/registration.rs:9:20
[INFO] [stdout]   |
[INFO] [stdout] 9 | use std::{io, ptr, usize};
[INFO] [stdout]   |                    ^^^^^
[INFO] [stdout] 
[INFO] [stdout] 
[INFO] [stdout] warning: use of deprecated constant `std::usize::MAX`: replaced by the `MAX` associated constant on this type
[INFO] [stdout]   --> src/reactor/registration.rs:84:29
[INFO] [stdout]    |
[INFO] [stdout] 84 | const ERROR: usize = usize::MAX;
[INFO] [stdout]    |                             ^^^
[INFO] [stdout] 
[INFO] [stdout] 
[INFO] [stdout] warning: use of deprecated associated function `futures::core_reexport::num::<impl u32>::max_value`: replaced by the `MAX` associated constant on this type
[INFO] [stdout]   --> src/uds/ucred.rs:48:40
[INFO] [stdout]    |
[INFO] [stdout] 48 |             assert!(ucred_size <= u32::max_value() as usize);
[INFO] [stdout]    |                                        ^^^^^^^^^
[INFO] [stdout] 
[INFO] [stdout] 
[INFO] [stdout] warning: use of deprecated method `std::sync::atomic::Atomic::<usize>::compare_and_swap`: Use `compare_exchange` or `compare_exchange_weak` instead
[INFO] [stdout]    --> src/reactor/background.rs:142:18
[INFO] [stdout]     |
[INFO] [stdout] 142 |                 .compare_and_swap(curr, SHUTDOWN_NOW, SeqCst);
[INFO] [stdout]     |                  ^^^^^^^^^^^^^^^^
[INFO] [stdout] 
[INFO] [stdout] 
[INFO] [stdout] warning: use of deprecated method `std::sync::atomic::Atomic::<usize>::compare_and_swap`: Use `compare_exchange` or `compare_exchange_weak` instead
[INFO] [stdout]    --> src/reactor/registration.rs:159:45
[INFO] [stdout]     |
[INFO] [stdout] 159 |                     let actual = self.state.compare_and_swap(INIT, LOCKED, SeqCst);
[INFO] [stdout]     |                                             ^^^^^^^^^^^^^^^^
[INFO] [stdout] 
[INFO] [stdout] 
[INFO] [stdout] warning: use of deprecated method `std::sync::atomic::Atomic::<usize>::compare_and_swap`: Use `compare_exchange` or `compare_exchange_weak` instead
[INFO] [stdout]    --> src/reactor/registration.rs:367:45
[INFO] [stdout]     |
[INFO] [stdout] 367 |                     let actual = self.state.compare_and_swap(state, next, SeqCst);
[INFO] [stdout]     |                                             ^^^^^^^^^^^^^^^^
[INFO] [stdout] 
[INFO] [stdout] 
[INFO] [stdout] warning: calls to `std::mem::drop` with a value that implements `Copy` does nothing
[INFO] [stdout]    --> src/reactor/mod.rs:416:13
[INFO] [stdout]     |
[INFO] [stdout] 416 |             drop(handle.into_usize());
[INFO] [stdout]     |             ^^^^^-------------------^
[INFO] [stdout]     |                  |
[INFO] [stdout]     |                  argument has type `usize`
[INFO] [stdout]     |
[INFO] [stdout]     = note: `#[warn(dropping_copy_types)]` on by default
[INFO] [stdout] help: use `let _ = ...` to ignore the expression or result
[INFO] [stdout]     |
[INFO] [stdout] 416 -             drop(handle.into_usize());
[INFO] [stdout] 416 +             let _ = handle.into_usize();
[INFO] [stdout]     |
[INFO] [stdout] 
[INFO] [stdout] 
[INFO] [stderr]    Compiling rand_core v0.5.1
[INFO] [stderr]    Compiling bytes v0.4.11
[INFO] [stderr]    Compiling tempdir v0.3.7
[INFO] [stderr]    Compiling c2-chacha v0.2.2
[INFO] [stderr]    Compiling rand_chacha v0.2.1
[INFO] [stderr]    Compiling rand v0.7.0
[INFO] [stderr]    Compiling romio v0.3.0-alpha.10 (/opt/rustwide/workdir)
[INFO] [stdout] warning: unexpected `cfg` condition name: `macos`
[INFO] [stdout]  --> tests/uds.rs:1:18
[INFO] [stdout]   |
[INFO] [stdout] 1 | #![cfg(any(unix, macos))]
[INFO] [stdout]   |                  ^^^^^ help: found config with similar value: `target_os = "macos"`
[INFO] [stdout]   |
[INFO] [stdout]   = help: expected names are: `docsrs`, `feature`, and `test` and 34 more
[INFO] [stdout]   = help: consider using a Cargo feature instead
[INFO] [stdout]   = help: or consider adding in `Cargo.toml` the `check-cfg` lint config for the lint:
[INFO] [stdout]            [lints.rust]
[INFO] [stdout]            unexpected_cfgs = { level = "warn", check-cfg = ['cfg(macos)'] }
[INFO] [stdout]   = help: or consider adding `println!("cargo::rustc-check-cfg=cfg(macos)");` to the top of the `build.rs`
[INFO] [stdout]   = note: see <https://doc.rust-lang.org/nightly/rustc/check-cfg/cargo-specifics.html> for more information about checking conditional configuration
[INFO] [stdout]   = note: `#[warn(unexpected_cfgs)]` on by default
[INFO] [stdout] 
[INFO] [stdout] 
[INFO] [stdout] warning: unused import: `crate::raw::PollEvented`
[INFO] [stdout]   --> src/reactor/mod.rs:8:9
[INFO] [stdout]    |
[INFO] [stdout]  8 | pub use crate::raw::PollEvented;
[INFO] [stdout]    |         ^^^^^^^^^^^^^^^^^^^^^^^
[INFO] [stdout]    |
[INFO] [stdout] note: the lint level is defined here
[INFO] [stdout]   --> src/lib.rs:58:24
[INFO] [stdout]    |
[INFO] [stdout] 58 | #![cfg_attr(test, deny(warnings))]
[INFO] [stdout]    |                        ^^^^^^^^
[INFO] [stdout]    = note: `#[warn(unused_imports)]` implied by `#[warn(warnings)]`
[INFO] [stdout] 
[INFO] [stdout] 
[INFO] [stdout] warning: use of deprecated module `std::usize`: all constants in this module replaced by associated constants on the type
[INFO] [stdout]   --> src/reactor/mod.rs:21:16
[INFO] [stdout]    |
[INFO] [stdout] 21 | use std::{fmt, usize};
[INFO] [stdout]    |                ^^^^^
[INFO] [stdout]    |
[INFO] [stdout]    = note: `#[warn(deprecated)]` implied by `#[warn(warnings)]`
[INFO] [stdout] 
[INFO] [stdout] 
[INFO] [stdout] warning: use of deprecated module `std::usize`: all constants in this module replaced by associated constants on the type
[INFO] [stdout]  --> src/reactor/registration.rs:9:20
[INFO] [stdout]   |
[INFO] [stdout] 9 | use std::{io, ptr, usize};
[INFO] [stdout]   |                    ^^^^^
[INFO] [stdout] 
[INFO] [stdout] 
[INFO] [stdout] warning: use of deprecated constant `std::usize::MAX`: replaced by the `MAX` associated constant on this type
[INFO] [stdout]   --> src/reactor/registration.rs:84:29
[INFO] [stdout]    |
[INFO] [stdout] 84 | const ERROR: usize = usize::MAX;
[INFO] [stdout]    |                             ^^^
[INFO] [stdout] 
[INFO] [stdout] 
[INFO] [stdout] warning: use of deprecated associated function `futures::core_reexport::num::<impl u32>::max_value`: replaced by the `MAX` associated constant on this type
[INFO] [stdout]   --> src/uds/ucred.rs:48:40
[INFO] [stdout]    |
[INFO] [stdout] 48 |             assert!(ucred_size <= u32::max_value() as usize);
[INFO] [stdout]    |                                        ^^^^^^^^^
[INFO] [stdout] 
[INFO] [stdout] 
[INFO] [stdout] warning: use of deprecated method `std::sync::atomic::Atomic::<usize>::compare_and_swap`: Use `compare_exchange` or `compare_exchange_weak` instead
[INFO] [stdout]    --> src/reactor/background.rs:142:18
[INFO] [stdout]     |
[INFO] [stdout] 142 |                 .compare_and_swap(curr, SHUTDOWN_NOW, SeqCst);
[INFO] [stdout]     |                  ^^^^^^^^^^^^^^^^
[INFO] [stdout] 
[INFO] [stdout] 
[INFO] [stdout] warning: use of deprecated method `std::sync::atomic::Atomic::<usize>::compare_and_swap`: Use `compare_exchange` or `compare_exchange_weak` instead
[INFO] [stdout]    --> src/reactor/registration.rs:159:45
[INFO] [stdout]     |
[INFO] [stdout] 159 |                     let actual = self.state.compare_and_swap(INIT, LOCKED, SeqCst);
[INFO] [stdout]     |                                             ^^^^^^^^^^^^^^^^
[INFO] [stdout] 
[INFO] [stdout] 
[INFO] [stdout] warning: use of deprecated method `std::sync::atomic::Atomic::<usize>::compare_and_swap`: Use `compare_exchange` or `compare_exchange_weak` instead
[INFO] [stdout]    --> src/reactor/registration.rs:367:45
[INFO] [stdout]     |
[INFO] [stdout] 367 |                     let actual = self.state.compare_and_swap(state, next, SeqCst);
[INFO] [stdout]     |                                             ^^^^^^^^^^^^^^^^
[INFO] [stdout] 
[INFO] [stdout] 
[INFO] [stdout] warning: calls to `std::mem::drop` with a value that implements `Copy` does nothing
[INFO] [stdout]    --> src/reactor/mod.rs:416:13
[INFO] [stdout]     |
[INFO] [stdout] 416 |             drop(handle.into_usize());
[INFO] [stdout]     |             ^^^^^-------------------^
[INFO] [stdout]     |                  |
[INFO] [stdout]     |                  argument has type `usize`
[INFO] [stdout]     |
[INFO] [stdout]     = note: `#[warn(dropping_copy_types)]` implied by `#[warn(warnings)]`
[INFO] [stdout] help: use `let _ = ...` to ignore the expression or result
[INFO] [stdout]     |
[INFO] [stdout] 416 -             drop(handle.into_usize());
[INFO] [stdout] 416 +             let _ = handle.into_usize();
[INFO] [stdout]     |
[INFO] [stdout] 
[INFO] [stdout] 
[INFO] [stderr]     Finished `test` profile [unoptimized + debuginfo] target(s) in 5.62s
[INFO] running `Command { std: "docker" "inspect" "f5e3a55ac777076fa468dd0f4819e4f2b0186a281a32ec6c0a5e017b7413eb8c", kill_on_drop: false }`
[INFO] running `Command { std: "docker" "exec" "-e" "SOURCE_DIR=/opt/rustwide/workdir" "-e" "CARGO_HOME=/opt/rustwide/cargo-home" "-e" "RUSTUP_HOME=/opt/rustwide/rustup-home" "-e" "CARGO_TARGET_DIR=/opt/rustwide/target" "-e" "CARGO_INCREMENTAL=0" "-e" "RUST_BACKTRACE=full" "-e" "RUSTFLAGS=--cap-lints=warn" "-e" "RUSTDOCFLAGS=--cap-lints=warn" "-w" "/opt/rustwide/workdir" "--user" "0:0" "f5e3a55ac777076fa468dd0f4819e4f2b0186a281a32ec6c0a5e017b7413eb8c" "/opt/rustwide/cargo-home/bin/cargo" "+1.100.0-beta.1" "test" "--frozen", kill_on_drop: false }`
[INFO] [stderr] warning: unused import: `crate::raw::PollEvented`
[INFO] [stderr]  --> src/reactor/mod.rs:8:9
[INFO] [stderr]   |
[INFO] [stderr] 8 | pub use crate::raw::PollEvented;
[INFO] [stderr]   |         ^^^^^^^^^^^^^^^^^^^^^^^
[INFO] [stderr]   |
[INFO] [stderr]   = note: `#[warn(unused_imports)]` (part of `#[warn(unused)]`) on by default
[INFO] [stderr] 
[INFO] [stderr] warning: use of deprecated module `std::usize`: all constants in this module replaced by associated constants on the type
[INFO] [stderr]   --> src/reactor/mod.rs:21:16
[INFO] [stderr]    |
[INFO] [stderr] 21 | use std::{fmt, usize};
[INFO] [stderr]    |                ^^^^^
[INFO] [stderr]    |
[INFO] [stderr]    = note: `#[warn(deprecated)]` on by default
[INFO] [stderr] 
[INFO] [stderr] warning: use of deprecated module `std::usize`: all constants in this module replaced by associated constants on the type
[INFO] [stderr]  --> src/reactor/registration.rs:9:20
[INFO] [stderr]   |
[INFO] [stderr] 9 | use std::{io, ptr, usize};
[INFO] [stderr]   |                    ^^^^^
[INFO] [stderr] 
[INFO] [stderr] warning: use of deprecated constant `std::usize::MAX`: replaced by the `MAX` associated constant on this type
[INFO] [stderr]   --> src/reactor/registration.rs:84:29
[INFO] [stderr]    |
[INFO] [stderr] 84 | const ERROR: usize = usize::MAX;
[INFO] [stderr]    |                             ^^^
[INFO] [stderr] 
[INFO] [stderr] warning: use of deprecated associated function `futures::core_reexport::num::<impl u32>::max_value`: replaced by the `MAX` associated constant on this type
[INFO] [stderr]   --> src/uds/ucred.rs:48:40
[INFO] [stderr]    |
[INFO] [stderr] 48 |             assert!(ucred_size <= u32::max_value() as usize);
[INFO] [stderr]    |                                        ^^^^^^^^^
[INFO] [stderr] 
[INFO] [stderr] warning: use of deprecated method `std::sync::atomic::Atomic::<usize>::compare_and_swap`: Use `compare_exchange` or `compare_exchange_weak` instead
[INFO] [stderr]    --> src/reactor/background.rs:142:18
[INFO] [stderr]     |
[INFO] [stderr] 142 |                 .compare_and_swap(curr, SHUTDOWN_NOW, SeqCst);
[INFO] [stderr]     |                  ^^^^^^^^^^^^^^^^
[INFO] [stderr] 
[INFO] [stderr] warning: use of deprecated method `std::sync::atomic::Atomic::<usize>::compare_and_swap`: Use `compare_exchange` or `compare_exchange_weak` instead
[INFO] [stderr]    --> src/reactor/registration.rs:159:45
[INFO] [stderr]     |
[INFO] [stderr] 159 |                     let actual = self.state.compare_and_swap(INIT, LOCKED, SeqCst);
[INFO] [stderr]     |                                             ^^^^^^^^^^^^^^^^
[INFO] [stderr] 
[INFO] [stderr] warning: use of deprecated method `std::sync::atomic::Atomic::<usize>::compare_and_swap`: Use `compare_exchange` or `compare_exchange_weak` instead
[INFO] [stderr]    --> src/reactor/registration.rs:367:45
[INFO] [stderr]     |
[INFO] [stderr] 367 |                     let actual = self.state.compare_and_swap(state, next, SeqCst);
[INFO] [stderr]     |                                             ^^^^^^^^^^^^^^^^
[INFO] [stderr] 
[INFO] [stderr] warning: calls to `std::mem::drop` with a value that implements `Copy` does nothing
[INFO] [stderr]    --> src/reactor/mod.rs:416:13
[INFO] [stderr]     |
[INFO] [stderr] 416 |             drop(handle.into_usize());
[INFO] [stderr]     |             ^^^^^-------------------^
[INFO] [stderr]     |                  |
[INFO] [stderr]     |                  argument has type `usize`
[INFO] [stderr]     |
[INFO] [stderr]     = note: `#[warn(dropping_copy_types)]` on by default
[INFO] [stderr] help: use `let _ = ...` to ignore the expression or result
[INFO] [stderr]     |
[INFO] [stderr] 416 -             drop(handle.into_usize());
[INFO] [stderr] 416 +             let _ = handle.into_usize();
[INFO] [stderr]     |
[INFO] [stderr] 
[INFO] [stderr] warning: `romio` (lib) generated 9 warnings (run `cargo fix --lib -p romio` to apply 1 suggestion)
[INFO] [stderr] warning: unexpected `cfg` condition name: `macos`
[INFO] [stderr]  --> tests/uds.rs:1:18
[INFO] [stderr]   |
[INFO] [stderr] 1 | #![cfg(any(unix, macos))]
[INFO] [stderr]   |                  ^^^^^ help: found config with similar value: `target_os = "macos"`
[INFO] [stderr]   |
[INFO] [stderr]   = help: expected names are: `docsrs`, `feature`, and `test` and 34 more
[INFO] [stderr]   = help: consider using a Cargo feature instead
[INFO] [stderr]   = help: or consider adding in `Cargo.toml` the `check-cfg` lint config for the lint:
[INFO] [stderr]            [lints.rust]
[INFO] [stderr]            unexpected_cfgs = { level = "warn", check-cfg = ['cfg(macos)'] }
[INFO] [stderr]   = help: or consider adding `println!("cargo::rustc-check-cfg=cfg(macos)");` to the top of the `build.rs`
[INFO] [stderr]   = note: see <https://doc.rust-lang.org/nightly/rustc/check-cfg/cargo-specifics.html> for more information about checking conditional configuration
[INFO] [stderr]   = note: `#[warn(unexpected_cfgs)]` on by default
[INFO] [stderr] 
[INFO] [stderr] warning: unused import: `crate::raw::PollEvented`
[INFO] [stderr]   --> src/reactor/mod.rs:8:9
[INFO] [stderr]    |
[INFO] [stderr]  8 | pub use crate::raw::PollEvented;
[INFO] [stderr]    |         ^^^^^^^^^^^^^^^^^^^^^^^
[INFO] [stderr]    |
[INFO] [stderr] note: the lint level is defined here
[INFO] [stderr]   --> src/lib.rs:58:24
[INFO] [stderr]    |
[INFO] [stderr] 58 | #![cfg_attr(test, deny(warnings))]
[INFO] [stderr]    |                        ^^^^^^^^
[INFO] [stderr]    = note: `#[warn(unused_imports)]` implied by `#[warn(warnings)]`
[INFO] [stderr] 
[INFO] [stderr] warning: use of deprecated module `std::usize`: all constants in this module replaced by associated constants on the type
[INFO] [stderr]   --> src/reactor/mod.rs:21:16
[INFO] [stderr]    |
[INFO] [stderr] 21 | use std::{fmt, usize};
[INFO] [stderr]    |                ^^^^^
[INFO] [stderr]    |
[INFO] [stderr]    = note: `#[warn(deprecated)]` implied by `#[warn(warnings)]`
[INFO] [stderr] 
[INFO] [stderr] warning: calls to `std::mem::drop` with a value that implements `Copy` does nothing
[INFO] [stderr]    --> src/reactor/mod.rs:416:13
[INFO] [stderr]     |
[INFO] [stderr] 416 |             drop(handle.into_usize());
[INFO] [stderr]     |             ^^^^^-------------------^
[INFO] [stderr]     |                  |
[INFO] [stderr]     |                  argument has type `usize`
[INFO] [stderr]     |
[INFO] [stderr]     = note: `#[warn(dropping_copy_types)]` implied by `#[warn(warnings)]`
[INFO] [stderr] help: use `let _ = ...` to ignore the expression or result
[INFO] [stderr]     |
[INFO] [stderr] 416 -             drop(handle.into_usize());
[INFO] [stderr] 416 +             let _ = handle.into_usize();
[INFO] [stderr]     |
[INFO] [stderr] 
[INFO] [stderr] warning: `romio` (test "uds") generated 1 warning
[INFO] [stderr] warning: `romio` (lib test) generated 9 warnings (6 duplicates) (run `cargo fix --lib -p romio --tests` to apply 1 suggestion)
[INFO] [stderr]     Finished `test` profile [unoptimized + debuginfo] target(s) in 0.12s
[INFO] [stderr]      Running unittests src/lib.rs (/opt/rustwide/target/debug/build/romio/3e29a00c98aca163/out/romio-3e29a00c98aca163)
[INFO] [stdout] 
[INFO] [stdout] running 2 tests
[INFO] [stdout] test uds::ucred::test::test_socket_pair ... ok
[INFO] [stdout] test reactor::test_handle_size ... ok
[INFO] [stderr]      Running tests/tcp.rs (/opt/rustwide/target/debug/build/romio/f09701ddafea7b55/out/tcp-f09701ddafea7b55)
[INFO] [stdout] 
[INFO] [stdout] test result: ok. 2 passed; 0 failed; 0 ignored; 0 measured; 0 filtered out; finished in 0.00s
[INFO] [stdout] 
[INFO] [stdout] 
[INFO] [stdout] running 3 tests
[INFO] [stdout] test both_sides_async_using_threadpool ... FAILED
[INFO] [stdout] test listener_reads ... FAILED
[INFO] [stdout] test listener_writes ... FAILED
[INFO] [stderr] error: test failed, to rerun pass `--test tcp`
[INFO] [stdout] 
[INFO] [stdout] failures:
[INFO] [stdout] 
[INFO] [stdout] ---- both_sides_async_using_threadpool stdout ----
[INFO] [stdout] 
[INFO] [stdout] thread 'both_sides_async_using_threadpool' (681) panicked at tests/tcp.rs:63:73:
[INFO] [stdout] called `Result::unwrap()` on an `Err` value: Os { code: 22, kind: InvalidInput, message: "Invalid argument" }
[INFO] [stdout] stack backtrace:
[INFO] [stdout]    0:     0x644165aa70b1 - std[617be2ca0a6fd877]::backtrace_rs::backtrace::libunwind::trace
[INFO] [stdout]                                at /rustc/e3feeb59cd1bdd011a2bfcc0747b55125d9b8527/library/std/src/../../backtrace/src/backtrace/libunwind.rs:117:9
[INFO] [stdout]    1:     0x644165aa70b1 - std[617be2ca0a6fd877]::backtrace_rs::backtrace::trace_unsynchronized::<std[617be2ca0a6fd877]::sys::backtrace::_print_fmt::{closure#1}>
[INFO] [stdout]                                at /rustc/e3feeb59cd1bdd011a2bfcc0747b55125d9b8527/library/std/src/../../backtrace/src/backtrace/mod.rs:66:14
[INFO] [stdout]    2:     0x644165aa70b1 - std[617be2ca0a6fd877]::sys::backtrace::_print_fmt
[INFO] [stdout]                                at /rustc/e3feeb59cd1bdd011a2bfcc0747b55125d9b8527/library/std/src/sys/backtrace.rs:74:9
[INFO] [stdout]    3:     0x644165aa70b1 - <<std[617be2ca0a6fd877]::sys::backtrace::BacktraceLock>::print::DisplayBacktrace as core[a373ad73a504971]::fmt::Display>::fmt
[INFO] [stdout]                                at /rustc/e3feeb59cd1bdd011a2bfcc0747b55125d9b8527/library/std/src/sys/backtrace.rs:44:26
[INFO] [stdout]    4:     0x644165abbb4a - <core[a373ad73a504971]::fmt::rt::Argument>::fmt
[INFO] [stdout]                                at /rustc/e3feeb59cd1bdd011a2bfcc0747b55125d9b8527/library/core/src/fmt/rt.rs:152:76
[INFO] [stdout]    5:     0x644165abbb4a - core[a373ad73a504971]::fmt::write
[INFO] [stdout]    6:     0x644165aab4cc - core[a373ad73a504971]::io::write::default_write_fmt::<alloc[2e1b2a31b91974c5]::vec::Vec<u8>>
[INFO] [stdout]                                at /rustc/e3feeb59cd1bdd011a2bfcc0747b55125d9b8527/library/core/src/io/write.rs:402:11
[INFO] [stdout]    7:     0x644165aab4cc - <alloc[2e1b2a31b91974c5]::vec::Vec<u8> as core[a373ad73a504971]::io::write::Write>::write_fmt
[INFO] [stdout]                                at /rustc/e3feeb59cd1bdd011a2bfcc0747b55125d9b8527/library/core/src/io/write.rs:335:13
[INFO] [stdout]    8:     0x644165a82936 - <std[617be2ca0a6fd877]::sys::backtrace::BacktraceLock>::print
[INFO] [stdout]                                at /rustc/e3feeb59cd1bdd011a2bfcc0747b55125d9b8527/library/std/src/sys/backtrace.rs:47:9
[INFO] [stdout]    9:     0x644165a82936 - std[617be2ca0a6fd877]::panicking::default_hook::{closure#0}
[INFO] [stdout]                                at /rustc/e3feeb59cd1bdd011a2bfcc0747b55125d9b8527/library/std/src/panicking.rs:289:27
[INFO] [stdout]   10:     0x644165a9f409 - std[617be2ca0a6fd877]::panicking::default_hook
[INFO] [stdout]                                at /rustc/e3feeb59cd1bdd011a2bfcc0747b55125d9b8527/library/std/src/panicking.rs:313:9
[INFO] [stdout]   11:     0x6441659df6b0 - <alloc[2e1b2a31b91974c5]::boxed::Box<dyn for<'a, 'b> core[a373ad73a504971]::ops::function::Fn<(&'a std[617be2ca0a6fd877]::panic::PanicHookInfo<'b>,), Output = ()> + core[a373ad73a504971]::marker::Sync + core[a373ad73a504971]::marker::Send> as core[a373ad73a504971]::ops::function::Fn<(&std[617be2ca0a6fd877]::panic::PanicHookInfo,)>>::call
[INFO] [stdout]                                at /rustc/e3feeb59cd1bdd011a2bfcc0747b55125d9b8527/library/alloc/src/boxed.rs:2328:9
[INFO] [stdout]   12:     0x6441659df6b0 - test[aada8e7e76ba119b]::test_main_inner::{closure#0}
[INFO] [stdout]                                at /rustc/e3feeb59cd1bdd011a2bfcc0747b55125d9b8527/library/test/src/lib.rs:137:21
[INFO] [stdout]   13:     0x644165a9f5c2 - <alloc[2e1b2a31b91974c5]::boxed::Box<dyn for<'a, 'b> core[a373ad73a504971]::ops::function::Fn<(&'a std[617be2ca0a6fd877]::panic::PanicHookInfo<'b>,), Output = ()> + core[a373ad73a504971]::marker::Sync + core[a373ad73a504971]::marker::Send> as core[a373ad73a504971]::ops::function::Fn<(&std[617be2ca0a6fd877]::panic::PanicHookInfo,)>>::call
[INFO] [stdout]                                at /rustc/e3feeb59cd1bdd011a2bfcc0747b55125d9b8527/library/alloc/src/boxed.rs:2328:9
[INFO] [stdout]   14:     0x644165a9f5c2 - std[617be2ca0a6fd877]::panicking::panic_with_hook
[INFO] [stdout]                                at /rustc/e3feeb59cd1bdd011a2bfcc0747b55125d9b8527/library/std/src/panicking.rs:819:13
[INFO] [stdout]   15:     0x644165a829e2 - std[617be2ca0a6fd877]::panicking::panic_handler::{closure#0}
[INFO] [stdout]                                at /rustc/e3feeb59cd1bdd011a2bfcc0747b55125d9b8527/library/std/src/panicking.rs:685:13
[INFO] [stdout]   16:     0x644165a7b6c9 - std[617be2ca0a6fd877]::sys::backtrace::__rust_end_short_backtrace::<std[617be2ca0a6fd877]::panicking::panic_handler::{closure#0}, !>
[INFO] [stdout]                                at /rustc/e3feeb59cd1bdd011a2bfcc0747b55125d9b8527/library/std/src/sys/backtrace.rs:182:18
[INFO] [stdout]   17:     0x644165a835ed - __rustc[ea4f61d10b84890b]::rust_begin_unwind
[INFO] [stdout]                                at /rustc/e3feeb59cd1bdd011a2bfcc0747b55125d9b8527/library/std/src/panicking.rs:676:5
[INFO] [stdout]   18:     0x644165abc39c - core[a373ad73a504971]::panicking::panic_fmt
[INFO] [stdout]                                at /rustc/e3feeb59cd1bdd011a2bfcc0747b55125d9b8527/library/core/src/panicking.rs:80:14
[INFO] [stdout]   19:     0x644165abc0c2 - core[a373ad73a504971]::result::unwrap_failed
[INFO] [stdout]                                at /rustc/e3feeb59cd1bdd011a2bfcc0747b55125d9b8527/library/core/src/result.rs:1870:5
[INFO] [stdout]   20:     0x6441659bcef2 - <core[a373ad73a504971]::result::Result<romio[3bba2d3777131f5a]::tcp::listener::TcpListener, core[a373ad73a504971]::io::error::Error>>::unwrap
[INFO] [stdout]                                at /rustc/e3feeb59cd1bdd011a2bfcc0747b55125d9b8527/library/core/src/result.rs:1232:23
[INFO] [stdout]   21:     0x6441659bcef2 - tcp[ece8b761de188372]::both_sides_async_using_threadpool
[INFO] [stdout]                                at /opt/rustwide/workdir/tests/tcp.rs:63:73
[INFO] [stdout]   22:     0x6441659baac7 - tcp[ece8b761de188372]::both_sides_async_using_threadpool::{closure#0}
[INFO] [stdout]                                at /opt/rustwide/workdir/tests/tcp.rs:61:39
[INFO] [stdout]   23:     0x6441659bf1b6 - <tcp[ece8b761de188372]::both_sides_async_using_threadpool::{closure#0} as core[a373ad73a504971]::ops::function::FnOnce<()>>::call_once
[INFO] [stdout]                                at /rustc/e3feeb59cd1bdd011a2bfcc0747b55125d9b8527/library/core/src/ops/function.rs:250:5
[INFO] [stdout]   24:     0x6441659d2afb - <fn() -> core[a373ad73a504971]::result::Result<(), alloc[2e1b2a31b91974c5]::string::String> as core[a373ad73a504971]::ops::function::FnOnce<()>>::call_once
[INFO] [stdout]                                at /rustc/e3feeb59cd1bdd011a2bfcc0747b55125d9b8527/library/core/src/ops/function.rs:250:5
[INFO] [stdout]   25:     0x6441659d2afb - test[aada8e7e76ba119b]::__rust_begin_short_backtrace::<core[a373ad73a504971]::result::Result<(), alloc[2e1b2a31b91974c5]::string::String>, fn() -> core[a373ad73a504971]::result::Result<(), alloc[2e1b2a31b91974c5]::string::String>>
[INFO] [stdout]                                at /rustc/e3feeb59cd1bdd011a2bfcc0747b55125d9b8527/library/test/src/lib.rs:701:18
[INFO] [stdout]   26:     0x6441659dfcd5 - test[aada8e7e76ba119b]::run_test_in_process::{closure#0}
[INFO] [stdout]                                at /rustc/e3feeb59cd1bdd011a2bfcc0747b55125d9b8527/library/test/src/lib.rs:724:74
[INFO] [stdout]   27:     0x6441659dfcd5 - <core[a373ad73a504971]::panic::unwind_safe::AssertUnwindSafe<test[aada8e7e76ba119b]::run_test_in_process::{closure#0}> as core[a373ad73a504971]::ops::function::FnOnce<()>>::call_once
[INFO] [stdout]                                at /rustc/e3feeb59cd1bdd011a2bfcc0747b55125d9b8527/library/core/src/panic/unwind_safe.rs:275:9
[INFO] [stdout]   28:     0x6441659dfcd5 - std[617be2ca0a6fd877]::panicking::catch_unwind::do_call::<core[a373ad73a504971]::panic::unwind_safe::AssertUnwindSafe<test[aada8e7e76ba119b]::run_test_in_process::{closure#0}>, core[a373ad73a504971]::result::Result<(), alloc[2e1b2a31b91974c5]::string::String>>
[INFO] [stdout]                                at /rustc/e3feeb59cd1bdd011a2bfcc0747b55125d9b8527/library/std/src/panicking.rs:573:43
[INFO] [stdout]   29:     0x6441659dfcd5 - std[617be2ca0a6fd877]::panicking::catch_unwind::<core[a373ad73a504971]::result::Result<(), alloc[2e1b2a31b91974c5]::string::String>, core[a373ad73a504971]::panic::unwind_safe::AssertUnwindSafe<test[aada8e7e76ba119b]::run_test_in_process::{closure#0}>>
[INFO] [stdout]                                at /rustc/e3feeb59cd1bdd011a2bfcc0747b55125d9b8527/library/std/src/panicking.rs:541:19
[INFO] [stdout]   30:     0x6441659dfcd5 - std[617be2ca0a6fd877]::panic::catch_unwind::<core[a373ad73a504971]::panic::unwind_safe::AssertUnwindSafe<test[aada8e7e76ba119b]::run_test_in_process::{closure#0}>, core[a373ad73a504971]::result::Result<(), alloc[2e1b2a31b91974c5]::string::String>>
[INFO] [stdout]                                at /rustc/e3feeb59cd1bdd011a2bfcc0747b55125d9b8527/library/std/src/panic.rs:359:14
[INFO] [stdout]   31:     0x6441659dfcd5 - test[aada8e7e76ba119b]::run_test_in_process
[INFO] [stdout]                                at /rustc/e3feeb59cd1bdd011a2bfcc0747b55125d9b8527/library/test/src/lib.rs:724:27
[INFO] [stdout]   32:     0x6441659dfcd5 - test[aada8e7e76ba119b]::run_test::{closure#0}
[INFO] [stdout]                                at /rustc/e3feeb59cd1bdd011a2bfcc0747b55125d9b8527/library/test/src/lib.rs:645:43
[INFO] [stdout]   33:     0x6441659d95c4 - test[aada8e7e76ba119b]::run_test::{closure#1}
[INFO] [stdout]                                at /rustc/e3feeb59cd1bdd011a2bfcc0747b55125d9b8527/library/test/src/lib.rs:675:41
[INFO] [stdout]   34:     0x6441659d95c4 - std[617be2ca0a6fd877]::sys::backtrace::__rust_begin_short_backtrace::<test[aada8e7e76ba119b]::run_test::{closure#1}, ()>
[INFO] [stdout]                                at /rustc/e3feeb59cd1bdd011a2bfcc0747b55125d9b8527/library/std/src/sys/backtrace.rs:166:18
[INFO] [stdout]   35:     0x6441659e2d62 - std[617be2ca0a6fd877]::thread::lifecycle::spawn_unchecked::<test[aada8e7e76ba119b]::run_test::{closure#1}, ()>::{closure#1}::{closure#0}
[INFO] [stdout]                                at /rustc/e3feeb59cd1bdd011a2bfcc0747b55125d9b8527/library/std/src/thread/lifecycle.rs:70:13
[INFO] [stdout]   36:     0x6441659e2d62 - <core[a373ad73a504971]::panic::unwind_safe::AssertUnwindSafe<std[617be2ca0a6fd877]::thread::lifecycle::spawn_unchecked<test[aada8e7e76ba119b]::run_test::{closure#1}, ()>::{closure#1}::{closure#0}> as core[a373ad73a504971]::ops::function::FnOnce<()>>::call_once
[INFO] [stdout]                                at /rustc/e3feeb59cd1bdd011a2bfcc0747b55125d9b8527/library/core/src/panic/unwind_safe.rs:275:9
[INFO] [stdout]   37:     0x6441659e2d62 - std[617be2ca0a6fd877]::panicking::catch_unwind::do_call::<core[a373ad73a504971]::panic::unwind_safe::AssertUnwindSafe<std[617be2ca0a6fd877]::thread::lifecycle::spawn_unchecked<test[aada8e7e76ba119b]::run_test::{closure#1}, ()>::{closure#1}::{closure#0}>, ()>
[INFO] [stdout]                                at /rustc/e3feeb59cd1bdd011a2bfcc0747b55125d9b8527/library/std/src/panicking.rs:573:43
[INFO] [stdout]   38:     0x6441659e2d62 - std[617be2ca0a6fd877]::panicking::catch_unwind::<(), core[a373ad73a504971]::panic::unwind_safe::AssertUnwindSafe<std[617be2ca0a6fd877]::thread::lifecycle::spawn_unchecked<test[aada8e7e76ba119b]::run_test::{closure#1}, ()>::{closure#1}::{closure#0}>>
[INFO] [stdout]                                at /rustc/e3feeb59cd1bdd011a2bfcc0747b55125d9b8527/library/std/src/panicking.rs:541:19
[INFO] [stdout]   39:     0x6441659e2d62 - std[617be2ca0a6fd877]::panic::catch_unwind::<core[a373ad73a504971]::panic::unwind_safe::AssertUnwindSafe<std[617be2ca0a6fd877]::thread::lifecycle::spawn_unchecked<test[aada8e7e76ba119b]::run_test::{closure#1}, ()>::{closure#1}::{closure#0}>, ()>
[INFO] [stdout]                                at /rustc/e3feeb59cd1bdd011a2bfcc0747b55125d9b8527/library/std/src/panic.rs:359:14
[INFO] [stdout]   40:     0x6441659e2d62 - std[617be2ca0a6fd877]::thread::lifecycle::spawn_unchecked::<test[aada8e7e76ba119b]::run_test::{closure#1}, ()>::{closure#1}
[INFO] [stdout]                                at /rustc/e3feeb59cd1bdd011a2bfcc0747b55125d9b8527/library/std/src/thread/lifecycle.rs:68:26
[INFO] [stdout]   41:     0x6441659e2d62 - <std[617be2ca0a6fd877]::thread::lifecycle::spawn_unchecked<test[aada8e7e76ba119b]::run_test::{closure#1}, ()>::{closure#1} as core[a373ad73a504971]::ops::function::FnOnce<()>>::call_once::{shim:vtable#0}
[INFO] [stdout]                                at /rustc/e3feeb59cd1bdd011a2bfcc0747b55125d9b8527/library/core/src/ops/function.rs:250:5
[INFO] [stdout]   42:     0x644165aa672f - <alloc[2e1b2a31b91974c5]::boxed::Box<dyn core[a373ad73a504971]::ops::function::FnOnce<(), Output = ()> + core[a373ad73a504971]::marker::Send> as core[a373ad73a504971]::ops::function::FnOnce<()>>::call_once
[INFO] [stdout]                                at /rustc/e3feeb59cd1bdd011a2bfcc0747b55125d9b8527/library/alloc/src/boxed.rs:2314:9
[INFO] [stdout]   43:     0x644165aa672f - <std[617be2ca0a6fd877]::sys::thread::unix::Thread>::new::thread_start
[INFO] [stdout]                                at /rustc/e3feeb59cd1bdd011a2bfcc0747b55125d9b8527/library/std/src/sys/thread/unix.rs:127:17
[INFO] [stdout]   44:     0x793a9166adfa - <unknown>
[INFO] [stdout]   45:     0x793a916fe3d4 - clone
[INFO] [stdout]   46:                0x0 - <unknown>
[INFO] [stdout] 
[INFO] [stdout] ---- listener_reads stdout ----
[INFO] [stdout] 
[INFO] [stdout] thread 'listener_reads' (682) panicked at tests/tcp.rs:21:73:
[INFO] [stdout] called `Result::unwrap()` on an `Err` value: Os { code: 22, kind: InvalidInput, message: "Invalid argument" }
[INFO] [stdout] stack backtrace:
[INFO] [stdout]    0:     0x644165aa70b1 - std[617be2ca0a6fd877]::backtrace_rs::backtrace::libunwind::trace
[INFO] [stdout]                                at /rustc/e3feeb59cd1bdd011a2bfcc0747b55125d9b8527/library/std/src/../../backtrace/src/backtrace/libunwind.rs:117:9
[INFO] [stdout]    1:     0x644165aa70b1 - std[617be2ca0a6fd877]::backtrace_rs::backtrace::trace_unsynchronized::<std[617be2ca0a6fd877]::sys::backtrace::_print_fmt::{closure#1}>
[INFO] [stdout]                                at /rustc/e3feeb59cd1bdd011a2bfcc0747b55125d9b8527/library/std/src/../../backtrace/src/backtrace/mod.rs:66:14
[INFO] [stdout]    2:     0x644165aa70b1 - std[617be2ca0a6fd877]::sys::backtrace::_print_fmt
[INFO] [stdout]                                at /rustc/e3feeb59cd1bdd011a2bfcc0747b55125d9b8527/library/std/src/sys/backtrace.rs:74:9
[INFO] [stdout]    3:     0x644165aa70b1 - <<std[617be2ca0a6fd877]::sys::backtrace::BacktraceLock>::print::DisplayBacktrace as core[a373ad73a504971]::fmt::Display>::fmt
[INFO] [stdout]                                at /rustc/e3feeb59cd1bdd011a2bfcc0747b55125d9b8527/library/std/src/sys/backtrace.rs:44:26
[INFO] [stdout]    4:     0x644165abbb4a - <core[a373ad73a504971]::fmt::rt::Argument>::fmt
[INFO] [stdout]                                at /rustc/e3feeb59cd1bdd011a2bfcc0747b55125d9b8527/library/core/src/fmt/rt.rs:152:76
[INFO] [stdout]    5:     0x644165abbb4a - core[a373ad73a504971]::fmt::write
[INFO] [stdout]    6:     0x644165aab4cc - core[a373ad73a504971]::io::write::default_write_fmt::<alloc[2e1b2a31b91974c5]::vec::Vec<u8>>
[INFO] [stdout]                                at /rustc/e3feeb59cd1bdd011a2bfcc0747b55125d9b8527/library/core/src/io/write.rs:402:11
[INFO] [stdout]    7:     0x644165aab4cc - <alloc[2e1b2a31b91974c5]::vec::Vec<u8> as core[a373ad73a504971]::io::write::Write>::write_fmt
[INFO] [stdout]                                at /rustc/e3feeb59cd1bdd011a2bfcc0747b55125d9b8527/library/core/src/io/write.rs:335:13
[INFO] [stdout]    8:     0x644165a82936 - <std[617be2ca0a6fd877]::sys::backtrace::BacktraceLock>::print
[INFO] [stdout]                                at /rustc/e3feeb59cd1bdd011a2bfcc0747b55125d9b8527/library/std/src/sys/backtrace.rs:47:9
[INFO] [stdout]    9:     0x644165a82936 - std[617be2ca0a6fd877]::panicking::default_hook::{closure#0}
[INFO] [stdout]                                at /rustc/e3feeb59cd1bdd011a2bfcc0747b55125d9b8527/library/std/src/panicking.rs:289:27
[INFO] [stdout]   10:     0x644165a9f409 - std[617be2ca0a6fd877]::panicking::default_hook
[INFO] [stdout]                                at /rustc/e3feeb59cd1bdd011a2bfcc0747b55125d9b8527/library/std/src/panicking.rs:313:9
[INFO] [stdout]   11:     0x6441659df6b0 - <alloc[2e1b2a31b91974c5]::boxed::Box<dyn for<'a, 'b> core[a373ad73a504971]::ops::function::Fn<(&'a std[617be2ca0a6fd877]::panic::PanicHookInfo<'b>,), Output = ()> + core[a373ad73a504971]::marker::Sync + core[a373ad73a504971]::marker::Send> as core[a373ad73a504971]::ops::function::Fn<(&std[617be2ca0a6fd877]::panic::PanicHookInfo,)>>::call
[INFO] [stdout]                                at /rustc/e3feeb59cd1bdd011a2bfcc0747b55125d9b8527/library/alloc/src/boxed.rs:2328:9
[INFO] [stdout]   12:     0x6441659df6b0 - test[aada8e7e76ba119b]::test_main_inner::{closure#0}
[INFO] [stdout]                                at /rustc/e3feeb59cd1bdd011a2bfcc0747b55125d9b8527/library/test/src/lib.rs:137:21
[INFO] [stdout]   13:     0x644165a9f5c2 - <alloc[2e1b2a31b91974c5]::boxed::Box<dyn for<'a, 'b> core[a373ad73a504971]::ops::function::Fn<(&'a std[617be2ca0a6fd877]::panic::PanicHookInfo<'b>,), Output = ()> + core[a373ad73a504971]::marker::Sync + core[a373ad73a504971]::marker::Send> as core[a373ad73a504971]::ops::function::Fn<(&std[617be2ca0a6fd877]::panic::PanicHookInfo,)>>::call
[INFO] [stdout]                                at /rustc/e3feeb59cd1bdd011a2bfcc0747b55125d9b8527/library/alloc/src/boxed.rs:2328:9
[INFO] [stdout]   14:     0x644165a9f5c2 - std[617be2ca0a6fd877]::panicking::panic_with_hook
[INFO] [stdout]                                at /rustc/e3feeb59cd1bdd011a2bfcc0747b55125d9b8527/library/std/src/panicking.rs:819:13
[INFO] [stdout]   15:     0x644165a829e2 - std[617be2ca0a6fd877]::panicking::panic_handler::{closure#0}
[INFO] [stdout]                                at /rustc/e3feeb59cd1bdd011a2bfcc0747b55125d9b8527/library/std/src/panicking.rs:685:13
[INFO] [stdout]   16:     0x644165a7b6c9 - std[617be2ca0a6fd877]::sys::backtrace::__rust_end_short_backtrace::<std[617be2ca0a6fd877]::panicking::panic_handler::{closure#0}, !>
[INFO] [stdout]                                at /rustc/e3feeb59cd1bdd011a2bfcc0747b55125d9b8527/library/std/src/sys/backtrace.rs:182:18
[INFO] [stdout]   17:     0x644165a835ed - __rustc[ea4f61d10b84890b]::rust_begin_unwind
[INFO] [stdout]                                at /rustc/e3feeb59cd1bdd011a2bfcc0747b55125d9b8527/library/std/src/panicking.rs:676:5
[INFO] [stdout]   18:     0x644165abc39c - core[a373ad73a504971]::panicking::panic_fmt
[INFO] [stdout]                                at /rustc/e3feeb59cd1bdd011a2bfcc0747b55125d9b8527/library/core/src/panicking.rs:80:14
[INFO] [stdout]   19:     0x644165abc0c2 - core[a373ad73a504971]::result::unwrap_failed
[INFO] [stdout]                                at /rustc/e3feeb59cd1bdd011a2bfcc0747b55125d9b8527/library/core/src/result.rs:1870:5
[INFO] [stdout]   20:     0x6441659bc809 - <core[a373ad73a504971]::result::Result<romio[3bba2d3777131f5a]::tcp::listener::TcpListener, core[a373ad73a504971]::io::error::Error>>::unwrap
[INFO] [stdout]                                at /rustc/e3feeb59cd1bdd011a2bfcc0747b55125d9b8527/library/core/src/result.rs:1232:23
[INFO] [stdout]   21:     0x6441659bc809 - tcp[ece8b761de188372]::listener_reads
[INFO] [stdout]                                at /opt/rustwide/workdir/tests/tcp.rs:21:73
[INFO] [stdout]   22:     0x6441659baa67 - tcp[ece8b761de188372]::listener_reads::{closure#0}
[INFO] [stdout]                                at /opt/rustwide/workdir/tests/tcp.rs:19:20
[INFO] [stdout]   23:     0x6441659bf176 - <tcp[ece8b761de188372]::listener_reads::{closure#0} as core[a373ad73a504971]::ops::function::FnOnce<()>>::call_once
[INFO] [stdout]                                at /rustc/e3feeb59cd1bdd011a2bfcc0747b55125d9b8527/library/core/src/ops/function.rs:250:5
[INFO] [stdout]   24:     0x6441659d2afb - <fn() -> core[a373ad73a504971]::result::Result<(), alloc[2e1b2a31b91974c5]::string::String> as core[a373ad73a504971]::ops::function::FnOnce<()>>::call_once
[INFO] [stdout]                                at /rustc/e3feeb59cd1bdd011a2bfcc0747b55125d9b8527/library/core/src/ops/function.rs:250:5
[INFO] [stdout]   25:     0x6441659d2afb - test[aada8e7e76ba119b]::__rust_begin_short_backtrace::<core[a373ad73a504971]::result::Result<(), alloc[2e1b2a31b91974c5]::string::String>, fn() -> core[a373ad73a504971]::result::Result<(), alloc[2e1b2a31b91974c5]::string::String>>
[INFO] [stdout]                                at /rustc/e3feeb59cd1bdd011a2bfcc0747b55125d9b8527/library/test/src/lib.rs:701:18
[INFO] [stdout]   26:     0x6441659dfcd5 - test[aada8e7e76ba119b]::run_test_in_process::{closure#0}
[INFO] [stdout]                                at /rustc/e3feeb59cd1bdd011a2bfcc0747b55125d9b8527/library/test/src/lib.rs:724:74
[INFO] [stdout]   27:     0x6441659dfcd5 - <core[a373ad73a504971]::panic::unwind_safe::AssertUnwindSafe<test[aada8e7e76ba119b]::run_test_in_process::{closure#0}> as core[a373ad73a504971]::ops::function::FnOnce<()>>::call_once
[INFO] [stdout]                                at /rustc/e3feeb59cd1bdd011a2bfcc0747b55125d9b8527/library/core/src/panic/unwind_safe.rs:275:9
[INFO] [stdout]   28:     0x6441659dfcd5 - std[617be2ca0a6fd877]::panicking::catch_unwind::do_call::<core[a373ad73a504971]::panic::unwind_safe::AssertUnwindSafe<test[aada8e7e76ba119b]::run_test_in_process::{closure#0}>, core[a373ad73a504971]::result::Result<(), alloc[2e1b2a31b91974c5]::string::String>>
[INFO] [stdout]                                at /rustc/e3feeb59cd1bdd011a2bfcc0747b55125d9b8527/library/std/src/panicking.rs:573:43
[INFO] [stdout]   29:     0x6441659dfcd5 - std[617be2ca0a6fd877]::panicking::catch_unwind::<core[a373ad73a504971]::result::Result<(), alloc[2e1b2a31b91974c5]::string::String>, core[a373ad73a504971]::panic::unwind_safe::AssertUnwindSafe<test[aada8e7e76ba119b]::run_test_in_process::{closure#0}>>
[INFO] [stdout]                                at /rustc/e3feeb59cd1bdd011a2bfcc0747b55125d9b8527/library/std/src/panicking.rs:541:19
[INFO] [stdout]   30:     0x6441659dfcd5 - std[617be2ca0a6fd877]::panic::catch_unwind::<core[a373ad73a504971]::panic::unwind_safe::AssertUnwindSafe<test[aada8e7e76ba119b]::run_test_in_process::{closure#0}>, core[a373ad73a504971]::result::Result<(), alloc[2e1b2a31b91974c5]::string::String>>
[INFO] [stdout]                                at /rustc/e3feeb59cd1bdd011a2bfcc0747b55125d9b8527/library/std/src/panic.rs:359:14
[INFO] [stdout]   31:     0x6441659dfcd5 - test[aada8e7e76ba119b]::run_test_in_process
[INFO] [stdout]                                at /rustc/e3feeb59cd1bdd011a2bfcc0747b55125d9b8527/library/test/src/lib.rs:724:27
[INFO] [stdout]   32:     0x6441659dfcd5 - test[aada8e7e76ba119b]::run_test::{closure#0}
[INFO] [stdout]                                at /rustc/e3feeb59cd1bdd011a2bfcc0747b55125d9b8527/library/test/src/lib.rs:645:43
[INFO] [stdout]   33:     0x6441659d95c4 - test[aada8e7e76ba119b]::run_test::{closure#1}
[INFO] [stdout]                                at /rustc/e3feeb59cd1bdd011a2bfcc0747b55125d9b8527/library/test/src/lib.rs:675:41
[INFO] [stdout]   34:     0x6441659d95c4 - std[617be2ca0a6fd877]::sys::backtrace::__rust_begin_short_backtrace::<test[aada8e7e76ba119b]::run_test::{closure#1}, ()>
[INFO] [stdout]                                at /rustc/e3feeb59cd1bdd011a2bfcc0747b55125d9b8527/library/std/src/sys/backtrace.rs:166:18
[INFO] [stdout]   35:     0x6441659e2d62 - std[617be2ca0a6fd877]::thread::lifecycle::spawn_unchecked::<test[aada8e7e76ba119b]::run_test::{closure#1}, ()>::{closure#1}::{closure#0}
[INFO] [stdout]                                at /rustc/e3feeb59cd1bdd011a2bfcc0747b55125d9b8527/library/std/src/thread/lifecycle.rs:70:13
[INFO] [stdout]   36:     0x6441659e2d62 - <core[a373ad73a504971]::panic::unwind_safe::AssertUnwindSafe<std[617be2ca0a6fd877]::thread::lifecycle::spawn_unchecked<test[aada8e7e76ba119b]::run_test::{closure#1}, ()>::{closure#1}::{closure#0}> as core[a373ad73a504971]::ops::function::FnOnce<()>>::call_once
[INFO] [stdout]                                at /rustc/e3feeb59cd1bdd011a2bfcc0747b55125d9b8527/library/core/src/panic/unwind_safe.rs:275:9
[INFO] [stdout]   37:     0x6441659e2d62 - std[617be2ca0a6fd877]::panicking::catch_unwind::do_call::<core[a373ad73a504971]::panic::unwind_safe::AssertUnwindSafe<std[617be2ca0a6fd877]::thread::lifecycle::spawn_unchecked<test[aada8e7e76ba119b]::run_test::{closure#1}, ()>::{closure#1}::{closure#0}>, ()>
[INFO] [stdout]                                at /rustc/e3feeb59cd1bdd011a2bfcc0747b55125d9b8527/library/std/src/panicking.rs:573:43
[INFO] [stdout]   38:     0x6441659e2d62 - std[617be2ca0a6fd877]::panicking::catch_unwind::<(), core[a373ad73a504971]::panic::unwind_safe::AssertUnwindSafe<std[617be2ca0a6fd877]::thread::lifecycle::spawn_unchecked<test[aada8e7e76ba119b]::run_test::{closure#1}, ()>::{closure#1}::{closure#0}>>
[INFO] [stdout]                                at /rustc/e3feeb59cd1bdd011a2bfcc0747b55125d9b8527/library/std/src/panicking.rs:541:19
[INFO] [stdout]   39:     0x6441659e2d62 - std[617be2ca0a6fd877]::panic::catch_unwind::<core[a373ad73a504971]::panic::unwind_safe::AssertUnwindSafe<std[617be2ca0a6fd877]::thread::lifecycle::spawn_unchecked<test[aada8e7e76ba119b]::run_test::{closure#1}, ()>::{closure#1}::{closure#0}>, ()>
[INFO] [stdout]                                at /rustc/e3feeb59cd1bdd011a2bfcc0747b55125d9b8527/library/std/src/panic.rs:359:14
[INFO] [stdout]   40:     0x6441659e2d62 - std[617be2ca0a6fd877]::thread::lifecycle::spawn_unchecked::<test[aada8e7e76ba119b]::run_test::{closure#1}, ()>::{closure#1}
[INFO] [stdout]                                at /rustc/e3feeb59cd1bdd011a2bfcc0747b55125d9b8527/library/std/src/thread/lifecycle.rs:68:26
[INFO] [stdout]   41:     0x6441659e2d62 - <std[617be2ca0a6fd877]::thread::lifecycle::spawn_unchecked<test[aada8e7e76ba119b]::run_test::{closure#1}, ()>::{closure#1} as core[a373ad73a504971]::ops::function::FnOnce<()>>::call_once::{shim:vtable#0}
[INFO] [stdout]                                at /rustc/e3feeb59cd1bdd011a2bfcc0747b55125d9b8527/library/core/src/ops/function.rs:250:5
[INFO] [stdout]   42:     0x644165aa672f - <alloc[2e1b2a31b91974c5]::boxed::Box<dyn core[a373ad73a504971]::ops::function::FnOnce<(), Output = ()> + core[a373ad73a504971]::marker::Send> as core[a373ad73a504971]::ops::function::FnOnce<()>>::call_once
[INFO] [stdout]                                at /rustc/e3feeb59cd1bdd011a2bfcc0747b55125d9b8527/library/alloc/src/boxed.rs:2314:9
[INFO] [stdout]   43:     0x644165aa672f - <std[617be2ca0a6fd877]::sys::thread::unix::Thread>::new::thread_start
[INFO] [stdout]                                at /rustc/e3feeb59cd1bdd011a2bfcc0747b55125d9b8527/library/std/src/sys/thread/unix.rs:127:17
[INFO] [stdout]   44:     0x793a9166adfa - <unknown>
[INFO] [stdout]   45:     0x793a916fe3d4 - clone
[INFO] [stdout]   46:                0x0 - <unknown>
[INFO] [stdout] 
[INFO] [stdout] ---- listener_writes stdout ----
[INFO] [stdout] 
[INFO] [stdout] thread 'listener_writes' (683) panicked at tests/tcp.rs:42:73:
[INFO] [stdout] called `Result::unwrap()` on an `Err` value: Os { code: 22, kind: InvalidInput, message: "Invalid argument" }
[INFO] [stdout] stack backtrace:
[INFO] [stdout]    0:     0x644165aa70b1 - std[617be2ca0a6fd877]::backtrace_rs::backtrace::libunwind::trace
[INFO] [stdout]                                at /rustc/e3feeb59cd1bdd011a2bfcc0747b55125d9b8527/library/std/src/../../backtrace/src/backtrace/libunwind.rs:117:9
[INFO] [stdout]    1:     0x644165aa70b1 - std[617be2ca0a6fd877]::backtrace_rs::backtrace::trace_unsynchronized::<std[617be2ca0a6fd877]::sys::backtrace::_print_fmt::{closure#1}>
[INFO] [stdout]                                at /rustc/e3feeb59cd1bdd011a2bfcc0747b55125d9b8527/library/std/src/../../backtrace/src/backtrace/mod.rs:66:14
[INFO] [stdout]    2:     0x644165aa70b1 - std[617be2ca0a6fd877]::sys::backtrace::_print_fmt
[INFO] [stdout]                                at /rustc/e3feeb59cd1bdd011a2bfcc0747b55125d9b8527/library/std/src/sys/backtrace.rs:74:9
[INFO] [stdout]    3:     0x644165aa70b1 - <<std[617be2ca0a6fd877]::sys::backtrace::BacktraceLock>::print::DisplayBacktrace as core[a373ad73a504971]::fmt::Display>::fmt
[INFO] [stdout]                                at /rustc/e3feeb59cd1bdd011a2bfcc0747b55125d9b8527/library/std/src/sys/backtrace.rs:44:26
[INFO] [stdout]    4:     0x644165abbb4a - <core[a373ad73a504971]::fmt::rt::Argument>::fmt
[INFO] [stdout]                                at /rustc/e3feeb59cd1bdd011a2bfcc0747b55125d9b8527/library/core/src/fmt/rt.rs:152:76
[INFO] [stdout]    5:     0x644165abbb4a - core[a373ad73a504971]::fmt::write
[INFO] [stdout]    6:     0x644165aab4cc - core[a373ad73a504971]::io::write::default_write_fmt::<alloc[2e1b2a31b91974c5]::vec::Vec<u8>>
[INFO] [stdout]                                at /rustc/e3feeb59cd1bdd011a2bfcc0747b55125d9b8527/library/core/src/io/write.rs:402:11
[INFO] [stdout]    7:     0x644165aab4cc - <alloc[2e1b2a31b91974c5]::vec::Vec<u8> as core[a373ad73a504971]::io::write::Write>::write_fmt
[INFO] [stdout]                                at /rustc/e3feeb59cd1bdd011a2bfcc0747b55125d9b8527/library/core/src/io/write.rs:335:13
[INFO] [stdout]    8:     0x644165a82936 - <std[617be2ca0a6fd877]::sys::backtrace::BacktraceLock>::print
[INFO] [stdout]                                at /rustc/e3feeb59cd1bdd011a2bfcc0747b55125d9b8527/library/std/src/sys/backtrace.rs:47:9
[INFO] [stdout]    9:     0x644165a82936 - std[617be2ca0a6fd877]::panicking::default_hook::{closure#0}
[INFO] [stdout]                                at /rustc/e3feeb59cd1bdd011a2bfcc0747b55125d9b8527/library/std/src/panicking.rs:289:27
[INFO] [stdout]   10:     0x644165a9f409 - std[617be2ca0a6fd877]::panicking::default_hook
[INFO] [stdout]                                at /rustc/e3feeb59cd1bdd011a2bfcc0747b55125d9b8527/library/std/src/panicking.rs:313:9
[INFO] [stdout]   11:     0x6441659df6b0 - <alloc[2e1b2a31b91974c5]::boxed::Box<dyn for<'a, 'b> core[a373ad73a504971]::ops::function::Fn<(&'a std[617be2ca0a6fd877]::panic::PanicHookInfo<'b>,), Output = ()> + core[a373ad73a504971]::marker::Sync + core[a373ad73a504971]::marker::Send> as core[a373ad73a504971]::ops::function::Fn<(&std[617be2ca0a6fd877]::panic::PanicHookInfo,)>>::call
[INFO] [stdout]                                at /rustc/e3feeb59cd1bdd011a2bfcc0747b55125d9b8527/library/alloc/src/boxed.rs:2328:9
[INFO] [stdout]   12:     0x6441659df6b0 - test[aada8e7e76ba119b]::test_main_inner::{closure#0}
[INFO] [stdout]                                at /rustc/e3feeb59cd1bdd011a2bfcc0747b55125d9b8527/library/test/src/lib.rs:137:21
[INFO] [stdout]   13:     0x644165a9f5c2 - <alloc[2e1b2a31b91974c5]::boxed::Box<dyn for<'a, 'b> core[a373ad73a504971]::ops::function::Fn<(&'a std[617be2ca0a6fd877]::panic::PanicHookInfo<'b>,), Output = ()> + core[a373ad73a504971]::marker::Sync + core[a373ad73a504971]::marker::Send> as core[a373ad73a504971]::ops::function::Fn<(&std[617be2ca0a6fd877]::panic::PanicHookInfo,)>>::call
[INFO] [stdout]                                at /rustc/e3feeb59cd1bdd011a2bfcc0747b55125d9b8527/library/alloc/src/boxed.rs:2328:9
[INFO] [stdout]   14:     0x644165a9f5c2 - std[617be2ca0a6fd877]::panicking::panic_with_hook
[INFO] [stdout]                                at /rustc/e3feeb59cd1bdd011a2bfcc0747b55125d9b8527/library/std/src/panicking.rs:819:13
[INFO] [stdout]   15:     0x644165a829e2 - std[617be2ca0a6fd877]::panicking::panic_handler::{closure#0}
[INFO] [stdout]                                at /rustc/e3feeb59cd1bdd011a2bfcc0747b55125d9b8527/library/std/src/panicking.rs:685:13
[INFO] [stdout]   16:     0x644165a7b6c9 - std[617be2ca0a6fd877]::sys::backtrace::__rust_end_short_backtrace::<std[617be2ca0a6fd877]::panicking::panic_handler::{closure#0}, !>
[INFO] [stdout]                                at /rustc/e3feeb59cd1bdd011a2bfcc0747b55125d9b8527/library/std/src/sys/backtrace.rs:182:18
[INFO] [stdout]   17:     0x644165a835ed - __rustc[ea4f61d10b84890b]::rust_begin_unwind
[INFO] [stdout]                                at /rustc/e3feeb59cd1bdd011a2bfcc0747b55125d9b8527/library/std/src/panicking.rs:676:5
[INFO] [stdout]   18:     0x644165abc39c - core[a373ad73a504971]::panicking::panic_fmt
[INFO] [stdout]                                at /rustc/e3feeb59cd1bdd011a2bfcc0747b55125d9b8527/library/core/src/panicking.rs:80:14
[INFO] [stdout]   19:     0x644165abc0c2 - core[a373ad73a504971]::result::unwrap_failed
[INFO] [stdout]                                at /rustc/e3feeb59cd1bdd011a2bfcc0747b55125d9b8527/library/core/src/result.rs:1870:5
[INFO] [stdout]   20:     0x6441659bcb79 - <core[a373ad73a504971]::result::Result<romio[3bba2d3777131f5a]::tcp::listener::TcpListener, core[a373ad73a504971]::io::error::Error>>::unwrap
[INFO] [stdout]                                at /rustc/e3feeb59cd1bdd011a2bfcc0747b55125d9b8527/library/core/src/result.rs:1232:23
[INFO] [stdout]   21:     0x6441659bcb79 - tcp[ece8b761de188372]::listener_writes
[INFO] [stdout]                                at /opt/rustwide/workdir/tests/tcp.rs:42:73
[INFO] [stdout]   22:     0x6441659baa97 - tcp[ece8b761de188372]::listener_writes::{closure#0}
[INFO] [stdout]                                at /opt/rustwide/workdir/tests/tcp.rs:40:21
[INFO] [stdout]   23:     0x6441659bf196 - <tcp[ece8b761de188372]::listener_writes::{closure#0} as core[a373ad73a504971]::ops::function::FnOnce<()>>::call_once
[INFO] [stdout]                                at /rustc/e3feeb59cd1bdd011a2bfcc0747b55125d9b8527/library/core/src/ops/function.rs:250:5
[INFO] [stdout]   24:     0x6441659d2afb - <fn() -> core[a373ad73a504971]::result::Result<(), alloc[2e1b2a31b91974c5]::string::String> as core[a373ad73a504971]::ops::function::FnOnce<()>>::call_once
[INFO] [stdout]                                at /rustc/e3feeb59cd1bdd011a2bfcc0747b55125d9b8527/library/core/src/ops/function.rs:250:5
[INFO] [stdout]   25:     0x6441659d2afb - test[aada8e7e76ba119b]::__rust_begin_short_backtrace::<core[a373ad73a504971]::result::Result<(), alloc[2e1b2a31b91974c5]::string::String>, fn() -> core[a373ad73a504971]::result::Result<(), alloc[2e1b2a31b91974c5]::string::String>>
[INFO] [stdout]                                at /rustc/e3feeb59cd1bdd011a2bfcc0747b55125d9b8527/library/test/src/lib.rs:701:18
[INFO] [stdout]   26:     0x6441659dfcd5 - test[aada8e7e76ba119b]::run_test_in_process::{closure#0}
[INFO] [stdout]                                at /rustc/e3feeb59cd1bdd011a2bfcc0747b55125d9b8527/library/test/src/lib.rs:724:74
[INFO] [stdout]   27:     0x6441659dfcd5 - <core[a373ad73a504971]::panic::unwind_safe::AssertUnwindSafe<test[aada8e7e76ba119b]::run_test_in_process::{closure#0}> as core[a373ad73a504971]::ops::function::FnOnce<()>>::call_once
[INFO] [stdout]                                at /rustc/e3feeb59cd1bdd011a2bfcc0747b55125d9b8527/library/core/src/panic/unwind_safe.rs:275:9
[INFO] [stdout]   28:     0x6441659dfcd5 - std[617be2ca0a6fd877]::panicking::catch_unwind::do_call::<core[a373ad73a504971]::panic::unwind_safe::AssertUnwindSafe<test[aada8e7e76ba119b]::run_test_in_process::{closure#0}>, core[a373ad73a504971]::result::Result<(), alloc[2e1b2a31b91974c5]::string::String>>
[INFO] [stdout]                                at /rustc/e3feeb59cd1bdd011a2bfcc0747b55125d9b8527/library/std/src/panicking.rs:573:43
[INFO] [stdout]   29:     0x6441659dfcd5 - std[617be2ca0a6fd877]::panicking::catch_unwind::<core[a373ad73a504971]::result::Result<(), alloc[2e1b2a31b91974c5]::string::String>, core[a373ad73a504971]::panic::unwind_safe::AssertUnwindSafe<test[aada8e7e76ba119b]::run_test_in_process::{closure#0}>>
[INFO] [stdout]                                at /rustc/e3feeb59cd1bdd011a2bfcc0747b55125d9b8527/library/std/src/panicking.rs:541:19
[INFO] [stdout]   30:     0x6441659dfcd5 - std[617be2ca0a6fd877]::panic::catch_unwind::<core[a373ad73a504971]::panic::unwind_safe::AssertUnwindSafe<test[aada8e7e76ba119b]::run_test_in_process::{closure#0}>, core[a373ad73a504971]::result::Result<(), alloc[2e1b2a31b91974c5]::string::String>>
[INFO] [stdout]                                at /rustc/e3feeb59cd1bdd011a2bfcc0747b55125d9b8527/library/std/src/panic.rs:359:14
[INFO] [stdout]   31:     0x6441659dfcd5 - test[aada8e7e76ba119b]::run_test_in_process
[INFO] [stdout]                                at /rustc/e3feeb59cd1bdd011a2bfcc0747b55125d9b8527/library/test/src/lib.rs:724:27
[INFO] [stdout]   32:     0x6441659dfcd5 - test[aada8e7e76ba119b]::run_test::{closure#0}
[INFO] [stdout]                                at /rustc/e3feeb59cd1bdd011a2bfcc0747b55125d9b8527/library/test/src/lib.rs:645:43
[INFO] [stdout]   33:     0x6441659d95c4 - test[aada8e7e76ba119b]::run_test::{closure#1}
[INFO] [stdout]                                at /rustc/e3feeb59cd1bdd011a2bfcc0747b55125d9b8527/library/test/src/lib.rs:675:41
[INFO] [stdout]   34:     0x6441659d95c4 - std[617be2ca0a6fd877]::sys::backtrace::__rust_begin_short_backtrace::<test[aada8e7e76ba119b]::run_test::{closure#1}, ()>
[INFO] [stdout]                                at /rustc/e3feeb59cd1bdd011a2bfcc0747b55125d9b8527/library/std/src/sys/backtrace.rs:166:18
[INFO] [stdout]   35:     0x6441659e2d62 - std[617be2ca0a6fd877]::thread::lifecycle::spawn_unchecked::<test[aada8e7e76ba119b]::run_test::{closure#1}, ()>::{closure#1}::{closure#0}
[INFO] [stdout]                                at /rustc/e3feeb59cd1bdd011a2bfcc0747b55125d9b8527/library/std/src/thread/lifecycle.rs:70:13
[INFO] [stdout]   36:     0x6441659e2d62 - <core[a373ad73a504971]::panic::unwind_safe::AssertUnwindSafe<std[617be2ca0a6fd877]::thread::lifecycle::spawn_unchecked<test[aada8e7e76ba119b]::run_test::{closure#1}, ()>::{closure#1}::{closure#0}> as core[a373ad73a504971]::ops::function::FnOnce<()>>::call_once
[INFO] [stdout]                                at /rustc/e3feeb59cd1bdd011a2bfcc0747b55125d9b8527/library/core/src/panic/unwind_safe.rs:275:9
[INFO] [stdout]   37:     0x6441659e2d62 - std[617be2ca0a6fd877]::panicking::catch_unwind::do_call::<core[a373ad73a504971]::panic::unwind_safe::AssertUnwindSafe<std[617be2ca0a6fd877]::thread::lifecycle::spawn_unchecked<test[aada8e7e76ba119b]::run_test::{closure#1}, ()>::{closure#1}::{closure#0}>, ()>
[INFO] [stdout]                                at /rustc/e3feeb59cd1bdd011a2bfcc0747b55125d9b8527/library/std/src/panicking.rs:573:43
[INFO] [stdout]   38:     0x6441659e2d62 - std[617be2ca0a6fd877]::panicking::catch_unwind::<(), core[a373ad73a504971]::panic::unwind_safe::AssertUnwindSafe<std[617be2ca0a6fd877]::thread::lifecycle::spawn_unchecked<test[aada8e7e76ba119b]::run_test::{closure#1}, ()>::{closure#1}::{closure#0}>>
[INFO] [stdout]                                at /rustc/e3feeb59cd1bdd011a2bfcc0747b55125d9b8527/library/std/src/panicking.rs:541:19
[INFO] [stdout]   39:     0x6441659e2d62 - std[617be2ca0a6fd877]::panic::catch_unwind::<core[a373ad73a504971]::panic::unwind_safe::AssertUnwindSafe<std[617be2ca0a6fd877]::thread::lifecycle::spawn_unchecked<test[aada8e7e76ba119b]::run_test::{closure#1}, ()>::{closure#1}::{closure#0}>, ()>
[INFO] [stdout]                                at /rustc/e3feeb59cd1bdd011a2bfcc0747b55125d9b8527/library/std/src/panic.rs:359:14
[INFO] [stdout]   40:     0x6441659e2d62 - std[617be2ca0a6fd877]::thread::lifecycle::spawn_unchecked::<test[aada8e7e76ba119b]::run_test::{closure#1}, ()>::{closure#1}
[INFO] [stdout]                                at /rustc/e3feeb59cd1bdd011a2bfcc0747b55125d9b8527/library/std/src/thread/lifecycle.rs:68:26
[INFO] [stdout]   41:     0x6441659e2d62 - <std[617be2ca0a6fd877]::thread::lifecycle::spawn_unchecked<test[aada8e7e76ba119b]::run_test::{closure#1}, ()>::{closure#1} as core[a373ad73a504971]::ops::function::FnOnce<()>>::call_once::{shim:vtable#0}
[INFO] [stdout]                                at /rustc/e3feeb59cd1bdd011a2bfcc0747b55125d9b8527/library/core/src/ops/function.rs:250:5
[INFO] [stdout]   42:     0x644165aa672f - <alloc[2e1b2a31b91974c5]::boxed::Box<dyn core[a373ad73a504971]::ops::function::FnOnce<(), Output = ()> + core[a373ad73a504971]::marker::Send> as core[a373ad73a504971]::ops::function::FnOnce<()>>::call_once
[INFO] [stdout]                                at /rustc/e3feeb59cd1bdd011a2bfcc0747b55125d9b8527/library/alloc/src/boxed.rs:2314:9
[INFO] [stdout]   43:     0x644165aa672f - <std[617be2ca0a6fd877]::sys::thread::unix::Thread>::new::thread_start
[INFO] [stdout]                                at /rustc/e3feeb59cd1bdd011a2bfcc0747b55125d9b8527/library/std/src/sys/thread/unix.rs:127:17
[INFO] [stdout]   44:     0x793a9166adfa - <unknown>
[INFO] [stdout]   45:     0x793a916fe3d4 - clone
[INFO] [stdout]   46:                0x0 - <unknown>
[INFO] [stdout] 
[INFO] [stdout] 
[INFO] [stdout] failures:
[INFO] [stdout]     both_sides_async_using_threadpool
[INFO] [stdout]     listener_reads
[INFO] [stdout]     listener_writes
[INFO] [stdout] 
[INFO] [stdout] test result: FAILED. 0 passed; 3 failed; 0 ignored; 0 measured; 0 filtered out; finished in 0.05s
[INFO] [stdout] 
[INFO] running `Command { std: "docker" "inspect" "f5e3a55ac777076fa468dd0f4819e4f2b0186a281a32ec6c0a5e017b7413eb8c", kill_on_drop: false }`
[INFO] running `Command { std: "docker" "rm" "-f" "f5e3a55ac777076fa468dd0f4819e4f2b0186a281a32ec6c0a5e017b7413eb8c", kill_on_drop: false }`
[INFO] [stdout] f5e3a55ac777076fa468dd0f4819e4f2b0186a281a32ec6c0a5e017b7413eb8c
