[INFO] fetching crate rom-weaver-core 0.17.0...
[INFO] testing rom-weaver-core-0.17.0 against 1.100.0-beta.1 for beta-1.100-2
[INFO] extracting crate rom-weaver-core 0.17.0 into /workspace/builds/worker-1-tc2/source
[INFO] started tweaking crates.io crate rom-weaver-core 0.17.0
[INFO] removed 0 missing tests
[INFO] finished tweaking crates.io crate rom-weaver-core 0.17.0
[INFO] tweaked toml for crates.io crate rom-weaver-core 0.17.0 written to /workspace/builds/worker-1-tc2/source/Cargo.toml
[INFO] validating manifest of crates.io crate rom-weaver-core 0.17.0 on toolchain 1.100.0-beta.1
[INFO] running `Command { std: CARGO_HOME="/workspace/cargo-home" RUSTUP_HOME="/workspace/rustup-home" "/workspace/cargo-home/bin/cargo" "+1.100.0-beta.1" "metadata" "--manifest-path" "Cargo.toml" "--no-deps", kill_on_drop: false }`
[INFO] crate crates.io crate rom-weaver-core 0.17.0 already has a lockfile, it will not be regenerated
[INFO] running `Command { std: CARGO_HOME="/workspace/cargo-home" RUSTUP_HOME="/workspace/rustup-home" "/workspace/cargo-home/bin/cargo" "+1.100.0-beta.1" "fetch" "--manifest-path" "Cargo.toml", kill_on_drop: false }`
[INFO] running `Command { std: "docker" "create" "-v" "/var/lib/crater-agent-workspace/builds/worker-1-tc2/source:/opt/rustwide/workdir:ro,Z" "-v" "/var/lib/crater-agent-workspace/builds/worker-1-tc2/target:/opt/rustwide/target:rw,Z" "-v" "/var/lib/crater-agent-workspace/cargo-home:/opt/rustwide/cargo-home:ro,Z" "-v" "/var/lib/crater-agent-workspace/rustup-home:/opt/rustwide/rustup-home:ro,Z" "-m" "1610612736" "--network" "none" "ghcr.io/rust-lang/crates-build-env/linux@sha256:3111399a4047eeb3a02b7a90e478d715f38a8c6669b5c4b49d30a17385265909" "sleep" "infinity", kill_on_drop: false }`
[INFO] [stdout] f5b7edbce5ed6cb5762a200fa1b516b2916cf25cb5752de864434b9f23302356
[INFO] running `Command { std: "docker" "start" "f5b7edbce5ed6cb5762a200fa1b516b2916cf25cb5752de864434b9f23302356", kill_on_drop: false }`
[INFO] running `Command { std: "docker" "inspect" "f5b7edbce5ed6cb5762a200fa1b516b2916cf25cb5752de864434b9f23302356", kill_on_drop: false }`
[INFO] running `Command { std: "docker" "exec" "-e" "SOURCE_DIR=/opt/rustwide/workdir" "-e" "CARGO_HOME=/opt/rustwide/cargo-home" "-e" "RUSTUP_HOME=/opt/rustwide/rustup-home" "-e" "CARGO_TARGET_DIR=/opt/rustwide/target" "-w" "/opt/rustwide/workdir" "--user" "0:0" "f5b7edbce5ed6cb5762a200fa1b516b2916cf25cb5752de864434b9f23302356" "/opt/rustwide/cargo-home/bin/cargo" "+1.100.0-beta.1" "metadata" "--no-deps" "--format-version=1", kill_on_drop: false }`
[INFO] running `Command { std: "docker" "inspect" "f5b7edbce5ed6cb5762a200fa1b516b2916cf25cb5752de864434b9f23302356", kill_on_drop: false }`
[INFO] running `Command { std: "docker" "exec" "-e" "SOURCE_DIR=/opt/rustwide/workdir" "-e" "CARGO_HOME=/opt/rustwide/cargo-home" "-e" "RUSTUP_HOME=/opt/rustwide/rustup-home" "-e" "CARGO_TARGET_DIR=/opt/rustwide/target" "-e" "CARGO_INCREMENTAL=0" "-e" "RUST_BACKTRACE=full" "-e" "RUSTFLAGS=--cap-lints=warn" "-e" "RUSTDOCFLAGS=--cap-lints=warn" "-w" "/opt/rustwide/workdir" "--user" "0:0" "f5b7edbce5ed6cb5762a200fa1b516b2916cf25cb5752de864434b9f23302356" "/opt/rustwide/cargo-home/bin/cargo" "+1.100.0-beta.1" "build" "--frozen" "--message-format=json", kill_on_drop: false }`
[INFO] [stderr]    Compiling find-msvc-tools v0.1.13
[INFO] [stderr]    Compiling crossbeam-utils v0.8.23
[INFO] [stderr]    Compiling crc32fast v1.5.2
[INFO] [stderr]    Compiling zstd-safe v8.0.0
[INFO] [stderr]    Compiling either v1.16.0
[INFO] [stderr]    Compiling rom-weaver-core v0.17.0 (/opt/rustwide/workdir)
[INFO] [stderr]    Compiling syn v3.0.0
[INFO] [stderr]    Compiling syn v2.0.119
[INFO] [stderr]    Compiling lzma-rust2 v0.21.0
[INFO] [stderr]    Compiling cc v1.4.7
[INFO] [stderr]    Compiling crossbeam-epoch v0.9.20
[INFO] [stderr]    Compiling crossbeam-deque v0.8.7
[INFO] [stderr]    Compiling rayon-core v1.13.0
[INFO] [stderr]    Compiling rayon v1.12.0
[INFO] [stderr]    Compiling zstd-sys v2.1.0+zstd.1.5.7
[INFO] [stderr]    Compiling libz-sys v1.1.29
[INFO] [stderr]    Compiling bzip2-sys v0.1.13+1.0.8
[INFO] [stderr]    Compiling bzip2 v0.6.1
[INFO] [stderr]    Compiling flate2 v1.1.10
[INFO] [stderr]    Compiling thiserror-impl v2.0.20
[INFO] [stderr]    Compiling serde_derive v1.0.229
[INFO] [stderr]    Compiling thiserror v2.0.20
[INFO] [stderr]    Compiling tracing-attributes v0.1.31
[INFO] [stderr]    Compiling tracing v0.1.44
[INFO] [stderr]    Compiling serde v1.0.229
[INFO] [stderr]    Compiling zstd v0.14.0
[INFO] [stderr]     Finished `dev` profile [unoptimized + debuginfo] target(s) in 23.22s
[INFO] running `Command { std: "docker" "inspect" "f5b7edbce5ed6cb5762a200fa1b516b2916cf25cb5752de864434b9f23302356", kill_on_drop: false }`
[INFO] running `Command { std: "docker" "exec" "-e" "SOURCE_DIR=/opt/rustwide/workdir" "-e" "CARGO_HOME=/opt/rustwide/cargo-home" "-e" "RUSTUP_HOME=/opt/rustwide/rustup-home" "-e" "CARGO_TARGET_DIR=/opt/rustwide/target" "-e" "CARGO_INCREMENTAL=0" "-e" "RUST_BACKTRACE=full" "-e" "RUSTFLAGS=--cap-lints=warn" "-e" "RUSTDOCFLAGS=--cap-lints=warn" "-w" "/opt/rustwide/workdir" "--user" "0:0" "f5b7edbce5ed6cb5762a200fa1b516b2916cf25cb5752de864434b9f23302356" "/opt/rustwide/cargo-home/bin/cargo" "+1.100.0-beta.1" "test" "--frozen" "--no-run" "--message-format=json", kill_on_drop: false }`
[INFO] [stderr]    Compiling aho-corasick v1.1.4
[INFO] [stderr]    Compiling bstr v1.13.0
[INFO] [stderr]    Compiling rustix v1.1.4
[INFO] [stderr]    Compiling predicates v3.1.4
[INFO] [stderr]    Compiling rom-weaver-core v0.17.0 (/opt/rustwide/workdir)
[INFO] [stderr]    Compiling regex-automata v0.4.16
[INFO] [stderr]    Compiling tempfile v3.27.0
[INFO] [stderr]    Compiling globset v0.4.19
[INFO] [stderr]    Compiling ignore v0.4.30
[INFO] [stderr]    Compiling globwalk v0.9.1
[INFO] [stderr]    Compiling assert_fs v1.1.4
[INFO] [stderr]     Finished `test` profile [unoptimized + debuginfo] target(s) in 14.12s
[INFO] running `Command { std: "docker" "inspect" "f5b7edbce5ed6cb5762a200fa1b516b2916cf25cb5752de864434b9f23302356", kill_on_drop: false }`
[INFO] running `Command { std: "docker" "exec" "-e" "SOURCE_DIR=/opt/rustwide/workdir" "-e" "CARGO_HOME=/opt/rustwide/cargo-home" "-e" "RUSTUP_HOME=/opt/rustwide/rustup-home" "-e" "CARGO_TARGET_DIR=/opt/rustwide/target" "-e" "CARGO_INCREMENTAL=0" "-e" "RUST_BACKTRACE=full" "-e" "RUSTFLAGS=--cap-lints=warn" "-e" "RUSTDOCFLAGS=--cap-lints=warn" "-w" "/opt/rustwide/workdir" "--user" "0:0" "f5b7edbce5ed6cb5762a200fa1b516b2916cf25cb5752de864434b9f23302356" "/opt/rustwide/cargo-home/bin/cargo" "+1.100.0-beta.1" "test" "--frozen", kill_on_drop: false }`
[INFO] [stderr]     Finished `test` profile [unoptimized + debuginfo] target(s) in 0.10s
[INFO] [stderr]      Running unittests src/lib.rs (/opt/rustwide/target/debug/build/rom-weaver-core/4918ee7764294562/out/rom_weaver_core-4918ee7764294562)
[INFO] [stdout] 
[INFO] [stdout] running 267 tests
[INFO] [stdout] test codecs::registry::helpers::tests::bzip2_decodes_a_known_vector_pinned_to_the_c_backend ... ok
[INFO] [stdout] test cancel::tests::local_cancellation_and_output_cleanup_have_expected_lifecycles ... ok
[INFO] [stdout] test access::tests::advice_reports_the_mode_and_owner_of_an_existing_path ... ok
[INFO] [stdout] test codecs::registry::helpers::tests::deflate_rejects_expected_len_smaller_than_actual ... ok
[INFO] [stdout] test codecs::registry::helpers::tests::deflate_into_buffer_fills_an_exact_size_buffer_with_no_trailing_bytes ... ok
[INFO] [stdout] test codecs::registry::helpers::tests::deflate_rejects_truncated_input ... ok
[INFO] [stdout] test codecs::registry::helpers::tests::bzip2_rejects_expected_len_smaller_than_actual ... ok
[INFO] [stdout] test codecs::registry::helpers::tests::deflate_into_buffer_reports_trailing_bytes_when_buffer_is_smaller_than_payload ... ok
[INFO] [stdout] test codecs::registry::helpers::tests::deflate_round_trips_across_payload_shapes ... ok
[INFO] [stdout] test codecs::registry::helpers::tests::bzip2_rejects_truncated_input ... ok
[INFO] [stdout] test codecs::registry::helpers::tests::bzip2_rejects_expected_len_larger_than_actual ... ok
[INFO] [stdout] test codecs::registry::helpers::tests::deflate_decodes_a_known_vector_pinned_to_the_c_backend ... ok
[INFO] [stdout] test access::tests::advice_survives_a_path_with_no_existing_ancestor ... ok
[INFO] [stdout] test codecs::registry::helpers::tests::deflate_into_buffer_stops_short_when_buffer_is_larger_than_payload ... ok
[INFO] [stdout] test access::tests::advice_falls_back_to_the_nearest_existing_ancestor ... ok
[INFO] [stdout] test codecs::registry::helpers::tests::deflate_rejects_expected_len_larger_than_actual ... ok
[INFO] [stdout] test codecs::registry::definitions::tests::canonical_codec_names_cover_every_codec_and_parse_edge_aliases ... ok
[INFO] [stdout] test codecs::registry::helpers::tests::zlib_decodes_a_known_vector_pinned_to_the_c_backend ... ok
[INFO] [stdout] test codecs::registry::helpers::tests::zlib_rejects_expected_len_larger_than_actual ... ok
[INFO] [stdout] test codecs::registry::helpers::tests::zlib_rejects_expected_len_smaller_than_actual ... ok
[INFO] [stdout] test codecs::registry::helpers::tests::zlib_rejects_truncated_input ... ok
[INFO] [stdout] test codecs::registry::helpers::tests::zstd_rejects_expected_len_larger_than_actual ... ok
[INFO] [stdout] test codecs::registry::helpers::tests::zlib_round_trips_across_payload_shapes ... ok
[INFO] [stdout] test codecs::registry::helpers::tests::zstd_rejects_expected_len_smaller_than_actual ... ok
[INFO] [stdout] test codecs::registry::helpers::tests::bzip2_round_trips_across_payload_shapes ... ok
[INFO] [stdout] test codecs::registry::tests::normalizes_codec_labels_for_reporting ... ok
[INFO] [stdout] test codecs::registry::tests::parses_shared_codec_aliases ... ok
[INFO] [stdout] test codecs::registry::tests::unknown_codec_is_preserved ... ok
[INFO] [stdout] test common_files::extra_tests::common_file_filter_ignores_known_metadata_names ... ok
[INFO] [stdout] test common_files::extra_tests::kind_filter_flag_label_includes_the_patch_filter ... ok
[INFO] [stdout] test common_files::tests::disabled_kind_filter_matches_everything ... ok
[INFO] [stdout] test common_files::tests::kind_filter_keeps_nested_containers_as_pass_through ... ok
[INFO] [stdout] test common_files::tests::patch_filter_matches_supported_patch_extensions_and_pds ... ok
[INFO] [stdout] test common_files::tests::rom_filter_matches_rom_and_cue_extensions ... ok
[INFO] [stdout] test concurrency::tests::concurrency_cap_is_hard ... ok
[INFO] [stdout] test codecs::registry::helpers::tests::zstd_rejects_truncated_input ... ok
[INFO] [stdout] test concurrency::tests::fair_thread_allotment_divides_budget ... ok
[INFO] [stdout] test concurrency::tests::lone_job_always_admitted_even_when_over_every_limit ... ok
[INFO] [stdout] test concurrency::tests::plan_batch_assigns_even_thread_slices_per_wave ... ok
[INFO] [stdout] test concurrency::tests::plan_waves_packs_light_jobs_and_isolates_a_heavy_one ... ok
[INFO] [stdout] test concurrency::tests::plan_waves_respects_thread_budget_across_waves ... ok
[INFO] [stdout] test concurrency::tests::resolve_memory_ceiling_clamps_and_falls_back ... ok
[INFO] [stdout] test concurrency::tests::thread_budget_gate_blocks_oversubscription ... ok
[INFO] [stdout] test concurrency::tests::thread_less_jobs_do_not_consume_budget ... ok
[INFO] [stdout] test concurrency::tests::working_set_estimate_uses_base_for_unknown_and_scales_otherwise ... ok
[INFO] [stdout] test context::tests::getters_round_trip_the_constructor_arguments ... ok
[INFO] [stdout] test context::tests::operation_context_new_threads_default_patch_policy_through_getters ... ok
[INFO] [stdout] test context::tests::patch_check_scopes_all_toggles_every_field_together ... ok
[INFO] [stdout] test codecs::registry::helpers::tests::zstd_round_trips_across_payload_shapes_and_levels ... ok
[INFO] [stdout] test concurrency::tests::memory_ceiling_gate_blocks_combined_overflow ... ok
[INFO] [stdout] test context::tests::patch_policy_default_pins_every_field ... ok
[INFO] [stdout] test context::tests::seed_checksums_merges_and_keeps_the_first_write_per_algorithm ... ok
[INFO] [stdout] test context::tests::seeded_checksum_returns_none_for_an_unseeded_path ... ok
[INFO] [stdout] test context::tests::single_thread_execution_reports_no_parallelism ... ok
[INFO] [stdout] test context::tests::with_extract_checksum_algorithms_round_trips ... ok
[INFO] [stdout] test context::tests::with_extract_checksum_rom_only_round_trips ... ok
[INFO] [stdout] test context::tests::with_patch_apply_in_memory_limit_round_trips ... ok
[INFO] [stdout] test context::tests::with_patch_check_scopes_overrides_the_strict_derived_default ... ok
[INFO] [stdout] test context::tests::seed_checksums_and_seeded_checksum_normalize_case ... ok
[INFO] [stdout] test context::tests::seed_checksums_with_an_empty_map_is_a_no_op ... ok
[INFO] [stdout] test context::tests::with_patch_checksum_validation_ignore_disables_every_derived_scope ... ok
[INFO] [stdout] test context::tests::with_patch_input_n64_byte_order_round_trips ... ok
[INFO] [stdout] test context::tests::with_progress_sink_swaps_the_sink_emit_reaches ... ok
[INFO] [stdout] test context::tests::with_patch_endpoint_selection_round_trips ... ok
[INFO] [stdout] test context::tests::with_xdelta_secondary_mode_round_trips ... ok
[INFO] [stdout] test context::tests::xdelta_secondary_mode_display_round_trips_to_from_str ... ok
[INFO] [stdout] test context::tests::xdelta_secondary_mode_from_str_accepts_all_variants_case_insensitively ... ok
[INFO] [stdout] test context::tests::with_patch_policy_replaces_the_whole_group_at_once ... ok
[INFO] [stdout] test context::tests::xdelta_secondary_mode_from_str_rejects_unknown_values ... ok
[INFO] [stdout] test disc_sheet::tests::detect_recognizes_cue_and_gdi_case_insensitively ... ok
[INFO] [stdout] test disc_sheet::tests::enumerate_cue_collects_files_in_order ... ok
[INFO] [stdout] test disc_sheet::tests::enumerate_cue_dedupes_repeated_file_and_takes_bareword ... ok
[INFO] [stdout] test disc_sheet::tests::enumerate_cue_rejects_empty ... ok
[INFO] [stdout] test disc_sheet::tests::enumerate_gdi_handles_quoted_filename_with_spaces ... ok
[INFO] [stdout] test disc_sheet::tests::enumerate_gdi_rejects_bad_header ... ok
[INFO] [stdout] test disc_sheet::tests::enumerate_disc_sheet_refs_reads_from_disk ... ok
[INFO] [stdout] test disc_sheet::tests::enumerate_gdi_collects_filename_column ... ok
[INFO] [stdout] test disc_sheet::tests::parse_from_text_matches_cue_and_gdi_grammar ... ok
[INFO] [stdout] test disc_sheet::tests::enumerate_rejects_non_sheet ... ok
[INFO] [stdout] test error::tests::classify_message_ignores_non_core_and_context_wrapped_messages ... ok
[INFO] [stdout] test disc_sheet::tests::sibling_gdi_only_for_cue_with_existing_gdi ... ok
[INFO] [stdout] test error::tests::every_variant_is_covered_by_the_contract ... ok
[INFO] [stdout] test error::tests::cancelled_maps_to_cancelled_kind_and_exact_message ... ok
[INFO] [stdout] test error::tests::io_op_renders_a_verb_for_every_operation ... ok
[INFO] [stdout] test error::tests::io_path_appends_access_advice_only_for_permission_denials ... ok
[INFO] [stdout] test error::tests::io_path_maps_to_io_kind_and_prefix ... ok
[INFO] [stdout] test error::tests::io_maps_to_io_kind_and_prefix ... ok
[INFO] [stdout] test error::tests::permission_denied_path_reports_the_blamed_path ... ok
[INFO] [stdout] test error::tests::io_path_names_the_operation_and_the_path ... ok
[INFO] [stdout] test error::tests::thread_pool_build_maps_to_thread_pool_build_kind_and_prefix ... ok
[INFO] [stdout] test error::tests::io_op_extension_attaches_context_to_a_bare_io_result ... ok
[INFO] [stdout] test error::tests::unsupported_maps_to_unsupported_kind_and_prefix ... ok
[INFO] [stdout] test error::tests::unsupported_op_renders_every_variant ... ok
[INFO] [stdout] test error::tests::validation_field_value_converts_and_renders_every_supported_width ... ok
[INFO] [stdout] test error::tests::validation_variants_map_to_validation_kind_and_prefix ... ok
[INFO] [stdout] test error::tests::validation_code_error_renders_code_message_and_fields ... ok
[INFO] [stdout] test formatting::tests::formats_decimal_byte_units_with_two_digit_granularity ... ok
[INFO] [stdout] test io::tests::block_cache_reader_evicts_the_least_recently_used_block ... ok
[INFO] [stdout] test io::tests::block_cache_reader_bounds_check_survives_the_cross_thread_read_path ... ok
[INFO] [stdout] test io::tests::block_cache_reader_reads_across_block_boundaries ... ok
[INFO] [stdout] test io::tests::block_cache_reader_reports_a_source_that_shrank_after_it_was_opened ... ok
[INFO] [stdout] test error::tests::unknown_format_maps_to_unknown_format_kind_and_prefix ... ok
[INFO] [stdout] test io::tests::block_cache_reader_validates_its_options ... ok
[INFO] [stdout] test io::tests::block_cache_readers_reject_reads_past_the_file ... ok
[INFO] [stdout] test io::tests::block_cache_reader_supports_cross_thread_reads ... ok
[INFO] [stdout] test io::tests::bounded_items_scale_with_threads ... ok
[INFO] [stdout] test io::tests::chunk_planner_rejects_a_zero_chunk_size_and_plans_nothing_for_an_empty_file ... ok
[INFO] [stdout] test io::tests::chunk_planner_splits_ranges ... ok
[INFO] [stdout] test io::tests::block_cache_reader_reports_its_options_and_serves_short_and_vector_reads ... ok
[INFO] [stdout] test io::tests::create_extract_output_file_separates_overwrite_refusal_from_other_failures ... ok
[INFO] [stdout] test io::tests::ensure_output_available_handles_new_existing_and_forced_outputs ... ok
[INFO] [stdout] test io::tests::file_starts_with_distinguishes_matching_short_and_missing_sources ... ok
[INFO] [stdout] test io::tests::ordered_streaming_compress_collects_worker_results_in_task_order ... ok
[INFO] [stdout] test codecs::registry::helpers::tests::lzma_rejects_expected_len_larger_than_actual ... ok
[INFO] [stdout] test io::tests::ordered_streaming_compress_does_no_work_for_an_empty_task_list ... ok
[INFO] [stdout] test io::tests::ordered_streaming_compress_reports_a_task_iterator_that_ends_early ... ok
[INFO] [stdout] test io::tests::ordered_streaming_compress_returns_collector_errors_without_deadlock ... ok
[INFO] [stdout] test io::tests::ordered_streaming_compress_returns_read_errors_without_deadlock ... ok
[INFO] [stdout] test codecs::registry::helpers::tests::lzma_rejects_truncated_input ... ok
[INFO] [stdout] test io::tests::ordered_writer_refuses_to_buffer_past_the_reorder_window ... ok
[INFO] [stdout] test io::tests::ordered_writer_flushes_in_order ... ok
[INFO] [stdout] test io::tests::ordered_writer_refuses_to_finish_with_a_gap ... ok
[INFO] [stdout] test io::tests::shared_block_cache_reader_reuses_cached_blocks ... ok
[INFO] [stdout] test io::tests::ordered_writer_rejects_a_zero_reorder_window ... ok
[INFO] [stdout] test io::tests::temp_allocator_drop_removes_namespace_directory ... ok
[INFO] [stdout] test io::tests::temp_allocator_exposes_its_root_and_namespace_and_handles_extension_shapes ... ok
[INFO] [stdout] test io::tests::temp_paths_are_unique ... ok
[INFO] [stdout] test codecs::registry::helpers::tests::lzma_round_trips_across_payload_shapes ... ok
[INFO] [stdout] test prompt::tests::handles_cancel_and_invalid_values ... ok
[INFO] [stdout] test progress::tests::byte_progress_suppresses_zero_duplicates_and_backwards_buckets ... ok
[INFO] [stdout] test prompt::tests::handles_multi_selection_cancel_and_invalid_values ... ok
[INFO] [stdout] test io::tests::shared_block_cache_reader_supports_parallel_reads ... ok
[INFO] [stdout] test prompt::tests::parses_multi_selection_indexes_and_ranges ... ok
[INFO] [stdout] test registry::tests::container_list_entry_records_default_maps_entries_without_sizes ... ok
[INFO] [stdout] test registry::tests::container_trait_defaults_describe_an_unimplemented_operation ... ok
[INFO] [stdout] test registry::tests::ensure_single_output_selected_accepts_a_matching_selection ... ok
[INFO] [stdout] test registry::tests::ensure_single_output_selected_rejects_an_output_the_kind_filter_excludes ... ok
[INFO] [stdout] test registry::tests::format_descriptor_matches_paths_by_extension_regardless_of_case ... ok
[INFO] [stdout] test registry::tests::ensure_single_output_selected_rejects_an_unmatched_selection ... ok
[INFO] [stdout] test registry::tests::into_event_classifies_failed_report_error_kind ... ok
[INFO] [stdout] test registry::tests::format_descriptor_matches_its_name_and_aliases_case_insensitively ... ok
[INFO] [stdout] test registry::tests::into_event_preserves_thread_fallback_metadata ... ok
[INFO] [stdout] test registry::tests::into_event_omits_error_kind_for_success_and_context_wrapped_failures ... ok
[INFO] [stdout] test registry::tests::patch_trait_defaults_fall_back_to_the_required_methods ... ok
[INFO] [stdout] test registry::tests::traced_container_handler_gates_create_for_extract_only ... ok
[INFO] [stdout] test prompt::tests::accepts_valid_indexes ... ok
[INFO] [stdout] test registry::tests::validate_via_apply_propagates_an_apply_error ... ok
[INFO] [stdout] test registry::tests::validate_via_apply_reports_a_successful_dry_run_and_removes_its_output ... ok
[INFO] [stdout] test registry::tests::validate_via_apply_propagates_a_non_successful_apply_as_a_validate_stage ... ok
[INFO] [stdout] test registry::tests::traced_container_handler_forwards_every_operation ... ok
[INFO] [stdout] test registry::tests::traced_patch_handler_forwards_every_operation ... ok
[INFO] [stdout] test report_details::tests::attach_emitted_file_paths_deduplicates_and_skips_non_files ... ok
[INFO] [stdout] test report_details::tests::attach_emitted_file_paths_matches_a_seeded_windows_path_against_the_stored_shape ... ok
[INFO] [stdout] test report_details::tests::attach_extraction_details_preserves_existing_fields_and_thread_data ... ok
[INFO] [stdout] test report_details::tests::attach_emitted_file_paths_folds_backslash_separators_into_one_key ... ok
[INFO] [stdout] test report_details::tests::emitted_path_key_folds_a_windows_drive_letter_path ... ok
[INFO] [stdout] test codecs::registry::helpers::tests::lzma_with_smaller_expected_len_returns_a_truncated_prefix_instead_of_erroring ... ok
[INFO] [stdout] test report_details::tests::known_emitted_file_detail_needs_no_metadata_read ... ok
[INFO] [stdout] test report_details::tests::operation_report_details_preserves_only_existing_objects ... ok
[INFO] [stdout] test report_details::tests::thread_execution_details_include_an_optional_fallback_reason ... ok
[INFO] [stdout] test save::container::tests::a_bare_footer_or_a_bad_cookie_is_not_a_container ... ok
[INFO] [stdout] test report_details::tests::emitted_file_detail_has_the_shared_base_fields ... ok
[INFO] [stdout] test save::container::tests::desmume_footer_with_a_wrong_padded_size_warns ... ok
[INFO] [stdout] test save::container::tests::dexdrive_and_vgs_headers_unwrap_to_a_raw_memory_card ... ok
[INFO] [stdout] test save::container::tests::wrap_rejects_a_resized_save ... ok
[INFO] [stdout] test save::container::tests::gsv_keeps_trailing_bytes_after_the_save ... ok
[INFO] [stdout] test save::container::tests::desmume_footer_is_122_bytes_and_unwraps_to_the_padded_save ... ok
[INFO] [stdout] test save::formats::tests::unknown_sizes_have_no_candidates ... ok
[INFO] [stdout] test save::formats::tests::format_ids_are_unique_and_sized ... ok
[INFO] [stdout] test save::formats::tests::signature_formats_lead_and_size_only_formats_follow ... ok
[INFO] [stdout] test report_details::tests::emitted_path_key_drops_the_windows_verbatim_prefix ... ok
[INFO] [stdout] test save::pokemon_gen2::tests::dry_run_reparses_without_returning_bytes ... ok
[INFO] [stdout] test save::pokemon_gen2::tests::recognition_keeps_shared_titles_ambiguous ... ok
[INFO] [stdout] test save::pokemon_gen2::tests::crystal_save_exposes_the_secret_id ... ok
[INFO] [stdout] test save::pokemon_gen2::tests::single_valid_copy_is_read_only ... ok
[INFO] [stdout] test save::pokemon_gen4::tests::matches_the_nitro_crc16_ccitt_test_vector ... ok
[INFO] [stdout] test save::pokemon_gen2::tests::gold_save_parses_and_repairs_both_copies ... ok
[INFO] [stdout] test codecs::registry::helpers::tests::xz_decodes_a_known_vector ... ok
[INFO] [stdout] test codecs::registry::helpers::tests::lzma2_rejects_expected_len_larger_than_actual ... ok
[INFO] [stdout] test codecs::registry::helpers::tests::lzma2_rejects_truncated_input ... ok
[INFO] [stdout] test codecs::registry::helpers::tests::xz_rejects_truncated_input ... ok
[INFO] [stdout] test save::tests::active_slot_uses_wrapping_counters_and_rejects_ties ... ok
[INFO] [stdout] test save::tests::corrupt_or_missing_sections_in_both_slots_are_unsupported ... ok
[INFO] [stdout] test save::tests::corrupt_slot_is_readable_but_not_editable ... ok
[INFO] [stdout] test io::tests::ordered_streaming_compress_returns_worker_initialization_panics_without_deadlock ... ok
[INFO] [stdout] test io::tests::ordered_streaming_compress_returns_worker_panics_without_deadlock ... ok
[INFO] [stdout] test save::pokemon_gen4::tests::damaged_redundant_copy_is_read_only ... ok
[INFO] [stdout] test save::tests::dry_run_reparses_and_no_op_avoids_output ... ok
[INFO] [stdout] test save::tests::edit_validation_rejects_each_invalid_request ... ok
[INFO] [stdout] test save::tests::emerald_is_recognized_from_its_valid_layout ... ok
[INFO] [stdout] test save::tests::empty_backup_slot_is_editable_and_stays_empty ... ok
[INFO] [stdout] test save::tests::field_schema_json_has_stable_generic_fields_without_offsets ... ok
[INFO] [stdout] test save::tests::gsv_snapshot_is_recognized_and_round_trips_its_header ... ok
[INFO] [stdout] test save::pokemon_gen4::tests::accepts_counter_rollover_like_the_game ... ok
[INFO] [stdout] test save::tests::multi_field_edit_reparses_and_preserves_the_backup_slot ... ok
[INFO] [stdout] test save::tests::parser_reconstructs_sections_and_decodes_trainer_fields ... ok
[INFO] [stdout] test save::tests::registry_lists_every_game_with_format_metadata ... ok
[INFO] [stdout] test save::tests::encrypted_money_uses_each_family_key ... ok
[INFO] [stdout] test save::tests::shark_port_checksum_sign_extends_high_bytes_like_vba ... ok
[INFO] [stdout] test save::tests::shark_port_checksum_mismatch_warns_but_still_parses ... ok
[INFO] [stdout] test codecs::registry::helpers::tests::xz_rejects_expected_len_smaller_than_actual ... ok
[INFO] [stdout] test codecs::registry::helpers::tests::lzma2_rejects_expected_len_smaller_than_actual ... ok
[INFO] [stdout] test save::pokemon_gen4::tests::rejects_a_copy_with_a_bad_main_crc ... ok
[INFO] [stdout] test save::zelda_alttp::tests::edits_both_copies_and_repairs_the_checksum ... ok
[INFO] [stdout] test save::tests::manual_selection_keeps_the_exact_title_identity ... ok
[INFO] [stdout] test save::zelda_alttp::tests::parses_three_valid_files_and_decodes_english_names ... ok
[INFO] [stdout] test save::tests::trainer_name_codec_accepts_every_english_keyboard_symbol ... ok
[INFO] [stdout] test save::zelda_alttp::tests::rejects_a_smith_flag_without_the_temporarily_removed_sword ... ok
[INFO] [stdout] test save::zelda_alttp::tests::rejects_all_edits_when_another_file_has_no_valid_copy ... ok
[INFO] [stdout] test save::zelda_alttp::tests::rejects_invalid_heart_combinations_without_writing ... ok
[INFO] [stdout] test save::zelda_alttp::tests::rejects_unrelated_edits_when_an_exposed_value_is_invalid ... ok
[INFO] [stdout] test save::tests::truncated_shark_port_wrapper_stays_unsupported ... ok
[INFO] [stdout] test save::tests::recognition_is_safe_for_wrong_sizes_and_shared_title_layouts ... ok
[INFO] [stdout] test save::tests::registry_accepts_new_handlers_without_generic_dispatch_changes ... ok
[INFO] [stdout] test selection::tests::glob_matcher_handles_multi_star_and_classes ... ok
[INFO] [stdout] test selection::tests::glob_matcher_rejects_non_matches ... ok
[INFO] [stdout] test selection::tests::normalizes_archive_paths ... ok
[INFO] [stdout] test save::zelda_alttp::tests::preserves_the_temporarily_removed_sword_during_other_edits ... ok
[INFO] [stdout] test selection::tests::selection_matcher_credits_overlapping_glob_and_prefix ... ok
[INFO] [stdout] test selection::tests::selection_matcher_credits_all_overlapping_patterns ... ok
[INFO] [stdout] test selection::tests::glob_matcher_does_not_blow_up_on_adversarial_stars ... ok
[INFO] [stdout] test save::zelda_alttp::tests::repairs_a_file_from_its_valid_backup_when_an_edit_targets_it ... ok
[INFO] [stdout] test save::tests::shark_port_save_is_recognized_and_parsed_with_a_wrapper_warning ... ok
[INFO] [stdout] test selection::tests::selection_matcher_preserves_bracketed_exact_matches ... ok
[INFO] [stdout] test selection::tests::selection_matcher_preserves_exact_and_prefix_matches ... ok
[INFO] [stdout] test selection::tests::selection_matcher_reports_missing_matches ... ok
[INFO] [stdout] test selection::tests::selection_matcher_supports_glob_patterns ... ok
[INFO] [stdout] test suggest::tests::formats_the_suffix ... ok
[INFO] [stdout] test threads::tests::fallback_to_single_thread_uses_inline_path_after_parallel_build_failure ... ok
[INFO] [stdout] test threads::tests::fixed_budget_parses_and_round_trips ... ok
[INFO] [stdout] test save::pokemon_gen4::tests::rejects_a_title_that_does_not_match_the_profile_version ... ok
[INFO] [stdout] test suggest::tests::stays_silent_when_nothing_is_close ... ok
[INFO] [stdout] test save::tests::shark_port_edit_round_trips_and_updates_only_the_save_and_checksum ... ok
[INFO] [stdout] test threads::tests::physical_memory_is_either_unavailable_or_a_plausible_page_multiple ... ok
[INFO] [stdout] test threads::tests::pool_build_does_not_retry_when_execution_is_already_single_threaded ... ok
[INFO] [stdout] test threads::tests::pool_build_falls_back_to_single_thread_when_parallel_build_fails ... ok
[INFO] [stdout] test threads::tests::pool_build_hard_fails_when_single_thread_fallback_also_fails ... ok
[INFO] [stdout] test threads::tests::parallel_capability_caps_effective_threads ... ok
[INFO] [stdout] test threads::tests::pool_fallback_propagates_a_non_pool_build_error_from_the_retry ... ok
[INFO] [stdout] test threads::tests::supports_execution_accepts_single_threaded_reports ... ok
[INFO] [stdout] test threads::tests::supports_execution_rejects_a_zero_thread_report ... ok
[INFO] [stdout] test threads::tests::supports_execution_rejects_effective_threads_above_cap ... ok
[INFO] [stdout] test threads::tests::supports_execution_rejects_inconsistent_parallelism_flag ... ok
[INFO] [stdout] test threads::tests::supports_execution_rejects_parallel_report_for_single_thread_capability ... ok
[INFO] [stdout] test threads::tests::test_force_mode_fails_multi_only ... ok
[INFO] [stdout] test threads::tests::thread_budget_deserialization_rejects_non_positive_and_wrong_types ... ok
[INFO] [stdout] test threads::tests::thread_budget_deserializes_a_signed_integer_from_a_non_json_format ... ok
[INFO] [stdout] test threads::tests::thread_budget_deserializes_from_strings_and_integers ... ok
[INFO] [stdout] test threads::tests::thread_budget_displays_and_parses_both_forms ... ok
[INFO] [stdout] test threads::tests::thread_budget_rejects_values_that_are_neither_auto_nor_positive ... ok
[INFO] [stdout] test threads::tests::thread_budget_serializes_as_a_string_or_a_number ... ok
[INFO] [stdout] test threads::tests::with_execution_uses_inline_path_for_effective_single_thread ... ok
[INFO] [stdout] test threads::tests::an_unrecognized_forced_failure_mode_fails_nothing ... ok
[INFO] [stdout] test suggest::tests::suggests_the_closest_registered_name ... ok
[INFO] [stdout] test suggest::tests::suggests_the_canonical_name_for_an_alias_typo ... ok
[INFO] [stdout] test save::pokemon_gen4::tests::selects_the_first_copy_when_counters_match_like_the_game ... ok
[INFO] [stdout] test save::pokemon_gen4::tests::reads_profile_fields_at_the_aligned_hgss_offsets ... ok
[INFO] [stdout] test threads::tests::auto_budget_resolves_to_a_positive_thread_count ... ok
[INFO] [stdout] test threads::tests::force_serial_downgrades_without_claiming_a_fallback ... ok
[INFO] [stdout] test threads::tests::single_threaded_capability_falls_back_cleanly ... ok
[INFO] [stdout] test threads::tests::supports_execution_accepts_parallel_fallback_to_single_thread ... ok
[INFO] [stdout] test threads::tests::forced_build_failure_mode_selects_by_pool_size ... ok
[INFO] [stdout] test codecs::registry::helpers::tests::xz_rejects_expected_len_larger_than_actual ... ok
[INFO] [stdout] test save::pokemon_gen4::tests::dry_run_reparses_without_returning_bytes ... ok
[INFO] [stdout] test codecs::registry::helpers::tests::xz_round_trips_across_payload_shapes ... ok
[INFO] [stdout] test save::pokemon_gen4::tests::selects_the_newest_complete_copy_and_edits_only_it ... ok
[INFO] [stdout] test codecs::registry::helpers::tests::lzma2_round_trips_across_payload_shapes ... ok
[INFO] [stdout] 
[INFO] [stdout] test result: ok. 267 passed; 0 failed; 0 ignored; 0 measured; 0 filtered out; finished in 0.96s
[INFO] [stdout] 
[INFO] [stderr]      Running tests/no_full_buffer_guard.rs (/opt/rustwide/target/debug/build/rom-weaver-core/68ad5c9005eeebf2/out/no_full_buffer_guard-68ad5c9005eeebf2)
[INFO] [stdout] 
[INFO] [stdout] running 1 test
[INFO] [stdout] test migrated_payload_paths_avoid_full_buffer_reads ... FAILED
[INFO] [stdout] 
[INFO] [stdout] failures:
[INFO] [stdout] 
[INFO] [stdout] ---- migrated_payload_paths_avoid_full_buffer_reads stdout ----
[INFO] [stdout] 
[INFO] [stdout] thread 'migrated_payload_paths_avoid_full_buffer_reads' (1336) panicked at tests/no_full_buffer_guard.rs:209:37:
[INFO] [stdout] failed to read /opt/crates/rom-weaver-containers/src/handlers/sevenz.rs: No such file or directory (os error 2)
[INFO] [stdout] stack backtrace:
[INFO] [stdout]    0:     0x650f68d134d1 - std[617be2ca0a6fd877]::backtrace_rs::backtrace::libunwind::trace
[INFO] [stdout]                                at /rustc/e3feeb59cd1bdd011a2bfcc0747b55125d9b8527/library/std/src/../../backtrace/src/backtrace/libunwind.rs:117:9
[INFO] [stdout]    1:     0x650f68d134d1 - std[617be2ca0a6fd877]::backtrace_rs::backtrace::trace_unsynchronized::<std[617be2ca0a6fd877]::sys::backtrace::_print_fmt::{closure#1}>
[INFO] [stdout]                                at /rustc/e3feeb59cd1bdd011a2bfcc0747b55125d9b8527/library/std/src/../../backtrace/src/backtrace/mod.rs:66:14
[INFO] [stdout]    2:     0x650f68d134d1 - std[617be2ca0a6fd877]::sys::backtrace::_print_fmt
[INFO] [stdout]                                at /rustc/e3feeb59cd1bdd011a2bfcc0747b55125d9b8527/library/std/src/sys/backtrace.rs:74:9
[INFO] [stdout]    3:     0x650f68d134d1 - <<std[617be2ca0a6fd877]::sys::backtrace::BacktraceLock>::print::DisplayBacktrace as core[a373ad73a504971]::fmt::Display>::fmt
[INFO] [stdout]                                at /rustc/e3feeb59cd1bdd011a2bfcc0747b55125d9b8527/library/std/src/sys/backtrace.rs:44:26
[INFO] [stdout]    4:     0x650f68d2749a - <core[a373ad73a504971]::fmt::rt::Argument>::fmt
[INFO] [stdout]                                at /rustc/e3feeb59cd1bdd011a2bfcc0747b55125d9b8527/library/core/src/fmt/rt.rs:152:76
[INFO] [stdout]    5:     0x650f68d2749a - core[a373ad73a504971]::fmt::write
[INFO] [stdout]    6:     0x650f68d1770c - core[a373ad73a504971]::io::write::default_write_fmt::<alloc[2e1b2a31b91974c5]::vec::Vec<u8>>
[INFO] [stdout]                                at /rustc/e3feeb59cd1bdd011a2bfcc0747b55125d9b8527/library/core/src/io/write.rs:402:11
[INFO] [stdout]    7:     0x650f68d1770c - <alloc[2e1b2a31b91974c5]::vec::Vec<u8> as core[a373ad73a504971]::io::write::Write>::write_fmt
[INFO] [stdout]                                at /rustc/e3feeb59cd1bdd011a2bfcc0747b55125d9b8527/library/core/src/io/write.rs:335:13
[INFO] [stdout]    8:     0x650f68cef3a6 - <std[617be2ca0a6fd877]::sys::backtrace::BacktraceLock>::print
[INFO] [stdout]                                at /rustc/e3feeb59cd1bdd011a2bfcc0747b55125d9b8527/library/std/src/sys/backtrace.rs:47:9
[INFO] [stdout]    9:     0x650f68cef3a6 - std[617be2ca0a6fd877]::panicking::default_hook::{closure#0}
[INFO] [stdout]                                at /rustc/e3feeb59cd1bdd011a2bfcc0747b55125d9b8527/library/std/src/panicking.rs:289:27
[INFO] [stdout]   10:     0x650f68d0b769 - std[617be2ca0a6fd877]::panicking::default_hook
[INFO] [stdout]                                at /rustc/e3feeb59cd1bdd011a2bfcc0747b55125d9b8527/library/std/src/panicking.rs:313:9
[INFO] [stdout]   11:     0x650f68ca7730 - <alloc[2e1b2a31b91974c5]::boxed::Box<dyn for<'a, 'b> core[a373ad73a504971]::ops::function::Fn<(&'a std[617be2ca0a6fd877]::panic::PanicHookInfo<'b>,), Output = ()> + core[a373ad73a504971]::marker::Sync + core[a373ad73a504971]::marker::Send> as core[a373ad73a504971]::ops::function::Fn<(&std[617be2ca0a6fd877]::panic::PanicHookInfo,)>>::call
[INFO] [stdout]                                at /rustc/e3feeb59cd1bdd011a2bfcc0747b55125d9b8527/library/alloc/src/boxed.rs:2328:9
[INFO] [stdout]   12:     0x650f68ca7730 - test[aada8e7e76ba119b]::test_main_inner::{closure#0}
[INFO] [stdout]                                at /rustc/e3feeb59cd1bdd011a2bfcc0747b55125d9b8527/library/test/src/lib.rs:137:21
[INFO] [stdout]   13:     0x650f68d0b922 - <alloc[2e1b2a31b91974c5]::boxed::Box<dyn for<'a, 'b> core[a373ad73a504971]::ops::function::Fn<(&'a std[617be2ca0a6fd877]::panic::PanicHookInfo<'b>,), Output = ()> + core[a373ad73a504971]::marker::Sync + core[a373ad73a504971]::marker::Send> as core[a373ad73a504971]::ops::function::Fn<(&std[617be2ca0a6fd877]::panic::PanicHookInfo,)>>::call
[INFO] [stdout]                                at /rustc/e3feeb59cd1bdd011a2bfcc0747b55125d9b8527/library/alloc/src/boxed.rs:2328:9
[INFO] [stdout]   14:     0x650f68d0b922 - std[617be2ca0a6fd877]::panicking::panic_with_hook
[INFO] [stdout]                                at /rustc/e3feeb59cd1bdd011a2bfcc0747b55125d9b8527/library/std/src/panicking.rs:819:13
[INFO] [stdout]   15:     0x650f68cef452 - std[617be2ca0a6fd877]::panicking::panic_handler::{closure#0}
[INFO] [stdout]                                at /rustc/e3feeb59cd1bdd011a2bfcc0747b55125d9b8527/library/std/src/panicking.rs:685:13
[INFO] [stdout]   16:     0x650f68ce7fd9 - std[617be2ca0a6fd877]::sys::backtrace::__rust_end_short_backtrace::<std[617be2ca0a6fd877]::panicking::panic_handler::{closure#0}, !>
[INFO] [stdout]                                at /rustc/e3feeb59cd1bdd011a2bfcc0747b55125d9b8527/library/std/src/sys/backtrace.rs:182:18
[INFO] [stdout]   17:     0x650f68cf005d - __rustc[ea4f61d10b84890b]::rust_begin_unwind
[INFO] [stdout]                                at /rustc/e3feeb59cd1bdd011a2bfcc0747b55125d9b8527/library/std/src/panicking.rs:676:5
[INFO] [stdout]   18:     0x650f68d27bcc - core[a373ad73a504971]::panicking::panic_fmt
[INFO] [stdout]                                at /rustc/e3feeb59cd1bdd011a2bfcc0747b55125d9b8527/library/core/src/panicking.rs:80:14
[INFO] [stdout]   19:     0x650f68c9361c - no_full_buffer_guard[f30e85c472973bac]::migrated_payload_paths_avoid_full_buffer_reads::{closure#0}
[INFO] [stdout]                                at /opt/rustwide/workdir/tests/no_full_buffer_guard.rs:209:37
[INFO] [stdout]   20:     0x650f68c91aa1 - <core[a373ad73a504971]::result::Result<alloc[2e1b2a31b91974c5]::string::String, core[a373ad73a504971]::io::error::Error>>::unwrap_or_else::<no_full_buffer_guard[f30e85c472973bac]::migrated_payload_paths_avoid_full_buffer_reads::{closure#0}>
[INFO] [stdout]                                at /rustc/e3feeb59cd1bdd011a2bfcc0747b55125d9b8527/library/core/src/result.rs:1619:23
[INFO] [stdout]   21:     0x650f68c94d49 - no_full_buffer_guard[f30e85c472973bac]::migrated_payload_paths_avoid_full_buffer_reads
[INFO] [stdout]                                at /opt/rustwide/workdir/tests/no_full_buffer_guard.rs:209:14
[INFO] [stdout]   22:     0x650f68c934f7 - no_full_buffer_guard[f30e85c472973bac]::migrated_payload_paths_avoid_full_buffer_reads::{closure#0}
[INFO] [stdout]                                at /opt/rustwide/workdir/tests/no_full_buffer_guard.rs:11:52
[INFO] [stdout]   23:     0x650f68c9aa96 - <no_full_buffer_guard[f30e85c472973bac]::migrated_payload_paths_avoid_full_buffer_reads::{closure#0} as core[a373ad73a504971]::ops::function::FnOnce<()>>::call_once
[INFO] [stdout]                                at /rustc/e3feeb59cd1bdd011a2bfcc0747b55125d9b8527/library/core/src/ops/function.rs:250:5
[INFO] [stdout]   24:     0x650f68c9ab7b - <fn() -> core[a373ad73a504971]::result::Result<(), alloc[2e1b2a31b91974c5]::string::String> as core[a373ad73a504971]::ops::function::FnOnce<()>>::call_once
[INFO] [stdout]                                at /rustc/e3feeb59cd1bdd011a2bfcc0747b55125d9b8527/library/core/src/ops/function.rs:250:5
[INFO] [stdout]   25:     0x650f68c9ab7b - test[aada8e7e76ba119b]::__rust_begin_short_backtrace::<core[a373ad73a504971]::result::Result<(), alloc[2e1b2a31b91974c5]::string::String>, fn() -> core[a373ad73a504971]::result::Result<(), alloc[2e1b2a31b91974c5]::string::String>>
[INFO] [stdout]                                at /rustc/e3feeb59cd1bdd011a2bfcc0747b55125d9b8527/library/test/src/lib.rs:701:18
[INFO] [stdout]   26:     0x650f68ca7d55 - test[aada8e7e76ba119b]::run_test_in_process::{closure#0}
[INFO] [stdout]                                at /rustc/e3feeb59cd1bdd011a2bfcc0747b55125d9b8527/library/test/src/lib.rs:724:74
[INFO] [stdout]   27:     0x650f68ca7d55 - <core[a373ad73a504971]::panic::unwind_safe::AssertUnwindSafe<test[aada8e7e76ba119b]::run_test_in_process::{closure#0}> as core[a373ad73a504971]::ops::function::FnOnce<()>>::call_once
[INFO] [stdout]                                at /rustc/e3feeb59cd1bdd011a2bfcc0747b55125d9b8527/library/core/src/panic/unwind_safe.rs:275:9
[INFO] [stdout]   28:     0x650f68ca7d55 - std[617be2ca0a6fd877]::panicking::catch_unwind::do_call::<core[a373ad73a504971]::panic::unwind_safe::AssertUnwindSafe<test[aada8e7e76ba119b]::run_test_in_process::{closure#0}>, core[a373ad73a504971]::result::Result<(), alloc[2e1b2a31b91974c5]::string::String>>
[INFO] [stdout]                                at /rustc/e3feeb59cd1bdd011a2bfcc0747b55125d9b8527/library/std/src/panicking.rs:573:43
[INFO] [stdout]   29:     0x650f68ca7d55 - std[617be2ca0a6fd877]::panicking::catch_unwind::<core[a373ad73a504971]::result::Result<(), alloc[2e1b2a31b91974c5]::string::String>, core[a373ad73a504971]::panic::unwind_safe::AssertUnwindSafe<test[aada8e7e76ba119b]::run_test_in_process::{closure#0}>>
[INFO] [stdout]                                at /rustc/e3feeb59cd1bdd011a2bfcc0747b55125d9b8527/library/std/src/panicking.rs:541:19
[INFO] [stdout]   30:     0x650f68ca7d55 - std[617be2ca0a6fd877]::panic::catch_unwind::<core[a373ad73a504971]::panic::unwind_safe::AssertUnwindSafe<test[aada8e7e76ba119b]::run_test_in_process::{closure#0}>, core[a373ad73a504971]::result::Result<(), alloc[2e1b2a31b91974c5]::string::String>>
[INFO] [stdout]                                at /rustc/e3feeb59cd1bdd011a2bfcc0747b55125d9b8527/library/std/src/panic.rs:359:14
[INFO] [stdout]   31:     0x650f68ca7d55 - test[aada8e7e76ba119b]::run_test_in_process
[INFO] [stdout]                                at /rustc/e3feeb59cd1bdd011a2bfcc0747b55125d9b8527/library/test/src/lib.rs:724:27
[INFO] [stdout]   32:     0x650f68ca7d55 - test[aada8e7e76ba119b]::run_test::{closure#0}
[INFO] [stdout]                                at /rustc/e3feeb59cd1bdd011a2bfcc0747b55125d9b8527/library/test/src/lib.rs:645:43
[INFO] [stdout]   33:     0x650f68ca1644 - test[aada8e7e76ba119b]::run_test::{closure#1}
[INFO] [stdout]                                at /rustc/e3feeb59cd1bdd011a2bfcc0747b55125d9b8527/library/test/src/lib.rs:675:41
[INFO] [stdout]   34:     0x650f68ca1644 - std[617be2ca0a6fd877]::sys::backtrace::__rust_begin_short_backtrace::<test[aada8e7e76ba119b]::run_test::{closure#1}, ()>
[INFO] [stdout]                                at /rustc/e3feeb59cd1bdd011a2bfcc0747b55125d9b8527/library/std/src/sys/backtrace.rs:166:18
[INFO] [stdout]   35:     0x650f68caade2 - std[617be2ca0a6fd877]::thread::lifecycle::spawn_unchecked::<test[aada8e7e76ba119b]::run_test::{closure#1}, ()>::{closure#1}::{closure#0}
[INFO] [stdout]                                at /rustc/e3feeb59cd1bdd011a2bfcc0747b55125d9b8527/library/std/src/thread/lifecycle.rs:70:13
[INFO] [stdout]   36:     0x650f68caade2 - <core[a373ad73a504971]::panic::unwind_safe::AssertUnwindSafe<std[617be2ca0a6fd877]::thread::lifecycle::spawn_unchecked<test[aada8e7e76ba119b]::run_test::{closure#1}, ()>::{closure#1}::{closure#0}> as core[a373ad73a504971]::ops::function::FnOnce<()>>::call_once
[INFO] [stdout]                                at /rustc/e3feeb59cd1bdd011a2bfcc0747b55125d9b8527/library/core/src/panic/unwind_safe.rs:275:9
[INFO] [stdout]   37:     0x650f68caade2 - std[617be2ca0a6fd877]::panicking::catch_unwind::do_call::<core[a373ad73a504971]::panic::unwind_safe::AssertUnwindSafe<std[617be2ca0a6fd877]::thread::lifecycle::spawn_unchecked<test[aada8e7e76ba119b]::run_test::{closure#1}, ()>::{closure#1}::{closure#0}>, ()>
[INFO] [stdout]                                at /rustc/e3feeb59cd1bdd011a2bfcc0747b55125d9b8527/library/std/src/panicking.rs:573:43
[INFO] [stdout]   38:     0x650f68caade2 - std[617be2ca0a6fd877]::panicking::catch_unwind::<(), core[a373ad73a504971]::panic::unwind_safe::AssertUnwindSafe<std[617be2ca0a6fd877]::thread::lifecycle::spawn_unchecked<test[aada8e7e76ba119b]::run_test::{closure#1}, ()>::{closure#1}::{closure#0}>>
[INFO] [stdout]                                at /rustc/e3feeb59cd1bdd011a2bfcc0747b55125d9b8527/library/std/src/panicking.rs:541:19
[INFO] [stdout]   39:     0x650f68caade2 - std[617be2ca0a6fd877]::panic::catch_unwind::<core[a373ad73a504971]::panic::unwind_safe::AssertUnwindSafe<std[617be2ca0a6fd877]::thread::lifecycle::spawn_unchecked<test[aada8e7e76ba119b]::run_test::{closure#1}, ()>::{closure#1}::{closure#0}>, ()>
[INFO] [stdout]                                at /rustc/e3feeb59cd1bdd011a2bfcc0747b55125d9b8527/library/std/src/panic.rs:359:14
[INFO] [stdout]   40:     0x650f68caade2 - std[617be2ca0a6fd877]::thread::lifecycle::spawn_unchecked::<test[aada8e7e76ba119b]::run_test::{closure#1}, ()>::{closure#1}
[INFO] [stdout]                                at /rustc/e3feeb59cd1bdd011a2bfcc0747b55125d9b8527/library/std/src/thread/lifecycle.rs:68:26
[INFO] [stdout]   41:     0x650f68caade2 - <std[617be2ca0a6fd877]::thread::lifecycle::spawn_unchecked<test[aada8e7e76ba119b]::run_test::{closure#1}, ()>::{closure#1} as core[a373ad73a504971]::ops::function::FnOnce<()>>::call_once::{shim:vtable#0}
[INFO] [stdout]                                at /rustc/e3feeb59cd1bdd011a2bfcc0747b55125d9b8527/library/core/src/ops/function.rs:250:5
[INFO] [stdout]   42:     0x650f68d129cf - <alloc[2e1b2a31b91974c5]::boxed::Box<dyn core[a373ad73a504971]::ops::function::FnOnce<(), Output = ()> + core[a373ad73a504971]::marker::Send> as core[a373ad73a504971]::ops::function::FnOnce<()>>::call_once
[INFO] [stdout]                                at /rustc/e3feeb59cd1bdd011a2bfcc0747b55125d9b8527/library/alloc/src/boxed.rs:2314:9
[INFO] [stdout]   43:     0x650f68d129cf - <std[617be2ca0a6fd877]::sys::thread::unix::Thread>::new::thread_start
[INFO] [stdout]                                at /rustc/e3feeb59cd1bdd011a2bfcc0747b55125d9b8527/library/std/src/sys/thread/unix.rs:127:17
[INFO] [stdout]   44:     0x7f70f2389dfa - <unknown>
[INFO] [stdout]   45:     0x7f70f241d3d4 - clone
[INFO] [stdout]   46:                0x0 - <unknown>
[INFO] [stdout] 
[INFO] [stdout] 
[INFO] [stdout] failures:
[INFO] [stdout]     migrated_payload_paths_avoid_full_buffer_reads
[INFO] [stdout] 
[INFO] [stdout] test result: FAILED. 0 passed; 1 failed; 0 ignored; 0 measured; 0 filtered out; finished in 0.02s
[INFO] [stdout] 
[INFO] [stderr] error: test failed, to rerun pass `--test no_full_buffer_guard`
[INFO] running `Command { std: "docker" "inspect" "f5b7edbce5ed6cb5762a200fa1b516b2916cf25cb5752de864434b9f23302356", kill_on_drop: false }`
[INFO] running `Command { std: "docker" "rm" "-f" "f5b7edbce5ed6cb5762a200fa1b516b2916cf25cb5752de864434b9f23302356", kill_on_drop: false }`
[INFO] [stdout] f5b7edbce5ed6cb5762a200fa1b516b2916cf25cb5752de864434b9f23302356
