[INFO] fetching crate rollup-boost 0.7.13...
[INFO] testing rollup-boost-0.7.13 against 1.99.0-beta.8 for beta-1.100-2
[INFO] extracting crate rollup-boost 0.7.13 into /workspace/builds/worker-0-tc1/source
[INFO] started tweaking crates.io crate rollup-boost 0.7.13
[INFO] finished tweaking crates.io crate rollup-boost 0.7.13
[INFO] tweaked toml for crates.io crate rollup-boost 0.7.13 written to /workspace/builds/worker-0-tc1/source/Cargo.toml
[INFO] validating manifest of crates.io crate rollup-boost 0.7.13 on toolchain 1.99.0-beta.8
[INFO] running `Command { std: CARGO_HOME="/workspace/cargo-home" RUSTUP_HOME="/workspace/rustup-home" "/workspace/cargo-home/bin/cargo" "+1.99.0-beta.8" "metadata" "--manifest-path" "Cargo.toml" "--no-deps", kill_on_drop: false }`
[INFO] crate crates.io crate rollup-boost 0.7.13 already has a lockfile, it will not be regenerated
[INFO] running `Command { std: CARGO_HOME="/workspace/cargo-home" RUSTUP_HOME="/workspace/rustup-home" "/workspace/cargo-home/bin/cargo" "+1.99.0-beta.8" "fetch" "--manifest-path" "Cargo.toml", kill_on_drop: false }`
[INFO] [stderr]     Updating crates.io index
[INFO] [stderr]  Downloading crates ...
[INFO] [stderr]   Downloaded vergen-git2 v9.1.0
[INFO] [stderr]   Downloaded time-macros v0.2.25
[INFO] [stderr]   Downloaded wasm-bindgen-macro v0.2.106
[INFO] [stderr]   Downloaded cargo-platform v0.3.0
[INFO] [stderr]   Downloaded vergen-lib v9.1.0
[INFO] [stderr]   Downloaded vergen v9.1.0
[INFO] [stderr]   Downloaded wasm-bindgen-shared v0.2.106
[INFO] [stderr]   Downloaded compression-core v0.4.31
[INFO] [stderr]   Downloaded zeroize_derive v1.4.3
[INFO] [stderr]   Downloaded find-msvc-tools v0.1.6
[INFO] [stderr]   Downloaded time-core v0.1.7
[INFO] [stderr]   Downloaded wasm-bindgen v0.2.106
[INFO] [stderr]   Downloaded compression-codecs v0.4.35
[INFO] [stderr]   Downloaded tokio-tungstenite v0.26.2
[INFO] [stderr]   Downloaded data-encoding v2.9.0
[INFO] [stderr]   Downloaded redox_syscall v0.7.0
[INFO] [stderr]   Downloaded cargo_metadata v0.23.1
[INFO] [stderr]   Downloaded camino v1.2.2
[INFO] [stderr]   Downloaded wasm-bindgen-macro-support v0.2.106
[INFO] [stderr]   Downloaded tungstenite v0.26.2
[INFO] [stderr]   Downloaded iana-time-zone v0.1.64
[INFO] [stderr]   Downloaded home v0.5.11
[INFO] [stderr]   Downloaded docker_credential v1.3.2
[INFO] [stderr]   Downloaded serde_repr v0.1.20
[INFO] [stderr]   Downloaded time v0.3.45
[INFO] [stderr]   Downloaded cc v1.2.51
[INFO] [stderr]   Downloaded uuid v1.19.0
[INFO] [stderr]   Downloaded js-sys v0.3.83
[INFO] [stderr]   Downloaded zerocopy-derive v0.8.33
[INFO] [stderr]   Downloaded opentelemetry v0.28.0
[INFO] [stderr]   Downloaded tower v0.5.2
[INFO] [stderr]   Downloaded async-compression v0.4.36
[INFO] [stderr]   Downloaded testcontainers v0.23.3
[INFO] [stderr]   Downloaded tokio-tar v0.3.1
[INFO] [stderr]   Downloaded bollard-stubs v1.47.1-rc.27.3.1
[INFO] [stderr]   Downloaded tracing-opentelemetry v0.29.0
[INFO] [stderr]   Downloaded opentelemetry_sdk v0.28.0
[INFO] [stderr]   Downloaded bollard v0.18.1
[INFO] [stderr]   Downloaded git2 v0.20.3
[INFO] [stderr]   Downloaded zerocopy v0.8.33
[INFO] [stderr]   Downloaded chrono v0.4.42
[INFO] [stderr]   Downloaded cmake v0.1.57
[INFO] [stderr]   Downloaded openssl-probe v0.2.0
[INFO] [stderr]   Downloaded aws-lc-rs v1.15.2
[INFO] [stderr]   Downloaded hyper-util v0.1.19
[INFO] [stderr]   Downloaded system-configuration v0.6.1
[INFO] [stderr]   Downloaded hyper-named-pipe v0.1.0
[INFO] [stderr]   Downloaded serial_test v3.3.1
[INFO] [stderr]   Downloaded serial_test_derive v3.3.1
[INFO] [stderr]   Downloaded rollup-boost-types v0.1.0
[INFO] [stderr]   Downloaded op-alloy-rpc-types-engine v0.23.1
[INFO] [stderr]   Downloaded snap v1.1.1
[INFO] [stderr]   Downloaded op-alloy-consensus v0.23.1
[INFO] [stderr]   Downloaded alloy-serde v1.5.2
[INFO] [stderr]   Downloaded libz-sys v1.1.23
[INFO] [stderr]   Downloaded ruint-macro v1.2.1
[INFO] [stderr]   Downloaded libgit2-sys v0.18.3+1.9.2
[INFO] [stderr]   Downloaded rustc-hex v2.1.0
[INFO] [stderr]   Downloaded uint v0.9.5
[INFO] [stderr]   Downloaded impl-trait-for-tuples v0.2.3
[INFO] [stderr]   Downloaded fixed-hash v0.8.0
[INFO] [stderr]   Downloaded enum-ordinalize-derive v4.3.2
[INFO] [stderr]   Downloaded derivative v2.2.0
[INFO] [stderr]   Downloaded alloy-primitives v1.5.2
[INFO] [stderr]   Downloaded primitive-types v0.12.2
[INFO] [stderr]   Downloaded impl-codec v0.6.0
[INFO] [stderr]   Downloaded parity-scale-codec v3.7.5
[INFO] [stderr]   Downloaded parity-scale-codec-derive v3.7.5
[INFO] [stderr]   Downloaded byte-slice-cast v1.2.3
[INFO] [stderr]   Downloaded fastrlp v0.4.0
[INFO] [stderr]   Downloaded auto_impl v1.3.0
[INFO] [stderr]   Downloaded fastrlp v0.3.1
[INFO] [stderr]   Downloaded ark-std v0.4.0
[INFO] [stderr]   Downloaded ark-serialize v0.4.2
[INFO] [stderr]   Downloaded ark-ff-asm v0.4.2
[INFO] [stderr]   Downloaded rustc_version v0.3.3
[INFO] [stderr]   Downloaded ruint v1.17.2
[INFO] [stderr]   Downloaded rlp v0.5.2
[INFO] [stderr]   Downloaded enum-ordinalize v4.3.2
[INFO] [stderr]   Downloaded ark-ff v0.4.2
[INFO] [stderr]   Downloaded ark-ff-macros v0.4.2
[INFO] [stderr]   Downloaded ark-ff v0.3.0
[INFO] [stderr]   Downloaded semver v0.11.0
[INFO] [stderr]   Downloaded semver-parser v0.10.3
[INFO] [stderr]   Downloaded ark-std v0.3.0
[INFO] [stderr]   Downloaded ark-serialize v0.3.0
[INFO] [stderr]   Downloaded ark-ff-macros v0.3.0
[INFO] [stderr]   Downloaded ark-ff-asm v0.3.0
[INFO] [stderr]   Downloaded alloy-rlp v0.3.12
[INFO] [stderr]   Downloaded alloy-rlp-derive v0.3.12
[INFO] [stderr]   Downloaded rapidhash v4.2.0
[INFO] [stderr]   Downloaded keccak-asm v0.1.4
[INFO] [stderr]   Downloaded k256 v0.13.4
[INFO] [stderr]   Downloaded serdect v0.2.0
[INFO] [stderr]   Downloaded base64ct v1.8.2
[INFO] [stderr]   Downloaded ethereum_ssz_derive v0.9.1
[INFO] [stderr]   Downloaded ethereum_ssz v0.9.1
[INFO] [stderr]   Downloaded ethereum_serde_utils v0.8.0
[INFO] [stderr]   Downloaded proptest v1.9.0
[INFO] [stderr]   Downloaded sha3-asm v0.1.4
[INFO] [stderr]   Downloaded const-hex v1.17.0
[INFO] [stderr]   Downloaded alloy-eips v1.5.2
[INFO] [stderr]   Downloaded blst v0.3.16
[INFO] [stderr]   Downloaded alloy-eip7928 v0.3.0
[INFO] [stderr]   Downloaded borsh-derive v1.6.0
[INFO] [stderr]   Downloaded alloy-eip7702 v0.6.3
[INFO] [stderr]   Downloaded alloy-eip2930 v0.2.3
[INFO] [stderr]   Downloaded alloy-eip2124 v0.2.0
[INFO] [stderr]   Downloaded crc-catalog v2.4.0
[INFO] [stderr]   Downloaded bitcoin-io v0.1.4
[INFO] [stderr]   Downloaded alloy-tx-macros v1.5.2
[INFO] [stderr]   Downloaded alloy-trie v0.9.3
[INFO] [stderr]   Downloaded simple_asn1 v0.6.3
[INFO] [stderr]   Downloaded constant_time_eq v0.4.2
[INFO] [stderr]   Downloaded alloy-consensus v1.5.2
[INFO] [stderr]   Downloaded nybbles v0.4.7
[INFO] [stderr]   Downloaded alloy-rpc-types-engine v1.5.2
[INFO] [stderr]   Downloaded c-kzg v2.1.5
[INFO] [stderr]   Downloaded secp256k1 v0.30.0
[INFO] [stderr]   Downloaded bitcoin_hashes v0.14.1
[INFO] [stderr]   Downloaded hex-conservative v0.2.2
[INFO] [stderr]   Downloaded jsonwebtoken v9.3.1
[INFO] [stderr]   Downloaded alloy-rpc-types-eth v1.5.2
[INFO] [stderr]   Downloaded alloy-sol-macro v1.5.2
[INFO] [stderr]   Downloaded moka v0.12.12
[INFO] [stderr]   Downloaded blake3 v1.8.3
[INFO] [stderr]   Downloaded alloy-sol-types v1.5.2
[INFO] [stderr]   Downloaded alloy-sol-macro-input v1.5.2
[INFO] [stderr]   Downloaded macro-string v0.1.4
[INFO] [stderr]   Downloaded wasm-bindgen-futures v0.4.56
[INFO] [stderr]   Downloaded syn-solidity v1.5.2
[INFO] [stderr]   Downloaded alloy-sol-macro-expander v1.5.2
[INFO] [stderr]   Downloaded alloy-json-abi v1.5.2
[INFO] [stderr]   Downloaded alloy-network-primitives v1.5.2
[INFO] [stderr]   Downloaded alloy-consensus-any v1.5.2
[INFO] [stderr]   Downloaded alloy-sol-type-parser v1.5.2
[INFO] [stderr]   Downloaded secp256k1-sys v0.10.1
[INFO] [stderr]   Downloaded aws-lc-sys v0.35.0
[INFO] [stderr]   Downloaded web-sys v0.3.83
[INFO] [stderr]   Downloaded opentelemetry-otlp v0.28.0
[INFO] [stderr]   Downloaded tonic v0.12.3
[INFO] [stderr]   Downloaded prost v0.13.5
[INFO] [stderr]   Downloaded prost-derive v0.13.5
[INFO] [stderr]   Downloaded axum v0.7.9
[INFO] [stderr]   Downloaded axum-core v0.4.5
[INFO] [stderr]   Downloaded opentelemetry-http v0.28.0
[INFO] [stderr]   Downloaded metrics-util v0.19.1
[INFO] [stderr]   Downloaded sketches-ddsketch v0.3.0
[INFO] [stderr]   Downloaded lru v0.16.3
[INFO] [stderr]   Downloaded jsonrpsee-types v0.26.0
[INFO] [stderr]   Downloaded webpki-root-certs v0.26.11
[INFO] [stderr]   Downloaded opentelemetry-proto v0.28.0
[INFO] [stderr]   Downloaded rand_xoshiro v0.7.0
[INFO] [stderr]   Downloaded metrics v0.24.3
[INFO] [stderr]   Downloaded metrics-exporter-prometheus v0.16.2
[INFO] [stderr]   Downloaded metrics-derive v0.1.0
[INFO] [stderr]   Downloaded jsonrpsee v0.26.0
[INFO] [stderr]   Downloaded jsonrpsee-server v0.26.0
[INFO] [stderr]   Downloaded soketto v0.8.1
[INFO] [stderr]   Downloaded jsonrpsee-core v0.26.0
[INFO] [stderr]   Downloaded jsonrpsee-http-client v0.26.0
[INFO] [stderr]   Downloaded rustls-platform-verifier v0.5.3
[INFO] [stderr]   Downloaded indenter v0.3.4
[INFO] [stderr]   Downloaded dtor-proc-macro v0.0.5
[INFO] [stderr]   Downloaded route-recognizer v0.3.1
[INFO] [stderr]   Downloaded jsonrpsee-proc-macros v0.26.0
[INFO] [stderr]   Downloaded eyre v0.6.12
[INFO] [stderr]   Downloaded ctor v0.4.3
[INFO] [stderr]   Downloaded dtor v0.0.6
[INFO] [stderr]   Downloaded ctor-proc-macro v0.0.6
[INFO] [stderr]   Downloaded clap v4.5.54
[INFO] [stderr]   Downloaded clap_builder v4.5.54
[INFO] [stderr]   Downloaded backoff v0.4.0
[INFO] [stderr]   Downloaded assert_cmd v2.1.1
[INFO] running `Command { std: "docker" "create" "-v" "/var/lib/crater-agent-workspace/builds/worker-0-tc1/source:/opt/rustwide/workdir:ro,Z" "-v" "/var/lib/crater-agent-workspace/builds/worker-0-tc1/target:/opt/rustwide/target:rw,Z" "-v" "/var/lib/crater-agent-workspace/cargo-home:/opt/rustwide/cargo-home:ro,Z" "-v" "/var/lib/crater-agent-workspace/rustup-home:/opt/rustwide/rustup-home:ro,Z" "-m" "1610612736" "--network" "none" "ghcr.io/rust-lang/crates-build-env/linux@sha256:3111399a4047eeb3a02b7a90e478d715f38a8c6669b5c4b49d30a17385265909" "sleep" "infinity", kill_on_drop: false }`
[INFO] [stdout] 930053e1e87bd62495c89bc4e3f74d0a9ea905b4190959e92c5b344b0d231971
[INFO] running `Command { std: "docker" "start" "930053e1e87bd62495c89bc4e3f74d0a9ea905b4190959e92c5b344b0d231971", kill_on_drop: false }`
[INFO] running `Command { std: "docker" "inspect" "930053e1e87bd62495c89bc4e3f74d0a9ea905b4190959e92c5b344b0d231971", kill_on_drop: false }`
[INFO] running `Command { std: "docker" "exec" "-e" "SOURCE_DIR=/opt/rustwide/workdir" "-e" "CARGO_HOME=/opt/rustwide/cargo-home" "-e" "RUSTUP_HOME=/opt/rustwide/rustup-home" "-e" "CARGO_TARGET_DIR=/opt/rustwide/target" "-w" "/opt/rustwide/workdir" "--user" "0:0" "930053e1e87bd62495c89bc4e3f74d0a9ea905b4190959e92c5b344b0d231971" "/opt/rustwide/cargo-home/bin/cargo" "+1.99.0-beta.8" "metadata" "--no-deps" "--format-version=1", kill_on_drop: false }`
[INFO] running `Command { std: "docker" "inspect" "930053e1e87bd62495c89bc4e3f74d0a9ea905b4190959e92c5b344b0d231971", kill_on_drop: false }`
[INFO] running `Command { std: "docker" "exec" "-e" "SOURCE_DIR=/opt/rustwide/workdir" "-e" "CARGO_HOME=/opt/rustwide/cargo-home" "-e" "RUSTUP_HOME=/opt/rustwide/rustup-home" "-e" "CARGO_TARGET_DIR=/opt/rustwide/target" "-e" "CARGO_INCREMENTAL=0" "-e" "RUST_BACKTRACE=full" "-e" "RUSTFLAGS=--cap-lints=warn" "-e" "RUSTDOCFLAGS=--cap-lints=warn" "-w" "/opt/rustwide/workdir" "--user" "0:0" "930053e1e87bd62495c89bc4e3f74d0a9ea905b4190959e92c5b344b0d231971" "/opt/rustwide/cargo-home/bin/cargo" "+1.99.0-beta.8" "build" "--frozen" "--message-format=json", kill_on_drop: false }`
[INFO] [stderr]    Compiling proc-macro2 v1.0.105
[INFO] [stderr]    Compiling quote v1.0.43
[INFO] [stderr]    Compiling unicode-ident v1.0.22
[INFO] [stderr]    Compiling libc v0.2.180
[INFO] [stderr]    Compiling serde_core v1.0.228
[INFO] [stderr]    Compiling serde v1.0.228
[INFO] [stderr]    Compiling itoa v1.0.17
[INFO] [stderr]    Compiling find-msvc-tools v0.1.6
[INFO] [stderr]    Compiling zerocopy v0.8.33
[INFO] [stderr]    Compiling memchr v2.7.6
[INFO] [stderr]    Compiling getrandom v0.3.4
[INFO] [stderr]    Compiling futures-core v0.3.31
[INFO] [stderr]    Compiling foldhash v0.2.0
[INFO] [stderr]    Compiling thiserror v2.0.17
[INFO] [stderr]    Compiling futures-sink v0.3.31
[INFO] [stderr]    Compiling tracing-core v0.1.36
[INFO] [stderr]    Compiling zmij v1.0.12
[INFO] [stderr]    Compiling futures-io v0.3.31
[INFO] [stderr]    Compiling slab v0.4.11
[INFO] [stderr]    Compiling futures-channel v0.3.31
[INFO] [stderr]    Compiling futures-task v0.3.31
[INFO] [stderr]    Compiling typenum v1.19.0
[INFO] [stderr]    Compiling serde_json v1.0.149
[INFO] [stderr]    Compiling crunchy v0.2.4
[INFO] [stderr]    Compiling generic-array v0.14.9
[INFO] [stderr]    Compiling tiny-keccak v2.0.2
[INFO] [stderr]    Compiling unicode-segmentation v1.12.0
[INFO] [stderr]    Compiling ruint-macro v1.2.1
[INFO] [stderr]    Compiling writeable v0.6.2
[INFO] [stderr]    Compiling litemap v0.8.1
[INFO] [stderr]    Compiling dunce v1.0.5
[INFO] [stderr]    Compiling icu_normalizer_data v2.1.1
[INFO] [stderr]    Compiling log v0.4.29
[INFO] [stderr]    Compiling icu_properties_data v2.1.2
[INFO] [stderr]    Compiling rustversion v1.0.22
[INFO] [stderr]    Compiling bitflags v2.10.0
[INFO] [stderr]    Compiling zeroize v1.8.2
[INFO] [stderr]    Compiling sync_wrapper v1.0.2
[INFO] [stderr]    Compiling num-traits v0.2.19
[INFO] [stderr]    Compiling convert_case v0.10.0
[INFO] [stderr]    Compiling num-conv v0.1.0
[INFO] [stderr]    Compiling time-core v0.1.7
[INFO] [stderr]    Compiling powerfmt v0.2.0
[INFO] [stderr]    Compiling anyhow v1.0.100
[INFO] [stderr]    Compiling syn v2.0.114
[INFO] [stderr]    Compiling ipnet v2.11.0
[INFO] [stderr]    Compiling crc-catalog v2.4.0
[INFO] [stderr]    Compiling aws-lc-rs v1.15.2
[INFO] [stderr]    Compiling hashbrown v0.16.1
[INFO] [stderr]    Compiling crc v3.4.0
[INFO] [stderr]    Compiling deranged v0.5.5
[INFO] [stderr]    Compiling jobserver v0.1.34
[INFO] [stderr]    Compiling getrandom v0.2.16
[INFO] [stderr]    Compiling errno v0.3.14
[INFO] [stderr]    Compiling rand_core v0.6.4
[INFO] [stderr]    Compiling socket2 v0.6.1
[INFO] [stderr]    Compiling signal-hook-registry v1.4.8
[INFO] [stderr]    Compiling cc v1.2.51
[INFO] [stderr]    Compiling mio v1.1.1
[INFO] [stderr]    Compiling rustls-pki-types v1.13.2
[INFO] [stderr]    Compiling alloc-no-stdlib v2.0.4
[INFO] [stderr]    Compiling zstd-safe v7.2.4
[INFO] [stderr]    Compiling alloc-stdlib v0.2.2
[INFO] [stderr]    Compiling smallvec v1.15.1
[INFO] [stderr]    Compiling rustls v0.23.36
[INFO] [stderr]    Compiling indexmap v2.13.0
[INFO] [stderr]    Compiling simd-adler32 v0.3.8
[INFO] [stderr]    Compiling brotli-decompressor v5.0.0
[INFO] [stderr]    Compiling miniz_oxide v0.8.9
[INFO] [stderr]    Compiling aho-corasick v1.1.4
[INFO] [stderr]    Compiling camino v1.2.2
[INFO] [stderr]    Compiling regex-syntax v0.8.8
[INFO] [stderr]    Compiling num-integer v0.1.46
[INFO] [stderr]    Compiling vergen-lib v9.1.0
[INFO] [stderr]    Compiling ppv-lite86 v0.2.21
[INFO] [stderr]    Compiling time-macros v0.2.25
[INFO] [stderr]    Compiling proc-macro-error-attr2 v2.0.0
[INFO] [stderr]    Compiling flate2 v1.1.5
[INFO] [stderr]    Compiling indexmap v1.9.3
[INFO] [stderr]    Compiling rand_chacha v0.3.1
[INFO] [stderr]    Compiling const-hex v1.17.0
[INFO] [stderr]    Compiling compression-core v0.4.31
[INFO] [stderr]    Compiling either v1.15.0
[INFO] [stderr]    Compiling openssl v0.10.75
[INFO] [stderr]    Compiling crypto-common v0.1.6
[INFO] [stderr]    Compiling block-buffer v0.10.4
[INFO] [stderr]    Compiling digest v0.10.7
[INFO] [stderr]    Compiling cmake v0.1.57
[INFO] [stderr]    Compiling sha2 v0.10.9
[INFO] [stderr]    Compiling brotli v8.0.2
[INFO] [stderr]    Compiling openssl-probe v0.2.0
[INFO] [stderr]    Compiling percent-encoding v2.3.2
[INFO] [stderr]    Compiling sha1 v0.10.6
[INFO] [stderr]    Compiling form_urlencoded v1.2.2
[INFO] [stderr]    Compiling rustls-native-certs v0.8.3
[INFO] [stderr]    Compiling itertools v0.14.0
[INFO] [stderr]    Compiling semver v1.0.27
[INFO] [stderr]    Compiling num-bigint v0.4.6
[INFO] [stderr]    Compiling vergen v9.1.0
[INFO] [stderr]    Compiling concurrent-queue v2.5.0
[INFO] [stderr]    Compiling ahash v0.8.12
[INFO] [stderr]    Compiling rustc_version v0.4.1
[INFO] [stderr]    Compiling num_threads v0.1.7
[INFO] [stderr]    Compiling winnow v0.7.14
[INFO] [stderr]    Compiling native-tls v0.2.14
[INFO] [stderr]    Compiling ring v0.17.14
[INFO] [stderr]    Compiling aws-lc-sys v0.35.0
[INFO] [stderr]    Compiling zstd-sys v2.0.16+zstd.1.5.7
[INFO] [stderr]    Compiling openssl-sys v0.9.111
[INFO] [stderr]    Compiling libz-sys v1.1.23
[INFO] [stderr]    Compiling libgit2-sys v0.18.3+1.9.2
[INFO] [stderr]    Compiling time v0.3.45
[INFO] [stderr]    Compiling curve25519-dalek v4.1.3
[INFO] [stderr]    Compiling event-listener v5.4.1
[INFO] [stderr]    Compiling vergen-git2 v9.1.0
[INFO] [stderr]    Compiling crossbeam-epoch v0.9.18
[INFO] [stderr]    Compiling pem v3.0.6
[INFO] [stderr]    Compiling iri-string v0.7.10
[INFO] [stderr]    Compiling snap v1.1.1
[INFO] [stderr]    Compiling regex-automata v0.4.13
[INFO] [stderr]    Compiling toml_datetime v0.7.5+spec-1.1.0
[INFO] [stderr]    Compiling matchit v0.7.3
[INFO] [stderr]    Compiling ryu v1.0.22
[INFO] [stderr]    Compiling portable-atomic v1.13.0
[INFO] [stderr]    Compiling event-listener-strategy v0.5.4
[INFO] [stderr]    Compiling toml_parser v1.0.6+spec-1.1.0
[INFO] [stderr]    Compiling blake3 v1.8.3
[INFO] [stderr]    Compiling socket2 v0.5.10
[INFO] [stderr]    Compiling raw-cpuid v11.6.0
[INFO] [stderr]    Compiling toml_edit v0.23.10+spec-1.0.0
[INFO] [stderr]    Compiling endian-type v0.1.2
[INFO] [stderr]    Compiling foldhash v0.1.5
[INFO] [stderr]    Compiling signature v2.2.0
[INFO] [stderr]    Compiling anstyle v1.0.13
[INFO] [stderr]    Compiling anstyle-query v1.1.5
[INFO] [stderr]    Compiling is_terminal_polyfill v1.70.2
[INFO] [stderr]    Compiling hashbrown v0.15.5
[INFO] [stderr]    Compiling thiserror v1.0.69
[INFO] [stderr]    Compiling anstream v0.6.21
[INFO] [stderr]    Compiling metrics v0.24.3
[INFO] [stderr]    Compiling proc-macro-crate v3.4.0
[INFO] [stderr]    Compiling async-lock v3.4.2
[INFO] [stderr]    Compiling synstructure v0.13.2
[INFO] [stderr]    Compiling darling_core v0.20.11
[INFO] [stderr]    Compiling syn-solidity v1.5.2
[INFO] [stderr]    Compiling macro-string v0.1.4
[INFO] [stderr]    Compiling proc-macro-error2 v2.0.1
[INFO] [stderr]    Compiling quanta v0.12.6
[INFO] [stderr]    Compiling regex v1.12.2
[INFO] [stderr]    Compiling ordered-float v4.6.0
[INFO] [stderr]    Compiling uuid v1.19.0
[INFO] [stderr]    Compiling crossbeam-channel v0.5.15
[INFO] [stderr]    Compiling tracing-log v0.2.0
[INFO] [stderr]    Compiling thread_local v1.1.9
[INFO] [stderr]    Compiling constant_time_eq v0.4.2
[INFO] [stderr]    Compiling data-encoding v2.9.0
[INFO] [stderr]    Compiling sketches-ddsketch v0.3.0
[INFO] [stderr]    Compiling eyre v0.6.12
[INFO] [stderr]    Compiling nu-ansi-term v0.50.3
[INFO] [stderr]    Compiling clap_lex v0.7.6
[INFO] [stderr]    Compiling utf-8 v0.7.6
[INFO] [stderr]    Compiling route-recognizer v0.3.1
[INFO] [stderr]    Compiling clap_builder v4.5.54
[INFO] [stderr]    Compiling instant v0.1.13
[INFO] [stderr]    Compiling indenter v0.3.4
[INFO] [stderr]    Compiling lru v0.16.3
[INFO] [stderr]    Compiling serde_derive v1.0.228
[INFO] [stderr]    Compiling thiserror-impl v2.0.17
[INFO] [stderr]    Compiling tracing-attributes v0.1.31
[INFO] [stderr]    Compiling tokio-macros v2.6.0
[INFO] [stderr]    Compiling zerofrom-derive v0.1.6
[INFO] [stderr]    Compiling futures-macro v0.3.31
[INFO] [stderr]    Compiling yoke-derive v0.8.1
[INFO] [stderr]    Compiling zerovec-derive v0.11.2
[INFO] [stderr]    Compiling displaydoc v0.2.5
[INFO] [stderr]    Compiling futures-util v0.3.31
[INFO] [stderr]    Compiling alloy-rlp-derive v0.3.12
[INFO] [stderr]    Compiling derive_more-impl v2.1.1
[INFO] [stderr]    Compiling darling_macro v0.20.11
[INFO] [stderr]    Compiling async-trait v0.1.89
[INFO] [stderr]    Compiling zerofrom v0.1.6
[INFO] [stderr]    Compiling pin-project-internal v1.1.10
[INFO] [stderr]    Compiling darling v0.20.11
[INFO] [stderr]    Compiling yoke v0.8.1
[INFO] [stderr]    Compiling ethereum_ssz_derive v0.9.1
[INFO] [stderr]    Compiling tracing v0.1.44
[INFO] [stderr]    Compiling zerovec v0.11.5
[INFO] [stderr]    Compiling zerotrie v0.2.3
[INFO] [stderr]    Compiling auto_impl v1.3.0
[INFO] [stderr]    Compiling derive_builder_core v0.20.2
[INFO] [stderr]    Compiling tinystr v0.8.2
[INFO] [stderr]    Compiling potential_utf v0.1.4
[INFO] [stderr]    Compiling icu_locale_core v2.1.1
[INFO] [stderr]    Compiling icu_collections v2.1.1
[INFO] [stderr]    Compiling pin-project v1.1.10
[INFO] [stderr]    Compiling opentelemetry v0.28.0
[INFO] [stderr]    Compiling alloy-sol-macro-input v1.5.2
[INFO] [stderr]    Compiling openssl-macros v0.1.1
[INFO] [stderr]    Compiling simple_asn1 v0.6.3
[INFO] [stderr]    Compiling prost-derive v0.13.5
[INFO] [stderr]    Compiling alloy-sol-macro-expander v1.5.2
[INFO] [stderr]    Compiling async-stream-impl v0.3.6
[INFO] [stderr]    Compiling strum_macros v0.27.2
[INFO] [stderr]    Compiling async-stream v0.3.6
[INFO] [stderr]    Compiling curve25519-dalek-derive v0.1.1
[INFO] [stderr]    Compiling matchers v0.2.0
[INFO] [stderr]    Compiling thiserror-impl v1.0.69
[INFO] [stderr]    Compiling derive_builder_macro v0.20.2
[INFO] [stderr]    Compiling icu_provider v2.1.1
[INFO] [stderr]    Compiling derive_builder v0.20.2
[INFO] [stderr]    Compiling bytes v1.11.0
[INFO] [stderr]    Compiling rand_core v0.9.3
[INFO] [stderr]    Compiling rand v0.8.5
[INFO] [stderr]    Compiling arrayvec v0.7.6
[INFO] [stderr]    Compiling darling_core v0.21.3
[INFO] [stderr]    Compiling parking_lot_core v0.9.12
[INFO] [stderr]    Compiling rand_chacha v0.9.0
[INFO] [stderr]    Compiling icu_properties v2.1.2
[INFO] [stderr]    Compiling parking_lot v0.12.5
[INFO] [stderr]    Compiling rand v0.9.2
[INFO] [stderr]    Compiling http v1.4.0
[INFO] [stderr]    Compiling tokio v1.49.0
[INFO] [stderr]    Compiling rustc-hash v2.1.1
[INFO] [stderr]    Compiling alloy-rlp v0.3.12
[INFO] [stderr]    Compiling itertools v0.13.0
[INFO] [stderr]    Compiling derive_more v2.1.1
[INFO] [stderr]    Compiling futures-executor v0.3.31
[INFO] [stderr]    Compiling icu_normalizer v2.1.1
[INFO] [stderr]    Compiling cargo-platform v0.3.0
[INFO] [stderr]    Compiling cargo_metadata v0.23.1
[INFO] [stderr]    Compiling futures v0.3.31
[INFO] [stderr]    Compiling strum v0.27.2
[INFO] [stderr]    Compiling prost v0.13.5
[INFO] [stderr]    Compiling nibble_vec v0.1.0
[INFO] [stderr]    Compiling jsonwebtoken v9.3.1
[INFO] [stderr]    Compiling serde_urlencoded v0.7.1
[INFO] [stderr]    Compiling radix_trie v0.2.1
[INFO] [stderr]    Compiling http-body v1.0.1
[INFO] [stderr]    Compiling idna_adapter v1.2.1
[INFO] [stderr]    Compiling ruint v1.17.2
[INFO] [stderr]    Compiling zstd v0.13.3
[INFO] [stderr]    Compiling http-body-util v0.1.3
[INFO] [stderr]    Compiling idna v1.1.0
[INFO] [stderr]    Compiling jsonrpsee-types v0.26.0
[INFO] [stderr]    Compiling alloy-sol-macro v1.5.2
[INFO] [stderr]    Compiling compression-codecs v0.4.35
[INFO] [stderr]    Compiling axum-core v0.4.5
[INFO] [stderr]    Compiling soketto v0.8.1
[INFO] [stderr]    Compiling url v2.5.8
[INFO] [stderr]    Compiling alloy-primitives v1.5.2
[INFO] [stderr]    Compiling nybbles v0.4.7
[INFO] [stderr]    Compiling rand_xoshiro v0.7.0
[INFO] [stderr]    Compiling tracing-serde v0.2.0
[INFO] [stderr]    Compiling ed25519 v2.2.3
[INFO] [stderr]    Compiling tracing-subscriber v0.3.22
[INFO] [stderr]    Compiling tungstenite v0.26.2
[INFO] [stderr]    Compiling moka v0.12.12
[INFO] [stderr]    Compiling metrics-util v0.19.1
[INFO] [stderr]    Compiling jsonrpsee-proc-macros v0.26.0
[INFO] [stderr]    Compiling clap_derive v4.5.49
[INFO] [stderr]    Compiling backoff v0.4.0
[INFO] [stderr]    Compiling dashmap v6.1.0
[INFO] [stderr]    Compiling metrics-derive v0.1.0
[INFO] [stderr]    Compiling darling_macro v0.21.3
[INFO] [stderr]    Compiling ed25519-dalek v2.2.0
[INFO] [stderr]    Compiling darling v0.21.3
[INFO] [stderr]    Compiling serde_with_macros v3.16.1
[INFO] [stderr]    Compiling ethereum_serde_utils v0.8.0
[INFO] [stderr]    Compiling alloy-eip2124 v0.2.0
[INFO] [stderr]    Compiling alloy-eip2930 v0.2.3
[INFO] [stderr]    Compiling alloy-eip7702 v0.6.3
[INFO] [stderr]    Compiling alloy-eip7928 v0.3.0
[INFO] [stderr]    Compiling ethereum_ssz v0.9.1
[INFO] [stderr]    Compiling alloy-serde v1.5.2
[INFO] [stderr]    Compiling alloy-tx-macros v1.5.2
[INFO] [stderr]    Compiling alloy-trie v0.9.3
[INFO] [stderr]    Compiling alloy-sol-types v1.5.2
[INFO] [stderr]    Compiling serde_with v3.16.1
[INFO] [stderr]    Compiling clap v4.5.54
[INFO] [stderr]    Compiling alloy-eips v1.5.2
[INFO] [stderr]    Compiling tokio-util v0.7.18
[INFO] [stderr]    Compiling tower v0.5.2
[INFO] [stderr]    Compiling async-compression v0.4.36
[INFO] [stderr]    Compiling tokio-native-tls v0.3.1
[INFO] [stderr]    Compiling tokio-tungstenite v0.26.2
[INFO] [stderr]    Compiling jsonrpsee-core v0.26.0
[INFO] [stderr]    Compiling axum v0.7.9
[INFO] [stderr]    Compiling h2 v0.4.13
[INFO] [stderr]    Compiling tokio-stream v0.1.18
[INFO] [stderr]    Compiling alloy-consensus v1.5.2
[INFO] [stderr]    Compiling git2 v0.20.3
[INFO] [stderr]    Compiling tower v0.4.13
[INFO] [stderr]    Compiling tower-http v0.6.8
[INFO] [stderr]    Compiling opentelemetry_sdk v0.28.0
[INFO] [stderr]    Compiling alloy-rpc-types-engine v1.5.2
[INFO] [stderr]    Compiling alloy-network-primitives v1.5.2
[INFO] [stderr]    Compiling alloy-consensus-any v1.5.2
[INFO] [stderr]    Compiling op-alloy-consensus v0.23.1
[INFO] [stderr]    Compiling alloy-rpc-types-eth v1.5.2
[INFO] [stderr]    Compiling hyper v1.8.1
[INFO] [stderr]    Compiling rollup-boost v0.7.13 (/opt/rustwide/workdir)
[INFO] [stderr]    Compiling tracing-opentelemetry v0.29.0
[INFO] [stderr] warning: rollup-boost@0.7.13: could not find repository at '/opt/rustwide/workdir'; class=Repository (6); code=NotFound (-3)
[INFO] [stderr] warning: rollup-boost@0.7.13: VERGEN_GIT_DESCRIBE set to default
[INFO] [stderr] warning: rollup-boost@0.7.13: VERGEN_GIT_SHA set to default
[INFO] [stderr] warning: rollup-boost@0.7.13: VERGEN_GIT_DIRTY set to default
[INFO] [stderr]    Compiling op-alloy-rpc-types-engine v0.23.1
[INFO] [stderr]    Compiling hyper-util v0.1.19
[INFO] [stderr]    Compiling rollup-boost-types v0.1.0
[INFO] [stderr]    Compiling hyper-timeout v0.5.2
[INFO] [stderr]    Compiling reqwest v0.12.28
[INFO] [stderr]    Compiling jsonrpsee-server v0.26.0
[INFO] [stderr]    Compiling tonic v0.12.3
[INFO] [stderr]    Compiling rustls-webpki v0.103.8
[INFO] [stderr]    Compiling opentelemetry-http v0.28.0
[INFO] [stderr]    Compiling opentelemetry-proto v0.28.0
[INFO] [stderr]    Compiling opentelemetry-otlp v0.28.0
[INFO] [stderr]    Compiling tokio-rustls v0.26.4
[INFO] [stderr]    Compiling hyper-rustls v0.27.7
[INFO] [stderr]    Compiling metrics-exporter-prometheus v0.16.2
[INFO] [stderr]    Compiling rustls-platform-verifier v0.5.3
[INFO] [stderr]    Compiling jsonrpsee-http-client v0.26.0
[INFO] [stderr]    Compiling jsonrpsee v0.26.0
[INFO] [stderr]     Finished `dev` profile [unoptimized + debuginfo] target(s) in 3m 24s
[INFO] [stderr] warning: the following packages contain code that will be rejected by a future version of Rust: proc-macro-error2 v2.0.1
[INFO] [stderr] note: to see what the problems were, use the option `--future-incompat-report`, or run `cargo report future-incompatibilities --id 1`
[INFO] running `Command { std: "docker" "inspect" "930053e1e87bd62495c89bc4e3f74d0a9ea905b4190959e92c5b344b0d231971", kill_on_drop: false }`
[INFO] running `Command { std: "docker" "exec" "-e" "SOURCE_DIR=/opt/rustwide/workdir" "-e" "CARGO_HOME=/opt/rustwide/cargo-home" "-e" "RUSTUP_HOME=/opt/rustwide/rustup-home" "-e" "CARGO_TARGET_DIR=/opt/rustwide/target" "-e" "CARGO_INCREMENTAL=0" "-e" "RUST_BACKTRACE=full" "-e" "RUSTFLAGS=--cap-lints=warn" "-e" "RUSTDOCFLAGS=--cap-lints=warn" "-w" "/opt/rustwide/workdir" "--user" "0:0" "930053e1e87bd62495c89bc4e3f74d0a9ea905b4190959e92c5b344b0d231971" "/opt/rustwide/cargo-home/bin/cargo" "+1.99.0-beta.8" "test" "--frozen" "--no-run" "--message-format=json", kill_on_drop: false }`
[INFO] [stderr]    Compiling bitflags v2.10.0
[INFO] [stderr]    Compiling regex-syntax v0.8.8
[INFO] [stderr]    Compiling either v1.15.0
[INFO] [stderr]    Compiling aho-corasick v1.1.4
[INFO] [stderr]    Compiling serde_with v3.16.1
[INFO] [stderr]    Compiling anyhow v1.0.100
[INFO] [stderr]    Compiling url v2.5.8
[INFO] [stderr]    Compiling time v0.3.45
[INFO] [stderr]    Compiling rustix v1.1.3
[INFO] [stderr]    Compiling structmeta-derive v0.3.0
[INFO] [stderr]    Compiling encoding_rs v0.8.35
[INFO] [stderr]    Compiling openssl v0.10.75
[INFO] [stderr]    Compiling tower-http v0.6.8
[INFO] [stderr]    Compiling itertools v0.13.0
[INFO] [stderr]    Compiling raw-cpuid v11.6.0
[INFO] [stderr]    Compiling itertools v0.14.0
[INFO] [stderr]    Compiling prost-derive v0.13.5
[INFO] [stderr]    Compiling vergen-lib v9.1.0
[INFO] [stderr]    Compiling serde_repr v0.1.20
[INFO] [stderr]    Compiling home v0.5.11
[INFO] [stderr]    Compiling predicates-core v1.0.9
[INFO] [stderr]    Compiling jsonrpsee-http-client v0.26.0
[INFO] [stderr]    Compiling git2 v0.20.3
[INFO] [stderr]    Compiling float-cmp v0.10.0
[INFO] [stderr]    Compiling ethereum_ssz v0.9.1
[INFO] [stderr]    Compiling hyperlocal v0.9.1
[INFO] [stderr]    Compiling regex-automata v0.4.13
[INFO] [stderr]    Compiling structmeta v0.3.0
[INFO] [stderr]    Compiling prost v0.13.5
[INFO] [stderr]    Compiling rustls-pemfile v2.2.0
[INFO] [stderr]    Compiling xattr v1.6.1
[INFO] [stderr]    Compiling tonic v0.12.3
[INFO] [stderr]    Compiling filetime v0.2.26
[INFO] [stderr]    Compiling termtree v0.5.1
[INFO] [stderr]    Compiling dtor-proc-macro v0.0.5
[INFO] [stderr]    Compiling simple_asn1 v0.6.3
[INFO] [stderr]    Compiling quanta v0.12.6
[INFO] [stderr]    Compiling base64 v0.21.7
[INFO] [stderr]    Compiling difflib v0.4.0
[INFO] [stderr]    Compiling assert_cmd v2.1.1
[INFO] [stderr]    Compiling metrics-util v0.19.1
[INFO] [stderr]    Compiling alloy-eips v1.5.2
[INFO] [stderr]    Compiling bollard-stubs v1.47.1-rc.27.3.1
[INFO] [stderr]    Compiling jsonwebtoken v9.3.1
[INFO] [stderr]    Compiling normalize-line-endings v0.3.0
[INFO] [stderr]    Compiling sdd v3.0.10
[INFO] [stderr]    Compiling docker_credential v1.3.2
[INFO] [stderr]    Compiling dtor v0.0.6
[INFO] [stderr]    Compiling predicates-tree v1.0.12
[INFO] [stderr]    Compiling scc v2.4.0
[INFO] [stderr]    Compiling tokio-tar v0.3.1
[INFO] [stderr]    Compiling jsonrpsee v0.26.0
[INFO] [stderr]    Compiling metrics-exporter-prometheus v0.16.2
[INFO] [stderr]    Compiling etcetera v0.8.0
[INFO] [stderr]    Compiling serial_test_derive v3.3.1
[INFO] [stderr]    Compiling wait-timeout v0.2.1
[INFO] [stderr]    Compiling native-tls v0.2.14
[INFO] [stderr]    Compiling ctor-proc-macro v0.0.6
[INFO] [stderr]    Compiling regex v1.12.2
[INFO] [stderr]    Compiling tempfile v3.24.0
[INFO] [stderr]    Compiling opentelemetry-proto v0.28.0
[INFO] [stderr]    Compiling ctor v0.4.3
[INFO] [stderr]    Compiling alloy-consensus v1.5.2
[INFO] [stderr]    Compiling tokio-native-tls v0.3.1
[INFO] [stderr]    Compiling tungstenite v0.26.2
[INFO] [stderr]    Compiling serial_test v3.3.1
[INFO] [stderr]    Compiling vergen v9.1.0
[INFO] [stderr]    Compiling hyper-tls v0.6.0
[INFO] [stderr]    Compiling matchers v0.2.0
[INFO] [stderr]    Compiling bstr v1.12.1
[INFO] [stderr]    Compiling tracing-subscriber v0.3.22
[INFO] [stderr]    Compiling reqwest v0.12.28
[INFO] [stderr]    Compiling parse-display-derive v0.9.1
[INFO] [stderr]    Compiling metrics-derive v0.1.0
[INFO] [stderr]    Compiling predicates v3.1.3
[INFO] [stderr]    Compiling vergen-git2 v9.1.0
[INFO] [stderr]    Compiling tokio-tungstenite v0.26.2
[INFO] [stderr]    Compiling rollup-boost v0.7.13 (/opt/rustwide/workdir)
[INFO] [stderr] warning: rollup-boost@0.7.13: could not find repository at '/opt/rustwide/workdir'; class=Repository (6); code=NotFound (-3)
[INFO] [stderr] warning: rollup-boost@0.7.13: VERGEN_GIT_DESCRIBE set to default
[INFO] [stderr] warning: rollup-boost@0.7.13: VERGEN_GIT_SHA set to default
[INFO] [stderr] warning: rollup-boost@0.7.13: VERGEN_GIT_DIRTY set to default
[INFO] [stderr]    Compiling tracing-opentelemetry v0.29.0
[INFO] [stderr]    Compiling parse-display v0.9.1
[INFO] [stderr]    Compiling alloy-rpc-types-engine v1.5.2
[INFO] [stderr]    Compiling alloy-network-primitives v1.5.2
[INFO] [stderr]    Compiling alloy-consensus-any v1.5.2
[INFO] [stderr]    Compiling op-alloy-consensus v0.23.1
[INFO] [stderr]    Compiling alloy-rpc-types-eth v1.5.2
[INFO] [stderr]    Compiling opentelemetry-http v0.28.0
[INFO] [stderr]    Compiling opentelemetry-otlp v0.28.0
[INFO] [stderr]    Compiling op-alloy-rpc-types-engine v0.23.1
[INFO] [stderr]    Compiling rollup-boost-types v0.1.0
[INFO] [stderr]    Compiling bollard v0.18.1
[INFO] [stderr]    Compiling testcontainers v0.23.3
[INFO] [stderr]     Finished `test` profile [unoptimized + debuginfo] target(s) in 1m 32s
[INFO] [stderr] warning: the following packages contain code that will be rejected by a future version of Rust: proc-macro-error2 v2.0.1
[INFO] [stderr] note: to see what the problems were, use the option `--future-incompat-report`, or run `cargo report future-incompatibilities --id 1`
[INFO] running `Command { std: "docker" "inspect" "930053e1e87bd62495c89bc4e3f74d0a9ea905b4190959e92c5b344b0d231971", kill_on_drop: false }`
[INFO] running `Command { std: "docker" "exec" "-e" "SOURCE_DIR=/opt/rustwide/workdir" "-e" "CARGO_HOME=/opt/rustwide/cargo-home" "-e" "RUSTUP_HOME=/opt/rustwide/rustup-home" "-e" "CARGO_TARGET_DIR=/opt/rustwide/target" "-e" "CARGO_INCREMENTAL=0" "-e" "RUST_BACKTRACE=full" "-e" "RUSTFLAGS=--cap-lints=warn" "-e" "RUSTDOCFLAGS=--cap-lints=warn" "-w" "/opt/rustwide/workdir" "--user" "0:0" "930053e1e87bd62495c89bc4e3f74d0a9ea905b4190959e92c5b344b0d231971" "/opt/rustwide/cargo-home/bin/cargo" "+1.99.0-beta.8" "test" "--frozen", kill_on_drop: false }`
[INFO] [stderr] warning: rollup-boost@0.7.13: could not find repository at '/opt/rustwide/workdir'; class=Repository (6); code=NotFound (-3)
[INFO] [stderr] warning: rollup-boost@0.7.13: VERGEN_GIT_DESCRIBE set to default
[INFO] [stderr] warning: rollup-boost@0.7.13: VERGEN_GIT_SHA set to default
[INFO] [stderr] warning: rollup-boost@0.7.13: VERGEN_GIT_DIRTY set to default
[INFO] [stderr]     Finished `test` profile [unoptimized + debuginfo] target(s) in 1.10s
[INFO] [stderr] warning: the following packages contain code that will be rejected by a future version of Rust: proc-macro-error2 v2.0.1
[INFO] [stderr] note: to see what the problems were, use the option `--future-incompat-report`, or run `cargo report future-incompatibilities --id 1`
[INFO] [stderr]      Running unittests src/lib.rs (/opt/rustwide/target/debug/deps/rollup_boost-ac75eb69d47db0a0)
[INFO] [stdout] 
[INFO] [stdout] running 56 tests
[INFO] [stdout] test cli::tests::test_parse_args_minimal ... ok
[INFO] [stdout] test cli::tests::test_parse_args_missing_jwt_succeeds_at_parse_time ... ok
[INFO] [stdout] test client::rpc::tests::valid_jwt ... ok
[INFO] [stdout] test cli::tests::test_parse_args_missing_flashblocks_flag ... ok
[INFO] [stdout] test cli::tests::test_parse_args_invalid_flashblocks_sk ... ok
[INFO] [stdout] test flashblocks::service::tests::test_flashblocks_builder ... ok
[INFO] [stdout] test cli::tests::test_parse_args_with_jwt_paths ... ok
[INFO] [stdout] test cli::tests::test_log_format_parsing ... ok
[INFO] [stdout] test cli::tests::test_parse_args_with_flashblocks_custom_values ... ok
[INFO] [stdout] test cli::tests::test_parse_args_invalid_flashblocks_vk ... ok
[INFO] [stdout] test flashblocks::service::tests::test_flashblocks_different_payload_id ... ok
[INFO] [stdout] test cli::tests::test_parse_args_with_flashblocks_flag ... ok
[INFO] [stdout] test debug_api::tests::test_debug_client ... ok
[INFO] [stdout] test flashblocks::service::tests::test_flashblocks_fallback_to_get_payload ... ok
[INFO] [stdout] test cli::tests::test_parse_args_with_all_options ... ok
[INFO] [stdout] test flashblocks::inbound::tests::test_flashblocks_receiver_service_connect_timeout ... ok
[INFO] [stdout] test flashblocks::inbound::tests::test_flashblocks_receiver_service ... ok
[INFO] [stdout] test proxy::tests::test_forward_eth_send_raw_transaction_conditional ... ok
[INFO] [stdout] test proxy::tests::test_forward_miner_set_gas_limit ... FAILED
[INFO] [stdout] test proxy::tests::test_direct_forward_mock_request ... ok
[INFO] [stdout] test proxy::tests::test_forward_eth_send_raw_transaction ... ok
[INFO] [stdout] test proxy::tests::test_forward_miner_set_extra ... ok
[INFO] [stdout] test selection::tests::test_gas_used_policy_select_builder_block ... ok
[INFO] [stdout] test selection::tests::test_gas_used_policy_select_l2_block ... ok
[INFO] [stdout] test health::tests::test_health_check_l2_exceeds_max_unsafe_interval ... ok
[INFO] [stdout] test proxy::tests::test_success_then_failure_then_success ... ok
[INFO] [stdout] test proxy::tests::test_proxy_service ... ok
[INFO] [stdout] test server::tests::has_builder_payload ... ok
[INFO] [stdout] test server::tests::engine_success ... ok
[INFO] [stdout] test server::tests::builder_payload_err ... ok
[INFO] [stdout] test tests::builder_full_delay::builder_full_delay ... FAILED
[INFO] [stdout] test tests::builder_returns_incorrect_block::builder_returns_incorrect_block ... FAILED
[INFO] [stdout] test tests::execution_mode::execution_mode ... FAILED
[INFO] [stdout] test server::tests::builder_api_failure_vs_processing_failure ... ok
[INFO] [stdout] test tests::fcu_no_block_time_delay::fcu_no_block_time_delay ... FAILED
[INFO] [stdout] test tests::l2_state_root_computation::test_l2_state_root_computation ... FAILED
[INFO] [stdout] test tests::no_tx_pool::no_tx_pool ... FAILED
[INFO] [stdout] test tests::remote_builder_down::remote_builder_down ... FAILED
[INFO] [stdout] test tests::simple_isthmus::test_integration_simple_isthmus ... FAILED
[INFO] [stdout] test server::tests::l2_client_fails_fcu ... ok
[INFO] [stdout] test server::tests::test_local_external_payload_ids_same ... ok
[INFO] [stdout] test tests::simple::test_integration_simple ... FAILED
[INFO] [stdout] test tests::unhealthy_builder_traffic::no_traffic_to_unhealthy_builder_when_flag_disabled ... FAILED
[INFO] [stdout] test tests::simple_isthmus_transition::test_integration_simple_isthmus_transition ... FAILED
[INFO] [stdout] test proxy::tests::test_l2_server_recovery ... ok
[INFO] [stdout] test health::tests::test_health_check_service_builder_unavailable ... ok
[INFO] [stdout] test proxy::tests::test_forward_miner_set_gas_price ... ok
[INFO] [stdout] test proxy::tests::test_forward_set_max_da_size ... ok
[INFO] [stdout] test health::tests::test_health_check_service_l2_unavailable ... ok
[INFO] [stdout] test flashblocks::inbound::tests::test_flashblocks_receiver_service_ping_pong ... ok
[INFO] [stdout] test health::tests::test_health_check_builder_exceeds_max_unsafe_interval ... ok
[INFO] [stdout] test health::tests::test_health_check_exceeds_max_unsafe_interval_execution_mode_dryrun ... ok
[INFO] [stdout] test health::tests::test_health_check_healthy ... ok
[INFO] [stdout] test health::tests::test_health_check_exceeds_max_unsafe_interval_execution_mode_disabled ... ok
[INFO] [stdout] test health::tests::tick_advances_after_sleep ... ok
[INFO] [stdout] test health::tests::tick_matches_system_clock ... ok
[INFO] [stdout] 
[INFO] [stdout] failures:
[INFO] [stdout] 
[INFO] [stdout] ---- proxy::tests::test_forward_miner_set_gas_limit stdout ----
[INFO] [stdout] Error: client error (SendRequest)
[INFO] [stdout] 
[INFO] [stdout] Caused by:
[INFO] [stdout]     connection closed before message completed
[INFO] [stdout] 
[INFO] [stdout] Location:
[INFO] [stdout]     src/proxy.rs:734:9
[INFO] [stdout] 
[INFO] [stdout] ---- tests::builder_full_delay::builder_full_delay stdout ----
[INFO] [stdout] Error: failed to initialize a docker client: Socket not found: /var/run/docker.sock
[INFO] [stdout] 
[INFO] [stdout] Location:
[INFO] [stdout]     src/tests/common/mod.rs:336:18
[INFO] [stdout] 
[INFO] [stdout] ---- tests::builder_returns_incorrect_block::builder_returns_incorrect_block stdout ----
[INFO] [stdout] Error: failed to initialize a docker client: Socket not found: /var/run/docker.sock
[INFO] [stdout] 
[INFO] [stdout] Location:
[INFO] [stdout]     src/tests/common/mod.rs:336:18
[INFO] [stdout] 
[INFO] [stdout] ---- tests::execution_mode::execution_mode stdout ----
[INFO] [stdout] Error: failed to initialize a docker client: Socket not found: /var/run/docker.sock
[INFO] [stdout] 
[INFO] [stdout] Location:
[INFO] [stdout]     src/tests/common/mod.rs:336:18
[INFO] [stdout] 
[INFO] [stdout] ---- tests::fcu_no_block_time_delay::fcu_no_block_time_delay stdout ----
[INFO] [stdout] Error: failed to initialize a docker client: Socket not found: /var/run/docker.sock
[INFO] [stdout] 
[INFO] [stdout] Location:
[INFO] [stdout]     src/tests/common/mod.rs:336:18
[INFO] [stdout] 
[INFO] [stdout] ---- tests::l2_state_root_computation::test_l2_state_root_computation stdout ----
[INFO] [stdout] Error: failed to initialize a docker client: Socket not found: /var/run/docker.sock
[INFO] [stdout] 
[INFO] [stdout] Location:
[INFO] [stdout]     src/tests/common/mod.rs:336:18
[INFO] [stdout] 
[INFO] [stdout] ---- tests::no_tx_pool::no_tx_pool stdout ----
[INFO] [stdout] Error: failed to initialize a docker client: Socket not found: /var/run/docker.sock
[INFO] [stdout] 
[INFO] [stdout] Location:
[INFO] [stdout]     src/tests/common/mod.rs:336:18
[INFO] [stdout] 
[INFO] [stdout] ---- tests::remote_builder_down::remote_builder_down stdout ----
[INFO] [stdout] Error: failed to initialize a docker client: Socket not found: /var/run/docker.sock
[INFO] [stdout] 
[INFO] [stdout] Location:
[INFO] [stdout]     src/tests/common/mod.rs:336:18
[INFO] [stdout] 
[INFO] [stdout] ---- tests::simple_isthmus::test_integration_simple_isthmus stdout ----
[INFO] [stdout] Error: failed to initialize a docker client: Socket not found: /var/run/docker.sock
[INFO] [stdout] 
[INFO] [stdout] Location:
[INFO] [stdout]     src/tests/common/mod.rs:336:18
[INFO] [stdout] 
[INFO] [stdout] ---- tests::simple::test_integration_simple stdout ----
[INFO] [stdout] Error: failed to initialize a docker client: Socket not found: /var/run/docker.sock
[INFO] [stdout] 
[INFO] [stdout] Location:
[INFO] [stdout]     src/tests/common/mod.rs:336:18
[INFO] [stdout] 
[INFO] [stdout] ---- tests::unhealthy_builder_traffic::no_traffic_to_unhealthy_builder_when_flag_disabled stdout ----
[INFO] [stdout] Error: failed to initialize a docker client: Socket not found: /var/run/docker.sock
[INFO] [stdout] 
[INFO] [stdout] Location:
[INFO] [stdout]     src/tests/common/mod.rs:336:18
[INFO] [stdout] 
[INFO] [stdout] ---- tests::simple_isthmus_transition::test_integration_simple_isthmus_transition stdout ----
[INFO] [stdout] Error: failed to initialize a docker client: Socket not found: /var/run/docker.sock
[INFO] [stdout] 
[INFO] [stdout] Location:
[INFO] [stdout]     src/tests/common/mod.rs:336:18
[INFO] [stdout] 
[INFO] [stdout] 
[INFO] [stdout] failures:
[INFO] [stdout]     proxy::tests::test_forward_miner_set_gas_limit
[INFO] [stdout]     tests::builder_full_delay::builder_full_delay
[INFO] [stdout]     tests::builder_returns_incorrect_block::builder_returns_incorrect_block
[INFO] [stdout]     tests::execution_mode::execution_mode
[INFO] [stdout]     tests::fcu_no_block_time_delay::fcu_no_block_time_delay
[INFO] [stdout]     tests::l2_state_root_computation::test_l2_state_root_computation
[INFO] [stdout]     tests::no_tx_pool::no_tx_pool
[INFO] [stdout]     tests::remote_builder_down::remote_builder_down
[INFO] [stdout]     tests::simple::test_integration_simple
[INFO] [stdout]     tests::simple_isthmus::test_integration_simple_isthmus
[INFO] [stdout]     tests::simple_isthmus_transition::test_integration_simple_isthmus_transition
[INFO] [stdout]     tests::unhealthy_builder_traffic::no_traffic_to_unhealthy_builder_when_flag_disabled
[INFO] [stdout] 
[INFO] [stdout] test result: FAILED. 44 passed; 12 failed; 0 ignored; 0 measured; 0 filtered out; finished in 20.04s
[INFO] [stdout] 
[INFO] [stderr] error: test failed, to rerun pass `--lib`
[INFO] running `Command { std: "docker" "inspect" "930053e1e87bd62495c89bc4e3f74d0a9ea905b4190959e92c5b344b0d231971", kill_on_drop: false }`
[INFO] running `Command { std: "docker" "rm" "-f" "930053e1e87bd62495c89bc4e3f74d0a9ea905b4190959e92c5b344b0d231971", kill_on_drop: false }`
[INFO] [stdout] 930053e1e87bd62495c89bc4e3f74d0a9ea905b4190959e92c5b344b0d231971
