[INFO] fetching crate rigpkg 0.1.3...
[INFO] testing rigpkg-0.1.3 against 1.100.0-beta.1 for beta-1.100-2
[INFO] extracting crate rigpkg 0.1.3 into /workspace/builds/worker-4-tc2/source
[INFO] started tweaking crates.io crate rigpkg 0.1.3
[INFO] removed 0 missing tests
[INFO] finished tweaking crates.io crate rigpkg 0.1.3
[INFO] tweaked toml for crates.io crate rigpkg 0.1.3 written to /workspace/builds/worker-4-tc2/source/Cargo.toml
[INFO] validating manifest of crates.io crate rigpkg 0.1.3 on toolchain 1.100.0-beta.1
[INFO] running `Command { std: CARGO_HOME="/workspace/cargo-home" RUSTUP_HOME="/workspace/rustup-home" "/workspace/cargo-home/bin/cargo" "+1.100.0-beta.1" "metadata" "--manifest-path" "Cargo.toml" "--no-deps", kill_on_drop: false }`
[INFO] crate crates.io crate rigpkg 0.1.3 already has a lockfile, it will not be regenerated
[INFO] running `Command { std: CARGO_HOME="/workspace/cargo-home" RUSTUP_HOME="/workspace/rustup-home" "/workspace/cargo-home/bin/cargo" "+1.100.0-beta.1" "fetch" "--manifest-path" "Cargo.toml", kill_on_drop: false }`
[INFO] [stderr] warning: `package.homepage` is redundant with `package.repository`
[INFO] [stderr]   --> Cargo.toml:79:12
[INFO] [stderr]    |
[INFO] [stderr] 79 | homepage = "https://github.com/tschk/rig"
[INFO] [stderr]    |            ^^^^^^^^^^^^^^^^^^^^^^^^^^^^^^
[INFO] [stderr] ...
[INFO] [stderr] 84 | repository = "https://github.com/tschk/rig"
[INFO] [stderr]    |              ------------------------------
[INFO] [stderr]    |
[INFO] [stderr]    = note: `cargo::redundant_homepage` is set to `warn` by default
[INFO] [stderr] help: consider removing `package.homepage`
[INFO] [stderr] warning: `rigpkg` (manifest) generated 1 warning
[INFO] running `Command { std: "docker" "create" "-v" "/var/lib/crater-agent-workspace/builds/worker-4-tc2/source:/opt/rustwide/workdir:ro,Z" "-v" "/var/lib/crater-agent-workspace/builds/worker-4-tc2/target:/opt/rustwide/target:rw,Z" "-v" "/var/lib/crater-agent-workspace/cargo-home:/opt/rustwide/cargo-home:ro,Z" "-v" "/var/lib/crater-agent-workspace/rustup-home:/opt/rustwide/rustup-home:ro,Z" "-m" "1610612736" "--network" "none" "ghcr.io/rust-lang/crates-build-env/linux@sha256:3111399a4047eeb3a02b7a90e478d715f38a8c6669b5c4b49d30a17385265909" "sleep" "infinity", kill_on_drop: false }`
[INFO] [stdout] 16662b29df7101b4f3654a6a661ef5bcbe159f456d5df0ed116c56ce1d34c659
[INFO] running `Command { std: "docker" "start" "16662b29df7101b4f3654a6a661ef5bcbe159f456d5df0ed116c56ce1d34c659", kill_on_drop: false }`
[INFO] running `Command { std: "docker" "inspect" "16662b29df7101b4f3654a6a661ef5bcbe159f456d5df0ed116c56ce1d34c659", kill_on_drop: false }`
[INFO] running `Command { std: "docker" "exec" "-e" "SOURCE_DIR=/opt/rustwide/workdir" "-e" "CARGO_HOME=/opt/rustwide/cargo-home" "-e" "RUSTUP_HOME=/opt/rustwide/rustup-home" "-e" "CARGO_TARGET_DIR=/opt/rustwide/target" "-w" "/opt/rustwide/workdir" "--user" "0:0" "16662b29df7101b4f3654a6a661ef5bcbe159f456d5df0ed116c56ce1d34c659" "/opt/rustwide/cargo-home/bin/cargo" "+1.100.0-beta.1" "metadata" "--no-deps" "--format-version=1", kill_on_drop: false }`
[INFO] running `Command { std: "docker" "inspect" "16662b29df7101b4f3654a6a661ef5bcbe159f456d5df0ed116c56ce1d34c659", kill_on_drop: false }`
[INFO] running `Command { std: "docker" "exec" "-e" "SOURCE_DIR=/opt/rustwide/workdir" "-e" "CARGO_HOME=/opt/rustwide/cargo-home" "-e" "RUSTUP_HOME=/opt/rustwide/rustup-home" "-e" "CARGO_TARGET_DIR=/opt/rustwide/target" "-e" "CARGO_INCREMENTAL=0" "-e" "RUST_BACKTRACE=full" "-e" "RUSTFLAGS=--cap-lints=warn" "-e" "RUSTDOCFLAGS=--cap-lints=warn" "-w" "/opt/rustwide/workdir" "--user" "0:0" "16662b29df7101b4f3654a6a661ef5bcbe159f456d5df0ed116c56ce1d34c659" "/opt/rustwide/cargo-home/bin/cargo" "+1.100.0-beta.1" "build" "--frozen" "--message-format=json", kill_on_drop: false }`
[INFO] [stderr] warning: `package.homepage` is redundant with `package.repository`
[INFO] [stderr]   --> Cargo.toml:79:12
[INFO] [stderr]    |
[INFO] [stderr] 79 | homepage = "https://github.com/tschk/rig"
[INFO] [stderr]    |            ^^^^^^^^^^^^^^^^^^^^^^^^^^^^^^
[INFO] [stderr] ...
[INFO] [stderr] 84 | repository = "https://github.com/tschk/rig"
[INFO] [stderr]    |              ------------------------------
[INFO] [stderr]    |
[INFO] [stderr]    = note: `cargo::redundant_homepage` is set to `warn` by default
[INFO] [stderr] help: consider removing `package.homepage`
[INFO] [stderr] warning: `rigpkg` (manifest) generated 1 warning
[INFO] [stderr]    Compiling proc-macro2 v1.0.107
[INFO] [stderr]    Compiling quote v1.0.47
[INFO] [stderr]    Compiling stable_deref_trait v1.2.1
[INFO] [stderr]    Compiling serde_core v1.0.229
[INFO] [stderr]    Compiling libc v0.2.189
[INFO] [stderr]    Compiling find-msvc-tools v0.1.12
[INFO] [stderr]    Compiling shlex v2.0.1
[INFO] [stderr]    Compiling serde v1.0.229
[INFO] [stderr]    Compiling writeable v0.6.4
[INFO] [stderr]    Compiling litemap v0.8.3
[INFO] [stderr]    Compiling version_check v0.9.5
[INFO] [stderr]    Compiling icu_normalizer_data v2.3.0
[INFO] [stderr]    Compiling utf8_iter v1.0.4
[INFO] [stderr]    Compiling icu_properties_data v2.3.0
[INFO] [stderr]    Compiling zeroize v1.9.0
[INFO] [stderr]    Compiling smallvec v1.16.0
[INFO] [stderr]    Compiling typenum v1.20.1
[INFO] [stderr]    Compiling utf8parse v0.2.2
[INFO] [stderr]    Compiling crc32fast v1.5.1
[INFO] [stderr]    Compiling zmij v1.0.23
[INFO] [stderr]    Compiling untrusted v0.9.0
[INFO] [stderr]    Compiling cc v1.4.5
[INFO] [stderr]    Compiling rustls-pki-types v1.15.1
[INFO] [stderr]    Compiling rustix v0.38.44
[INFO] [stderr]    Compiling indexmap v2.14.2
[INFO] [stderr]    Compiling anstyle-parse v1.0.0
[INFO] [stderr]    Compiling rustls v0.23.45
[INFO] [stderr]    Compiling percent-encoding v2.3.2
[INFO] [stderr]    Compiling is_terminal_polyfill v1.70.2
[INFO] [stderr]    Compiling simd-adler32 v0.3.10
[INFO] [stderr]    Compiling anstyle v1.0.14
[INFO] [stderr]    Compiling generic-array v0.14.7
[INFO] [stderr]    Compiling colorchoice v1.0.5
[INFO] [stderr]    Compiling linux-raw-sys v0.4.15
[INFO] [stderr]    Compiling anstyle-query v1.1.5
[INFO] [stderr]    Compiling serde_json v1.0.151
[INFO] [stderr]    Compiling bitflags v2.13.1
[INFO] [stderr]    Compiling form_urlencoded v1.2.2
[INFO] [stderr]    Compiling anstream v1.0.0
[INFO] [stderr]    Compiling either v1.18.0
[INFO] [stderr]    Compiling log v0.4.34
[INFO] [stderr]    Compiling home v0.5.12
[INFO] [stderr]    Compiling miniz_oxide v0.9.1
[INFO] [stderr]    Compiling anyhow v1.0.104
[INFO] [stderr]    Compiling option-ext v0.2.0
[INFO] [stderr]    Compiling strsim v0.11.1
[INFO] [stderr]    Compiling heck v0.5.0
[INFO] [stderr]    Compiling thiserror v2.0.20
[INFO] [stderr]    Compiling clap_lex v1.1.0
[INFO] [stderr]    Compiling subtle v2.6.1
[INFO] [stderr]    Compiling webpki-roots v1.0.9
[INFO] [stderr]    Compiling memchr v2.8.3
[INFO] [stderr]    Compiling base64 v0.22.1
[INFO] [stderr]    Compiling cpufeatures v0.2.17
[INFO] [stderr]    Compiling webpki-roots v0.26.11
[INFO] [stderr]    Compiling clap_builder v4.6.6
[INFO] [stderr]    Compiling hex v0.4.3
[INFO] [stderr]    Compiling semver v1.0.28
[INFO] [stderr]    Compiling syn v3.0.5
[INFO] [stderr]    Compiling syn v2.0.119
[INFO] [stderr]    Compiling flate2 v1.1.10
[INFO] [stderr]    Compiling ring v0.17.14
[INFO] [stderr]    Compiling getrandom v0.2.17
[INFO] [stderr]    Compiling dirs-sys v0.5.0
[INFO] [stderr]    Compiling block-buffer v0.10.4
[INFO] [stderr]    Compiling crypto-common v0.1.7
[INFO] [stderr]    Compiling dirs v6.0.0
[INFO] [stderr]    Compiling digest v0.10.7
[INFO] [stderr]    Compiling sha2 v0.10.9
[INFO] [stderr]    Compiling which v6.0.3
[INFO] [stderr]    Compiling synstructure v0.13.2
[INFO] [stderr]    Compiling zerovec-derive v0.11.6
[INFO] [stderr]    Compiling displaydoc v0.2.7
[INFO] [stderr]    Compiling serde_derive v1.0.229
[INFO] [stderr]    Compiling clap_derive v4.6.4
[INFO] [stderr]    Compiling thiserror-impl v2.0.20
[INFO] [stderr]    Compiling zerofrom-derive v0.1.7
[INFO] [stderr]    Compiling yoke-derive v0.8.2
[INFO] [stderr]    Compiling rustls-webpki v0.103.15
[INFO] [stderr]    Compiling zerofrom v0.1.8
[INFO] [stderr]    Compiling yoke v0.8.3
[INFO] [stderr]    Compiling clap v4.6.6
[INFO] [stderr]    Compiling zerovec v0.11.8
[INFO] [stderr]    Compiling zerotrie v0.2.5
[INFO] [stderr]    Compiling tinystr v0.8.4
[INFO] [stderr]    Compiling potential_utf v0.1.6
[INFO] [stderr]    Compiling icu_collections v2.3.0
[INFO] [stderr]    Compiling icu_locale_core v2.3.0
[INFO] [stderr]    Compiling icu_provider v2.3.1
[INFO] [stderr]    Compiling serde_spanned v0.6.9
[INFO] [stderr]    Compiling toml_datetime v0.6.11
[INFO] [stderr]    Compiling toml_edit v0.22.27
[INFO] [stderr]    Compiling icu_normalizer v2.3.0
[INFO] [stderr]    Compiling icu_properties v2.3.0
[INFO] [stderr]    Compiling idna_adapter v1.2.2
[INFO] [stderr]    Compiling idna v1.1.0
[INFO] [stderr]    Compiling url v2.5.8
[INFO] [stderr]    Compiling toml v0.8.23
[INFO] [stderr]    Compiling equilibrium-ffi v0.1.3
[INFO] [stderr]    Compiling ureq v2.12.1
[INFO] [stderr]    Compiling rigpkg v0.1.3 (/opt/rustwide/workdir)
[INFO] [stderr] warning: unused dependency `thiserror`
[INFO] [stderr]   --> Cargo.toml:34:15
[INFO] [stderr]    |
[INFO] [stderr] 34 | [dependencies.thiserror]
[INFO] [stderr]    |               ^^^^^^^^^^
[INFO] [stderr]    |
[INFO] [stderr]    = note: `cargo::unused_dependencies` is set to `warn` by default
[INFO] [stderr] help: consider removing the dependency on `thiserror`
[INFO] [stderr] warning: `rigpkg` (manifest) generated 1 warning
[INFO] [stderr]     Finished `dev` profile [unoptimized + debuginfo] target(s) in 40.64s
[INFO] running `Command { std: "docker" "inspect" "16662b29df7101b4f3654a6a661ef5bcbe159f456d5df0ed116c56ce1d34c659", kill_on_drop: false }`
[INFO] running `Command { std: "docker" "exec" "-e" "SOURCE_DIR=/opt/rustwide/workdir" "-e" "CARGO_HOME=/opt/rustwide/cargo-home" "-e" "RUSTUP_HOME=/opt/rustwide/rustup-home" "-e" "CARGO_TARGET_DIR=/opt/rustwide/target" "-e" "CARGO_INCREMENTAL=0" "-e" "RUST_BACKTRACE=full" "-e" "RUSTFLAGS=--cap-lints=warn" "-e" "RUSTDOCFLAGS=--cap-lints=warn" "-w" "/opt/rustwide/workdir" "--user" "0:0" "16662b29df7101b4f3654a6a661ef5bcbe159f456d5df0ed116c56ce1d34c659" "/opt/rustwide/cargo-home/bin/cargo" "+1.100.0-beta.1" "test" "--frozen" "--no-run" "--message-format=json", kill_on_drop: false }`
[INFO] [stderr] warning: `package.homepage` is redundant with `package.repository`
[INFO] [stderr]   --> Cargo.toml:79:12
[INFO] [stderr]    |
[INFO] [stderr] 79 | homepage = "https://github.com/tschk/rig"
[INFO] [stderr]    |            ^^^^^^^^^^^^^^^^^^^^^^^^^^^^^^
[INFO] [stderr] ...
[INFO] [stderr] 84 | repository = "https://github.com/tschk/rig"
[INFO] [stderr]    |              ------------------------------
[INFO] [stderr]    |
[INFO] [stderr]    = note: `cargo::redundant_homepage` is set to `warn` by default
[INFO] [stderr] help: consider removing `package.homepage`
[INFO] [stderr] warning: `rigpkg` (manifest) generated 1 warning
[INFO] [stderr]    Compiling aho-corasick v1.1.5
[INFO] [stderr]    Compiling regex-syntax v0.8.11
[INFO] [stderr]    Compiling rustix v1.1.4
[INFO] [stderr]    Compiling predicates-core v1.0.10
[INFO] [stderr]    Compiling float-cmp v0.10.0
[INFO] [stderr]    Compiling normalize-line-endings v0.3.0
[INFO] [stderr]    Compiling assert_cmd v2.2.2
[INFO] [stderr]    Compiling termtree v0.5.1
[INFO] [stderr]    Compiling difflib v0.4.0
[INFO] [stderr]    Compiling linux-raw-sys v0.12.1
[INFO] [stderr]    Compiling getrandom v0.4.3
[INFO] [stderr]    Compiling wait-timeout v0.2.1
[INFO] [stderr]    Compiling fastrand v2.5.0
[INFO] [stderr]    Compiling predicates-tree v1.0.13
[INFO] [stderr]    Compiling regex-automata v0.4.18
[INFO] [stderr]    Compiling tempfile v3.27.0
[INFO] [stderr]    Compiling regex v1.13.1
[INFO] [stderr]    Compiling bstr v1.13.1
[INFO] [stderr]    Compiling predicates v3.1.4
[INFO] [stderr]    Compiling rigpkg v0.1.3 (/opt/rustwide/workdir)
[INFO] [stderr] warning: unused dependency `thiserror`
[INFO] [stderr]   --> Cargo.toml:34:15
[INFO] [stderr]    |
[INFO] [stderr] 34 | [dependencies.thiserror]
[INFO] [stderr]    |               ^^^^^^^^^^
[INFO] [stderr]    |
[INFO] [stderr]    = note: `cargo::unused_dependencies` is set to `warn` by default
[INFO] [stderr] help: consider removing the dependency on `thiserror`
[INFO] [stderr] warning: `rigpkg` (manifest) generated 1 warning
[INFO] [stderr]     Finished `test` profile [unoptimized + debuginfo] target(s) in 13.09s
[INFO] running `Command { std: "docker" "inspect" "16662b29df7101b4f3654a6a661ef5bcbe159f456d5df0ed116c56ce1d34c659", kill_on_drop: false }`
[INFO] running `Command { std: "docker" "exec" "-e" "SOURCE_DIR=/opt/rustwide/workdir" "-e" "CARGO_HOME=/opt/rustwide/cargo-home" "-e" "RUSTUP_HOME=/opt/rustwide/rustup-home" "-e" "CARGO_TARGET_DIR=/opt/rustwide/target" "-e" "CARGO_INCREMENTAL=0" "-e" "RUST_BACKTRACE=full" "-e" "RUSTFLAGS=--cap-lints=warn" "-e" "RUSTDOCFLAGS=--cap-lints=warn" "-w" "/opt/rustwide/workdir" "--user" "0:0" "16662b29df7101b4f3654a6a661ef5bcbe159f456d5df0ed116c56ce1d34c659" "/opt/rustwide/cargo-home/bin/cargo" "+1.100.0-beta.1" "test" "--frozen", kill_on_drop: false }`
[INFO] [stderr] warning: `package.homepage` is redundant with `package.repository`
[INFO] [stderr]   --> Cargo.toml:79:12
[INFO] [stderr]    |
[INFO] [stderr] 79 | homepage = "https://github.com/tschk/rig"
[INFO] [stderr]    |            ^^^^^^^^^^^^^^^^^^^^^^^^^^^^^^
[INFO] [stderr] ...
[INFO] [stderr] 84 | repository = "https://github.com/tschk/rig"
[INFO] [stderr]    |              ------------------------------
[INFO] [stderr]    |
[INFO] [stderr]    = note: `cargo::redundant_homepage` is set to `warn` by default
[INFO] [stderr] help: consider removing `package.homepage`
[INFO] [stderr] warning: `rigpkg` (manifest) generated 1 warning
[INFO] [stderr] warning: unused dependency `thiserror`
[INFO] [stderr]   --> Cargo.toml:34:15
[INFO] [stderr]    |
[INFO] [stderr] 34 | [dependencies.thiserror]
[INFO] [stderr]    |               ^^^^^^^^^^
[INFO] [stderr]    |
[INFO] [stderr]    = note: `cargo::unused_dependencies` is set to `warn` by default
[INFO] [stderr] help: consider removing the dependency on `thiserror`
[INFO] [stderr] warning: `rigpkg` (manifest) generated 1 warning
[INFO] [stderr]     Finished `test` profile [unoptimized + debuginfo] target(s) in 0.26s
[INFO] [stderr]      Running unittests src/lib.rs (/opt/rustwide/target/debug/build/rigpkg/e56856118dfcba43/out/rig-e56856118dfcba43)
[INFO] [stdout] 
[INFO] [stdout] running 67 tests
[INFO] [stdout] test detect::tests::parse_aliases ... ok
[INFO] [stdout] test expose::api_scan::tests::fetch_rejects_path_injection_in_crate_name ... ok
[INFO] [stdout] test detect::tests::detects_cargo ... ok
[INFO] [stdout] test expose::api_scan::tests::checksum_match_ok ... ok
[INFO] [stdout] test detect::tests::prefers_cwd_zig_over_parent_cargo ... ok
[INFO] [stdout] test expose::hare_host::tests::hare_bindings_emit_symbol ... ok
[INFO] [stdout] test expose::api_scan::tests::parses_scalar_types ... ok
[INFO] [stdout] test expose::csharp_host::tests::csharp_path_native_emits_dllimport_from_header ... ok
[INFO] [stdout] test detect::tests::detects_zig ... ok
[INFO] [stdout] test expose::api_scan::tests::split_params_expands_str_and_byte_slices ... ok
[INFO] [stdout] test expose::d_host::tests::d_path_native_emits_extern_from_header ... ok
[INFO] [stdout] test expose::api_scan::tests::checksum_mismatch_rejects ... ok
[INFO] [stdout] test expose::nim_host::tests::nim_bindings_emit_importc_and_passl ... ok
[INFO] [stdout] test expose::d_host::tests::d_bindings_emit_extern_c ... ok
[INFO] [stdout] test expose::c_header_scan::tests::scans_simple_prototypes ... ok
[INFO] [stdout] test expose::c_host::tests::c_bindings_include_link_meta ... ok
[INFO] [stdout] test expose::path_native::tests::git_option_url_rejected_before_clone ... ok
[INFO] [stdout] test expose::api_scan::tests::scans_option_pointer_and_c_unwind ... ok
[INFO] [stdout] test expose::api_scan::tests::scans_simple_fixture ... ok
[INFO] [stdout] test expose::api_scan::tests::scans_str_and_byte_slice_params ... ok
[INFO] [stdout] test expose::api_scan::tests::scans_root_lib_rs_without_src_dir ... ok
[INFO] [stdout] test expose::api_scan::tests::parses_option_pointer_and_nonzero_niches ... ok
[INFO] [stdout] test expose::odin_host::tests::odin_bindings_emit_foreign ... ok
[INFO] [stdout] test expose::csharp_host::tests::csharp_bindings_emit_dllimport ... ok
[INFO] [stdout] test expose::path_native::tests::collect_c_sources_depth ... ok
[INFO] [stdout] test expose::shim::tests::crc32fast_enrichment_exports_hash ... ok
[INFO] [stdout] test expose::shim::tests::hyphenated_crate_idents ... ok
[INFO] [stdout] test expose::shim::tests::generic_symbols_use_crate_prefix ... ok
[INFO] [stdout] test expose::path_native::tests::git_rev_flag_rejected ... ok
[INFO] [stdout] test expose::shim::tests::niche_adapt_emits_option_conversions ... ok
[INFO] [stdout] test expose::shim::tests::md5_enrichment_exports_hash ... ok
[INFO] [stdout] test expose::shim::tests::sha2_enrichment_exports_hash256 ... ok
[INFO] [stdout] test expose::surface::tests::host_binders_emit_ptr_len_for_slices ... ok
[INFO] [stdout] test expose::surface::tests::rust_wrappers_adapt_str_and_byte_slices ... ok
[INFO] [stdout] test expose::shim::tests::auto_wrap_emits_prefixed_exports ... ok
[INFO] [stdout] test expose::shim::tests::base64_enrichment_exports_encode_decode ... ok
[INFO] [stdout] test expose::surface::tests::v_pub_wrappers_rename_keywords_instead_of_dropping ... ok
[INFO] [stdout] test expose::path_native::tests::hare_missing_toolchain_is_honest ... ok
[INFO] [stdout] test expose::zig_export_scan::tests::scans_export_fn ... ok
[INFO] [stdout] test expose::path_native::tests::relative_path_escape_rejected ... ok
[INFO] [stdout] test expose::v_host::tests::v_bindings_emit_flag_and_c_fns ... ok
[INFO] [stdout] test ops::upgrade::tests::eco_from_lang_sets_c ... ok
[INFO] [stdout] test resolve::cargo::tests::crate_name_validation ... ok
[INFO] [stdout] test ops::upgrade::tests::eco_from_lang_sets_cargo ... ok
[INFO] [stdout] test resolve::dub::tests::versions_skip_branches ... ok
[INFO] [stdout] test resolve::git_path::tests::git_url_rejects_option_injection ... ok
[INFO] [stdout] test resolve::git_path::tests::path_pin ... ok
[INFO] [stdout] test resolve::git_path::tests::git_rev_rejects_option_injection ... ok
[INFO] [stdout] test resolve::http::tests::pick_respects_req ... ok
[INFO] [stdout] test resolve::tests::parse_url_spec ... ok
[INFO] [stdout] test resolve::nim::tests::parse_minimal_index ... ok
[INFO] [stdout] test resolve::git_path::tests::bare_name_errors ... ok
[INFO] [stdout] test util::paths::tests::absolute_passthrough ... ok
[INFO] [stdout] test resolve::nuget::tests::nuget_style_pick_skips_prerelease ... ok
[INFO] [stdout] test resolve::cargo::tests::select_req_picks_highest_non_yanked ... ok
[INFO] [stdout] test util::paths::tests::crate_name_rules ... ok
[INFO] [stdout] test util::paths::tests::crate_version_rules ... ok
[INFO] [stdout] test util::paths::tests::parent_dir_escape_rejected ... ok
[INFO] [stdout] test expose::shim::tests::hex_enrichment_exports_encode_decode ... ok
[INFO] [stdout] test expose::shim::tests::detects_cdylib_crate_type ... ok
[INFO] [stdout] test resolve::cargo::tests::select_version_skips_yanked ... ok
[INFO] [stdout] test util::paths::tests::relative_stays_inside ... ok
[INFO] [stdout] test resolve::tests::parse_git_and_path ... ok
[INFO] [stdout] test resolve::http::tests::pick_prefers_stable ... ok
[INFO] [stdout] test util::edit::tests::patch_build_zig_accumulates_packages ... ok
[INFO] [stdout] -- The C compiler identification is GNU 15.2.0
[INFO] [stdout] -- Detecting C compiler ABI info
[INFO] [stdout] -- Detecting C compiler ABI info - done
[INFO] [stdout] -- Check for working C compiler: /usr/bin/cc - skipped
[INFO] [stdout] -- Detecting C compile features
[INFO] [stdout] -- Detecting C compile features - done
[INFO] [stdout] -- Configuring done (0.4s)
[INFO] [stdout] -- Generating done (0.0s)
[INFO] [stdout] -- Build files have been written to: /tmp/.tmpceQv5F/.rig-cmake-build
[INFO] [stdout] [ 50%] Building C object CMakeFiles/demo.dir/demo.c.o
[INFO] [stdout] [100%] Linking C shared library /tmp/.tmpceQv5F/out/libdemo_native.so
[INFO] [stdout] [100%] Built target demo
[INFO] [stdout] test expose::path_native::tests::cmake_simple_shared_builds_when_toolchain_present ... ok
[INFO] [stdout] The Meson build system
[INFO] [stdout] Version: 1.10.1
[INFO] [stdout] Source dir: /tmp/.tmpdkL91Z
[INFO] [stdout] Build dir: /tmp/.tmpdkL91Z/.rig-meson-build
[INFO] [stdout] Build type: native build
[INFO] [stdout] Project name: demo
[INFO] [stdout] Project version: undefined
[INFO] [stdout] C compiler for the host machine: cc (gcc 15.2.0 "cc (Ubuntu 15.2.0-16ubuntu1) 15.2.0")
[INFO] [stdout] C linker for the host machine: cc ld.bfd 2.46
[INFO] [stdout] Host machine cpu family: x86_64
[INFO] [stdout] Host machine cpu: x86_64
[INFO] [stdout] Build targets in project: 1
[INFO] [stdout] 
[INFO] [stdout] demo undefined
[INFO] [stdout] 
[INFO] [stdout]   User defined options
[INFO] [stdout]     buildtype      : release
[INFO] [stdout]     default_library: shared
[INFO] [stdout] 
[INFO] [stdout] Found ninja-1.13.2 at /usr/bin/ninja
[INFO] [stdout] ninja: Entering directory `/tmp/.tmpdkL91Z/.rig-meson-build'
[INFO] [stdout] [1/2] Compiling C object libdemo_native.so.p/demo.c.o
[INFO] [stdout] [2/2] Linking target libdemo_native.so
[INFO] [stdout] INFO: autodetecting backend as ninja
[INFO] [stdout] INFO: calculating backend command to run: /usr/bin/ninja -C /tmp/.tmpdkL91Z/.rig-meson-build
[INFO] [stdout] test expose::path_native::tests::meson_simple_shared_builds_when_toolchain_present ... ok
[INFO] [stdout] 
[INFO] [stdout] test result: ok. 67 passed; 0 failed; 0 ignored; 0 measured; 0 filtered out; finished in 1.62s
[INFO] [stdout] 
[INFO] [stderr] 
Generating targets:   0%|          | 0/1 eta ?
                                              

Writing build.ninja:   0%|          | 0/29 eta ?
                                                
     Running unittests src/main.rs (/opt/rustwide/target/debug/build/rigpkg/ddcc57b71a133235/out/rig-ddcc57b71a133235)
[INFO] [stdout] 
[INFO] [stdout] running 0 tests
[INFO] [stdout] 
[INFO] [stdout] test result: ok. 0 passed; 0 failed; 0 ignored; 0 measured; 0 filtered out; finished in 0.00s
[INFO] [stdout] 
[INFO] [stderr]      Running tests/cli_smoke.rs (/opt/rustwide/target/debug/build/rigpkg/be6ad9e1fee3d9ce/out/cli_smoke-be6ad9e1fee3d9ce)
[INFO] [stdout] 
[INFO] [stdout] running 17 tests
[INFO] [stdout] test add_path_zig_on_zig_host_builds_native ... ok
[INFO] [stdout] test v_host_cargo_facade_compiles_when_v_present ... ok
[INFO] [stdout] test zig_host_path_c_emits_externs_from_headers ... ok
[INFO] [stdout] test nim_host_path_c_emits_header_procs_when_nim_present ... ok
[INFO] [stdout] test nim_host_cargo_facade_compiles_when_nim_present ... ok
[INFO] [stdout] test help_lists_core_commands ... ok
[INFO] [stdout] test add_path_non_cargo_updates_manifest ... ok
[INFO] [stdout] test odin_host_path_c_emits_header_procs_when_odin_present ... ok
[INFO] [stdout] test search_path_git_ecosystem_is_honest ... ok
[INFO] [stdout] test add_path_c_empty_dir_errors_clearly ... ok
[INFO] [stdout] test add_path_hare_missing_toolchain_is_honest ... ok
[INFO] [stdout] test add_help_shows_lang_flags ... ok
[INFO] [stdout] test init_and_list_in_temp ... ok
[INFO] [stdout] test d_host_path_c_emits_header_externs ... ok
[INFO] [stdout] test add_path_c_on_c_host_builds_native ... ok
[INFO] [stdout] test aliases_parse ... ok
[INFO] [stdout] test add_path_c_cmake_builds_native ... ok
[INFO] [stdout] 
[INFO] [stdout] test result: ok. 17 passed; 0 failed; 0 ignored; 0 measured; 0 filtered out; finished in 0.54s
[INFO] [stdout] 
[INFO] [stderr]      Running tests/lifecycle_cargo_expose.rs (/opt/rustwide/target/debug/build/rigpkg/acd7e8d75afe255c/out/lifecycle_cargo_expose-acd7e8d75afe255c)
[INFO] [stdout] 
[INFO] [stdout] running 4 tests
[INFO] [stdout] test upgrade_empty_is_noop ... ok
[INFO] [stdout] test base64_enrichment_facade_builds_on_c_host ... FAILED
[INFO] [stdout] test rust_host_add_reexports_without_cdylib ... FAILED
[INFO] [stdout] test add_sync_remove_cargo_facade_on_c_host ... FAILED
[INFO] [stdout] 
[INFO] [stdout] failures:
[INFO] [stdout] 
[INFO] [stdout] ---- base64_enrichment_facade_builds_on_c_host stdout ----
[INFO] [stdout] 
[INFO] [stdout] thread 'base64_enrichment_facade_builds_on_c_host' (2600) panicked at tests/lifecycle_cargo_expose.rs:168:10:
[INFO] [stdout] Unexpected failure.
[INFO] [stdout] code=1
[INFO] [stdout] stderr=```"error: GET https://crates.io/api/v1/crates/base64: https://crates.io/api/v1/crates/base64: Dns Failed: resolve dns name \'crates.io:443\': failed to lookup address information: Temporary failure in name resolution: failed to lookup address information: Temporary failure in name resolution\n"```
[INFO] [stdout] command=`cd "/tmp/.tmpqyUN0M" && "/opt/rustwide/target/debug/rig" "add" "--rust" "base64@0.22.1" "-y"`
[INFO] [stdout] code=1
[INFO] [stdout] stdout=""
[INFO] [stdout] stderr="error: GET https://crates.io/api/v1/crates/base64: https://crates.io/api/v1/crates/base64: Dns Failed: resolve dns name \'crates.io:443\': failed to lookup address information: Temporary failure in name resolution: failed to lookup address information: Temporary failure in name resolution\n"
[INFO] [stdout] 
[INFO] [stdout] stack backtrace:
[INFO] [stdout]    0:     0x63938288fcd1 - std[617be2ca0a6fd877]::backtrace_rs::backtrace::libunwind::trace
[INFO] [stdout]                                at /rustc/e3feeb59cd1bdd011a2bfcc0747b55125d9b8527/library/std/src/../../backtrace/src/backtrace/libunwind.rs:117:9
[INFO] [stdout]    1:     0x63938288fcd1 - std[617be2ca0a6fd877]::backtrace_rs::backtrace::trace_unsynchronized::<std[617be2ca0a6fd877]::sys::backtrace::_print_fmt::{closure#1}>
[INFO] [stdout]                                at /rustc/e3feeb59cd1bdd011a2bfcc0747b55125d9b8527/library/std/src/../../backtrace/src/backtrace/mod.rs:66:14
[INFO] [stdout]    2:     0x63938288fcd1 - std[617be2ca0a6fd877]::sys::backtrace::_print_fmt
[INFO] [stdout]                                at /rustc/e3feeb59cd1bdd011a2bfcc0747b55125d9b8527/library/std/src/sys/backtrace.rs:74:9
[INFO] [stdout]    3:     0x63938288fcd1 - <<std[617be2ca0a6fd877]::sys::backtrace::BacktraceLock>::print::DisplayBacktrace as core[a373ad73a504971]::fmt::Display>::fmt
[INFO] [stdout]                                at /rustc/e3feeb59cd1bdd011a2bfcc0747b55125d9b8527/library/std/src/sys/backtrace.rs:44:26
[INFO] [stdout]    4:     0x6393828a695a - <core[a373ad73a504971]::fmt::rt::Argument>::fmt
[INFO] [stdout]                                at /rustc/e3feeb59cd1bdd011a2bfcc0747b55125d9b8527/library/core/src/fmt/rt.rs:152:76
[INFO] [stdout]    5:     0x6393828a695a - core[a373ad73a504971]::fmt::write
[INFO] [stdout]    6:     0x63938289563c - core[a373ad73a504971]::io::write::default_write_fmt::<alloc[2e1b2a31b91974c5]::vec::Vec<u8>>
[INFO] [stdout]                                at /rustc/e3feeb59cd1bdd011a2bfcc0747b55125d9b8527/library/core/src/io/write.rs:402:11
[INFO] [stdout]    7:     0x63938289563c - <alloc[2e1b2a31b91974c5]::vec::Vec<u8> as core[a373ad73a504971]::io::write::Write>::write_fmt
[INFO] [stdout]                                at /rustc/e3feeb59cd1bdd011a2bfcc0747b55125d9b8527/library/core/src/io/write.rs:335:13
[INFO] [stdout]    8:     0x639382869d86 - <std[617be2ca0a6fd877]::sys::backtrace::BacktraceLock>::print
[INFO] [stdout]                                at /rustc/e3feeb59cd1bdd011a2bfcc0747b55125d9b8527/library/std/src/sys/backtrace.rs:47:9
[INFO] [stdout]    9:     0x639382869d86 - std[617be2ca0a6fd877]::panicking::default_hook::{closure#0}
[INFO] [stdout]                                at /rustc/e3feeb59cd1bdd011a2bfcc0747b55125d9b8527/library/std/src/panicking.rs:289:27
[INFO] [stdout]   10:     0x639382887479 - std[617be2ca0a6fd877]::panicking::default_hook
[INFO] [stdout]                                at /rustc/e3feeb59cd1bdd011a2bfcc0747b55125d9b8527/library/std/src/panicking.rs:313:9
[INFO] [stdout]   11:     0x6393827e09a0 - <alloc[2e1b2a31b91974c5]::boxed::Box<dyn for<'a, 'b> core[a373ad73a504971]::ops::function::Fn<(&'a std[617be2ca0a6fd877]::panic::PanicHookInfo<'b>,), Output = ()> + core[a373ad73a504971]::marker::Sync + core[a373ad73a504971]::marker::Send> as core[a373ad73a504971]::ops::function::Fn<(&std[617be2ca0a6fd877]::panic::PanicHookInfo,)>>::call
[INFO] [stdout]                                at /rustc/e3feeb59cd1bdd011a2bfcc0747b55125d9b8527/library/alloc/src/boxed.rs:2328:9
[INFO] [stdout]   12:     0x6393827e09a0 - test[aada8e7e76ba119b]::test_main_inner::{closure#0}
[INFO] [stdout]                                at /rustc/e3feeb59cd1bdd011a2bfcc0747b55125d9b8527/library/test/src/lib.rs:137:21
[INFO] [stdout]   13:     0x639382887632 - <alloc[2e1b2a31b91974c5]::boxed::Box<dyn for<'a, 'b> core[a373ad73a504971]::ops::function::Fn<(&'a std[617be2ca0a6fd877]::panic::PanicHookInfo<'b>,), Output = ()> + core[a373ad73a504971]::marker::Sync + core[a373ad73a504971]::marker::Send> as core[a373ad73a504971]::ops::function::Fn<(&std[617be2ca0a6fd877]::panic::PanicHookInfo,)>>::call
[INFO] [stdout]                                at /rustc/e3feeb59cd1bdd011a2bfcc0747b55125d9b8527/library/alloc/src/boxed.rs:2328:9
[INFO] [stdout]   14:     0x639382887632 - std[617be2ca0a6fd877]::panicking::panic_with_hook
[INFO] [stdout]                                at /rustc/e3feeb59cd1bdd011a2bfcc0747b55125d9b8527/library/std/src/panicking.rs:819:13
[INFO] [stdout]   15:     0x639382869e32 - std[617be2ca0a6fd877]::panicking::panic_handler::{closure#0}
[INFO] [stdout]                                at /rustc/e3feeb59cd1bdd011a2bfcc0747b55125d9b8527/library/std/src/panicking.rs:685:13
[INFO] [stdout]   16:     0x6393828627f9 - std[617be2ca0a6fd877]::sys::backtrace::__rust_end_short_backtrace::<std[617be2ca0a6fd877]::panicking::panic_handler::{closure#0}, !>
[INFO] [stdout]                                at /rustc/e3feeb59cd1bdd011a2bfcc0747b55125d9b8527/library/std/src/sys/backtrace.rs:182:18
[INFO] [stdout]   17:     0x63938286aa3d - __rustc[ea4f61d10b84890b]::rust_begin_unwind
[INFO] [stdout]                                at /rustc/e3feeb59cd1bdd011a2bfcc0747b55125d9b8527/library/std/src/panicking.rs:676:5
[INFO] [stdout]   18:     0x6393828a71cc - core[a373ad73a504971]::panicking::panic_fmt
[INFO] [stdout]                                at /rustc/e3feeb59cd1bdd011a2bfcc0747b55125d9b8527/library/core/src/panicking.rs:80:14
[INFO] [stdout]   19:     0x639382829dc8 - core[a373ad73a504971]::panicking::panic_display::<assert_cmd[544be217f029a7ac]::assert::AssertError>
[INFO] [stdout]                                at /rustc/e3feeb59cd1bdd011a2bfcc0747b55125d9b8527/library/core/src/panicking.rs:259:5
[INFO] [stdout]   20:     0x639382829bb7 - <assert_cmd[544be217f029a7ac]::assert::AssertError>::panic::<assert_cmd[544be217f029a7ac]::assert::Assert>
[INFO] [stdout]                                at /opt/rustwide/cargo-home/registry/src/index.crates.io-1949cf8c6b5b557f/assert_cmd-2.2.2/src/assert.rs:1061:9
[INFO] [stdout]   21:     0x63938282b2ad - <assert_cmd[544be217f029a7ac]::assert::Assert>::success
[INFO] [stdout]                                at /opt/rustwide/cargo-home/registry/src/index.crates.io-1949cf8c6b5b557f/assert_cmd-2.2.2/src/assert.rs:165:25
[INFO] [stdout]   22:     0x6393827c4ffc - lifecycle_cargo_expose[ed1b1be989ea8eac]::base64_enrichment_facade_builds_on_c_host
[INFO] [stdout]                                at /opt/rustwide/workdir/tests/lifecycle_cargo_expose.rs:168:10
[INFO] [stdout]   23:     0x6393827c1267 - lifecycle_cargo_expose[ed1b1be989ea8eac]::base64_enrichment_facade_builds_on_c_host::{closure#0}
[INFO] [stdout]                                at /opt/rustwide/workdir/tests/lifecycle_cargo_expose.rs:153:47
[INFO] [stdout]   24:     0x6393827c8e56 - <lifecycle_cargo_expose[ed1b1be989ea8eac]::base64_enrichment_facade_builds_on_c_host::{closure#0} as core[a373ad73a504971]::ops::function::FnOnce<()>>::call_once
[INFO] [stdout]                                at /rustc/e3feeb59cd1bdd011a2bfcc0747b55125d9b8527/library/core/src/ops/function.rs:250:5
[INFO] [stdout]   25:     0x6393827d3deb - <fn() -> core[a373ad73a504971]::result::Result<(), alloc[2e1b2a31b91974c5]::string::String> as core[a373ad73a504971]::ops::function::FnOnce<()>>::call_once
[INFO] [stdout]                                at /rustc/e3feeb59cd1bdd011a2bfcc0747b55125d9b8527/library/core/src/ops/function.rs:250:5
[INFO] [stdout]   26:     0x6393827d3deb - test[aada8e7e76ba119b]::__rust_begin_short_backtrace::<core[a373ad73a504971]::result::Result<(), alloc[2e1b2a31b91974c5]::string::String>, fn() -> core[a373ad73a504971]::result::Result<(), alloc[2e1b2a31b91974c5]::string::String>>
[INFO] [stdout]                                at /rustc/e3feeb59cd1bdd011a2bfcc0747b55125d9b8527/library/test/src/lib.rs:701:18
[INFO] [stdout]   27:     0x6393827e0fc5 - test[aada8e7e76ba119b]::run_test_in_process::{closure#0}
[INFO] [stdout]                                at /rustc/e3feeb59cd1bdd011a2bfcc0747b55125d9b8527/library/test/src/lib.rs:724:74
[INFO] [stdout]   28:     0x6393827e0fc5 - <core[a373ad73a504971]::panic::unwind_safe::AssertUnwindSafe<test[aada8e7e76ba119b]::run_test_in_process::{closure#0}> as core[a373ad73a504971]::ops::function::FnOnce<()>>::call_once
[INFO] [stdout]                                at /rustc/e3feeb59cd1bdd011a2bfcc0747b55125d9b8527/library/core/src/panic/unwind_safe.rs:275:9
[INFO] [stdout]   29:     0x6393827e0fc5 - std[617be2ca0a6fd877]::panicking::catch_unwind::do_call::<core[a373ad73a504971]::panic::unwind_safe::AssertUnwindSafe<test[aada8e7e76ba119b]::run_test_in_process::{closure#0}>, core[a373ad73a504971]::result::Result<(), alloc[2e1b2a31b91974c5]::string::String>>
[INFO] [stdout]                                at /rustc/e3feeb59cd1bdd011a2bfcc0747b55125d9b8527/library/std/src/panicking.rs:573:43
[INFO] [stdout]   30:     0x6393827e0fc5 - std[617be2ca0a6fd877]::panicking::catch_unwind::<core[a373ad73a504971]::result::Result<(), alloc[2e1b2a31b91974c5]::string::String>, core[a373ad73a504971]::panic::unwind_safe::AssertUnwindSafe<test[aada8e7e76ba119b]::run_test_in_process::{closure#0}>>
[INFO] [stdout]                                at /rustc/e3feeb59cd1bdd011a2bfcc0747b55125d9b8527/library/std/src/panicking.rs:541:19
[INFO] [stdout]   31:     0x6393827e0fc5 - std[617be2ca0a6fd877]::panic::catch_unwind::<core[a373ad73a504971]::panic::unwind_safe::AssertUnwindSafe<test[aada8e7e76ba119b]::run_test_in_process::{closure#0}>, core[a373ad73a504971]::result::Result<(), alloc[2e1b2a31b91974c5]::string::String>>
[INFO] [stdout]                                at /rustc/e3feeb59cd1bdd011a2bfcc0747b55125d9b8527/library/std/src/panic.rs:359:14
[INFO] [stdout]   32:     0x6393827e0fc5 - test[aada8e7e76ba119b]::run_test_in_process
[INFO] [stdout]                                at /rustc/e3feeb59cd1bdd011a2bfcc0747b55125d9b8527/library/test/src/lib.rs:724:27
[INFO] [stdout]   33:     0x6393827e0fc5 - test[aada8e7e76ba119b]::run_test::{closure#0}
[INFO] [stdout]                                at /rustc/e3feeb59cd1bdd011a2bfcc0747b55125d9b8527/library/test/src/lib.rs:645:43
[INFO] [stdout]   34:     0x6393827da8b4 - test[aada8e7e76ba119b]::run_test::{closure#1}
[INFO] [stdout]                                at /rustc/e3feeb59cd1bdd011a2bfcc0747b55125d9b8527/library/test/src/lib.rs:675:41
[INFO] [stdout]   35:     0x6393827da8b4 - std[617be2ca0a6fd877]::sys::backtrace::__rust_begin_short_backtrace::<test[aada8e7e76ba119b]::run_test::{closure#1}, ()>
[INFO] [stdout]                                at /rustc/e3feeb59cd1bdd011a2bfcc0747b55125d9b8527/library/std/src/sys/backtrace.rs:166:18
[INFO] [stdout]   36:     0x6393827e4052 - std[617be2ca0a6fd877]::thread::lifecycle::spawn_unchecked::<test[aada8e7e76ba119b]::run_test::{closure#1}, ()>::{closure#1}::{closure#0}
[INFO] [stdout]                                at /rustc/e3feeb59cd1bdd011a2bfcc0747b55125d9b8527/library/std/src/thread/lifecycle.rs:70:13
[INFO] [stdout]   37:     0x6393827e4052 - <core[a373ad73a504971]::panic::unwind_safe::AssertUnwindSafe<std[617be2ca0a6fd877]::thread::lifecycle::spawn_unchecked<test[aada8e7e76ba119b]::run_test::{closure#1}, ()>::{closure#1}::{closure#0}> as core[a373ad73a504971]::ops::function::FnOnce<()>>::call_once
[INFO] [stdout]                                at /rustc/e3feeb59cd1bdd011a2bfcc0747b55125d9b8527/library/core/src/panic/unwind_safe.rs:275:9
[INFO] [stdout]   38:     0x6393827e4052 - std[617be2ca0a6fd877]::panicking::catch_unwind::do_call::<core[a373ad73a504971]::panic::unwind_safe::AssertUnwindSafe<std[617be2ca0a6fd877]::thread::lifecycle::spawn_unchecked<test[aada8e7e76ba119b]::run_test::{closure#1}, ()>::{closure#1}::{closure#0}>, ()>
[INFO] [stdout]                                at /rustc/e3feeb59cd1bdd011a2bfcc0747b55125d9b8527/library/std/src/panicking.rs:573:43
[INFO] [stdout]   39:     0x6393827e4052 - std[617be2ca0a6fd877]::panicking::catch_unwind::<(), core[a373ad73a504971]::panic::unwind_safe::AssertUnwindSafe<std[617be2ca0a6fd877]::thread::lifecycle::spawn_unchecked<test[aada8e7e76ba119b]::run_test::{closure#1}, ()>::{closure#1}::{closure#0}>>
[INFO] [stdout]                                at /rustc/e3feeb59cd1bdd011a2bfcc0747b55125d9b8527/library/std/src/panicking.rs:541:19
[INFO] [stdout]   40:     0x6393827e4052 - std[617be2ca0a6fd877]::panic::catch_unwind::<core[a373ad73a504971]::panic::unwind_safe::AssertUnwindSafe<std[617be2ca0a6fd877]::thread::lifecycle::spawn_unchecked<test[aada8e7e76ba119b]::run_test::{closure#1}, ()>::{closure#1}::{closure#0}>, ()>
[INFO] [stdout]                                at /rustc/e3feeb59cd1bdd011a2bfcc0747b55125d9b8527/library/std/src/panic.rs:359:14
[INFO] [stdout]   41:     0x6393827e4052 - std[617be2ca0a6fd877]::thread::lifecycle::spawn_unchecked::<test[aada8e7e76ba119b]::run_test::{closure#1}, ()>::{closure#1}
[INFO] [stdout]                                at /rustc/e3feeb59cd1bdd011a2bfcc0747b55125d9b8527/library/std/src/thread/lifecycle.rs:68:26
[INFO] [stdout]   42:     0x6393827e4052 - <std[617be2ca0a6fd877]::thread::lifecycle::spawn_unchecked<test[aada8e7e76ba119b]::run_test::{closure#1}, ()>::{closure#1} as core[a373ad73a504971]::ops::function::FnOnce<()>>::call_once::{shim:vtable#0}
[INFO] [stdout]                                at /rustc/e3feeb59cd1bdd011a2bfcc0747b55125d9b8527/library/core/src/ops/function.rs:250:5
[INFO] [stdout]   43:     0x63938288ef6f - <alloc[2e1b2a31b91974c5]::boxed::Box<dyn core[a373ad73a504971]::ops::function::FnOnce<(), Output = ()> + core[a373ad73a504971]::marker::Send> as core[a373ad73a504971]::ops::function::FnOnce<()>>::call_once
[INFO] [stdout]                                at /rustc/e3feeb59cd1bdd011a2bfcc0747b55125d9b8527/library/alloc/src/boxed.rs:2314:9
[INFO] [stdout]   44:     0x63938288ef6f - <std[617be2ca0a6fd877]::sys::thread::unix::Thread>::new::thread_start
[INFO] [stdout]                                at /rustc/e3feeb59cd1bdd011a2bfcc0747b55125d9b8527/library/std/src/sys/thread/unix.rs:127:17
[INFO] [stdout]   45:     0x74233dedadfa - <unknown>
[INFO] [stdout]   46:     0x74233df6e3d4 - clone
[INFO] [stdout]   47:                0x0 - <unknown>
[INFO] [stdout] 
[INFO] [stdout] ---- rust_host_add_reexports_without_cdylib stdout ----
[INFO] [stdout] 
[INFO] [stdout] thread 'rust_host_add_reexports_without_cdylib' (2601) panicked at tests/lifecycle_cargo_expose.rs:109:10:
[INFO] [stdout] Unexpected failure.
[INFO] [stdout] code=1
[INFO] [stdout] stderr=```"error: GET https://crates.io/api/v1/crates/sha2: https://crates.io/api/v1/crates/sha2: Dns Failed: resolve dns name \'crates.io:443\': failed to lookup address information: Temporary failure in name resolution: failed to lookup address information: Temporary failure in name resolution\n"```
[INFO] [stdout] command=`cd "/tmp/.tmp7HA5Le" && "/opt/rustwide/target/debug/rig" "add" "--rust" "sha2@0.10.9" "-y"`
[INFO] [stdout] code=1
[INFO] [stdout] stdout=""
[INFO] [stdout] stderr="error: GET https://crates.io/api/v1/crates/sha2: https://crates.io/api/v1/crates/sha2: Dns Failed: resolve dns name \'crates.io:443\': failed to lookup address information: Temporary failure in name resolution: failed to lookup address information: Temporary failure in name resolution\n"
[INFO] [stdout] 
[INFO] [stdout] stack backtrace:
[INFO] [stdout]    0:     0x63938288fcd1 - std[617be2ca0a6fd877]::backtrace_rs::backtrace::libunwind::trace
[INFO] [stdout]                                at /rustc/e3feeb59cd1bdd011a2bfcc0747b55125d9b8527/library/std/src/../../backtrace/src/backtrace/libunwind.rs:117:9
[INFO] [stdout]    1:     0x63938288fcd1 - std[617be2ca0a6fd877]::backtrace_rs::backtrace::trace_unsynchronized::<std[617be2ca0a6fd877]::sys::backtrace::_print_fmt::{closure#1}>
[INFO] [stdout]                                at /rustc/e3feeb59cd1bdd011a2bfcc0747b55125d9b8527/library/std/src/../../backtrace/src/backtrace/mod.rs:66:14
[INFO] [stdout]    2:     0x63938288fcd1 - std[617be2ca0a6fd877]::sys::backtrace::_print_fmt
[INFO] [stdout]                                at /rustc/e3feeb59cd1bdd011a2bfcc0747b55125d9b8527/library/std/src/sys/backtrace.rs:74:9
[INFO] [stdout]    3:     0x63938288fcd1 - <<std[617be2ca0a6fd877]::sys::backtrace::BacktraceLock>::print::DisplayBacktrace as core[a373ad73a504971]::fmt::Display>::fmt
[INFO] [stdout]                                at /rustc/e3feeb59cd1bdd011a2bfcc0747b55125d9b8527/library/std/src/sys/backtrace.rs:44:26
[INFO] [stdout]    4:     0x6393828a695a - <core[a373ad73a504971]::fmt::rt::Argument>::fmt
[INFO] [stdout]                                at /rustc/e3feeb59cd1bdd011a2bfcc0747b55125d9b8527/library/core/src/fmt/rt.rs:152:76
[INFO] [stdout]    5:     0x6393828a695a - core[a373ad73a504971]::fmt::write
[INFO] [stdout]    6:     0x63938289563c - core[a373ad73a504971]::io::write::default_write_fmt::<alloc[2e1b2a31b91974c5]::vec::Vec<u8>>
[INFO] [stdout]                                at /rustc/e3feeb59cd1bdd011a2bfcc0747b55125d9b8527/library/core/src/io/write.rs:402:11
[INFO] [stdout]    7:     0x63938289563c - <alloc[2e1b2a31b91974c5]::vec::Vec<u8> as core[a373ad73a504971]::io::write::Write>::write_fmt
[INFO] [stdout]                                at /rustc/e3feeb59cd1bdd011a2bfcc0747b55125d9b8527/library/core/src/io/write.rs:335:13
[INFO] [stdout]    8:     0x639382869d86 - <std[617be2ca0a6fd877]::sys::backtrace::BacktraceLock>::print
[INFO] [stdout]                                at /rustc/e3feeb59cd1bdd011a2bfcc0747b55125d9b8527/library/std/src/sys/backtrace.rs:47:9
[INFO] [stdout]    9:     0x639382869d86 - std[617be2ca0a6fd877]::panicking::default_hook::{closure#0}
[INFO] [stdout]                                at /rustc/e3feeb59cd1bdd011a2bfcc0747b55125d9b8527/library/std/src/panicking.rs:289:27
[INFO] [stdout]   10:     0x639382887479 - std[617be2ca0a6fd877]::panicking::default_hook
[INFO] [stdout]                                at /rustc/e3feeb59cd1bdd011a2bfcc0747b55125d9b8527/library/std/src/panicking.rs:313:9
[INFO] [stdout]   11:     0x6393827e09a0 - <alloc[2e1b2a31b91974c5]::boxed::Box<dyn for<'a, 'b> core[a373ad73a504971]::ops::function::Fn<(&'a std[617be2ca0a6fd877]::panic::PanicHookInfo<'b>,), Output = ()> + core[a373ad73a504971]::marker::Sync + core[a373ad73a504971]::marker::Send> as core[a373ad73a504971]::ops::function::Fn<(&std[617be2ca0a6fd877]::panic::PanicHookInfo,)>>::call
[INFO] [stdout]                                at /rustc/e3feeb59cd1bdd011a2bfcc0747b55125d9b8527/library/alloc/src/boxed.rs:2328:9
[INFO] [stdout]   12:     0x6393827e09a0 - test[aada8e7e76ba119b]::test_main_inner::{closure#0}
[INFO] [stdout]                                at /rustc/e3feeb59cd1bdd011a2bfcc0747b55125d9b8527/library/test/src/lib.rs:137:21
[INFO] [stdout]   13:     0x639382887632 - <alloc[2e1b2a31b91974c5]::boxed::Box<dyn for<'a, 'b> core[a373ad73a504971]::ops::function::Fn<(&'a std[617be2ca0a6fd877]::panic::PanicHookInfo<'b>,), Output = ()> + core[a373ad73a504971]::marker::Sync + core[a373ad73a504971]::marker::Send> as core[a373ad73a504971]::ops::function::Fn<(&std[617be2ca0a6fd877]::panic::PanicHookInfo,)>>::call
[INFO] [stdout]                                at /rustc/e3feeb59cd1bdd011a2bfcc0747b55125d9b8527/library/alloc/src/boxed.rs:2328:9
[INFO] [stdout]   14:     0x639382887632 - std[617be2ca0a6fd877]::panicking::panic_with_hook
[INFO] [stdout]                                at /rustc/e3feeb59cd1bdd011a2bfcc0747b55125d9b8527/library/std/src/panicking.rs:819:13
[INFO] [stdout]   15:     0x639382869e32 - std[617be2ca0a6fd877]::panicking::panic_handler::{closure#0}
[INFO] [stdout]                                at /rustc/e3feeb59cd1bdd011a2bfcc0747b55125d9b8527/library/std/src/panicking.rs:685:13
[INFO] [stdout]   16:     0x6393828627f9 - std[617be2ca0a6fd877]::sys::backtrace::__rust_end_short_backtrace::<std[617be2ca0a6fd877]::panicking::panic_handler::{closure#0}, !>
[INFO] [stdout]                                at /rustc/e3feeb59cd1bdd011a2bfcc0747b55125d9b8527/library/std/src/sys/backtrace.rs:182:18
[INFO] [stdout]   17:     0x63938286aa3d - __rustc[ea4f61d10b84890b]::rust_begin_unwind
[INFO] [stdout]                                at /rustc/e3feeb59cd1bdd011a2bfcc0747b55125d9b8527/library/std/src/panicking.rs:676:5
[INFO] [stdout]   18:     0x6393828a71cc - core[a373ad73a504971]::panicking::panic_fmt
[INFO] [stdout]                                at /rustc/e3feeb59cd1bdd011a2bfcc0747b55125d9b8527/library/core/src/panicking.rs:80:14
[INFO] [stdout]   19:     0x639382829dc8 - core[a373ad73a504971]::panicking::panic_display::<assert_cmd[544be217f029a7ac]::assert::AssertError>
[INFO] [stdout]                                at /rustc/e3feeb59cd1bdd011a2bfcc0747b55125d9b8527/library/core/src/panicking.rs:259:5
[INFO] [stdout]   20:     0x639382829bb7 - <assert_cmd[544be217f029a7ac]::assert::AssertError>::panic::<assert_cmd[544be217f029a7ac]::assert::Assert>
[INFO] [stdout]                                at /opt/rustwide/cargo-home/registry/src/index.crates.io-1949cf8c6b5b557f/assert_cmd-2.2.2/src/assert.rs:1061:9
[INFO] [stdout]   21:     0x63938282b2ad - <assert_cmd[544be217f029a7ac]::assert::Assert>::success
[INFO] [stdout]                                at /opt/rustwide/cargo-home/registry/src/index.crates.io-1949cf8c6b5b557f/assert_cmd-2.2.2/src/assert.rs:165:25
[INFO] [stdout]   22:     0x6393827c40d9 - lifecycle_cargo_expose[ed1b1be989ea8eac]::rust_host_add_reexports_without_cdylib
[INFO] [stdout]                                at /opt/rustwide/workdir/tests/lifecycle_cargo_expose.rs:109:10
[INFO] [stdout]   23:     0x6393827c1237 - lifecycle_cargo_expose[ed1b1be989ea8eac]::rust_host_add_reexports_without_cdylib::{closure#0}
[INFO] [stdout]                                at /opt/rustwide/workdir/tests/lifecycle_cargo_expose.rs:89:44
[INFO] [stdout]   24:     0x6393827c8e36 - <lifecycle_cargo_expose[ed1b1be989ea8eac]::rust_host_add_reexports_without_cdylib::{closure#0} as core[a373ad73a504971]::ops::function::FnOnce<()>>::call_once
[INFO] [stdout]                                at /rustc/e3feeb59cd1bdd011a2bfcc0747b55125d9b8527/library/core/src/ops/function.rs:250:5
[INFO] [stdout]   25:     0x6393827d3deb - <fn() -> core[a373ad73a504971]::result::Result<(), alloc[2e1b2a31b91974c5]::string::String> as core[a373ad73a504971]::ops::function::FnOnce<()>>::call_once
[INFO] [stdout]                                at /rustc/e3feeb59cd1bdd011a2bfcc0747b55125d9b8527/library/core/src/ops/function.rs:250:5
[INFO] [stdout]   26:     0x6393827d3deb - test[aada8e7e76ba119b]::__rust_begin_short_backtrace::<core[a373ad73a504971]::result::Result<(), alloc[2e1b2a31b91974c5]::string::String>, fn() -> core[a373ad73a504971]::result::Result<(), alloc[2e1b2a31b91974c5]::string::String>>
[INFO] [stdout]                                at /rustc/e3feeb59cd1bdd011a2bfcc0747b55125d9b8527/library/test/src/lib.rs:701:18
[INFO] [stdout]   27:     0x6393827e0fc5 - test[aada8e7e76ba119b]::run_test_in_process::{closure#0}
[INFO] [stdout]                                at /rustc/e3feeb59cd1bdd011a2bfcc0747b55125d9b8527/library/test/src/lib.rs:724:74
[INFO] [stdout]   28:     0x6393827e0fc5 - <core[a373ad73a504971]::panic::unwind_safe::AssertUnwindSafe<test[aada8e7e76ba119b]::run_test_in_process::{closure#0}> as core[a373ad73a504971]::ops::function::FnOnce<()>>::call_once
[INFO] [stdout]                                at /rustc/e3feeb59cd1bdd011a2bfcc0747b55125d9b8527/library/core/src/panic/unwind_safe.rs:275:9
[INFO] [stdout]   29:     0x6393827e0fc5 - std[617be2ca0a6fd877]::panicking::catch_unwind::do_call::<core[a373ad73a504971]::panic::unwind_safe::AssertUnwindSafe<test[aada8e7e76ba119b]::run_test_in_process::{closure#0}>, core[a373ad73a504971]::result::Result<(), alloc[2e1b2a31b91974c5]::string::String>>
[INFO] [stdout]                                at /rustc/e3feeb59cd1bdd011a2bfcc0747b55125d9b8527/library/std/src/panicking.rs:573:43
[INFO] [stdout]   30:     0x6393827e0fc5 - std[617be2ca0a6fd877]::panicking::catch_unwind::<core[a373ad73a504971]::result::Result<(), alloc[2e1b2a31b91974c5]::string::String>, core[a373ad73a504971]::panic::unwind_safe::AssertUnwindSafe<test[aada8e7e76ba119b]::run_test_in_process::{closure#0}>>
[INFO] [stdout]                                at /rustc/e3feeb59cd1bdd011a2bfcc0747b55125d9b8527/library/std/src/panicking.rs:541:19
[INFO] [stdout]   31:     0x6393827e0fc5 - std[617be2ca0a6fd877]::panic::catch_unwind::<core[a373ad73a504971]::panic::unwind_safe::AssertUnwindSafe<test[aada8e7e76ba119b]::run_test_in_process::{closure#0}>, core[a373ad73a504971]::result::Result<(), alloc[2e1b2a31b91974c5]::string::String>>
[INFO] [stdout]                                at /rustc/e3feeb59cd1bdd011a2bfcc0747b55125d9b8527/library/std/src/panic.rs:359:14
[INFO] [stdout]   32:     0x6393827e0fc5 - test[aada8e7e76ba119b]::run_test_in_process
[INFO] [stdout]                                at /rustc/e3feeb59cd1bdd011a2bfcc0747b55125d9b8527/library/test/src/lib.rs:724:27
[INFO] [stdout]   33:     0x6393827e0fc5 - test[aada8e7e76ba119b]::run_test::{closure#0}
[INFO] [stdout]                                at /rustc/e3feeb59cd1bdd011a2bfcc0747b55125d9b8527/library/test/src/lib.rs:645:43
[INFO] [stdout]   34:     0x6393827da8b4 - test[aada8e7e76ba119b]::run_test::{closure#1}
[INFO] [stdout]                                at /rustc/e3feeb59cd1bdd011a2bfcc0747b55125d9b8527/library/test/src/lib.rs:675:41
[INFO] [stdout]   35:     0x6393827da8b4 - std[617be2ca0a6fd877]::sys::backtrace::__rust_begin_short_backtrace::<test[aada8e7e76ba119b]::run_test::{closure#1}, ()>
[INFO] [stdout]                                at /rustc/e3feeb59cd1bdd011a2bfcc0747b55125d9b8527/library/std/src/sys/backtrace.rs:166:18
[INFO] [stdout]   36:     0x6393827e4052 - std[617be2ca0a6fd877]::thread::lifecycle::spawn_unchecked::<test[aada8e7e76ba119b]::run_test::{closure#1}, ()>::{closure#1}::{closure#0}
[INFO] [stdout]                                at /rustc/e3feeb59cd1bdd011a2bfcc0747b55125d9b8527/library/std/src/thread/lifecycle.rs:70:13
[INFO] [stdout]   37:     0x6393827e4052 - <core[a373ad73a504971]::panic::unwind_safe::AssertUnwindSafe<std[617be2ca0a6fd877]::thread::lifecycle::spawn_unchecked<test[aada8e7e76ba119b]::run_test::{closure#1}, ()>::{closure#1}::{closure#0}> as core[a373ad73a504971]::ops::function::FnOnce<()>>::call_once
[INFO] [stdout]                                at /rustc/e3feeb59cd1bdd011a2bfcc0747b55125d9b8527/library/core/src/panic/unwind_safe.rs:275:9
[INFO] [stdout]   38:     0x6393827e4052 - std[617be2ca0a6fd877]::panicking::catch_unwind::do_call::<core[a373ad73a504971]::panic::unwind_safe::AssertUnwindSafe<std[617be2ca0a6fd877]::thread::lifecycle::spawn_unchecked<test[aada8e7e76ba119b]::run_test::{closure#1}, ()>::{closure#1}::{closure#0}>, ()>
[INFO] [stdout]                                at /rustc/e3feeb59cd1bdd011a2bfcc0747b55125d9b8527/library/std/src/panicking.rs:573:43
[INFO] [stdout]   39:     0x6393827e4052 - std[617be2ca0a6fd877]::panicking::catch_unwind::<(), core[a373ad73a504971]::panic::unwind_safe::AssertUnwindSafe<std[617be2ca0a6fd877]::thread::lifecycle::spawn_unchecked<test[aada8e7e76ba119b]::run_test::{closure#1}, ()>::{closure#1}::{closure#0}>>
[INFO] [stdout]                                at /rustc/e3feeb59cd1bdd011a2bfcc0747b55125d9b8527/library/std/src/panicking.rs:541:19
[INFO] [stdout]   40:     0x6393827e4052 - std[617be2ca0a6fd877]::panic::catch_unwind::<core[a373ad73a504971]::panic::unwind_safe::AssertUnwindSafe<std[617be2ca0a6fd877]::thread::lifecycle::spawn_unchecked<test[aada8e7e76ba119b]::run_test::{closure#1}, ()>::{closure#1}::{closure#0}>, ()>
[INFO] [stdout]                                at /rustc/e3feeb59cd1bdd011a2bfcc0747b55125d9b8527/library/std/src/panic.rs:359:14
[INFO] [stdout]   41:     0x6393827e4052 - std[617be2ca0a6fd877]::thread::lifecycle::spawn_unchecked::<test[aada8e7e76ba119b]::run_test::{closure#1}, ()>::{closure#1}
[INFO] [stdout]                                at /rustc/e3feeb59cd1bdd011a2bfcc0747b55125d9b8527/library/std/src/thread/lifecycle.rs:68:26
[INFO] [stdout]   42:     0x6393827e4052 - <std[617be2ca0a6fd877]::thread::lifecycle::spawn_unchecked<test[aada8e7e76ba119b]::run_test::{closure#1}, ()>::{closure#1} as core[a373ad73a504971]::ops::function::FnOnce<()>>::call_once::{shim:vtable#0}
[INFO] [stdout]                                at /rustc/e3feeb59cd1bdd011a2bfcc0747b55125d9b8527/library/core/src/ops/function.rs:250:5
[INFO] [stdout]   43:     0x63938288ef6f - <alloc[2e1b2a31b91974c5]::boxed::Box<dyn core[a373ad73a504971]::ops::function::FnOnce<(), Output = ()> + core[a373ad73a504971]::marker::Send> as core[a373ad73a504971]::ops::function::FnOnce<()>>::call_once
[INFO] [stdout]                                at /rustc/e3feeb59cd1bdd011a2bfcc0747b55125d9b8527/library/alloc/src/boxed.rs:2314:9
[INFO] [stdout]   44:     0x63938288ef6f - <std[617be2ca0a6fd877]::sys::thread::unix::Thread>::new::thread_start
[INFO] [stdout]                                at /rustc/e3feeb59cd1bdd011a2bfcc0747b55125d9b8527/library/std/src/sys/thread/unix.rs:127:17
[INFO] [stdout]   45:     0x74233dedadfa - <unknown>
[INFO] [stdout]   46:     0x74233df6e3d4 - clone
[INFO] [stdout]   47:                0x0 - <unknown>
[INFO] [stdout] 
[INFO] [stdout] ---- add_sync_remove_cargo_facade_on_c_host stdout ----
[INFO] [stdout] 
[INFO] [stdout] thread 'add_sync_remove_cargo_facade_on_c_host' (2599) panicked at tests/lifecycle_cargo_expose.rs:33:10:
[INFO] [stdout] Unexpected failure.
[INFO] [stdout] code=1
[INFO] [stdout] stderr=```"error: GET https://crates.io/api/v1/crates/sha2: https://crates.io/api/v1/crates/sha2: Dns Failed: resolve dns name \'crates.io:443\': failed to lookup address information: Temporary failure in name resolution: failed to lookup address information: Temporary failure in name resolution\n"```
[INFO] [stdout] command=`cd "/tmp/.tmp6bVSTT" && "/opt/rustwide/target/debug/rig" "add" "--rust" "sha2@0.10.9" "-y"`
[INFO] [stdout] code=1
[INFO] [stdout] stdout=""
[INFO] [stdout] stderr="error: GET https://crates.io/api/v1/crates/sha2: https://crates.io/api/v1/crates/sha2: Dns Failed: resolve dns name \'crates.io:443\': failed to lookup address information: Temporary failure in name resolution: failed to lookup address information: Temporary failure in name resolution\n"
[INFO] [stdout] 
[INFO] [stdout] stack backtrace:
[INFO] [stdout]    0:     0x63938288fcd1 - std[617be2ca0a6fd877]::backtrace_rs::backtrace::libunwind::trace
[INFO] [stdout]                                at /rustc/e3feeb59cd1bdd011a2bfcc0747b55125d9b8527/library/std/src/../../backtrace/src/backtrace/libunwind.rs:117:9
[INFO] [stdout]    1:     0x63938288fcd1 - std[617be2ca0a6fd877]::backtrace_rs::backtrace::trace_unsynchronized::<std[617be2ca0a6fd877]::sys::backtrace::_print_fmt::{closure#1}>
[INFO] [stdout]                                at /rustc/e3feeb59cd1bdd011a2bfcc0747b55125d9b8527/library/std/src/../../backtrace/src/backtrace/mod.rs:66:14
[INFO] [stdout]    2:     0x63938288fcd1 - std[617be2ca0a6fd877]::sys::backtrace::_print_fmt
[INFO] [stdout]                                at /rustc/e3feeb59cd1bdd011a2bfcc0747b55125d9b8527/library/std/src/sys/backtrace.rs:74:9
[INFO] [stdout]    3:     0x63938288fcd1 - <<std[617be2ca0a6fd877]::sys::backtrace::BacktraceLock>::print::DisplayBacktrace as core[a373ad73a504971]::fmt::Display>::fmt
[INFO] [stdout]                                at /rustc/e3feeb59cd1bdd011a2bfcc0747b55125d9b8527/library/std/src/sys/backtrace.rs:44:26
[INFO] [stdout]    4:     0x6393828a695a - <core[a373ad73a504971]::fmt::rt::Argument>::fmt
[INFO] [stdout]                                at /rustc/e3feeb59cd1bdd011a2bfcc0747b55125d9b8527/library/core/src/fmt/rt.rs:152:76
[INFO] [stdout]    5:     0x6393828a695a - core[a373ad73a504971]::fmt::write
[INFO] [stdout]    6:     0x63938289563c - core[a373ad73a504971]::io::write::default_write_fmt::<alloc[2e1b2a31b91974c5]::vec::Vec<u8>>
[INFO] [stdout]                                at /rustc/e3feeb59cd1bdd011a2bfcc0747b55125d9b8527/library/core/src/io/write.rs:402:11
[INFO] [stdout]    7:     0x63938289563c - <alloc[2e1b2a31b91974c5]::vec::Vec<u8> as core[a373ad73a504971]::io::write::Write>::write_fmt
[INFO] [stdout]                                at /rustc/e3feeb59cd1bdd011a2bfcc0747b55125d9b8527/library/core/src/io/write.rs:335:13
[INFO] [stdout]    8:     0x639382869d86 - <std[617be2ca0a6fd877]::sys::backtrace::BacktraceLock>::print
[INFO] [stdout]                                at /rustc/e3feeb59cd1bdd011a2bfcc0747b55125d9b8527/library/std/src/sys/backtrace.rs:47:9
[INFO] [stdout]    9:     0x639382869d86 - std[617be2ca0a6fd877]::panicking::default_hook::{closure#0}
[INFO] [stdout]                                at /rustc/e3feeb59cd1bdd011a2bfcc0747b55125d9b8527/library/std/src/panicking.rs:289:27
[INFO] [stdout]   10:     0x639382887479 - std[617be2ca0a6fd877]::panicking::default_hook
[INFO] [stdout]                                at /rustc/e3feeb59cd1bdd011a2bfcc0747b55125d9b8527/library/std/src/panicking.rs:313:9
[INFO] [stdout]   11:     0x6393827e09a0 - <alloc[2e1b2a31b91974c5]::boxed::Box<dyn for<'a, 'b> core[a373ad73a504971]::ops::function::Fn<(&'a std[617be2ca0a6fd877]::panic::PanicHookInfo<'b>,), Output = ()> + core[a373ad73a504971]::marker::Sync + core[a373ad73a504971]::marker::Send> as core[a373ad73a504971]::ops::function::Fn<(&std[617be2ca0a6fd877]::panic::PanicHookInfo,)>>::call
[INFO] [stdout]                                at /rustc/e3feeb59cd1bdd011a2bfcc0747b55125d9b8527/library/alloc/src/boxed.rs:2328:9
[INFO] [stdout]   12:     0x6393827e09a0 - test[aada8e7e76ba119b]::test_main_inner::{closure#0}
[INFO] [stdout]                                at /rustc/e3feeb59cd1bdd011a2bfcc0747b55125d9b8527/library/test/src/lib.rs:137:21
[INFO] [stdout]   13:     0x639382887632 - <alloc[2e1b2a31b91974c5]::boxed::Box<dyn for<'a, 'b> core[a373ad73a504971]::ops::function::Fn<(&'a std[617be2ca0a6fd877]::panic::PanicHookInfo<'b>,), Output = ()> + core[a373ad73a504971]::marker::Sync + core[a373ad73a504971]::marker::Send> as core[a373ad73a504971]::ops::function::Fn<(&std[617be2ca0a6fd877]::panic::PanicHookInfo,)>>::call
[INFO] [stdout]                                at /rustc/e3feeb59cd1bdd011a2bfcc0747b55125d9b8527/library/alloc/src/boxed.rs:2328:9
[INFO] [stdout]   14:     0x639382887632 - std[617be2ca0a6fd877]::panicking::panic_with_hook
[INFO] [stdout]                                at /rustc/e3feeb59cd1bdd011a2bfcc0747b55125d9b8527/library/std/src/panicking.rs:819:13
[INFO] [stdout]   15:     0x639382869e32 - std[617be2ca0a6fd877]::panicking::panic_handler::{closure#0}
[INFO] [stdout]                                at /rustc/e3feeb59cd1bdd011a2bfcc0747b55125d9b8527/library/std/src/panicking.rs:685:13
[INFO] [stdout]   16:     0x6393828627f9 - std[617be2ca0a6fd877]::sys::backtrace::__rust_end_short_backtrace::<std[617be2ca0a6fd877]::panicking::panic_handler::{closure#0}, !>
[INFO] [stdout]                                at /rustc/e3feeb59cd1bdd011a2bfcc0747b55125d9b8527/library/std/src/sys/backtrace.rs:182:18
[INFO] [stdout]   17:     0x63938286aa3d - __rustc[ea4f61d10b84890b]::rust_begin_unwind
[INFO] [stdout]                                at /rustc/e3feeb59cd1bdd011a2bfcc0747b55125d9b8527/library/std/src/panicking.rs:676:5
[INFO] [stdout]   18:     0x6393828a71cc - core[a373ad73a504971]::panicking::panic_fmt
[INFO] [stdout]                                at /rustc/e3feeb59cd1bdd011a2bfcc0747b55125d9b8527/library/core/src/panicking.rs:80:14
[INFO] [stdout]   19:     0x639382829dc8 - core[a373ad73a504971]::panicking::panic_display::<assert_cmd[544be217f029a7ac]::assert::AssertError>
[INFO] [stdout]                                at /rustc/e3feeb59cd1bdd011a2bfcc0747b55125d9b8527/library/core/src/panicking.rs:259:5
[INFO] [stdout]   20:     0x639382829bb7 - <assert_cmd[544be217f029a7ac]::assert::AssertError>::panic::<assert_cmd[544be217f029a7ac]::assert::Assert>
[INFO] [stdout]                                at /opt/rustwide/cargo-home/registry/src/index.crates.io-1949cf8c6b5b557f/assert_cmd-2.2.2/src/assert.rs:1061:9
[INFO] [stdout]   21:     0x63938282b2ad - <assert_cmd[544be217f029a7ac]::assert::Assert>::success
[INFO] [stdout]                                at /opt/rustwide/cargo-home/registry/src/index.crates.io-1949cf8c6b5b557f/assert_cmd-2.2.2/src/assert.rs:165:25
[INFO] [stdout]   22:     0x6393827c2714 - lifecycle_cargo_expose[ed1b1be989ea8eac]::add_sync_remove_cargo_facade_on_c_host
[INFO] [stdout]                                at /opt/rustwide/workdir/tests/lifecycle_cargo_expose.rs:33:10
[INFO] [stdout]   23:     0x6393827c1207 - lifecycle_cargo_expose[ed1b1be989ea8eac]::add_sync_remove_cargo_facade_on_c_host::{closure#0}
[INFO] [stdout]                                at /opt/rustwide/workdir/tests/lifecycle_cargo_expose.rs:18:44
[INFO] [stdout]   24:     0x6393827c8e16 - <lifecycle_cargo_expose[ed1b1be989ea8eac]::add_sync_remove_cargo_facade_on_c_host::{closure#0} as core[a373ad73a504971]::ops::function::FnOnce<()>>::call_once
[INFO] [stdout]                                at /rustc/e3feeb59cd1bdd011a2bfcc0747b55125d9b8527/library/core/src/ops/function.rs:250:5
[INFO] [stdout]   25:     0x6393827d3deb - <fn() -> core[a373ad73a504971]::result::Result<(), alloc[2e1b2a31b91974c5]::string::String> as core[a373ad73a504971]::ops::function::FnOnce<()>>::call_once
[INFO] [stdout]                                at /rustc/e3feeb59cd1bdd011a2bfcc0747b55125d9b8527/library/core/src/ops/function.rs:250:5
[INFO] [stdout]   26:     0x6393827d3deb - test[aada8e7e76ba119b]::__rust_begin_short_backtrace::<core[a373ad73a504971]::result::Result<(), alloc[2e1b2a31b91974c5]::string::String>, fn() -> core[a373ad73a504971]::result::Result<(), alloc[2e1b2a31b91974c5]::string::String>>
[INFO] [stdout]                                at /rustc/e3feeb59cd1bdd011a2bfcc0747b55125d9b8527/library/test/src/lib.rs:701:18
[INFO] [stdout]   27:     0x6393827e0fc5 - test[aada8e7e76ba119b]::run_test_in_process::{closure#0}
[INFO] [stdout]                                at /rustc/e3feeb59cd1bdd011a2bfcc0747b55125d9b8527/library/test/src/lib.rs:724:74
[INFO] [stdout]   28:     0x6393827e0fc5 - <core[a373ad73a504971]::panic::unwind_safe::AssertUnwindSafe<test[aada8e7e76ba119b]::run_test_in_process::{closure#0}> as core[a373ad73a504971]::ops::function::FnOnce<()>>::call_once
[INFO] [stdout]                                at /rustc/e3feeb59cd1bdd011a2bfcc0747b55125d9b8527/library/core/src/panic/unwind_safe.rs:275:9
[INFO] [stdout]   29:     0x6393827e0fc5 - std[617be2ca0a6fd877]::panicking::catch_unwind::do_call::<core[a373ad73a504971]::panic::unwind_safe::AssertUnwindSafe<test[aada8e7e76ba119b]::run_test_in_process::{closure#0}>, core[a373ad73a504971]::result::Result<(), alloc[2e1b2a31b91974c5]::string::String>>
[INFO] [stdout]                                at /rustc/e3feeb59cd1bdd011a2bfcc0747b55125d9b8527/library/std/src/panicking.rs:573:43
[INFO] [stdout]   30:     0x6393827e0fc5 - std[617be2ca0a6fd877]::panicking::catch_unwind::<core[a373ad73a504971]::result::Result<(), alloc[2e1b2a31b91974c5]::string::String>, core[a373ad73a504971]::panic::unwind_safe::AssertUnwindSafe<test[aada8e7e76ba119b]::run_test_in_process::{closure#0}>>
[INFO] [stdout]                                at /rustc/e3feeb59cd1bdd011a2bfcc0747b55125d9b8527/library/std/src/panicking.rs:541:19
[INFO] [stdout]   31:     0x6393827e0fc5 - std[617be2ca0a6fd877]::panic::catch_unwind::<core[a373ad73a504971]::panic::unwind_safe::AssertUnwindSafe<test[aada8e7e76ba119b]::run_test_in_process::{closure#0}>, core[a373ad73a504971]::result::Result<(), alloc[2e1b2a31b91974c5]::string::String>>
[INFO] [stdout]                                at /rustc/e3feeb59cd1bdd011a2bfcc0747b55125d9b8527/library/std/src/panic.rs:359:14
[INFO] [stdout]   32:     0x6393827e0fc5 - test[aada8e7e76ba119b]::run_test_in_process
[INFO] [stdout]                                at /rustc/e3feeb59cd1bdd011a2bfcc0747b55125d9b8527/library/test/src/lib.rs:724:27
[INFO] [stdout]   33:     0x6393827e0fc5 - test[aada8e7e76ba119b]::run_test::{closure#0}
[INFO] [stdout]                                at /rustc/e3feeb59cd1bdd011a2bfcc0747b55125d9b8527/library/test/src/lib.rs:645:43
[INFO] [stdout]   34:     0x6393827da8b4 - test[aada8e7e76ba119b]::run_test::{closure#1}
[INFO] [stdout]                                at /rustc/e3feeb59cd1bdd011a2bfcc0747b55125d9b8527/library/test/src/lib.rs:675:41
[INFO] [stdout]   35:     0x6393827da8b4 - std[617be2ca0a6fd877]::sys::backtrace::__rust_begin_short_backtrace::<test[aada8e7e76ba119b]::run_test::{closure#1}, ()>
[INFO] [stdout]                                at /rustc/e3feeb59cd1bdd011a2bfcc0747b55125d9b8527/library/std/src/sys/backtrace.rs:166:18
[INFO] [stdout]   36:     0x6393827e4052 - std[617be2ca0a6fd877]::thread::lifecycle::spawn_unchecked::<test[aada8e7e76ba119b]::run_test::{closure#1}, ()>::{closure#1}::{closure#0}
[INFO] [stdout]                                at /rustc/e3feeb59cd1bdd011a2bfcc0747b55125d9b8527/library/std/src/thread/lifecycle.rs:70:13
[INFO] [stdout]   37:     0x6393827e4052 - <core[a373ad73a504971]::panic::unwind_safe::AssertUnwindSafe<std[617be2ca0a6fd877]::thread::lifecycle::spawn_unchecked<test[aada8e7e76ba119b]::run_test::{closure#1}, ()>::{closure#1}::{closure#0}> as core[a373ad73a504971]::ops::function::FnOnce<()>>::call_once
[INFO] [stdout]                                at /rustc/e3feeb59cd1bdd011a2bfcc0747b55125d9b8527/library/core/src/panic/unwind_safe.rs:275:9
[INFO] [stdout]   38:     0x6393827e4052 - std[617be2ca0a6fd877]::panicking::catch_unwind::do_call::<core[a373ad73a504971]::panic::unwind_safe::AssertUnwindSafe<std[617be2ca0a6fd877]::thread::lifecycle::spawn_unchecked<test[aada8e7e76ba119b]::run_test::{closure#1}, ()>::{closure#1}::{closure#0}>, ()>
[INFO] [stdout]                                at /rustc/e3feeb59cd1bdd011a2bfcc0747b55125d9b8527/library/std/src/panicking.rs:573:43
[INFO] [stdout]   39:     0x6393827e4052 - std[617be2ca0a6fd877]::panicking::catch_unwind::<(), core[a373ad73a504971]::panic::unwind_safe::AssertUnwindSafe<std[617be2ca0a6fd877]::thread::lifecycle::spawn_unchecked<test[aada8e7e76ba119b]::run_test::{closure#1}, ()>::{closure#1}::{closure#0}>>
[INFO] [stdout]                                at /rustc/e3feeb59cd1bdd011a2bfcc0747b55125d9b8527/library/std/src/panicking.rs:541:19
[INFO] [stdout]   40:     0x6393827e4052 - std[617be2ca0a6fd877]::panic::catch_unwind::<core[a373ad73a504971]::panic::unwind_safe::AssertUnwindSafe<std[617be2ca0a6fd877]::thread::lifecycle::spawn_unchecked<test[aada8e7e76ba119b]::run_test::{closure#1}, ()>::{closure#1}::{closure#0}>, ()>
[INFO] [stdout]                                at /rustc/e3feeb59cd1bdd011a2bfcc0747b55125d9b8527/library/std/src/panic.rs:359:14
[INFO] [stdout]   41:     0x6393827e4052 - std[617be2ca0a6fd877]::thread::lifecycle::spawn_unchecked::<test[aada8e7e76ba119b]::run_test::{closure#1}, ()>::{closure#1}
[INFO] [stdout]                                at /rustc/e3feeb59cd1bdd011a2bfcc0747b55125d9b8527/library/std/src/thread/lifecycle.rs:68:26
[INFO] [stdout]   42:     0x6393827e4052 - <std[617be2ca0a6fd877]::thread::lifecycle::spawn_unchecked<test[aada8e7e76ba119b]::run_test::{closure#1}, ()>::{closure#1} as core[a373ad73a504971]::ops::function::FnOnce<()>>::call_once::{shim:vtable#0}
[INFO] [stdout]                                at /rustc/e3feeb59cd1bdd011a2bfcc0747b55125d9b8527/library/core/src/ops/function.rs:250:5
[INFO] [stdout]   43:     0x63938288ef6f - <alloc[2e1b2a31b91974c5]::boxed::Box<dyn core[a373ad73a504971]::ops::function::FnOnce<(), Output = ()> + core[a373ad73a504971]::marker::Send> as core[a373ad73a504971]::ops::function::FnOnce<()>>::call_once
[INFO] [stdout]                                at /rustc/e3feeb59cd1bdd011a2bfcc0747b55125d9b8527/library/alloc/src/boxed.rs:2314:9
[INFO] [stdout]   44:     0x63938288ef6f - <std[617be2ca0a6fd877]::sys::thread::unix::Thread>::new::thread_start
[INFO] [stdout]                                at /rustc/e3feeb59cd1bdd011a2bfcc0747b55125d9b8527/library/std/src/sys/thread/unix.rs:127:17
[INFO] [stdout]   45:     0x74233dedadfa - <unknown>
[INFO] [stdout]   46:     0x74233df6e3d4 - clone
[INFO] [stdout]   47:                0x0 - <unknown>
[INFO] [stdout] 
[INFO] [stdout] 
[INFO] [stdout] failures:
[INFO] [stdout]     add_sync_remove_cargo_facade_on_c_host
[INFO] [stdout]     base64_enrichment_facade_builds_on_c_host
[INFO] [stdout]     rust_host_add_reexports_without_cdylib
[INFO] [stdout] 
[INFO] [stdout] test result: FAILED. 1 passed; 3 failed; 0 ignored; 0 measured; 0 filtered out; finished in 0.04s
[INFO] [stdout] 
[INFO] [stderr] error: test failed, to rerun pass `--test lifecycle_cargo_expose`
[INFO] running `Command { std: "docker" "inspect" "16662b29df7101b4f3654a6a661ef5bcbe159f456d5df0ed116c56ce1d34c659", kill_on_drop: false }`
[INFO] running `Command { std: "docker" "rm" "-f" "16662b29df7101b4f3654a6a661ef5bcbe159f456d5df0ed116c56ce1d34c659", kill_on_drop: false }`
[INFO] [stdout] 16662b29df7101b4f3654a6a661ef5bcbe159f456d5df0ed116c56ce1d34c659
