[INFO] fetching crate ricecoder-orchestration 0.1.71...
[INFO] testing ricecoder-orchestration-0.1.71 against 1.100.0-beta.1 for beta-1.100-2
[INFO] extracting crate ricecoder-orchestration 0.1.71 into /workspace/builds/worker-2-tc2/source
[INFO] started tweaking crates.io crate ricecoder-orchestration 0.1.71
[INFO] removed 0 missing tests
[INFO] finished tweaking crates.io crate ricecoder-orchestration 0.1.71
[INFO] tweaked toml for crates.io crate ricecoder-orchestration 0.1.71 written to /workspace/builds/worker-2-tc2/source/Cargo.toml
[INFO] validating manifest of crates.io crate ricecoder-orchestration 0.1.71 on toolchain 1.100.0-beta.1
[INFO] running `Command { std: CARGO_HOME="/workspace/cargo-home" RUSTUP_HOME="/workspace/rustup-home" "/workspace/cargo-home/bin/cargo" "+1.100.0-beta.1" "metadata" "--manifest-path" "Cargo.toml" "--no-deps", kill_on_drop: false }`
[INFO] crate crates.io crate ricecoder-orchestration 0.1.71 already has a lockfile, it will not be regenerated
[INFO] running `Command { std: CARGO_HOME="/workspace/cargo-home" RUSTUP_HOME="/workspace/rustup-home" "/workspace/cargo-home/bin/cargo" "+1.100.0-beta.1" "fetch" "--manifest-path" "Cargo.toml", kill_on_drop: false }`
[INFO] [stderr] warning: `package.homepage` is redundant with `package.repository`
[INFO] [stderr]   --> Cargo.toml:65:12
[INFO] [stderr]    |
[INFO] [stderr] 65 | homepage = "https://github.com/moabualruz/ricecoder"
[INFO] [stderr]    |            ^^^^^^^^^^^^^^^^^^^^^^^^^^^^^^^^^^^^^^^^^
[INFO] [stderr] ...
[INFO] [stderr] 69 | repository = "https://github.com/moabualruz/ricecoder"
[INFO] [stderr]    |              -----------------------------------------
[INFO] [stderr]    |
[INFO] [stderr]    = note: `cargo::redundant_homepage` is set to `warn` by default
[INFO] [stderr] help: consider removing `package.homepage`
[INFO] [stderr] warning: `ricecoder-orchestration` (manifest) generated 1 warning
[INFO] [stderr]     Blocking waiting for file lock on package cache
[INFO] [stderr]     Blocking waiting for file lock on package cache
[INFO] running `Command { std: "docker" "create" "-v" "/var/lib/crater-agent-workspace/builds/worker-2-tc2/source:/opt/rustwide/workdir:ro,Z" "-v" "/var/lib/crater-agent-workspace/builds/worker-2-tc2/target:/opt/rustwide/target:rw,Z" "-v" "/var/lib/crater-agent-workspace/cargo-home:/opt/rustwide/cargo-home:ro,Z" "-v" "/var/lib/crater-agent-workspace/rustup-home:/opt/rustwide/rustup-home:ro,Z" "-m" "1610612736" "--network" "none" "ghcr.io/rust-lang/crates-build-env/linux@sha256:3111399a4047eeb3a02b7a90e478d715f38a8c6669b5c4b49d30a17385265909" "sleep" "infinity", kill_on_drop: false }`
[INFO] [stdout] 53de7501ff7fe3b92bbda378f06ee4fd7e44054ca214e8188f39d4ba6e30469e
[INFO] running `Command { std: "docker" "start" "53de7501ff7fe3b92bbda378f06ee4fd7e44054ca214e8188f39d4ba6e30469e", kill_on_drop: false }`
[INFO] running `Command { std: "docker" "inspect" "53de7501ff7fe3b92bbda378f06ee4fd7e44054ca214e8188f39d4ba6e30469e", kill_on_drop: false }`
[INFO] running `Command { std: "docker" "exec" "-e" "SOURCE_DIR=/opt/rustwide/workdir" "-e" "CARGO_HOME=/opt/rustwide/cargo-home" "-e" "RUSTUP_HOME=/opt/rustwide/rustup-home" "-e" "CARGO_TARGET_DIR=/opt/rustwide/target" "-w" "/opt/rustwide/workdir" "--user" "0:0" "53de7501ff7fe3b92bbda378f06ee4fd7e44054ca214e8188f39d4ba6e30469e" "/opt/rustwide/cargo-home/bin/cargo" "+1.100.0-beta.1" "metadata" "--no-deps" "--format-version=1", kill_on_drop: false }`
[INFO] running `Command { std: "docker" "inspect" "53de7501ff7fe3b92bbda378f06ee4fd7e44054ca214e8188f39d4ba6e30469e", kill_on_drop: false }`
[INFO] running `Command { std: "docker" "exec" "-e" "SOURCE_DIR=/opt/rustwide/workdir" "-e" "CARGO_HOME=/opt/rustwide/cargo-home" "-e" "RUSTUP_HOME=/opt/rustwide/rustup-home" "-e" "CARGO_TARGET_DIR=/opt/rustwide/target" "-e" "CARGO_INCREMENTAL=0" "-e" "RUST_BACKTRACE=full" "-e" "RUSTFLAGS=--cap-lints=warn" "-e" "RUSTDOCFLAGS=--cap-lints=warn" "-w" "/opt/rustwide/workdir" "--user" "0:0" "53de7501ff7fe3b92bbda378f06ee4fd7e44054ca214e8188f39d4ba6e30469e" "/opt/rustwide/cargo-home/bin/cargo" "+1.100.0-beta.1" "build" "--frozen" "--message-format=json", kill_on_drop: false }`
[INFO] [stderr] warning: `package.homepage` is redundant with `package.repository`
[INFO] [stderr]   --> Cargo.toml:65:12
[INFO] [stderr]    |
[INFO] [stderr] 65 | homepage = "https://github.com/moabualruz/ricecoder"
[INFO] [stderr]    |            ^^^^^^^^^^^^^^^^^^^^^^^^^^^^^^^^^^^^^^^^^
[INFO] [stderr] ...
[INFO] [stderr] 69 | repository = "https://github.com/moabualruz/ricecoder"
[INFO] [stderr]    |              -----------------------------------------
[INFO] [stderr]    |
[INFO] [stderr]    = note: `cargo::redundant_homepage` is set to `warn` by default
[INFO] [stderr] help: consider removing `package.homepage`
[INFO] [stderr] warning: `ricecoder-orchestration` (manifest) generated 1 warning
[INFO] [stderr]    Compiling indexmap v2.12.1
[INFO] [stderr]    Compiling pulldown-cmark v0.9.6
[INFO] [stderr]    Compiling tracing-core v0.1.35
[INFO] [stderr]    Compiling syn v2.0.111
[INFO] [stderr]    Compiling inotify-sys v0.1.5
[INFO] [stderr]    Compiling parking_lot_core v0.9.12
[INFO] [stderr]    Compiling mio v0.8.11
[INFO] [stderr]    Compiling getopts v0.2.24
[INFO] [stderr]    Compiling filetime v0.2.26
[INFO] [stderr]    Compiling mio v1.1.0
[INFO] [stderr]    Compiling signal-hook-registry v1.4.7
[INFO] [stderr]    Compiling dirs-sys v0.4.1
[INFO] [stderr]    Compiling bytes v1.11.0
[INFO] [stderr]    Compiling bitflags v2.10.0
[INFO] [stderr]    Compiling serde_json v1.0.145
[INFO] [stderr]    Compiling getrandom v0.3.4
[INFO] [stderr]    Compiling inotify v0.9.6
[INFO] [stderr]    Compiling dirs v5.0.1
[INFO] [stderr]    Compiling iana-time-zone v0.1.64
[INFO] [stderr]    Compiling parking_lot v0.12.5
[INFO] [stderr]    Compiling notify v6.1.1
[INFO] [stderr]    Compiling serde_derive v1.0.228
[INFO] [stderr]    Compiling tokio-macros v2.6.0
[INFO] [stderr]    Compiling tracing-attributes v0.1.31
[INFO] [stderr]    Compiling thiserror-impl v1.0.69
[INFO] [stderr]    Compiling tokio v1.48.0
[INFO] [stderr]    Compiling thiserror v1.0.69
[INFO] [stderr]    Compiling tracing v0.1.43
[INFO] [stderr]    Compiling serde v1.0.228
[INFO] [stderr]    Compiling toml_datetime v0.6.11
[INFO] [stderr]    Compiling serde_spanned v0.6.9
[INFO] [stderr]    Compiling serde_yaml v0.9.34+deprecated
[INFO] [stderr]    Compiling uuid v1.18.1
[INFO] [stderr]    Compiling chrono v0.4.42
[INFO] [stderr]    Compiling toml_edit v0.22.27
[INFO] [stderr]    Compiling toml v0.8.23
[INFO] [stderr]    Compiling ricecoder-storage v0.1.71
[INFO] [stderr]    Compiling ricecoder-orchestration v0.1.71 (/opt/rustwide/workdir)
[INFO] [stderr] warning: unused dependency `ricecoder-storage`
[INFO] [stderr]   --> Cargo.toml:11:15
[INFO] [stderr]    |
[INFO] [stderr] 11 | [dependencies.ricecoder-storage]
[INFO] [stderr]    |               ^^^^^^^^^^^^^^^^^^
[INFO] [stderr]    |
[INFO] [stderr]    = note: `cargo::unused_dependencies` is set to `warn` by default
[INFO] [stderr] help: consider removing the dependency on `ricecoder-storage`
[INFO] [stderr] warning: `ricecoder-orchestration` (manifest) generated 1 warning
[INFO] [stderr]     Finished `dev` profile [unoptimized + debuginfo] target(s) in 28.21s
[INFO] running `Command { std: "docker" "inspect" "53de7501ff7fe3b92bbda378f06ee4fd7e44054ca214e8188f39d4ba6e30469e", kill_on_drop: false }`
[INFO] running `Command { std: "docker" "exec" "-e" "SOURCE_DIR=/opt/rustwide/workdir" "-e" "CARGO_HOME=/opt/rustwide/cargo-home" "-e" "RUSTUP_HOME=/opt/rustwide/rustup-home" "-e" "CARGO_TARGET_DIR=/opt/rustwide/target" "-e" "CARGO_INCREMENTAL=0" "-e" "RUST_BACKTRACE=full" "-e" "RUSTFLAGS=--cap-lints=warn" "-e" "RUSTDOCFLAGS=--cap-lints=warn" "-w" "/opt/rustwide/workdir" "--user" "0:0" "53de7501ff7fe3b92bbda378f06ee4fd7e44054ca214e8188f39d4ba6e30469e" "/opt/rustwide/cargo-home/bin/cargo" "+1.100.0-beta.1" "test" "--frozen" "--no-run" "--message-format=json", kill_on_drop: false }`
[INFO] [stderr] warning: `package.homepage` is redundant with `package.repository`
[INFO] [stderr]   --> Cargo.toml:65:12
[INFO] [stderr]    |
[INFO] [stderr] 65 | homepage = "https://github.com/moabualruz/ricecoder"
[INFO] [stderr]    |            ^^^^^^^^^^^^^^^^^^^^^^^^^^^^^^^^^^^^^^^^^
[INFO] [stderr] ...
[INFO] [stderr] 69 | repository = "https://github.com/moabualruz/ricecoder"
[INFO] [stderr]    |              -----------------------------------------
[INFO] [stderr]    |
[INFO] [stderr]    = note: `cargo::redundant_homepage` is set to `warn` by default
[INFO] [stderr] help: consider removing `package.homepage`
[INFO] [stderr] warning: `ricecoder-orchestration` (manifest) generated 1 warning
[INFO] [stderr]    Compiling rustix v1.1.2
[INFO] [stderr]    Compiling getrandom v0.3.4
[INFO] [stderr]    Compiling tokio v1.48.0
[INFO] [stderr]    Compiling getrandom v0.2.16
[INFO] [stderr]    Compiling async-stream-impl v0.3.6
[INFO] [stderr]    Compiling pulldown-cmark v0.9.6
[INFO] [stderr]    Compiling wait-timeout v0.2.1
[INFO] [stderr]    Compiling bit-vec v0.8.0
[INFO] [stderr]    Compiling unarray v0.1.4
[INFO] [stderr]    Compiling chrono v0.4.42
[INFO] [stderr]    Compiling rand_core v0.9.3
[INFO] [stderr]    Compiling uuid v1.18.1
[INFO] [stderr]    Compiling rand_core v0.6.4
[INFO] [stderr]    Compiling bit-set v0.8.0
[INFO] [stderr]    Compiling rand_chacha v0.3.1
[INFO] [stderr]    Compiling rand v0.9.2
[INFO] [stderr]    Compiling rand_xorshift v0.4.0
[INFO] [stderr]    Compiling rand_chacha v0.9.0
[INFO] [stderr]    Compiling async-stream v0.3.6
[INFO] [stderr]    Compiling rand v0.8.5
[INFO] [stderr]    Compiling tempfile v3.23.0
[INFO] [stderr]    Compiling rusty-fork v0.3.1
[INFO] [stderr]    Compiling proptest v1.9.0
[INFO] [stderr]    Compiling ricecoder-storage v0.1.71
[INFO] [stderr]    Compiling tokio-stream v0.1.17
[INFO] [stderr]    Compiling tokio-test v0.4.4
[INFO] [stderr]    Compiling ricecoder-orchestration v0.1.71 (/opt/rustwide/workdir)
[INFO] [stdout] warning: unused imports: `VersionValidator` and `Version`
[INFO] [stdout]  --> tests/version_coordinator_unit_tests.rs:5:66
[INFO] [stdout]   |
[INFO] [stdout] 5 |     VersionCoordinator, Project, ProjectStatus, DependencyGraph, Version, VersionValidator,
[INFO] [stdout]   |                                                                  ^^^^^^^  ^^^^^^^^^^^^^^^^
[INFO] [stdout]   |
[INFO] [stdout]   = note: `#[warn(unused_imports)]` (part of `#[warn(unused)]`) on by default
[INFO] [stdout] 
[INFO] [stdout] 
[INFO] [stdout] warning: unused import: `BatchExecutor`
[INFO] [stdout]  --> tests/batch_execution_order_property.rs:7:5
[INFO] [stdout]   |
[INFO] [stdout] 7 |     BatchExecutor, DependencyGraph, DependencyType, ExecutionOrderer, ParallelizationStrategy,
[INFO] [stdout]   |     ^^^^^^^^^^^^^
[INFO] [stdout]   |
[INFO] [stdout]   = note: `#[warn(unused_imports)]` (part of `#[warn(unused)]`) on by default
[INFO] [stdout] 
[INFO] [stdout] 
[INFO] [stdout] warning: unused import: `std::sync::Arc`
[INFO] [stdout]   --> tests/batch_execution_order_property.rs:12:5
[INFO] [stdout]    |
[INFO] [stdout] 12 | use std::sync::Arc;
[INFO] [stdout]    |     ^^^^^^^^^^^^^^
[INFO] [stdout] 
[INFO] [stdout] 
[INFO] [stdout] warning: unused imports: `RuleType`, `WorkspaceConfig`, and `WorkspaceRule`
[INFO] [stdout]   --> tests/rules_validation_correctness_property.rs:12:56
[INFO] [stdout]    |
[INFO] [stdout] 12 |     Project, ProjectStatus, RulesValidator, Workspace, WorkspaceRule, WorkspaceConfig,
[INFO] [stdout]    |                                                        ^^^^^^^^^^^^^  ^^^^^^^^^^^^^^^
[INFO] [stdout] 13 |     RuleType,
[INFO] [stdout]    |     ^^^^^^^^
[INFO] [stdout]    |
[INFO] [stdout]    = note: `#[warn(unused_imports)]` (part of `#[warn(unused)]`) on by default
[INFO] [stdout] 
[INFO] [stdout] 
[INFO] [stdout] warning: unused imports: `BatchExecutionConfig`, `OrchestrationError`, and `WorkspaceScanner`
[INFO] [stdout]   --> tests/workspace_operations_integration.rs:10:5
[INFO] [stdout]    |
[INFO] [stdout] 10 |     BatchExecutionConfig, BatchExecutor, DependencyGraph, DependencyType, OrchestrationError,
[INFO] [stdout]    |     ^^^^^^^^^^^^^^^^^^^^                                                  ^^^^^^^^^^^^^^^^^^
[INFO] [stdout] 11 |     Project, ProjectDependency, ProjectOperation, ProjectStatus, Result, WorkspaceScanner,
[INFO] [stdout]    |                                                                          ^^^^^^^^^^^^^^^^
[INFO] [stdout]    |
[INFO] [stdout]    = note: `#[warn(unused_imports)]` (part of `#[warn(unused)]`) on by default
[INFO] [stdout] 
[INFO] [stdout] 
[INFO] [stdout] warning: function `arb_operation` is never used
[INFO] [stdout]   --> tests/transaction_atomicity_property_tests.rs:10:4
[INFO] [stdout]    |
[INFO] [stdout] 10 | fn arb_operation() -> impl Strategy<Value = Operation> {
[INFO] [stdout]    |    ^^^^^^^^^^^^^
[INFO] [stdout]    |
[INFO] [stdout]    = note: `#[warn(dead_code)]` (part of `#[warn(unused)]`) on by default
[INFO] [stdout] 
[INFO] [stdout] 
[INFO] [stdout] warning: function `arb_operations` is never used
[INFO] [stdout]   --> tests/transaction_atomicity_property_tests.rs:26:4
[INFO] [stdout]    |
[INFO] [stdout] 26 | fn arb_operations() -> impl Strategy<Value = Vec<Operation>> {
[INFO] [stdout]    |    ^^^^^^^^^^^^^^
[INFO] [stdout] 
[INFO] [stdout] 
[INFO] [stdout] warning: unused variable: `result`
[INFO] [stdout]    --> tests/batch_executor_unit_tests.rs:197:9
[INFO] [stdout]     |
[INFO] [stdout] 197 |     let result = executor
[INFO] [stdout]     |         ^^^^^^ help: if this is intentional, prefix it with an underscore: `_result`
[INFO] [stdout]     |
[INFO] [stdout]     = note: `#[warn(unused_variables)]` (part of `#[warn(unused)]`) on by default
[INFO] [stdout] 
[INFO] [stdout] 
[INFO] [stdout] warning: comparison is useless due to type limits
[INFO] [stdout]   --> tests/sync_manager_properties.rs:53:22
[INFO] [stdout]    |
[INFO] [stdout] 53 |         prop_assert!(log.len() >= 0);
[INFO] [stdout]    |                      ^^^^^^^^^^^^^^
[INFO] [stdout]    |
[INFO] [stdout]    = note: `#[warn(unused_comparisons)]` on by default
[INFO] [stdout] 
[INFO] [stdout] 
[INFO] [stdout] warning: function `project_name_strategy` is never used
[INFO] [stdout]   --> tests/batch_execution_order_property.rs:15:4
[INFO] [stdout]    |
[INFO] [stdout] 15 | fn project_name_strategy() -> impl Strategy<Value = String> {
[INFO] [stdout]    |    ^^^^^^^^^^^^^^^^^^^^^
[INFO] [stdout]    |
[INFO] [stdout]    = note: `#[warn(dead_code)]` (part of `#[warn(unused)]`) on by default
[INFO] [stdout] 
[INFO] [stdout] 
[INFO] [stdout] warning: function `project_name_strategy` is never used
[INFO] [stdout]   --> tests/impact_analysis_completeness_property.rs:11:4
[INFO] [stdout]    |
[INFO] [stdout] 11 | fn project_name_strategy() -> impl Strategy<Value = String> {
[INFO] [stdout]    |    ^^^^^^^^^^^^^^^^^^^^^
[INFO] [stdout]    |
[INFO] [stdout]    = note: `#[warn(dead_code)]` (part of `#[warn(unused)]`) on by default
[INFO] [stdout] 
[INFO] [stdout] 
[INFO] [stdout] warning: function `project_type_strategy` is never used
[INFO] [stdout]   --> tests/workspace_discovery_properties.rs:12:4
[INFO] [stdout]    |
[INFO] [stdout] 12 | fn project_type_strategy() -> impl Strategy<Value = &'static str> {
[INFO] [stdout]    |    ^^^^^^^^^^^^^^^^^^^^^
[INFO] [stdout]    |
[INFO] [stdout]    = note: `#[warn(dead_code)]` (part of `#[warn(unused)]`) on by default
[INFO] [stdout] 
[INFO] [stdout] 
[INFO] [stdout] warning: function `project_name_strategy` is never used
[INFO] [stdout]   --> tests/workspace_discovery_properties.rs:21:4
[INFO] [stdout]    |
[INFO] [stdout] 21 | fn project_name_strategy() -> impl Strategy<Value = String> {
[INFO] [stdout]    |    ^^^^^^^^^^^^^^^^^^^^^
[INFO] [stdout] 
[INFO] [stdout] 
[INFO] [stdout] warning: function `version_strategy` is never used
[INFO] [stdout]   --> tests/workspace_discovery_properties.rs:49:4
[INFO] [stdout]    |
[INFO] [stdout] 49 | fn version_strategy() -> impl Strategy<Value = String> {
[INFO] [stdout]    |    ^^^^^^^^^^^^^^^^
[INFO] [stdout] 
[INFO] [stdout] 
[INFO] [stdout] warning: function `project_name_strategy` is never used
[INFO] [stdout]   --> tests/dependency_graph_properties.rs:11:4
[INFO] [stdout]    |
[INFO] [stdout] 11 | fn project_name_strategy() -> impl Strategy<Value = String> {
[INFO] [stdout]    |    ^^^^^^^^^^^^^^^^^^^^^
[INFO] [stdout]    |
[INFO] [stdout]    = note: `#[warn(dead_code)]` (part of `#[warn(unused)]`) on by default
[INFO] [stdout] 
[INFO] [stdout] 
[INFO] [stdout] warning: unused variable: `config`
[INFO] [stdout]   --> tests/configuration_rules_property_tests.rs:29:13
[INFO] [stdout]    |
[INFO] [stdout] 29 |         let config = WorkspaceConfig {
[INFO] [stdout]    |             ^^^^^^ help: if this is intentional, prefix it with an underscore: `_config`
[INFO] [stdout]    |
[INFO] [stdout]    = note: `#[warn(unused_variables)]` (part of `#[warn(unused)]`) on by default
[INFO] [stdout] 
[INFO] [stdout] 
[INFO] [stdout] warning: unused variable: `invalid_timeout`
[INFO] [stdout]    --> tests/configuration_rules_property_tests.rs:298:9
[INFO] [stdout]     |
[INFO] [stdout] 298 |         invalid_timeout in 0u32 | 300001u32..1000000,
[INFO] [stdout]     |         ^^^^^^^^^^^^^^^ help: if this is intentional, prefix it with an underscore: `_invalid_timeout`
[INFO] [stdout] 
[INFO] [stdout] 
[INFO] [stderr] warning: unused dependency `ricecoder-storage`
[INFO] [stderr]   --> Cargo.toml:11:15
[INFO] [stderr]    |
[INFO] [stderr] 11 | [dependencies.ricecoder-storage]
[INFO] [stderr]    |               ^^^^^^^^^^^^^^^^^^
[INFO] [stderr]    |
[INFO] [stderr]    = note: `cargo::unused_dependencies` is set to `warn` by default
[INFO] [stderr] help: consider removing the dependency on `ricecoder-storage`
[INFO] [stderr] warning: `ricecoder-orchestration` (manifest) generated 1 warning
[INFO] [stderr]     Finished `test` profile [unoptimized + debuginfo] target(s) in 27.99s
[INFO] running `Command { std: "docker" "inspect" "53de7501ff7fe3b92bbda378f06ee4fd7e44054ca214e8188f39d4ba6e30469e", kill_on_drop: false }`
[INFO] running `Command { std: "docker" "exec" "-e" "SOURCE_DIR=/opt/rustwide/workdir" "-e" "CARGO_HOME=/opt/rustwide/cargo-home" "-e" "RUSTUP_HOME=/opt/rustwide/rustup-home" "-e" "CARGO_TARGET_DIR=/opt/rustwide/target" "-e" "CARGO_INCREMENTAL=0" "-e" "RUST_BACKTRACE=full" "-e" "RUSTFLAGS=--cap-lints=warn" "-e" "RUSTDOCFLAGS=--cap-lints=warn" "-w" "/opt/rustwide/workdir" "--user" "0:0" "53de7501ff7fe3b92bbda378f06ee4fd7e44054ca214e8188f39d4ba6e30469e" "/opt/rustwide/cargo-home/bin/cargo" "+1.100.0-beta.1" "test" "--frozen", kill_on_drop: false }`
[INFO] [stderr] warning: `package.homepage` is redundant with `package.repository`
[INFO] [stderr]   --> Cargo.toml:65:12
[INFO] [stderr]    |
[INFO] [stderr] 65 | homepage = "https://github.com/moabualruz/ricecoder"
[INFO] [stderr]    |            ^^^^^^^^^^^^^^^^^^^^^^^^^^^^^^^^^^^^^^^^^
[INFO] [stderr] ...
[INFO] [stderr] 69 | repository = "https://github.com/moabualruz/ricecoder"
[INFO] [stderr]    |              -----------------------------------------
[INFO] [stderr]    |
[INFO] [stderr]    = note: `cargo::redundant_homepage` is set to `warn` by default
[INFO] [stderr] help: consider removing `package.homepage`
[INFO] [stderr] warning: `ricecoder-orchestration` (manifest) generated 1 warning
[INFO] [stderr] warning: function `project_type_strategy` is never used
[INFO] [stderr]   --> tests/workspace_discovery_properties.rs:12:4
[INFO] [stderr]    |
[INFO] [stderr] 12 | fn project_type_strategy() -> impl Strategy<Value = &'static str> {
[INFO] [stderr]    |    ^^^^^^^^^^^^^^^^^^^^^
[INFO] [stderr]    |
[INFO] [stderr]    = note: `#[warn(dead_code)]` (part of `#[warn(unused)]`) on by default
[INFO] [stderr] 
[INFO] [stderr] warning: function `project_name_strategy` is never used
[INFO] [stderr]   --> tests/workspace_discovery_properties.rs:21:4
[INFO] [stderr]    |
[INFO] [stderr] 21 | fn project_name_strategy() -> impl Strategy<Value = String> {
[INFO] [stderr]    |    ^^^^^^^^^^^^^^^^^^^^^
[INFO] [stderr] 
[INFO] [stderr] warning: function `version_strategy` is never used
[INFO] [stderr]   --> tests/workspace_discovery_properties.rs:49:4
[INFO] [stderr]    |
[INFO] [stderr] 49 | fn version_strategy() -> impl Strategy<Value = String> {
[INFO] [stderr]    |    ^^^^^^^^^^^^^^^^
[INFO] [stderr] 
[INFO] [stderr] warning: unused variable: `result`
[INFO] [stderr]    --> tests/batch_executor_unit_tests.rs:197:9
[INFO] [stderr]     |
[INFO] [stderr] 197 |     let result = executor
[INFO] [stderr]     |         ^^^^^^ help: if this is intentional, prefix it with an underscore: `_result`
[INFO] [stderr]     |
[INFO] [stderr]     = note: `#[warn(unused_variables)]` (part of `#[warn(unused)]`) on by default
[INFO] [stderr] 
[INFO] [stderr] warning: unused imports: `VersionValidator` and `Version`
[INFO] [stderr]  --> tests/version_coordinator_unit_tests.rs:5:66
[INFO] [stderr]   |
[INFO] [stderr] 5 |     VersionCoordinator, Project, ProjectStatus, DependencyGraph, Version, VersionValidator,
[INFO] [stderr]   |                                                                  ^^^^^^^  ^^^^^^^^^^^^^^^^
[INFO] [stderr]   |
[INFO] [stderr]   = note: `#[warn(unused_imports)]` (part of `#[warn(unused)]`) on by default
[INFO] [stderr] 
[INFO] [stderr] warning: unused import: `BatchExecutor`
[INFO] [stderr]  --> tests/batch_execution_order_property.rs:7:5
[INFO] [stderr]   |
[INFO] [stderr] 7 |     BatchExecutor, DependencyGraph, DependencyType, ExecutionOrderer, ParallelizationStrategy,
[INFO] [stderr]   |     ^^^^^^^^^^^^^
[INFO] [stderr]   |
[INFO] [stderr]   = note: `#[warn(unused_imports)]` (part of `#[warn(unused)]`) on by default
[INFO] [stderr] 
[INFO] [stderr] warning: unused import: `std::sync::Arc`
[INFO] [stderr]   --> tests/batch_execution_order_property.rs:12:5
[INFO] [stderr]    |
[INFO] [stderr] 12 | use std::sync::Arc;
[INFO] [stderr]    |     ^^^^^^^^^^^^^^
[INFO] [stderr] 
[INFO] [stderr] warning: function `project_name_strategy` is never used
[INFO] [stderr]   --> tests/batch_execution_order_property.rs:15:4
[INFO] [stderr]    |
[INFO] [stderr] 15 | fn project_name_strategy() -> impl Strategy<Value = String> {
[INFO] [stderr]    |    ^^^^^^^^^^^^^^^^^^^^^
[INFO] [stderr]    |
[INFO] [stderr]    = note: `#[warn(dead_code)]` (part of `#[warn(unused)]`) on by default
[INFO] [stderr] 
[INFO] [stderr] warning: function `arb_operation` is never used
[INFO] [stderr]   --> tests/transaction_atomicity_property_tests.rs:10:4
[INFO] [stderr]    |
[INFO] [stderr] 10 | fn arb_operation() -> impl Strategy<Value = Operation> {
[INFO] [stderr]    |    ^^^^^^^^^^^^^
[INFO] [stderr]    |
[INFO] [stderr]    = note: `#[warn(dead_code)]` (part of `#[warn(unused)]`) on by default
[INFO] [stderr] 
[INFO] [stderr] warning: function `arb_operations` is never used
[INFO] [stderr]   --> tests/transaction_atomicity_property_tests.rs:26:4
[INFO] [stderr]    |
[INFO] [stderr] 26 | fn arb_operations() -> impl Strategy<Value = Vec<Operation>> {
[INFO] [stderr]    |    ^^^^^^^^^^^^^^
[INFO] [stderr] 
[INFO] [stderr] warning: comparison is useless due to type limits
[INFO] [stderr]   --> tests/sync_manager_properties.rs:53:22
[INFO] [stderr]    |
[INFO] [stderr] 53 |         prop_assert!(log.len() >= 0);
[INFO] [stderr]    |                      ^^^^^^^^^^^^^^
[INFO] [stderr]    |
[INFO] [stderr]    = note: `#[warn(unused_comparisons)]` on by default
[INFO] [stderr] 
[INFO] [stderr] warning: unused imports: `RuleType`, `WorkspaceConfig`, and `WorkspaceRule`
[INFO] [stderr]   --> tests/rules_validation_correctness_property.rs:12:56
[INFO] [stderr]    |
[INFO] [stderr] 12 |     Project, ProjectStatus, RulesValidator, Workspace, WorkspaceRule, WorkspaceConfig,
[INFO] [stderr]    |                                                        ^^^^^^^^^^^^^  ^^^^^^^^^^^^^^^
[INFO] [stderr] 13 |     RuleType,
[INFO] [stderr]    |     ^^^^^^^^
[INFO] [stderr]    |
[INFO] [stderr]    = note: `#[warn(unused_imports)]` (part of `#[warn(unused)]`) on by default
[INFO] [stderr] 
[INFO] [stderr] warning: function `project_name_strategy` is never used
[INFO] [stderr]   --> tests/impact_analysis_completeness_property.rs:11:4
[INFO] [stderr]    |
[INFO] [stderr] 11 | fn project_name_strategy() -> impl Strategy<Value = String> {
[INFO] [stderr]    |    ^^^^^^^^^^^^^^^^^^^^^
[INFO] [stderr]    |
[INFO] [stderr]    = note: `#[warn(dead_code)]` (part of `#[warn(unused)]`) on by default
[INFO] [stderr] 
[INFO] [stderr] warning: function `project_name_strategy` is never used
[INFO] [stderr]   --> tests/dependency_graph_properties.rs:11:4
[INFO] [stderr]    |
[INFO] [stderr] 11 | fn project_name_strategy() -> impl Strategy<Value = String> {
[INFO] [stderr]    |    ^^^^^^^^^^^^^^^^^^^^^
[INFO] [stderr]    |
[INFO] [stderr]    = note: `#[warn(dead_code)]` (part of `#[warn(unused)]`) on by default
[INFO] [stderr] 
[INFO] [stderr] warning: `ricecoder-orchestration` (test "workspace_discovery_properties") generated 3 warnings
[INFO] [stderr] warning: `ricecoder-orchestration` (test "batch_executor_unit_tests") generated 1 warning (run `cargo fix --test "batch_executor_unit_tests" -p ricecoder-orchestration` to apply 1 suggestion)
[INFO] [stderr] warning: `ricecoder-orchestration` (test "version_coordinator_unit_tests") generated 1 warning (run `cargo fix --test "version_coordinator_unit_tests" -p ricecoder-orchestration` to apply 1 suggestion)
[INFO] [stderr] warning: `ricecoder-orchestration` (test "batch_execution_order_property") generated 3 warnings (run `cargo fix --test "batch_execution_order_property" -p ricecoder-orchestration` to apply 2 suggestions)
[INFO] [stderr] warning: `ricecoder-orchestration` (test "transaction_atomicity_property_tests") generated 2 warnings
[INFO] [stderr] warning: `ricecoder-orchestration` (test "sync_manager_properties") generated 1 warning
[INFO] [stderr] warning: `ricecoder-orchestration` (test "rules_validation_correctness_property") generated 1 warning (run `cargo fix --test "rules_validation_correctness_property" -p ricecoder-orchestration` to apply 1 suggestion)
[INFO] [stderr] warning: `ricecoder-orchestration` (test "impact_analysis_completeness_property") generated 1 warning
[INFO] [stderr] warning: `ricecoder-orchestration` (test "dependency_graph_properties") generated 1 warning
[INFO] [stderr] warning: unused variable: `config`
[INFO] [stderr]   --> tests/configuration_rules_property_tests.rs:29:13
[INFO] [stderr]    |
[INFO] [stderr] 29 |         let config = WorkspaceConfig {
[INFO] [stderr]    |             ^^^^^^ help: if this is intentional, prefix it with an underscore: `_config`
[INFO] [stderr]    |
[INFO] [stderr]    = note: `#[warn(unused_variables)]` (part of `#[warn(unused)]`) on by default
[INFO] [stderr] 
[INFO] [stderr] warning: unused variable: `invalid_timeout`
[INFO] [stderr]    --> tests/configuration_rules_property_tests.rs:298:9
[INFO] [stderr]     |
[INFO] [stderr] 298 |         invalid_timeout in 0u32 | 300001u32..1000000,
[INFO] [stderr]     |         ^^^^^^^^^^^^^^^ help: if this is intentional, prefix it with an underscore: `_invalid_timeout`
[INFO] [stderr] 
[INFO] [stderr] warning: unused imports: `BatchExecutionConfig`, `OrchestrationError`, and `WorkspaceScanner`
[INFO] [stderr]   --> tests/workspace_operations_integration.rs:10:5
[INFO] [stderr]    |
[INFO] [stderr] 10 |     BatchExecutionConfig, BatchExecutor, DependencyGraph, DependencyType, OrchestrationError,
[INFO] [stderr]    |     ^^^^^^^^^^^^^^^^^^^^                                                  ^^^^^^^^^^^^^^^^^^
[INFO] [stderr] 11 |     Project, ProjectDependency, ProjectOperation, ProjectStatus, Result, WorkspaceScanner,
[INFO] [stderr]    |                                                                          ^^^^^^^^^^^^^^^^
[INFO] [stderr]    |
[INFO] [stderr]    = note: `#[warn(unused_imports)]` (part of `#[warn(unused)]`) on by default
[INFO] [stderr] 
[INFO] [stderr] warning: `ricecoder-orchestration` (test "configuration_rules_property_tests") generated 2 warnings (run `cargo fix --test "configuration_rules_property_tests" -p ricecoder-orchestration` to apply 2 suggestions)
[INFO] [stderr] warning: `ricecoder-orchestration` (test "workspace_operations_integration") generated 1 warning (run `cargo fix --test "workspace_operations_integration" -p ricecoder-orchestration` to apply 1 suggestion)
[INFO] [stderr] warning: unused dependency `ricecoder-storage`
[INFO] [stderr]   --> Cargo.toml:11:15
[INFO] [stderr]    |
[INFO] [stderr] 11 | [dependencies.ricecoder-storage]
[INFO] [stderr]    |               ^^^^^^^^^^^^^^^^^^
[INFO] [stderr]    |
[INFO] [stderr]    = note: `cargo::unused_dependencies` is set to `warn` by default
[INFO] [stderr] help: consider removing the dependency on `ricecoder-storage`
[INFO] [stderr] warning: `ricecoder-orchestration` (manifest) generated 1 warning
[INFO] [stderr]     Finished `test` profile [unoptimized + debuginfo] target(s) in 0.22s
[INFO] [stderr]      Running unittests src/lib.rs (/opt/rustwide/target/debug/build/ricecoder-orchestration/fe24ead5037e5dce/out/ricecoder_orchestration-fe24ead5037e5dce)
[INFO] [stdout] 
[INFO] [stdout] running 212 tests
[INFO] [stdout] test analyzers::change_propagation::tests::test_filter_changes_by_breaking ... ok
[INFO] [stdout] test analyzers::change_propagation::tests::test_add_dependency ... ok
[INFO] [stdout] test analyzers::change_propagation::tests::test_transitive_propagation ... ok
[INFO] [stdout] test analyzers::change_propagation::tests::test_get_breaking_changes ... ok
[INFO] [stdout] test analyzers::dependency_analyzer::tests::test_add_dependency ... ok
[INFO] [stdout] test analyzers::change_propagation::tests::test_get_changes_for_project ... ok
[INFO] [stdout] test analyzers::dependency_analyzer::tests::test_add_project ... ok
[INFO] [stdout] test analyzers::change_propagation::tests::test_change_type_from_str ... ok
[INFO] [stdout] test analyzers::change_propagation::tests::test_get_change_details ... ok
[INFO] [stdout] test analyzers::change_propagation::tests::test_clear_tracker ... ok
[INFO] [stdout] test analyzers::dependency_analyzer::tests::test_get_upstream_dependents ... ok
[INFO] [stdout] test analyzers::change_propagation::tests::test_create_tracker ... ok
[INFO] [stdout] test analyzers::change_propagation::tests::test_is_affected ... ok
[INFO] [stdout] test analyzers::change_propagation::tests::test_add_project ... ok
[INFO] [stdout] test analyzers::dependency_analyzer::tests::test_no_circular_dependencies ... ok
[INFO] [stdout] test analyzers::change_propagation::tests::test_track_change ... ok
[INFO] [stdout] test analyzers::change_propagation::tests::test_filter_changes_by_type ... ok
[INFO] [stdout] test analyzers::dependency_analyzer::tests::test_topological_sort ... ok
[INFO] [stdout] test analyzers::dependency_graph::tests::test_add_dependency ... ok
[INFO] [stdout] test analyzers::dependency_analyzer::tests::test_get_direct_dependencies ... ok
[INFO] [stdout] test analyzers::change_propagation::tests::test_change_type_as_str ... ok
[INFO] [stdout] test analyzers::dependency_graph::tests::test_create_graph ... ok
[INFO] [stdout] test analyzers::dependency_graph::tests::test_add_dependency_missing_project ... ok
[INFO] [stdout] test analyzers::dependency_graph::tests::test_cycle_allowed ... ok
[INFO] [stdout] test analyzers::dependency_analyzer::tests::test_validate_dependencies_missing_from ... ok
[INFO] [stdout] test analyzers::dependency_analyzer::tests::test_validate_dependencies_missing_to ... ok
[INFO] [stdout] test analyzers::dependency_graph::tests::test_cycle_detection_prevented ... ok
[INFO] [stdout] test analyzers::dependency_graph::tests::test_get_dependencies ... ok
[INFO] [stdout] test analyzers::dependency_graph::tests::test_add_project ... ok
[INFO] [stdout] test analyzers::dependency_graph::tests::test_get_dependents ... ok
[INFO] [stdout] test analyzers::dependency_graph::tests::test_can_reach ... ok
[INFO] [stdout] test analyzers::dependency_graph::tests::test_get_transitive_dependencies ... ok
[INFO] [stdout] test analyzers::dependency_analyzer::tests::test_clear ... ok
[INFO] [stdout] test analyzers::dependency_graph::tests::test_remove_dependency ... ok
[INFO] [stdout] test analyzers::dependency_graph::tests::test_validate_success ... ok
[INFO] [stdout] test analyzers::dependency_validator::tests::test_clear ... ok
[INFO] [stdout] test analyzers::dependency_analyzer::tests::test_circular_dependency_detection ... ok
[INFO] [stdout] test analyzers::dependency_validator::tests::test_is_breaking_change ... ok
[INFO] [stdout] test analyzers::dependency_analyzer::tests::test_get_adjacency_list ... ok
[INFO] [stdout] test analyzers::dependency_analyzer::tests::test_topological_sort_with_cycle ... ok
[INFO] [stdout] test analyzers::dependency_analyzer::tests::test_get_downstream_dependencies ... ok
[INFO] [stdout] test analyzers::dependency_validator::tests::test_get_validation_report ... ok
[INFO] [stdout] test analyzers::dependency_analyzer::tests::test_get_transitive_dependencies ... ok
[INFO] [stdout] test analyzers::dependency_validator::tests::test_validate_all_dependencies ... ok
[INFO] [stdout] test analyzers::change_propagation::tests::test_get_changes_by_type ... ok
[INFO] [stdout] test analyzers::dependency_validator::tests::test_validate_version_update_incompatible ... ok
[INFO] [stdout] test analyzers::dependency_analyzer::tests::test_validate_dependencies_success ... ok
[INFO] [stdout] test analyzers::impact_analyzer::tests::test_add_dependency ... ok
[INFO] [stdout] test analyzers::dependency_validator::tests::test_get_dependencies ... ok
[INFO] [stdout] test analyzers::impact_analyzer::tests::test_add_project ... ok
[INFO] [stdout] test analyzers::dependency_validator::tests::test_get_dependents ... ok
[INFO] [stdout] test analyzers::impact_analyzer::tests::test_analyze_breaking_api_change ... ok
[INFO] [stdout] test analyzers::impact_analyzer::tests::test_analyze_config_change ... ok
[INFO] [stdout] test analyzers::impact_analyzer::tests::test_analyze_multiple_impacts ... ok
[INFO] [stdout] test analyzers::impact_analyzer::tests::test_analyze_non_breaking_api_change ... ok
[INFO] [stdout] test analyzers::impact_analyzer::tests::test_clear_analyzer ... ok
[INFO] [stdout] test analyzers::impact_analyzer::tests::test_complex_dependency_graph ... ok
[INFO] [stdout] test analyzers::impact_analyzer::tests::test_count_affected_projects ... ok
[INFO] [stdout] test analyzers::impact_analyzer::tests::test_impact_detail_generation ... ok
[INFO] [stdout] test analyzers::impact_analyzer::tests::test_no_affected_projects ... ok
[INFO] [stdout] test analyzers::dependency_validator::tests::test_validate_single_dependency_success ... ok
[INFO] [stdout] test analyzers::dependency_graph::tests::test_topological_sort ... ok
[INFO] [stdout] test analyzers::dependency_validator::tests::test_validate_version_update_compatible ... ok
[INFO] [stdout] test analyzers::dependency_validator::tests::test_register_dependency ... ok
[INFO] [stdout] test analyzers::dependency_validator::tests::test_validate_no_breaking_changes_non_breaking ... ok
[INFO] [stdout] test analyzers::dependency_validator::tests::test_register_project ... ok
[INFO] [stdout] test analyzers::dependency_validator::tests::test_validate_single_dependency_incompatible_version ... ok
[INFO] [stdout] test analyzers::dependency_validator::tests::test_validate_single_dependency_missing_target ... ok
[INFO] [stdout] test analyzers::impact_analyzer::tests::test_transitive_impact ... ok
[INFO] [stdout] test analyzers::dependency_validator::tests::test_validate_no_breaking_changes_breaking ... ok
[INFO] [stdout] test analyzers::project_detector::tests::test_detect_go_project ... ok
[INFO] [stdout] test analyzers::impact_analyzer::tests::test_create_analyzer ... ok
[INFO] [stdout] test analyzers::impact_analyzer::tests::test_dependency_change_impact ... ok
[INFO] [stdout] test analyzers::impact_analyzer::tests::test_is_affected ... ok
[INFO] [stdout] test analyzers::project_detector::tests::test_detect_gradle_project ... ok
[INFO] [stdout] test analyzers::project_detector::tests::test_extract_rust_version_with_quotes ... ok
[INFO] [stdout] test analyzers::project_detector::tests::test_extract_metadata_nodejs ... ok
[INFO] [stdout] test analyzers::project_detector::tests::test_extract_metadata_python ... ok
[INFO] [stdout] test analyzers::version_validator::tests::test_caret_constraint ... ok
[INFO] [stdout] test analyzers::project_detector::tests::test_detect_java_project ... ok
[INFO] [stdout] test analyzers::project_detector::tests::test_detect_rust_project ... ok
[INFO] [stdout] test analyzers::project_detector::tests::test_detect_unknown_project ... ok
[INFO] [stdout] test analyzers::project_detector::tests::test_detect_nodejs_project ... ok
[INFO] [stdout] test analyzers::project_detector::tests::test_extract_metadata_rust ... ok
[INFO] [stdout] test analyzers::project_detector::tests::test_extract_java_version ... ok
[INFO] [stdout] test analyzers::project_detector::tests::test_extract_metadata_missing_manifest ... ok
[INFO] [stdout] test analyzers::version_validator::tests::test_exact_constraint ... ok
[INFO] [stdout] test analyzers::project_detector::tests::test_detect_python_project ... ok
[INFO] [stdout] test analyzers::version_validator::tests::test_find_compatible_versions ... ok
[INFO] [stdout] test analyzers::project_detector::tests::test_extract_gradle_version ... ok
[INFO] [stdout] test analyzers::project_detector::tests::test_extract_version_missing_field ... ok
[INFO] [stdout] test analyzers::version_validator::tests::test_version_parse_with_v_prefix ... ok
[INFO] [stdout] test analyzers::version_validator::tests::test_greater_or_equal_constraint ... ok
[INFO] [stdout] test analyzers::version_validator::tests::test_version_parse_invalid ... ok
[INFO] [stdout] test analyzers::version_validator::tests::test_is_breaking_change ... ok
[INFO] [stdout] test analyzers::version_validator::tests::test_is_compatible ... ok
[INFO] [stdout] test analyzers::version_validator::tests::test_less_constraint ... ok
[INFO] [stdout] test analyzers::version_validator::tests::test_range_constraint ... ok
[INFO] [stdout] test analyzers::version_validator::tests::test_version_comparison ... ok
[INFO] [stdout] test analyzers::version_validator::tests::test_version_parse ... ok
[INFO] [stdout] test analyzers::workspace_scanner::tests::test_detect_python_project ... ok
[INFO] [stdout] test analyzers::workspace_scanner::tests::test_detect_rust_project ... ok
[INFO] [stdout] test analyzers::version_validator::tests::test_tilde_constraint ... ok
[INFO] [stdout] test analyzers::workspace_scanner::tests::test_extract_rust_version_with_quotes ... ok
[INFO] [stdout] test analyzers::workspace_scanner::tests::test_extract_python_version ... ok
[INFO] [stdout] test analyzers::workspace_scanner::tests::test_extract_rust_version ... ok
[INFO] [stdout] test analyzers::workspace_scanner::tests::test_detect_nodejs_project ... ok
[INFO] [stdout] test analyzers::version_validator::tests::test_validate_update ... ok
[INFO] [stdout] test analyzers::workspace_scanner::tests::test_scan_nonexistent_workspace ... ok
[INFO] [stdout] test analyzers::workspace_scanner::tests::test_extract_nodejs_version ... ok
[INFO] [stdout] test analyzers::workspace_scanner::tests::test_scan_empty_workspace ... ok
[INFO] [stdout] test analyzers::workspace_scanner::tests::test_scan_workspace_with_mixed_projects ... ok
[INFO] [stdout] test analyzers::workspace_scanner::tests::test_extract_version_from_malformed_file ... ok
[INFO] [stdout] test analyzers::workspace_scanner::tests::test_workspace_scanner_creation ... ok
[INFO] [stdout] test analyzers::workspace_scanner::tests::test_scan_workspace_with_projects ... ok
[INFO] [stdout] test managers::batch_executor::tests::test_clear_transactions ... ok
[INFO] [stdout] test managers::batch_executor::tests::test_execute_multiple_projects_in_order ... ok
[INFO] [stdout] test managers::batch_executor::tests::test_batch_executor_creation ... ok
[INFO] [stdout] test managers::batch_executor::tests::test_execute_single_project ... ok
[INFO] [stdout] test managers::batch_executor::tests::test_execute_with_failure_fail_fast ... ok
[INFO] [stdout] test managers::batch_executor::tests::test_get_all_transactions ... ok
[INFO] [stdout] test managers::config_manager::tests::test_config_manager_creation ... ok
[INFO] [stdout] test managers::batch_executor::tests::test_transaction_storage ... ok
[INFO] [stdout] test managers::config_manager::tests::test_config_schema_default ... ok
[INFO] [stdout] test managers::config_manager::tests::test_enable_rule ... ok
[INFO] [stdout] test managers::config_manager::tests::test_get_rule_by_name ... ok
[INFO] [stdout] test managers::config_manager::tests::test_get_rules ... ok
[INFO] [stdout] test managers::config_manager::tests::test_disable_rule ... ok
[INFO] [stdout] test managers::config_manager::tests::test_get_setting ... ok
[INFO] [stdout] test managers::config_manager::tests::test_load_defaults ... ok
[INFO] [stdout] test managers::config_manager::tests::test_merge_configs ... ok
[INFO] [stdout] test managers::config_manager::tests::test_validate_boolean_value ... ok
[INFO] [stdout] test managers::config_manager::tests::test_validate_config_empty_rule_name ... ok
[INFO] [stdout] test managers::config_manager::tests::test_validate_config_success ... ok
[INFO] [stdout] test managers::config_manager::tests::test_set_setting ... ok
[INFO] [stdout] test managers::config_manager::tests::test_validate_number_value ... ok
[INFO] [stdout] test managers::config_manager::tests::test_validate_string_value ... ok
[INFO] [stdout] test managers::execution_ordering::tests::test_determine_order ... ok
[INFO] [stdout] test managers::execution_ordering::tests::test_full_parallel_plan ... ok
[INFO] [stdout] test managers::execution_ordering::tests::test_find_parallelization_points ... ok
[INFO] [stdout] test managers::execution_ordering::tests::test_plan_rollback ... ok
[INFO] [stdout] test managers::execution_ordering::tests::test_level_based_plan ... ok
[INFO] [stdout] test managers::execution_ordering::tests::test_sequential_plan ... ok
[INFO] [stdout] test managers::rules_validator::tests::test_find_circular_dependencies ... ok
[INFO] [stdout] test managers::rules_validator::tests::test_is_valid_project_name ... ok
[INFO] [stdout] test managers::rules_validator::tests::test_has_path ... ok
[INFO] [stdout] test managers::orchestration_manager::tests::test_orchestration_manager_initialization ... ok
[INFO] [stdout] test managers::orchestration_manager::tests::test_orchestration_manager_shutdown ... ok
[INFO] [stdout] test managers::rules_validator::tests::test_validate_project ... ok
[INFO] [stdout] test managers::status_reporter::tests::test_dependency_counting ... ok
[INFO] [stdout] test managers::rules_validator::tests::test_determine_project_layers ... ok
[INFO] [stdout] test managers::status_reporter::tests::test_dependent_counting ... ok
[INFO] [stdout] test managers::orchestration_manager::tests::test_orchestration_manager_workspace_update ... ok
[INFO] [stdout] test managers::rules_validator::tests::test_rules_validator_creation ... ok
[INFO] [stdout] test managers::rules_validator::tests::test_validate_dependency ... ok
[INFO] [stdout] test managers::status_reporter::tests::test_compliance_summary_with_critical_project ... ok
[INFO] [stdout] test managers::orchestration_manager::tests::test_orchestration_manager_creation ... ok
[INFO] [stdout] test managers::rules_validator::tests::test_would_create_cycle ... ok
[INFO] [stdout] test managers::status_reporter::tests::test_metrics_with_empty_workspace ... ok
[INFO] [stdout] test managers::status_reporter::tests::test_project_status_breakdown ... ok
[INFO] [stdout] test managers::status_reporter::tests::test_aggregated_metrics_percentages ... ok
[INFO] [stdout] test managers::rules_validator::tests::test_validate_naming_conventions ... ok
[INFO] [stdout] test managers::status_reporter::tests::test_generate_report ... ok
[INFO] [stdout] test managers::status_reporter::tests::test_collect_metrics ... ok
[INFO] [stdout] test managers::sync_manager::tests::test_commit_transaction ... ok
[INFO] [stdout] test managers::version_coordinator::tests::test_clear ... ok
[INFO] [stdout] test managers::version_coordinator::tests::test_get_affected_projects ... ok
[INFO] [stdout] test managers::version_coordinator::tests::test_is_breaking_change ... ok
[INFO] [stdout] test managers::version_coordinator::tests::test_plan_version_updates ... ok
[INFO] [stdout] test managers::status_reporter::tests::test_track_project_health ... ok
[INFO] [stdout] test managers::version_coordinator::tests::test_plan_version_updates_invalid_version ... ok
[INFO] [stdout] test managers::status_reporter::tests::test_track_project_health_not_found ... ok
[INFO] [stdout] test managers::version_coordinator::tests::test_plan_version_updates_missing_project ... ok
[INFO] [stdout] test managers::sync_manager::tests::test_start_transaction ... ok
[INFO] [stdout] test managers::version_coordinator::tests::test_register_constraint ... ok
[INFO] [stdout] test managers::status_reporter::tests::test_report_timestamp ... ok
[INFO] [stdout] test managers::version_coordinator::tests::test_register_project ... ok
[INFO] [stdout] test managers::sync_manager::tests::test_sync_manager_creation ... ok
[INFO] [stdout] test managers::version_coordinator::tests::test_update_version_invalid_format ... ok
[INFO] [stdout] test managers::version_coordinator::tests::test_multiple_projects ... ok
[INFO] [stdout] test managers::version_coordinator::tests::test_update_version_not_found ... ok
[INFO] [stdout] test managers::version_coordinator::tests::test_version_update_result_creation ... ok
[INFO] [stdout] test managers::version_coordinator::tests::test_validate_version_update ... ok
[INFO] [stdout] test managers::version_coordinator::tests::test_version_update_step_creation ... ok
[INFO] [stdout] test managers::status_reporter::tests::test_generate_compliance_summary ... ok
[INFO] [stdout] test managers::version_coordinator::tests::test_version_coordinator_creation ... ok
[INFO] [stdout] test models::tests::test_impact_detail_creation ... ok
[INFO] [stdout] test models::tests::test_dependency_type_variants ... ok
[INFO] [stdout] test models::tests::test_impact_level_variants ... ok
[INFO] [stdout] test models::tests::test_impact_report_creation ... ok
[INFO] [stdout] test models::tests::test_operation_creation ... ok
[INFO] [stdout] test models::tests::test_project_dependency_creation ... ok
[INFO] [stdout] test models::tests::test_rule_type_variants ... ok
[INFO] [stdout] test models::tests::test_serialization_project ... ok
[INFO] [stdout] test models::tests::test_serialization_workspace ... ok
[INFO] [stdout] test models::tests::test_transaction_creation ... ok
[INFO] [stdout] test models::tests::test_workspace_config_with_rules ... ok
[INFO] [stdout] test models::tests::test_workspace_default ... ok
[INFO] [stdout] test managers::status_reporter::tests::test_status_reporter_creation ... ok
[INFO] [stdout] test models::tests::test_workspace_metrics_update ... ok
[INFO] [stdout] test models::tests::test_workspace_rule_creation ... ok
[INFO] [stdout] test models::tests::test_transaction_state_variants ... ok
[INFO] [stdout] test models::tests::test_workspace_with_dependencies ... ok
[INFO] [stdout] test models::tests::test_workspace_with_projects ... ok
[INFO] [stdout] test models::tests::test_project_status_variants ... ok
[INFO] [stdout] test managers::status_reporter::tests::test_empty_workspace ... ok
[INFO] [stdout] test models::tests::test_project_creation ... ok
[INFO] [stdout] test managers::status_reporter::tests::test_get_project_health_indicators ... ok
[INFO] [stdout] test managers::version_coordinator::tests::test_update_version_success ... ok
[INFO] [stdout] test models::tests::test_health_status_variants ... ok
[INFO] [stdout] test managers::sync_manager::tests::test_rollback_transaction ... ok
[INFO] [stdout] test analyzers::workspace_scanner::tests::test_scan_workspace_with_multiple_projects ... FAILED
[INFO] [stdout] 
[INFO] [stdout] failures:
[INFO] [stdout] 
[INFO] [stdout] ---- analyzers::workspace_scanner::tests::test_scan_workspace_with_multiple_projects stdout ----
[INFO] [stdout] 
[INFO] [stdout] thread 'analyzers::workspace_scanner::tests::test_scan_workspace_with_multiple_projects' (1713) panicked at src/analyzers/workspace_scanner.rs:477:13:
[INFO] [stdout] assertion `left == right` failed
[INFO] [stdout]   left: "project-1"
[INFO] [stdout]  right: "project-0"
[INFO] [stdout] stack backtrace:
[INFO] [stdout]    0:     0x5f5a643e4951 - std[617be2ca0a6fd877]::backtrace_rs::backtrace::libunwind::trace
[INFO] [stdout]                                at /rustc/e3feeb59cd1bdd011a2bfcc0747b55125d9b8527/library/std/src/../../backtrace/src/backtrace/libunwind.rs:117:9
[INFO] [stdout]    1:     0x5f5a643e4951 - std[617be2ca0a6fd877]::backtrace_rs::backtrace::trace_unsynchronized::<std[617be2ca0a6fd877]::sys::backtrace::_print_fmt::{closure#1}>
[INFO] [stdout]                                at /rustc/e3feeb59cd1bdd011a2bfcc0747b55125d9b8527/library/std/src/../../backtrace/src/backtrace/mod.rs:66:14
[INFO] [stdout]    2:     0x5f5a643e4951 - std[617be2ca0a6fd877]::sys::backtrace::_print_fmt
[INFO] [stdout]                                at /rustc/e3feeb59cd1bdd011a2bfcc0747b55125d9b8527/library/std/src/sys/backtrace.rs:74:9
[INFO] [stdout]    3:     0x5f5a643e4951 - <<std[617be2ca0a6fd877]::sys::backtrace::BacktraceLock>::print::DisplayBacktrace as core[a373ad73a504971]::fmt::Display>::fmt
[INFO] [stdout]                                at /rustc/e3feeb59cd1bdd011a2bfcc0747b55125d9b8527/library/std/src/sys/backtrace.rs:44:26
[INFO] [stdout]    4:     0x5f5a643fa96a - <core[a373ad73a504971]::fmt::rt::Argument>::fmt
[INFO] [stdout]                                at /rustc/e3feeb59cd1bdd011a2bfcc0747b55125d9b8527/library/core/src/fmt/rt.rs:152:76
[INFO] [stdout]    5:     0x5f5a643fa96a - core[a373ad73a504971]::fmt::write
[INFO] [stdout]    6:     0x5f5a643e902c - core[a373ad73a504971]::io::write::default_write_fmt::<alloc[2e1b2a31b91974c5]::vec::Vec<u8>>
[INFO] [stdout]                                at /rustc/e3feeb59cd1bdd011a2bfcc0747b55125d9b8527/library/core/src/io/write.rs:402:11
[INFO] [stdout]    7:     0x5f5a643e902c - <alloc[2e1b2a31b91974c5]::vec::Vec<u8> as core[a373ad73a504971]::io::write::Write>::write_fmt
[INFO] [stdout]                                at /rustc/e3feeb59cd1bdd011a2bfcc0747b55125d9b8527/library/core/src/io/write.rs:335:13
[INFO] [stdout]    8:     0x5f5a643bec36 - <std[617be2ca0a6fd877]::sys::backtrace::BacktraceLock>::print
[INFO] [stdout]                                at /rustc/e3feeb59cd1bdd011a2bfcc0747b55125d9b8527/library/std/src/sys/backtrace.rs:47:9
[INFO] [stdout]    9:     0x5f5a643bec36 - std[617be2ca0a6fd877]::panicking::default_hook::{closure#0}
[INFO] [stdout]                                at /rustc/e3feeb59cd1bdd011a2bfcc0747b55125d9b8527/library/std/src/panicking.rs:289:27
[INFO] [stdout]   10:     0x5f5a643dbea9 - std[617be2ca0a6fd877]::panicking::default_hook
[INFO] [stdout]                                at /rustc/e3feeb59cd1bdd011a2bfcc0747b55125d9b8527/library/std/src/panicking.rs:313:9
[INFO] [stdout]   11:     0x5f5a642a22e0 - <alloc[2e1b2a31b91974c5]::boxed::Box<dyn for<'a, 'b> core[a373ad73a504971]::ops::function::Fn<(&'a std[617be2ca0a6fd877]::panic::PanicHookInfo<'b>,), Output = ()> + core[a373ad73a504971]::marker::Sync + core[a373ad73a504971]::marker::Send> as core[a373ad73a504971]::ops::function::Fn<(&std[617be2ca0a6fd877]::panic::PanicHookInfo,)>>::call
[INFO] [stdout]                                at /rustc/e3feeb59cd1bdd011a2bfcc0747b55125d9b8527/library/alloc/src/boxed.rs:2328:9
[INFO] [stdout]   12:     0x5f5a642a22e0 - test[aada8e7e76ba119b]::test_main_inner::{closure#0}
[INFO] [stdout]                                at /rustc/e3feeb59cd1bdd011a2bfcc0747b55125d9b8527/library/test/src/lib.rs:137:21
[INFO] [stdout]   13:     0x5f5a643dc1d2 - <alloc[2e1b2a31b91974c5]::boxed::Box<dyn for<'a, 'b> core[a373ad73a504971]::ops::function::Fn<(&'a std[617be2ca0a6fd877]::panic::PanicHookInfo<'b>,), Output = ()> + core[a373ad73a504971]::marker::Sync + core[a373ad73a504971]::marker::Send> as core[a373ad73a504971]::ops::function::Fn<(&std[617be2ca0a6fd877]::panic::PanicHookInfo,)>>::call
[INFO] [stdout]                                at /rustc/e3feeb59cd1bdd011a2bfcc0747b55125d9b8527/library/alloc/src/boxed.rs:2328:9
[INFO] [stdout]   14:     0x5f5a643dc1d2 - std[617be2ca0a6fd877]::panicking::panic_with_hook
[INFO] [stdout]                                at /rustc/e3feeb59cd1bdd011a2bfcc0747b55125d9b8527/library/std/src/panicking.rs:819:13
[INFO] [stdout]   15:     0x5f5a643bece2 - std[617be2ca0a6fd877]::panicking::panic_handler::{closure#0}
[INFO] [stdout]                                at /rustc/e3feeb59cd1bdd011a2bfcc0747b55125d9b8527/library/std/src/panicking.rs:685:13
[INFO] [stdout]   16:     0x5f5a643b76a9 - std[617be2ca0a6fd877]::sys::backtrace::__rust_end_short_backtrace::<std[617be2ca0a6fd877]::panicking::panic_handler::{closure#0}, !>
[INFO] [stdout]                                at /rustc/e3feeb59cd1bdd011a2bfcc0747b55125d9b8527/library/std/src/sys/backtrace.rs:182:18
[INFO] [stdout]   17:     0x5f5a643bf8ed - __rustc[ea4f61d10b84890b]::rust_begin_unwind
[INFO] [stdout]                                at /rustc/e3feeb59cd1bdd011a2bfcc0747b55125d9b8527/library/std/src/panicking.rs:676:5
[INFO] [stdout]   18:     0x5f5a643fb18c - core[a373ad73a504971]::panicking::panic_fmt
[INFO] [stdout]                                at /rustc/e3feeb59cd1bdd011a2bfcc0747b55125d9b8527/library/core/src/panicking.rs:80:14
[INFO] [stdout]   19:     0x5f5a643fb023 - core[a373ad73a504971]::panicking::assert_failed_inner
[INFO] [stdout]                                at /rustc/e3feeb59cd1bdd011a2bfcc0747b55125d9b8527/library/core/src/panicking.rs:452:17
[INFO] [stdout]   20:     0x5f5a641f3adc - core[a373ad73a504971]::panicking::assert_failed::<alloc[2e1b2a31b91974c5]::string::String, alloc[2e1b2a31b91974c5]::string::String>
[INFO] [stdout]                                at /rustc/e3feeb59cd1bdd011a2bfcc0747b55125d9b8527/library/core/src/panicking.rs:407:5
[INFO] [stdout]   21:     0x5f5a64280607 - ricecoder_orchestration[a452cfba3047aa4b]::analyzers::workspace_scanner::tests::test_scan_workspace_with_multiple_projects::{closure#0}
[INFO] [stdout]                                at /opt/rustwide/workdir/src/analyzers/workspace_scanner.rs:477:13
[INFO] [stdout]   22:     0x5f5a6423c282 - <core[a373ad73a504971]::pin::Pin<&mut dyn core[a373ad73a504971]::future::future::Future<Output = ()>> as core[a373ad73a504971]::future::future::Future>::poll
[INFO] [stdout]                                at /rustc/e3feeb59cd1bdd011a2bfcc0747b55125d9b8527/library/core/src/future/future.rs:133:9
[INFO] [stdout]   23:     0x5f5a6423c2fd - <core[a373ad73a504971]::pin::Pin<&mut core[a373ad73a504971]::pin::Pin<&mut dyn core[a373ad73a504971]::future::future::Future<Output = ()>>> as core[a373ad73a504971]::future::future::Future>::poll
[INFO] [stdout]                                at /rustc/e3feeb59cd1bdd011a2bfcc0747b55125d9b8527/library/core/src/future/future.rs:133:9
[INFO] [stdout]   24:     0x5f5a6426dedd - <tokio[b9d8ed734fb2bea4]::runtime::scheduler::current_thread::CoreGuard>::block_on::<core[a373ad73a504971]::pin::Pin<&mut core[a373ad73a504971]::pin::Pin<&mut dyn core[a373ad73a504971]::future::future::Future<Output = ()>>>>::{closure#0}::{closure#0}::{closure#0}
[INFO] [stdout]                                at /opt/rustwide/cargo-home/registry/src/index.crates.io-1949cf8c6b5b557f/tokio-1.48.0/src/runtime/scheduler/current_thread/mod.rs:742:70
[INFO] [stdout]   25:     0x5f5a6426de05 - tokio[b9d8ed734fb2bea4]::task::coop::with_budget::<core[a373ad73a504971]::task::poll::Poll<()>, <tokio[b9d8ed734fb2bea4]::runtime::scheduler::current_thread::CoreGuard>::block_on<core[a373ad73a504971]::pin::Pin<&mut core[a373ad73a504971]::pin::Pin<&mut dyn core[a373ad73a504971]::future::future::Future<Output = ()>>>>::{closure#0}::{closure#0}::{closure#0}>
[INFO] [stdout]                                at /opt/rustwide/cargo-home/registry/src/index.crates.io-1949cf8c6b5b557f/tokio-1.48.0/src/task/coop/mod.rs:167:5
[INFO] [stdout]   26:     0x5f5a6426de05 - tokio[b9d8ed734fb2bea4]::task::coop::budget::<core[a373ad73a504971]::task::poll::Poll<()>, <tokio[b9d8ed734fb2bea4]::runtime::scheduler::current_thread::CoreGuard>::block_on<core[a373ad73a504971]::pin::Pin<&mut core[a373ad73a504971]::pin::Pin<&mut dyn core[a373ad73a504971]::future::future::Future<Output = ()>>>>::{closure#0}::{closure#0}::{closure#0}>
[INFO] [stdout]                                at /opt/rustwide/cargo-home/registry/src/index.crates.io-1949cf8c6b5b557f/tokio-1.48.0/src/task/coop/mod.rs:133:5
[INFO] [stdout]   27:     0x5f5a6426de05 - <tokio[b9d8ed734fb2bea4]::runtime::scheduler::current_thread::CoreGuard>::block_on::<core[a373ad73a504971]::pin::Pin<&mut core[a373ad73a504971]::pin::Pin<&mut dyn core[a373ad73a504971]::future::future::Future<Output = ()>>>>::{closure#0}::{closure#0}
[INFO] [stdout]                                at /opt/rustwide/cargo-home/registry/src/index.crates.io-1949cf8c6b5b557f/tokio-1.48.0/src/runtime/scheduler/current_thread/mod.rs:742:25
[INFO] [stdout]   28:     0x5f5a64269432 - <tokio[b9d8ed734fb2bea4]::runtime::scheduler::current_thread::Context>::enter::<core[a373ad73a504971]::task::poll::Poll<()>, <tokio[b9d8ed734fb2bea4]::runtime::scheduler::current_thread::CoreGuard>::block_on<core[a373ad73a504971]::pin::Pin<&mut core[a373ad73a504971]::pin::Pin<&mut dyn core[a373ad73a504971]::future::future::Future<Output = ()>>>>::{closure#0}::{closure#0}>
[INFO] [stdout]                                at /opt/rustwide/cargo-home/registry/src/index.crates.io-1949cf8c6b5b557f/tokio-1.48.0/src/runtime/scheduler/current_thread/mod.rs:432:19
[INFO] [stdout]   29:     0x5f5a6426d30d - <tokio[b9d8ed734fb2bea4]::runtime::scheduler::current_thread::CoreGuard>::block_on::<core[a373ad73a504971]::pin::Pin<&mut core[a373ad73a504971]::pin::Pin<&mut dyn core[a373ad73a504971]::future::future::Future<Output = ()>>>>::{closure#0}
[INFO] [stdout]                                at /opt/rustwide/cargo-home/registry/src/index.crates.io-1949cf8c6b5b557f/tokio-1.48.0/src/runtime/scheduler/current_thread/mod.rs:741:44
[INFO] [stdout]   30:     0x5f5a6426c604 - <tokio[b9d8ed734fb2bea4]::runtime::scheduler::current_thread::CoreGuard>::enter::<<tokio[b9d8ed734fb2bea4]::runtime::scheduler::current_thread::CoreGuard>::block_on<core[a373ad73a504971]::pin::Pin<&mut core[a373ad73a504971]::pin::Pin<&mut dyn core[a373ad73a504971]::future::future::Future<Output = ()>>>>::{closure#0}, core[a373ad73a504971]::option::Option<()>>::{closure#0}
[INFO] [stdout]                                at /opt/rustwide/cargo-home/registry/src/index.crates.io-1949cf8c6b5b557f/tokio-1.48.0/src/runtime/scheduler/current_thread/mod.rs:829:68
[INFO] [stdout]   31:     0x5f5a641e329b - <tokio[b9d8ed734fb2bea4]::runtime::context::scoped::Scoped<tokio[b9d8ed734fb2bea4]::runtime::scheduler::Context>>::set::<<tokio[b9d8ed734fb2bea4]::runtime::scheduler::current_thread::CoreGuard>::enter<<tokio[b9d8ed734fb2bea4]::runtime::scheduler::current_thread::CoreGuard>::block_on<core[a373ad73a504971]::pin::Pin<&mut core[a373ad73a504971]::pin::Pin<&mut dyn core[a373ad73a504971]::future::future::Future<Output = ()>>>>::{closure#0}, core[a373ad73a504971]::option::Option<()>>::{closure#0}, (alloc[2e1b2a31b91974c5]::boxed::Box<tokio[b9d8ed734fb2bea4]::runtime::scheduler::current_thread::Core>, core[a373ad73a504971]::option::Option<()>)>
[INFO] [stdout]                                at /opt/rustwide/cargo-home/registry/src/index.crates.io-1949cf8c6b5b557f/tokio-1.48.0/src/runtime/context/scoped.rs:40:9
[INFO] [stdout]   32:     0x5f5a6423d809 - tokio[b9d8ed734fb2bea4]::runtime::context::set_scheduler::<(alloc[2e1b2a31b91974c5]::boxed::Box<tokio[b9d8ed734fb2bea4]::runtime::scheduler::current_thread::Core>, core[a373ad73a504971]::option::Option<()>), <tokio[b9d8ed734fb2bea4]::runtime::scheduler::current_thread::CoreGuard>::enter<<tokio[b9d8ed734fb2bea4]::runtime::scheduler::current_thread::CoreGuard>::block_on<core[a373ad73a504971]::pin::Pin<&mut core[a373ad73a504971]::pin::Pin<&mut dyn core[a373ad73a504971]::future::future::Future<Output = ()>>>>::{closure#0}, core[a373ad73a504971]::option::Option<()>>::{closure#0}>::{closure#0}
[INFO] [stdout]                                at /opt/rustwide/cargo-home/registry/src/index.crates.io-1949cf8c6b5b557f/tokio-1.48.0/src/runtime/context.rs:176:38
[INFO] [stdout]   33:     0x5f5a6420be1f - <std[617be2ca0a6fd877]::thread::local::LocalKey<tokio[b9d8ed734fb2bea4]::runtime::context::Context>>::try_with::<tokio[b9d8ed734fb2bea4]::runtime::context::set_scheduler<(alloc[2e1b2a31b91974c5]::boxed::Box<tokio[b9d8ed734fb2bea4]::runtime::scheduler::current_thread::Core>, core[a373ad73a504971]::option::Option<()>), <tokio[b9d8ed734fb2bea4]::runtime::scheduler::current_thread::CoreGuard>::enter<<tokio[b9d8ed734fb2bea4]::runtime::scheduler::current_thread::CoreGuard>::block_on<core[a373ad73a504971]::pin::Pin<&mut core[a373ad73a504971]::pin::Pin<&mut dyn core[a373ad73a504971]::future::future::Future<Output = ()>>>>::{closure#0}, core[a373ad73a504971]::option::Option<()>>::{closure#0}>::{closure#0}, (alloc[2e1b2a31b91974c5]::boxed::Box<tokio[b9d8ed734fb2bea4]::runtime::scheduler::current_thread::Core>, core[a373ad73a504971]::option::Option<()>)>
[INFO] [stdout]                                at /rustc/e3feeb59cd1bdd011a2bfcc0747b55125d9b8527/library/std/src/thread/local.rs:463:12
[INFO] [stdout]   34:     0x5f5a6420b9ce - <std[617be2ca0a6fd877]::thread::local::LocalKey<tokio[b9d8ed734fb2bea4]::runtime::context::Context>>::with::<tokio[b9d8ed734fb2bea4]::runtime::context::set_scheduler<(alloc[2e1b2a31b91974c5]::boxed::Box<tokio[b9d8ed734fb2bea4]::runtime::scheduler::current_thread::Core>, core[a373ad73a504971]::option::Option<()>), <tokio[b9d8ed734fb2bea4]::runtime::scheduler::current_thread::CoreGuard>::enter<<tokio[b9d8ed734fb2bea4]::runtime::scheduler::current_thread::CoreGuard>::block_on<core[a373ad73a504971]::pin::Pin<&mut core[a373ad73a504971]::pin::Pin<&mut dyn core[a373ad73a504971]::future::future::Future<Output = ()>>>>::{closure#0}, core[a373ad73a504971]::option::Option<()>>::{closure#0}>::{closure#0}, (alloc[2e1b2a31b91974c5]::boxed::Box<tokio[b9d8ed734fb2bea4]::runtime::scheduler::current_thread::Core>, core[a373ad73a504971]::option::Option<()>)>
[INFO] [stdout]                                at /rustc/e3feeb59cd1bdd011a2bfcc0747b55125d9b8527/library/std/src/thread/local.rs:427:20
[INFO] [stdout]   35:     0x5f5a6423c72d - tokio[b9d8ed734fb2bea4]::runtime::context::set_scheduler::<(alloc[2e1b2a31b91974c5]::boxed::Box<tokio[b9d8ed734fb2bea4]::runtime::scheduler::current_thread::Core>, core[a373ad73a504971]::option::Option<()>), <tokio[b9d8ed734fb2bea4]::runtime::scheduler::current_thread::CoreGuard>::enter<<tokio[b9d8ed734fb2bea4]::runtime::scheduler::current_thread::CoreGuard>::block_on<core[a373ad73a504971]::pin::Pin<&mut core[a373ad73a504971]::pin::Pin<&mut dyn core[a373ad73a504971]::future::future::Future<Output = ()>>>>::{closure#0}, core[a373ad73a504971]::option::Option<()>>::{closure#0}>
[INFO] [stdout]                                at /opt/rustwide/cargo-home/registry/src/index.crates.io-1949cf8c6b5b557f/tokio-1.48.0/src/runtime/context.rs:176:17
[INFO] [stdout]   36:     0x5f5a6426b210 - <tokio[b9d8ed734fb2bea4]::runtime::scheduler::current_thread::CoreGuard>::enter::<<tokio[b9d8ed734fb2bea4]::runtime::scheduler::current_thread::CoreGuard>::block_on<core[a373ad73a504971]::pin::Pin<&mut core[a373ad73a504971]::pin::Pin<&mut dyn core[a373ad73a504971]::future::future::Future<Output = ()>>>>::{closure#0}, core[a373ad73a504971]::option::Option<()>>
[INFO] [stdout]                                at /opt/rustwide/cargo-home/registry/src/index.crates.io-1949cf8c6b5b557f/tokio-1.48.0/src/runtime/scheduler/current_thread/mod.rs:829:27
[INFO] [stdout]   37:     0x5f5a6426b506 - <tokio[b9d8ed734fb2bea4]::runtime::scheduler::current_thread::CoreGuard>::block_on::<core[a373ad73a504971]::pin::Pin<&mut core[a373ad73a504971]::pin::Pin<&mut dyn core[a373ad73a504971]::future::future::Future<Output = ()>>>>
[INFO] [stdout]                                at /opt/rustwide/cargo-home/registry/src/index.crates.io-1949cf8c6b5b557f/tokio-1.48.0/src/runtime/scheduler/current_thread/mod.rs:729:24
[INFO] [stdout]   38:     0x5f5a6426c110 - <tokio[b9d8ed734fb2bea4]::runtime::scheduler::current_thread::CurrentThread>::block_on::<core[a373ad73a504971]::pin::Pin<&mut dyn core[a373ad73a504971]::future::future::Future<Output = ()>>>::{closure#0}
[INFO] [stdout]                                at /opt/rustwide/cargo-home/registry/src/index.crates.io-1949cf8c6b5b557f/tokio-1.48.0/src/runtime/scheduler/current_thread/mod.rs:200:33
[INFO] [stdout]   39:     0x5f5a64229538 - tokio[b9d8ed734fb2bea4]::runtime::context::runtime::enter_runtime::<<tokio[b9d8ed734fb2bea4]::runtime::scheduler::current_thread::CurrentThread>::block_on<core[a373ad73a504971]::pin::Pin<&mut dyn core[a373ad73a504971]::future::future::Future<Output = ()>>>::{closure#0}, ()>
[INFO] [stdout]                                at /opt/rustwide/cargo-home/registry/src/index.crates.io-1949cf8c6b5b557f/tokio-1.48.0/src/runtime/context/runtime.rs:65:16
[INFO] [stdout]   40:     0x5f5a64268ff4 - <tokio[b9d8ed734fb2bea4]::runtime::scheduler::current_thread::CurrentThread>::block_on::<core[a373ad73a504971]::pin::Pin<&mut dyn core[a373ad73a504971]::future::future::Future<Output = ()>>>
[INFO] [stdout]                                at /opt/rustwide/cargo-home/registry/src/index.crates.io-1949cf8c6b5b557f/tokio-1.48.0/src/runtime/scheduler/current_thread/mod.rs:188:9
[INFO] [stdout]   41:     0x5f5a64268cef - <tokio[b9d8ed734fb2bea4]::runtime::runtime::Runtime>::block_on_inner::<core[a373ad73a504971]::pin::Pin<&mut dyn core[a373ad73a504971]::future::future::Future<Output = ()>>>
[INFO] [stdout]                                at /opt/rustwide/cargo-home/registry/src/index.crates.io-1949cf8c6b5b557f/tokio-1.48.0/src/runtime/runtime.rs:368:52
[INFO] [stdout]   42:     0x5f5a64268e3b - <tokio[b9d8ed734fb2bea4]::runtime::runtime::Runtime>::block_on::<core[a373ad73a504971]::pin::Pin<&mut dyn core[a373ad73a504971]::future::future::Future<Output = ()>>>
[INFO] [stdout]                                at /opt/rustwide/cargo-home/registry/src/index.crates.io-1949cf8c6b5b557f/tokio-1.48.0/src/runtime/runtime.rs:342:18
[INFO] [stdout]   43:     0x5f5a6428bcc3 - ricecoder_orchestration[a452cfba3047aa4b]::analyzers::workspace_scanner::tests::test_scan_workspace_with_multiple_projects
[INFO] [stdout]                                at /opt/rustwide/workdir/src/analyzers/workspace_scanner.rs:476:57
[INFO] [stdout]   44:     0x5f5a6427b1b7 - ricecoder_orchestration[a452cfba3047aa4b]::analyzers::workspace_scanner::tests::test_scan_workspace_with_multiple_projects::{closure#0}
[INFO] [stdout]                                at /opt/rustwide/workdir/src/analyzers/workspace_scanner.rs:456:58
[INFO] [stdout]   45:     0x5f5a641cb1c6 - <ricecoder_orchestration[a452cfba3047aa4b]::analyzers::workspace_scanner::tests::test_scan_workspace_with_multiple_projects::{closure#0} as core[a373ad73a504971]::ops::function::FnOnce<()>>::call_once
[INFO] [stdout]                                at /rustc/e3feeb59cd1bdd011a2bfcc0747b55125d9b8527/library/core/src/ops/function.rs:250:5
[INFO] [stdout]   46:     0x5f5a6429572b - <fn() -> core[a373ad73a504971]::result::Result<(), alloc[2e1b2a31b91974c5]::string::String> as core[a373ad73a504971]::ops::function::FnOnce<()>>::call_once
[INFO] [stdout]                                at /rustc/e3feeb59cd1bdd011a2bfcc0747b55125d9b8527/library/core/src/ops/function.rs:250:5
[INFO] [stdout]   47:     0x5f5a6429572b - test[aada8e7e76ba119b]::__rust_begin_short_backtrace::<core[a373ad73a504971]::result::Result<(), alloc[2e1b2a31b91974c5]::string::String>, fn() -> core[a373ad73a504971]::result::Result<(), alloc[2e1b2a31b91974c5]::string::String>>
[INFO] [stdout]                                at /rustc/e3feeb59cd1bdd011a2bfcc0747b55125d9b8527/library/test/src/lib.rs:701:18
[INFO] [stdout]   48:     0x5f5a642a2905 - test[aada8e7e76ba119b]::run_test_in_process::{closure#0}
[INFO] [stdout]                                at /rustc/e3feeb59cd1bdd011a2bfcc0747b55125d9b8527/library/test/src/lib.rs:724:74
[INFO] [stdout]   49:     0x5f5a642a2905 - <core[a373ad73a504971]::panic::unwind_safe::AssertUnwindSafe<test[aada8e7e76ba119b]::run_test_in_process::{closure#0}> as core[a373ad73a504971]::ops::function::FnOnce<()>>::call_once
[INFO] [stdout]                                at /rustc/e3feeb59cd1bdd011a2bfcc0747b55125d9b8527/library/core/src/panic/unwind_safe.rs:275:9
[INFO] [stdout]   50:     0x5f5a642a2905 - std[617be2ca0a6fd877]::panicking::catch_unwind::do_call::<core[a373ad73a504971]::panic::unwind_safe::AssertUnwindSafe<test[aada8e7e76ba119b]::run_test_in_process::{closure#0}>, core[a373ad73a504971]::result::Result<(), alloc[2e1b2a31b91974c5]::string::String>>
[INFO] [stdout]                                at /rustc/e3feeb59cd1bdd011a2bfcc0747b55125d9b8527/library/std/src/panicking.rs:573:43
[INFO] [stdout]   51:     0x5f5a642a2905 - std[617be2ca0a6fd877]::panicking::catch_unwind::<core[a373ad73a504971]::result::Result<(), alloc[2e1b2a31b91974c5]::string::String>, core[a373ad73a504971]::panic::unwind_safe::AssertUnwindSafe<test[aada8e7e76ba119b]::run_test_in_process::{closure#0}>>
[INFO] [stdout]                                at /rustc/e3feeb59cd1bdd011a2bfcc0747b55125d9b8527/library/std/src/panicking.rs:541:19
[INFO] [stdout]   52:     0x5f5a642a2905 - std[617be2ca0a6fd877]::panic::catch_unwind::<core[a373ad73a504971]::panic::unwind_safe::AssertUnwindSafe<test[aada8e7e76ba119b]::run_test_in_process::{closure#0}>, core[a373ad73a504971]::result::Result<(), alloc[2e1b2a31b91974c5]::string::String>>
[INFO] [stdout]                                at /rustc/e3feeb59cd1bdd011a2bfcc0747b55125d9b8527/library/std/src/panic.rs:359:14
[INFO] [stdout]   53:     0x5f5a642a2905 - test[aada8e7e76ba119b]::run_test_in_process
[INFO] [stdout]                                at /rustc/e3feeb59cd1bdd011a2bfcc0747b55125d9b8527/library/test/src/lib.rs:724:27
[INFO] [stdout]   54:     0x5f5a642a2905 - test[aada8e7e76ba119b]::run_test::{closure#0}
[INFO] [stdout]                                at /rustc/e3feeb59cd1bdd011a2bfcc0747b55125d9b8527/library/test/src/lib.rs:645:43
[INFO] [stdout]   55:     0x5f5a6429c1f4 - test[aada8e7e76ba119b]::run_test::{closure#1}
[INFO] [stdout]                                at /rustc/e3feeb59cd1bdd011a2bfcc0747b55125d9b8527/library/test/src/lib.rs:675:41
[INFO] [stdout]   56:     0x5f5a6429c1f4 - std[617be2ca0a6fd877]::sys::backtrace::__rust_begin_short_backtrace::<test[aada8e7e76ba119b]::run_test::{closure#1}, ()>
[INFO] [stdout]                                at /rustc/e3feeb59cd1bdd011a2bfcc0747b55125d9b8527/library/std/src/sys/backtrace.rs:166:18
[INFO] [stdout]   57:     0x5f5a642a5992 - std[617be2ca0a6fd877]::thread::lifecycle::spawn_unchecked::<test[aada8e7e76ba119b]::run_test::{closure#1}, ()>::{closure#1}::{closure#0}
[INFO] [stdout]                                at /rustc/e3feeb59cd1bdd011a2bfcc0747b55125d9b8527/library/std/src/thread/lifecycle.rs:70:13
[INFO] [stdout]   58:     0x5f5a642a5992 - <core[a373ad73a504971]::panic::unwind_safe::AssertUnwindSafe<std[617be2ca0a6fd877]::thread::lifecycle::spawn_unchecked<test[aada8e7e76ba119b]::run_test::{closure#1}, ()>::{closure#1}::{closure#0}> as core[a373ad73a504971]::ops::function::FnOnce<()>>::call_once
[INFO] [stdout]                                at /rustc/e3feeb59cd1bdd011a2bfcc0747b55125d9b8527/library/core/src/panic/unwind_safe.rs:275:9
[INFO] [stdout]   59:     0x5f5a642a5992 - std[617be2ca0a6fd877]::panicking::catch_unwind::do_call::<core[a373ad73a504971]::panic::unwind_safe::AssertUnwindSafe<std[617be2ca0a6fd877]::thread::lifecycle::spawn_unchecked<test[aada8e7e76ba119b]::run_test::{closure#1}, ()>::{closure#1}::{closure#0}>, ()>
[INFO] [stdout]                                at /rustc/e3feeb59cd1bdd011a2bfcc0747b55125d9b8527/library/std/src/panicking.rs:573:43
[INFO] [stdout]   60:     0x5f5a642a5992 - std[617be2ca0a6fd877]::panicking::catch_unwind::<(), core[a373ad73a504971]::panic::unwind_safe::AssertUnwindSafe<std[617be2ca0a6fd877]::thread::lifecycle::spawn_unchecked<test[aada8e7e76ba119b]::run_test::{closure#1}, ()>::{closure#1}::{closure#0}>>
[INFO] [stdout]                                at /rustc/e3feeb59cd1bdd011a2bfcc0747b55125d9b8527/library/std/src/panicking.rs:541:19
[INFO] [stdout]   61:     0x5f5a642a5992 - std[617be2ca0a6fd877]::panic::catch_unwind::<core[a373ad73a504971]::panic::unwind_safe::AssertUnwindSafe<std[617be2ca0a6fd877]::thread::lifecycle::spawn_unchecked<test[aada8e7e76ba119b]::run_test::{closure#1}, ()>::{closure#1}::{closure#0}>, ()>
[INFO] [stdout]                                at /rustc/e3feeb59cd1bdd011a2bfcc0747b55125d9b8527/library/std/src/panic.rs:359:14
[INFO] [stdout]   62:     0x5f5a642a5992 - std[617be2ca0a6fd877]::thread::lifecycle::spawn_unchecked::<test[aada8e7e76ba119b]::run_test::{closure#1}, ()>::{closure#1}
[INFO] [stdout]                                at /rustc/e3feeb59cd1bdd011a2bfcc0747b55125d9b8527/library/std/src/thread/lifecycle.rs:68:26
[INFO] [stdout]   63:     0x5f5a642a5992 - <std[617be2ca0a6fd877]::thread::lifecycle::spawn_unchecked<test[aada8e7e76ba119b]::run_test::{closure#1}, ()>::{closure#1} as core[a373ad73a504971]::ops::function::FnOnce<()>>::call_once::{shim:vtable#0}
[INFO] [stdout]                                at /rustc/e3feeb59cd1bdd011a2bfcc0747b55125d9b8527/library/core/src/ops/function.rs:250:5
[INFO] [stdout]   64:     0x5f5a643e3c2f - <alloc[2e1b2a31b91974c5]::boxed::Box<dyn core[a373ad73a504971]::ops::function::FnOnce<(), Output = ()> + core[a373ad73a504971]::marker::Send> as core[a373ad73a504971]::ops::function::FnOnce<()>>::call_once
[INFO] [stdout]                                at /rustc/e3feeb59cd1bdd011a2bfcc0747b55125d9b8527/library/alloc/src/boxed.rs:2314:9
[INFO] [stdout]   65:     0x5f5a643e3c2f - <std[617be2ca0a6fd877]::sys::thread::unix::Thread>::new::thread_start
[INFO] [stdout]                                at /rustc/e3feeb59cd1bdd011a2bfcc0747b55125d9b8527/library/std/src/sys/thread/unix.rs:127:17
[INFO] [stdout]   66:     0x78bce1b58dfa - <unknown>
[INFO] [stdout]   67:     0x78bce1bec3d4 - clone
[INFO] [stdout]   68:                0x0 - <unknown>
[INFO] [stdout] 
[INFO] [stdout] 
[INFO] [stdout] failures:
[INFO] [stdout]     analyzers::workspace_scanner::tests::test_scan_workspace_with_multiple_projects
[INFO] [stdout] 
[INFO] [stdout] test result: FAILED. 211 passed; 1 failed; 0 ignored; 0 measured; 0 filtered out; finished in 0.10s
[INFO] [stdout] 
[INFO] [stderr] error: test failed, to rerun pass `--lib`
[INFO] running `Command { std: "docker" "inspect" "53de7501ff7fe3b92bbda378f06ee4fd7e44054ca214e8188f39d4ba6e30469e", kill_on_drop: false }`
[INFO] running `Command { std: "docker" "rm" "-f" "53de7501ff7fe3b92bbda378f06ee4fd7e44054ca214e8188f39d4ba6e30469e", kill_on_drop: false }`
[INFO] [stdout] 53de7501ff7fe3b92bbda378f06ee4fd7e44054ca214e8188f39d4ba6e30469e
