[INFO] fetching crate rialo-s-instruction 0.21.0-alpha.0...
[INFO] testing rialo-s-instruction-0.21.0-alpha.0 against 1.99.0-beta.8 for beta-1.100-2
[INFO] extracting crate rialo-s-instruction 0.21.0-alpha.0 into /workspace/builds/worker-3-tc1/source
[INFO] started tweaking crates.io crate rialo-s-instruction 0.21.0-alpha.0
[INFO] finished tweaking crates.io crate rialo-s-instruction 0.21.0-alpha.0
[INFO] tweaked toml for crates.io crate rialo-s-instruction 0.21.0-alpha.0 written to /workspace/builds/worker-3-tc1/source/Cargo.toml
[INFO] validating manifest of crates.io crate rialo-s-instruction 0.21.0-alpha.0 on toolchain 1.99.0-beta.8
[INFO] running `Command { std: CARGO_HOME="/workspace/cargo-home" RUSTUP_HOME="/workspace/rustup-home" "/workspace/cargo-home/bin/cargo" "+1.99.0-beta.8" "metadata" "--manifest-path" "Cargo.toml" "--no-deps", kill_on_drop: false }`
[INFO] crate crates.io crate rialo-s-instruction 0.21.0-alpha.0 already has a lockfile, it will not be regenerated
[INFO] running `Command { std: CARGO_HOME="/workspace/cargo-home" RUSTUP_HOME="/workspace/rustup-home" "/workspace/cargo-home/bin/cargo" "+1.99.0-beta.8" "fetch" "--manifest-path" "Cargo.toml", kill_on_drop: false }`
[INFO] [stderr]     Updating crates.io index
[INFO] [stderr]  Downloading crates ...
[INFO] [stderr]   Downloaded rialo-sanitize v0.21.0-alpha.0
[INFO] [stderr]   Downloaded rialo-hash v0.21.0-alpha.0
[INFO] [stderr]   Downloaded rialo-s-pubkey v0.21.0-alpha.0
[INFO] [stderr]   Downloaded rialo-s-sha256-hasher v0.21.0-alpha.0
[INFO] [stderr]   Downloaded rialo-s-define-syscall v0.21.0-alpha.0
[INFO] [stderr]   Downloaded rialo-atomic-u64 v0.21.0-alpha.0
[INFO] [stderr]   Downloaded rialo-frozen-abi v0.21.0-alpha.0
[INFO] [stderr]   Downloaded rialo-frozen-abi-macro v0.21.0-alpha.0
[INFO] [stderr]   Downloaded rialo-s-decode-error v0.21.0-alpha.0
[INFO] running `Command { std: "docker" "create" "-v" "/var/lib/crater-agent-workspace/builds/worker-3-tc1/source:/opt/rustwide/workdir:ro,Z" "-v" "/var/lib/crater-agent-workspace/builds/worker-3-tc1/target:/opt/rustwide/target:rw,Z" "-v" "/var/lib/crater-agent-workspace/cargo-home:/opt/rustwide/cargo-home:ro,Z" "-v" "/var/lib/crater-agent-workspace/rustup-home:/opt/rustwide/rustup-home:ro,Z" "-m" "1610612736" "--network" "none" "ghcr.io/rust-lang/crates-build-env/linux@sha256:3111399a4047eeb3a02b7a90e478d715f38a8c6669b5c4b49d30a17385265909" "sleep" "infinity", kill_on_drop: false }`
[INFO] [stdout] e89fa9bb30e2399fe3dc91846f14b4d9826764149ea836423d8f4d577c2a5f0e
[INFO] running `Command { std: "docker" "start" "e89fa9bb30e2399fe3dc91846f14b4d9826764149ea836423d8f4d577c2a5f0e", kill_on_drop: false }`
[INFO] running `Command { std: "docker" "inspect" "e89fa9bb30e2399fe3dc91846f14b4d9826764149ea836423d8f4d577c2a5f0e", kill_on_drop: false }`
[INFO] running `Command { std: "docker" "exec" "-e" "SOURCE_DIR=/opt/rustwide/workdir" "-e" "CARGO_HOME=/opt/rustwide/cargo-home" "-e" "RUSTUP_HOME=/opt/rustwide/rustup-home" "-e" "CARGO_TARGET_DIR=/opt/rustwide/target" "-w" "/opt/rustwide/workdir" "--user" "0:0" "e89fa9bb30e2399fe3dc91846f14b4d9826764149ea836423d8f4d577c2a5f0e" "/opt/rustwide/cargo-home/bin/cargo" "+1.99.0-beta.8" "metadata" "--no-deps" "--format-version=1", kill_on_drop: false }`
[INFO] running `Command { std: "docker" "inspect" "e89fa9bb30e2399fe3dc91846f14b4d9826764149ea836423d8f4d577c2a5f0e", kill_on_drop: false }`
[INFO] running `Command { std: "docker" "exec" "-e" "SOURCE_DIR=/opt/rustwide/workdir" "-e" "CARGO_HOME=/opt/rustwide/cargo-home" "-e" "RUSTUP_HOME=/opt/rustwide/rustup-home" "-e" "CARGO_TARGET_DIR=/opt/rustwide/target" "-e" "CARGO_INCREMENTAL=0" "-e" "RUST_BACKTRACE=full" "-e" "RUSTFLAGS=--cap-lints=warn" "-e" "RUSTDOCFLAGS=--cap-lints=warn" "-w" "/opt/rustwide/workdir" "--user" "0:0" "e89fa9bb30e2399fe3dc91846f14b4d9826764149ea836423d8f4d577c2a5f0e" "/opt/rustwide/cargo-home/bin/cargo" "+1.99.0-beta.8" "build" "--frozen" "--message-format=json", kill_on_drop: false }`
[INFO] [stderr]    Compiling five8_core v0.1.2
[INFO] [stderr]    Compiling bs58 v0.5.1
[INFO] [stderr]    Compiling rialo-sanitize v0.21.0-alpha.0
[INFO] [stderr]    Compiling rialo-atomic-u64 v0.21.0-alpha.0
[INFO] [stderr]    Compiling rialo-s-decode-error v0.21.0-alpha.0
[INFO] [stderr]    Compiling five8_const v0.1.4
[INFO] [stderr]    Compiling rialo-s-pubkey v0.21.0-alpha.0
[INFO] [stderr]    Compiling rialo-s-instruction v0.21.0-alpha.0 (/opt/rustwide/workdir)
[INFO] [stderr]     Finished `dev` profile [unoptimized + debuginfo] target(s) in 0.84s
[INFO] running `Command { std: "docker" "inspect" "e89fa9bb30e2399fe3dc91846f14b4d9826764149ea836423d8f4d577c2a5f0e", kill_on_drop: false }`
[INFO] running `Command { std: "docker" "exec" "-e" "SOURCE_DIR=/opt/rustwide/workdir" "-e" "CARGO_HOME=/opt/rustwide/cargo-home" "-e" "RUSTUP_HOME=/opt/rustwide/rustup-home" "-e" "CARGO_TARGET_DIR=/opt/rustwide/target" "-e" "CARGO_INCREMENTAL=0" "-e" "RUST_BACKTRACE=full" "-e" "RUSTFLAGS=--cap-lints=warn" "-e" "RUSTDOCFLAGS=--cap-lints=warn" "-w" "/opt/rustwide/workdir" "--user" "0:0" "e89fa9bb30e2399fe3dc91846f14b4d9826764149ea836423d8f4d577c2a5f0e" "/opt/rustwide/cargo-home/bin/cargo" "+1.99.0-beta.8" "test" "--frozen" "--no-run" "--message-format=json", kill_on_drop: false }`
[INFO] [stderr]    Compiling rialo-s-instruction v0.21.0-alpha.0 (/opt/rustwide/workdir)
[INFO] [stderr]     Finished `test` profile [unoptimized + debuginfo] target(s) in 0.33s
[INFO] running `Command { std: "docker" "inspect" "e89fa9bb30e2399fe3dc91846f14b4d9826764149ea836423d8f4d577c2a5f0e", kill_on_drop: false }`
[INFO] running `Command { std: "docker" "exec" "-e" "SOURCE_DIR=/opt/rustwide/workdir" "-e" "CARGO_HOME=/opt/rustwide/cargo-home" "-e" "RUSTUP_HOME=/opt/rustwide/rustup-home" "-e" "CARGO_TARGET_DIR=/opt/rustwide/target" "-e" "CARGO_INCREMENTAL=0" "-e" "RUST_BACKTRACE=full" "-e" "RUSTFLAGS=--cap-lints=warn" "-e" "RUSTDOCFLAGS=--cap-lints=warn" "-w" "/opt/rustwide/workdir" "--user" "0:0" "e89fa9bb30e2399fe3dc91846f14b4d9826764149ea836423d8f4d577c2a5f0e" "/opt/rustwide/cargo-home/bin/cargo" "+1.99.0-beta.8" "test" "--frozen", kill_on_drop: false }`
[INFO] [stderr]     Finished `test` profile [unoptimized + debuginfo] target(s) in 0.07s
[INFO] [stderr]      Running unittests src/lib.rs (/opt/rustwide/target/debug/deps/rialo_s_instruction-d01c6073090afa86)
[INFO] [stdout] 
[INFO] [stdout] running 0 tests
[INFO] [stdout] 
[INFO] [stdout] test result: ok. 0 passed; 0 failed; 0 ignored; 0 measured; 0 filtered out; finished in 0.00s
[INFO] [stdout] 
[INFO] [stderr]    Doc-tests rialo_s_instruction
[INFO] [stdout] 
[INFO] [stdout] running 3 tests
[INFO] [stdout] test src/account_meta.rs - account_meta::AccountMeta::new_readonly (line 73) ... FAILED
[INFO] [stdout] test src/lib.rs - Instruction::new_with_bytes (line 251) ... FAILED
[INFO] [stdout] test src/account_meta.rs - account_meta::AccountMeta::new (line 39) ... FAILED
[INFO] [stdout] 
[INFO] [stdout] failures:
[INFO] [stdout] 
[INFO] [stdout] ---- src/account_meta.rs - account_meta::AccountMeta::new_readonly (line 73) stdout ----
[INFO] [stdout] error[E0432]: unresolved import `borsh`
[INFO] [stdout]   --> src/account_meta.rs:77:5
[INFO] [stdout]    |
[INFO] [stdout] 77 | use borsh::{BorshSerialize, BorshDeserialize};
[INFO] [stdout]    |     ^^^^^ use of unresolved module or unlinked crate `borsh`
[INFO] [stdout]    |
[INFO] [stdout]    = help: if you wanted to use a crate named `borsh`, use `cargo add borsh` to add it to your `Cargo.toml`
[INFO] [stdout] 
[INFO] [stdout] error: cannot find attribute `borsh` in this scope
[INFO] [stdout]   --> src/account_meta.rs:80:3
[INFO] [stdout]    |
[INFO] [stdout] 80 | #[borsh(crate = "borsh")]
[INFO] [stdout]    |   ^^^^^
[INFO] [stdout] 
[INFO] [stdout] error[E0599]: no associated function or constant named `new_with_borsh` found for struct `Instruction` in the current scope
[INFO] [stdout]    --> src/account_meta.rs:88:26
[INFO] [stdout]     |
[INFO] [stdout]  88 | let instr = Instruction::new_with_borsh(
[INFO] [stdout]     |                          ^^^^^^^^^^^^^^ associated function or constant not found in `Instruction`
[INFO] [stdout]     |
[INFO] [stdout] note: if you're trying to build a new `Instruction`, consider using `Instruction::new_with_bytes` which returns `Instruction`
[INFO] [stdout]    --> src/lib.rs:284:5
[INFO] [stdout]     |
[INFO] [stdout] 284 |     pub fn new_with_bytes(program_id: Pubkey, data: &[u8], accounts: Vec<AccountMeta>) -> Self {
[INFO] [stdout]     |     ^^^^^^^^^^^^^^^^^^^^^^^^^^^^^^^^^^^^^^^^^^^^^^^^^^^^^^^^^^^^^^^^^^^^^^^^^^^^^^^^^^^^^^^^^^
[INFO] [stdout] help: there is an associated function `new_with_bytes` with a similar name
[INFO] [stdout]     |
[INFO] [stdout]  88 - let instr = Instruction::new_with_borsh(
[INFO] [stdout]  88 + let instr = Instruction::new_with_bytes(
[INFO] [stdout]     |
[INFO] [stdout] 
[INFO] [stdout] error: aborting due to 3 previous errors
[INFO] [stdout] 
[INFO] [stdout] Some errors have detailed explanations: E0432, E0599.
[INFO] [stdout] For more information about an error, try `rustc --explain E0432`.
[INFO] [stdout] Couldn't compile the test.
[INFO] [stdout] ---- src/lib.rs - Instruction::new_with_bytes (line 251) stdout ----
[INFO] [stdout] error[E0433]: cannot find module or crate `borsh` in this scope
[INFO] [stdout]    --> src/lib.rs:256:5
[INFO] [stdout]     |
[INFO] [stdout] 256 | use borsh::{io::Error, BorshSerialize, BorshDeserialize};
[INFO] [stdout]     |     ^^^^^ use of unresolved module or unlinked crate `borsh`
[INFO] [stdout]     |
[INFO] [stdout]     = help: if you wanted to use a crate named `borsh`, use `cargo add borsh` to add it to your `Cargo.toml`
[INFO] [stdout] 
[INFO] [stdout] error[E0432]: unresolved import `borsh`
[INFO] [stdout]    --> src/lib.rs:256:5
[INFO] [stdout]     |
[INFO] [stdout] 256 | use borsh::{io::Error, BorshSerialize, BorshDeserialize};
[INFO] [stdout]     |     ^^^^^ use of unresolved module or unlinked crate `borsh`
[INFO] [stdout]     |
[INFO] [stdout]     = help: if you wanted to use a crate named `borsh`, use `cargo add borsh` to add it to your `Cargo.toml`
[INFO] [stdout] 
[INFO] [stdout] error: cannot find attribute `borsh` in this scope
[INFO] [stdout]    --> src/lib.rs:259:3
[INFO] [stdout]     |
[INFO] [stdout] 259 | #[borsh(crate = "borsh")]
[INFO] [stdout]     |   ^^^^^
[INFO] [stdout] 
[INFO] [stdout] error[E0599]: no method named `serialize` found for struct `MyInstruction` in the current scope
[INFO] [stdout]    --> src/lib.rs:273:11
[INFO] [stdout]     |
[INFO] [stdout] 260 | pub struct MyInstruction {
[INFO] [stdout]     | ------------------------ method `serialize` not found for this struct
[INFO] [stdout] ...
[INFO] [stdout] 273 |     instr.serialize(&mut instr_in_bytes)?;
[INFO] [stdout]     |           ^^^^^^^^^ method not found in `MyInstruction`
[INFO] [stdout] 
[INFO] [stdout] error: aborting due to 4 previous errors
[INFO] [stdout] 
[INFO] [stdout] Some errors have detailed explanations: E0432, E0433, E0599.
[INFO] [stdout] For more information about an error, try `rustc --explain E0432`.
[INFO] [stdout] Couldn't compile the test.
[INFO] [stdout] ---- src/account_meta.rs - account_meta::AccountMeta::new (line 39) stdout ----
[INFO] [stdout] error[E0432]: unresolved import `borsh`
[INFO] [stdout]   --> src/account_meta.rs:43:5
[INFO] [stdout]    |
[INFO] [stdout] 43 | use borsh::{BorshSerialize, BorshDeserialize};
[INFO] [stdout]    |     ^^^^^ use of unresolved module or unlinked crate `borsh`
[INFO] [stdout]    |
[INFO] [stdout]    = help: if you wanted to use a crate named `borsh`, use `cargo add borsh` to add it to your `Cargo.toml`
[INFO] [stdout] 
[INFO] [stdout] error: cannot find attribute `borsh` in this scope
[INFO] [stdout]   --> src/account_meta.rs:46:3
[INFO] [stdout]    |
[INFO] [stdout] 46 | #[borsh(crate = "borsh")]
[INFO] [stdout]    |   ^^^^^
[INFO] [stdout] 
[INFO] [stdout] error[E0599]: no associated function or constant named `new_with_borsh` found for struct `Instruction` in the current scope
[INFO] [stdout]    --> src/account_meta.rs:53:26
[INFO] [stdout]     |
[INFO] [stdout]  53 | let instr = Instruction::new_with_borsh(
[INFO] [stdout]     |                          ^^^^^^^^^^^^^^ associated function or constant not found in `Instruction`
[INFO] [stdout]     |
[INFO] [stdout] note: if you're trying to build a new `Instruction`, consider using `Instruction::new_with_bytes` which returns `Instruction`
[INFO] [stdout]    --> src/lib.rs:284:5
[INFO] [stdout]     |
[INFO] [stdout] 284 |     pub fn new_with_bytes(program_id: Pubkey, data: &[u8], accounts: Vec<AccountMeta>) -> Self {
[INFO] [stdout]     |     ^^^^^^^^^^^^^^^^^^^^^^^^^^^^^^^^^^^^^^^^^^^^^^^^^^^^^^^^^^^^^^^^^^^^^^^^^^^^^^^^^^^^^^^^^^
[INFO] [stdout] help: there is an associated function `new_with_bytes` with a similar name
[INFO] [stdout]     |
[INFO] [stdout]  53 - let instr = Instruction::new_with_borsh(
[INFO] [stdout]  53 + let instr = Instruction::new_with_bytes(
[INFO] [stdout]     |
[INFO] [stdout] 
[INFO] [stdout] error: aborting due to 3 previous errors
[INFO] [stdout] 
[INFO] [stdout] Some errors have detailed explanations: E0432, E0599.
[INFO] [stdout] For more information about an error, try `rustc --explain E0432`.
[INFO] [stdout] Couldn't compile the test.
[INFO] [stdout] 
[INFO] [stdout] failures:
[INFO] [stdout]     src/account_meta.rs - account_meta::AccountMeta::new (line 39)
[INFO] [stdout]     src/account_meta.rs - account_meta::AccountMeta::new_readonly (line 73)
[INFO] [stdout]     src/lib.rs - Instruction::new_with_bytes (line 251)
[INFO] [stdout] 
[INFO] [stdout] test result: FAILED. 0 passed; 3 failed; 0 ignored; 0 measured; 0 filtered out; finished in 0.29s
[INFO] [stdout] 
[INFO] [stderr] error: doctest failed, to rerun pass `--doc`
[INFO] running `Command { std: "docker" "inspect" "e89fa9bb30e2399fe3dc91846f14b4d9826764149ea836423d8f4d577c2a5f0e", kill_on_drop: false }`
[INFO] running `Command { std: "docker" "rm" "-f" "e89fa9bb30e2399fe3dc91846f14b4d9826764149ea836423d8f4d577c2a5f0e", kill_on_drop: false }`
[INFO] [stdout] e89fa9bb30e2399fe3dc91846f14b4d9826764149ea836423d8f4d577c2a5f0e
