[INFO] fetching crate rhaki-cw-plus-macro 0.3.3...
[INFO] testing rhaki-cw-plus-macro-0.3.3 against 1.99.0-beta.8 for beta-1.100-2
[INFO] extracting crate rhaki-cw-plus-macro 0.3.3 into /workspace/builds/worker-4-tc1/source
[INFO] started tweaking crates.io crate rhaki-cw-plus-macro 0.3.3
[INFO] finished tweaking crates.io crate rhaki-cw-plus-macro 0.3.3
[INFO] tweaked toml for crates.io crate rhaki-cw-plus-macro 0.3.3 written to /workspace/builds/worker-4-tc1/source/Cargo.toml
[INFO] validating manifest of crates.io crate rhaki-cw-plus-macro 0.3.3 on toolchain 1.99.0-beta.8
[INFO] running `Command { std: CARGO_HOME="/workspace/cargo-home" RUSTUP_HOME="/workspace/rustup-home" "/workspace/cargo-home/bin/cargo" "+1.99.0-beta.8" "metadata" "--manifest-path" "Cargo.toml" "--no-deps", kill_on_drop: false }`
[INFO] running `Command { std: CARGO_HOME="/workspace/cargo-home" RUSTUP_HOME="/workspace/rustup-home" "/workspace/cargo-home/bin/cargo" "+1.99.0-beta.8" "generate-lockfile" "--manifest-path" "Cargo.toml", kill_on_drop: false }`
[INFO] [stderr]     Updating crates.io index
[INFO] [stderr]      Locking 21 packages to highest compatible versions
[INFO] [stderr]       Adding cosmwasm-schema v1.5.11 (available: v3.0.10)
[INFO] [stderr]       Adding syn v2.0.119 (available: v3.0.6)
[INFO] running `Command { std: CARGO_HOME="/workspace/cargo-home" RUSTUP_HOME="/workspace/rustup-home" "/workspace/cargo-home/bin/cargo" "+1.99.0-beta.8" "fetch" "--manifest-path" "Cargo.toml", kill_on_drop: false }`
[INFO] [stderr]  Downloading crates ...
[INFO] [stderr]   Downloaded cosmwasm-schema v1.5.11
[INFO] [stderr]   Downloaded schemars v0.8.22
[INFO] [stderr]   Downloaded schemars_derive v0.8.22
[INFO] [stderr]   Downloaded cosmwasm-schema-derive v1.5.11
[INFO] running `Command { std: "docker" "create" "-v" "/var/lib/crater-agent-workspace/builds/worker-4-tc1/source:/opt/rustwide/workdir:ro,Z" "-v" "/var/lib/crater-agent-workspace/builds/worker-4-tc1/target:/opt/rustwide/target:rw,Z" "-v" "/var/lib/crater-agent-workspace/cargo-home:/opt/rustwide/cargo-home:ro,Z" "-v" "/var/lib/crater-agent-workspace/rustup-home:/opt/rustwide/rustup-home:ro,Z" "-m" "1610612736" "--network" "none" "ghcr.io/rust-lang/crates-build-env/linux@sha256:3111399a4047eeb3a02b7a90e478d715f38a8c6669b5c4b49d30a17385265909" "sleep" "infinity", kill_on_drop: false }`
[INFO] [stdout] 99a59a500a58c26b3f89395780daec1ad3bda80141a2195be5b524101b94001f
[INFO] running `Command { std: "docker" "start" "99a59a500a58c26b3f89395780daec1ad3bda80141a2195be5b524101b94001f", kill_on_drop: false }`
[INFO] running `Command { std: "docker" "inspect" "99a59a500a58c26b3f89395780daec1ad3bda80141a2195be5b524101b94001f", kill_on_drop: false }`
[INFO] running `Command { std: "docker" "exec" "-e" "SOURCE_DIR=/opt/rustwide/workdir" "-e" "CARGO_HOME=/opt/rustwide/cargo-home" "-e" "RUSTUP_HOME=/opt/rustwide/rustup-home" "-e" "CARGO_TARGET_DIR=/opt/rustwide/target" "-w" "/opt/rustwide/workdir" "--user" "0:0" "99a59a500a58c26b3f89395780daec1ad3bda80141a2195be5b524101b94001f" "/opt/rustwide/cargo-home/bin/cargo" "+1.99.0-beta.8" "metadata" "--no-deps" "--format-version=1", kill_on_drop: false }`
[INFO] running `Command { std: "docker" "inspect" "99a59a500a58c26b3f89395780daec1ad3bda80141a2195be5b524101b94001f", kill_on_drop: false }`
[INFO] running `Command { std: "docker" "exec" "-e" "SOURCE_DIR=/opt/rustwide/workdir" "-e" "CARGO_HOME=/opt/rustwide/cargo-home" "-e" "RUSTUP_HOME=/opt/rustwide/rustup-home" "-e" "CARGO_TARGET_DIR=/opt/rustwide/target" "-e" "CARGO_INCREMENTAL=0" "-e" "RUST_BACKTRACE=full" "-e" "RUSTFLAGS=--cap-lints=warn" "-e" "RUSTDOCFLAGS=--cap-lints=warn" "-w" "/opt/rustwide/workdir" "--user" "0:0" "99a59a500a58c26b3f89395780daec1ad3bda80141a2195be5b524101b94001f" "/opt/rustwide/cargo-home/bin/cargo" "+1.99.0-beta.8" "build" "--frozen" "--message-format=json", kill_on_drop: false }`
[INFO] [stderr]    Compiling syn v2.0.119
[INFO] [stderr]    Compiling rhaki-cw-plus-macro v0.3.3 (/opt/rustwide/workdir)
[INFO] [stderr]     Finished `dev` profile [unoptimized + debuginfo] target(s) in 5.88s
[INFO] running `Command { std: "docker" "inspect" "99a59a500a58c26b3f89395780daec1ad3bda80141a2195be5b524101b94001f", kill_on_drop: false }`
[INFO] running `Command { std: "docker" "exec" "-e" "SOURCE_DIR=/opt/rustwide/workdir" "-e" "CARGO_HOME=/opt/rustwide/cargo-home" "-e" "RUSTUP_HOME=/opt/rustwide/rustup-home" "-e" "CARGO_TARGET_DIR=/opt/rustwide/target" "-e" "CARGO_INCREMENTAL=0" "-e" "RUST_BACKTRACE=full" "-e" "RUSTFLAGS=--cap-lints=warn" "-e" "RUSTDOCFLAGS=--cap-lints=warn" "-w" "/opt/rustwide/workdir" "--user" "0:0" "99a59a500a58c26b3f89395780daec1ad3bda80141a2195be5b524101b94001f" "/opt/rustwide/cargo-home/bin/cargo" "+1.99.0-beta.8" "test" "--frozen" "--no-run" "--message-format=json", kill_on_drop: false }`
[INFO] [stderr]    Compiling syn v1.0.109
[INFO] [stderr]    Compiling serde_derive_internals v0.29.1
[INFO] [stderr]    Compiling itoa v1.0.18
[INFO] [stderr]    Compiling memchr v2.8.3
[INFO] [stderr]    Compiling schemars v0.8.22
[INFO] [stderr]    Compiling thiserror-impl v1.0.69
[INFO] [stderr]    Compiling dyn-clone v1.0.20
[INFO] [stderr]    Compiling serde_core v1.0.229
[INFO] [stderr]    Compiling zmij v1.0.23
[INFO] [stderr]    Compiling serde_json v1.0.151
[INFO] [stderr]    Compiling serde v1.0.229
[INFO] [stderr]    Compiling thiserror v1.0.69
[INFO] [stderr]    Compiling rhaki-cw-plus-macro v0.3.3 (/opt/rustwide/workdir)
[INFO] [stderr]    Compiling schemars_derive v0.8.22
[INFO] [stderr]    Compiling cosmwasm-schema-derive v1.5.11
[INFO] [stderr]    Compiling cosmwasm-schema v1.5.11
[INFO] [stderr]     Finished `test` profile [unoptimized + debuginfo] target(s) in 10.80s
[INFO] running `Command { std: "docker" "inspect" "99a59a500a58c26b3f89395780daec1ad3bda80141a2195be5b524101b94001f", kill_on_drop: false }`
[INFO] running `Command { std: "docker" "exec" "-e" "SOURCE_DIR=/opt/rustwide/workdir" "-e" "CARGO_HOME=/opt/rustwide/cargo-home" "-e" "RUSTUP_HOME=/opt/rustwide/rustup-home" "-e" "CARGO_TARGET_DIR=/opt/rustwide/target" "-e" "CARGO_INCREMENTAL=0" "-e" "RUST_BACKTRACE=full" "-e" "RUSTFLAGS=--cap-lints=warn" "-e" "RUSTDOCFLAGS=--cap-lints=warn" "-w" "/opt/rustwide/workdir" "--user" "0:0" "99a59a500a58c26b3f89395780daec1ad3bda80141a2195be5b524101b94001f" "/opt/rustwide/cargo-home/bin/cargo" "+1.99.0-beta.8" "test" "--frozen", kill_on_drop: false }`
[INFO] [stderr]     Finished `test` profile [unoptimized + debuginfo] target(s) in 0.04s
[INFO] [stderr]      Running unittests src/lib.rs (/opt/rustwide/target/debug/deps/rhaki_cw_plus_macro-1f22558376744958)
[INFO] [stdout] 
[INFO] [stdout] running 0 tests
[INFO] [stdout] 
[INFO] [stdout] test result: ok. 0 passed; 0 failed; 0 ignored; 0 measured; 0 filtered out; finished in 0.00s
[INFO] [stdout] 
[INFO] [stderr]    Doc-tests rhaki_cw_plus_macro
[INFO] [stdout] 
[INFO] [stdout] running 3 tests
[INFO] [stdout] test src/lib.rs - urls (line 154) ... ignored
[INFO] [stdout] test src/lib.rs - derive_option (line 194) ... FAILED
[INFO] [stdout] test src/lib.rs - derive_smaller_twin (line 310) ... FAILED
[INFO] [stdout] 
[INFO] [stdout] failures:
[INFO] [stdout] 
[INFO] [stdout] ---- src/lib.rs - derive_option (line 194) stdout ----
[INFO] [stdout] error[E0432]: unresolved import `crate::Optionable`
[INFO] [stdout]    --> src/lib.rs:195:5
[INFO] [stdout]     |
[INFO] [stdout] 195 | use crate::Optionable;
[INFO] [stdout]     |     ^^^^^^^----------
[INFO] [stdout]     |            |
[INFO] [stdout]     |            no `Optionable` in the root
[INFO] [stdout] 
[INFO] [stdout] error: cannot find attribute `optionable` in this scope
[INFO] [stdout]    --> src/lib.rs:199:3
[INFO] [stdout]     |
[INFO] [stdout] 199 | #[optionable(name = UpdateConfig, attributes(cw_serde))]
[INFO] [stdout]     |   ^^^^^^^^^^
[INFO] [stdout]     |
[INFO] [stdout]     = note: `optionable` is an attribute that can be used by the derive macro `Optionable`, you might be missing a `derive` attribute
[INFO] [stdout] 
[INFO] [stdout] error: cannot find attribute `optionable` in this scope
[INFO] [stdout]    --> src/lib.rs:202:7
[INFO] [stdout]     |
[INFO] [stdout] 202 |     #[optionable(skip)]
[INFO] [stdout]     |       ^^^^^^^^^^
[INFO] [stdout]     |
[INFO] [stdout]     = note: `optionable` is an attribute that can be used by the derive macro `Optionable`, you might be missing a `derive` attribute
[INFO] [stdout] 
[INFO] [stdout] error[E0422]: cannot find struct, variant or union type `UpdateConfig` in this scope
[INFO] [stdout]    --> src/lib.rs:206:21
[INFO] [stdout]     |
[INFO] [stdout] 206 | let update_config = UpdateConfig {
[INFO] [stdout]     |                     ^^^^^^^^^^^^ not found in this scope
[INFO] [stdout] 
[INFO] [stdout] error: aborting due to 4 previous errors
[INFO] [stdout] 
[INFO] [stdout] Some errors have detailed explanations: E0422, E0432.
[INFO] [stdout] For more information about an error, try `rustc --explain E0422`.
[INFO] [stdout] Couldn't compile the test.
[INFO] [stdout] ---- src/lib.rs - derive_smaller_twin (line 310) stdout ----
[INFO] [stdout] error[E0432]: unresolved import `crate::SmallerTwin`
[INFO] [stdout]    --> src/lib.rs:311:5
[INFO] [stdout]     |
[INFO] [stdout] 311 | use crate::SmallerTwin;
[INFO] [stdout]     |     ^^^^^^^-----------
[INFO] [stdout]     |            |
[INFO] [stdout]     |            no `SmallerTwin` in the root
[INFO] [stdout] 
[INFO] [stdout] error: cannot find attribute `smaller_twin` in this scope
[INFO] [stdout]    --> src/lib.rs:315:3
[INFO] [stdout]     |
[INFO] [stdout] 315 | #[smaller_twin(name = UpdateConfig, attributes(cw_serde))]
[INFO] [stdout]     |   ^^^^^^^^^^^^
[INFO] [stdout]     |
[INFO] [stdout]     = note: `smaller_twin` is an attribute that can be used by the derive macro `SmallerTwin`, you might be missing a `derive` attribute
[INFO] [stdout] 
[INFO] [stdout] error: cannot find attribute `smaller_twin` in this scope
[INFO] [stdout]    --> src/lib.rs:318:7
[INFO] [stdout]     |
[INFO] [stdout] 318 |     #[smaller_twin(skip)]
[INFO] [stdout]     |       ^^^^^^^^^^^^
[INFO] [stdout]     |
[INFO] [stdout]     = note: `smaller_twin` is an attribute that can be used by the derive macro `SmallerTwin`, you might be missing a `derive` attribute
[INFO] [stdout] 
[INFO] [stdout] error[E0422]: cannot find struct, variant or union type `UpdateConfig` in this scope
[INFO] [stdout]    --> src/lib.rs:322:21
[INFO] [stdout]     |
[INFO] [stdout] 322 | let update_config = UpdateConfig {
[INFO] [stdout]     |                     ^^^^^^^^^^^^ not found in this scope
[INFO] [stdout] 
[INFO] [stdout] error: aborting due to 4 previous errors
[INFO] [stdout] 
[INFO] [stdout] Some errors have detailed explanations: E0422, E0432.
[INFO] [stdout] For more information about an error, try `rustc --explain E0422`.
[INFO] [stdout] Couldn't compile the test.
[INFO] [stdout] 
[INFO] [stdout] failures:
[INFO] [stdout]     src/lib.rs - derive_option (line 194)
[INFO] [stdout]     src/lib.rs - derive_smaller_twin (line 310)
[INFO] [stdout] 
[INFO] [stdout] test result: FAILED. 0 passed; 2 failed; 1 ignored; 0 measured; 0 filtered out; finished in 0.24s
[INFO] [stdout] 
[INFO] [stderr] error: doctest failed, to rerun pass `--doc`
[INFO] running `Command { std: "docker" "inspect" "99a59a500a58c26b3f89395780daec1ad3bda80141a2195be5b524101b94001f", kill_on_drop: false }`
[INFO] running `Command { std: "docker" "rm" "-f" "99a59a500a58c26b3f89395780daec1ad3bda80141a2195be5b524101b94001f", kill_on_drop: false }`
[INFO] [stdout] 99a59a500a58c26b3f89395780daec1ad3bda80141a2195be5b524101b94001f
