[INFO] fetching crate reversi-game 0.3.3...
[INFO] testing reversi-game-0.3.3 against 1.99.0-beta.8 for beta-1.100-2
[INFO] extracting crate reversi-game 0.3.3 into /workspace/builds/worker-0-tc1/source
[INFO] started tweaking crates.io crate reversi-game 0.3.3
[INFO] finished tweaking crates.io crate reversi-game 0.3.3
[INFO] tweaked toml for crates.io crate reversi-game 0.3.3 written to /workspace/builds/worker-0-tc1/source/Cargo.toml
[INFO] validating manifest of crates.io crate reversi-game 0.3.3 on toolchain 1.99.0-beta.8
[INFO] running `Command { std: CARGO_HOME="/workspace/cargo-home" RUSTUP_HOME="/workspace/rustup-home" "/workspace/cargo-home/bin/cargo" "+1.99.0-beta.8" "metadata" "--manifest-path" "Cargo.toml" "--no-deps", kill_on_drop: false }`
[INFO] crate crates.io crate reversi-game 0.3.3 already has a lockfile, it will not be regenerated
[INFO] running `Command { std: CARGO_HOME="/workspace/cargo-home" RUSTUP_HOME="/workspace/rustup-home" "/workspace/cargo-home/bin/cargo" "+1.99.0-beta.8" "fetch" "--manifest-path" "Cargo.toml", kill_on_drop: false }`
[INFO] [stderr]     Updating crates.io index
[INFO] [stderr]  Downloading crates ...
[INFO] [stderr]   Downloaded strum v0.24.1
[INFO] [stderr]   Downloaded strum_macros v0.24.2
[INFO] [stderr]   Downloaded split-iter v0.1.0
[INFO] [stderr]   Downloaded rustversion v1.0.7
[INFO] [stderr]   Downloaded spinners v4.1.0
[INFO] [stderr]   Downloaded rand_pcg v0.2.1
[INFO] [stderr]   Downloaded maplit v1.0.2
[INFO] [stderr]   Downloaded siphasher v0.3.10
[INFO] [stderr]   Downloaded colored v2.0.0
[INFO] [stderr]   Downloaded dirs v2.0.2
[INFO] [stderr]   Downloaded phf_shared v0.8.0
[INFO] [stderr]   Downloaded phf v0.8.0
[INFO] [stderr]   Downloaded phf_generator v0.8.0
[INFO] [stderr]   Downloaded phf_codegen v0.8.0
[INFO] [stderr]   Downloaded clearscreen v1.0.10
[INFO] [stderr]   Downloaded clap_lex v0.2.4
[INFO] [stderr]   Downloaded terminfo v0.7.3
[INFO] [stderr]   Downloaded nom v5.1.2
[INFO] [stderr]   Downloaded clap v3.2.8
[INFO] running `Command { std: "docker" "create" "-v" "/var/lib/crater-agent-workspace/builds/worker-0-tc1/source:/opt/rustwide/workdir:ro,Z" "-v" "/var/lib/crater-agent-workspace/builds/worker-0-tc1/target:/opt/rustwide/target:rw,Z" "-v" "/var/lib/crater-agent-workspace/cargo-home:/opt/rustwide/cargo-home:ro,Z" "-v" "/var/lib/crater-agent-workspace/rustup-home:/opt/rustwide/rustup-home:ro,Z" "-m" "1610612736" "--network" "none" "ghcr.io/rust-lang/crates-build-env/linux@sha256:3111399a4047eeb3a02b7a90e478d715f38a8c6669b5c4b49d30a17385265909" "sleep" "infinity", kill_on_drop: false }`
[INFO] [stdout] cc49d3fb0e87254a7203ef4e9bfa56bb610461decb03a86ee0c9adf889ad8985
[INFO] running `Command { std: "docker" "start" "cc49d3fb0e87254a7203ef4e9bfa56bb610461decb03a86ee0c9adf889ad8985", kill_on_drop: false }`
[INFO] running `Command { std: "docker" "inspect" "cc49d3fb0e87254a7203ef4e9bfa56bb610461decb03a86ee0c9adf889ad8985", kill_on_drop: false }`
[INFO] running `Command { std: "docker" "exec" "-e" "SOURCE_DIR=/opt/rustwide/workdir" "-e" "CARGO_HOME=/opt/rustwide/cargo-home" "-e" "RUSTUP_HOME=/opt/rustwide/rustup-home" "-e" "CARGO_TARGET_DIR=/opt/rustwide/target" "-w" "/opt/rustwide/workdir" "--user" "0:0" "cc49d3fb0e87254a7203ef4e9bfa56bb610461decb03a86ee0c9adf889ad8985" "/opt/rustwide/cargo-home/bin/cargo" "+1.99.0-beta.8" "metadata" "--no-deps" "--format-version=1", kill_on_drop: false }`
[INFO] running `Command { std: "docker" "inspect" "cc49d3fb0e87254a7203ef4e9bfa56bb610461decb03a86ee0c9adf889ad8985", kill_on_drop: false }`
[INFO] running `Command { std: "docker" "exec" "-e" "SOURCE_DIR=/opt/rustwide/workdir" "-e" "CARGO_HOME=/opt/rustwide/cargo-home" "-e" "RUSTUP_HOME=/opt/rustwide/rustup-home" "-e" "CARGO_TARGET_DIR=/opt/rustwide/target" "-e" "CARGO_INCREMENTAL=0" "-e" "RUST_BACKTRACE=full" "-e" "RUSTFLAGS=--cap-lints=warn" "-e" "RUSTDOCFLAGS=--cap-lints=warn" "-w" "/opt/rustwide/workdir" "--user" "0:0" "cc49d3fb0e87254a7203ef4e9bfa56bb610461decb03a86ee0c9adf889ad8985" "/opt/rustwide/cargo-home/bin/cargo" "+1.99.0-beta.8" "build" "--frozen" "--message-format=json", kill_on_drop: false }`
[INFO] [stderr]    Compiling libc v0.2.126
[INFO] [stderr]    Compiling getrandom v0.1.16
[INFO] [stderr]    Compiling syn v1.0.98
[INFO] [stderr]    Compiling siphasher v0.3.10
[INFO] [stderr]    Compiling rustversion v1.0.7
[INFO] [stderr]    Compiling memchr v2.5.0
[INFO] [stderr]    Compiling cfg-if v0.1.10
[INFO] [stderr]    Compiling nom v5.1.2
[INFO] [stderr]    Compiling either v1.6.1
[INFO] [stderr]    Compiling nix v0.24.1
[INFO] [stderr]    Compiling clap_lex v0.2.4
[INFO] [stderr]    Compiling maplit v1.0.2
[INFO] [stderr]    Compiling once_cell v1.13.0
[INFO] [stderr]    Compiling colored v2.0.0
[INFO] [stderr]    Compiling split-iter v0.1.0
[INFO] [stderr]    Compiling dirs v2.0.2
[INFO] [stderr]    Compiling which v4.2.5
[INFO] [stderr]    Compiling itertools v0.10.3
[INFO] [stderr]    Compiling clap v3.2.8
[INFO] [stderr]    Compiling phf_shared v0.8.0
[INFO] [stderr]    Compiling phf v0.8.0
[INFO] [stderr]    Compiling rand_core v0.5.1
[INFO] [stderr]    Compiling rand_pcg v0.2.1
[INFO] [stderr]    Compiling rand_chacha v0.2.2
[INFO] [stderr]    Compiling rand v0.7.3
[INFO] [stderr]    Compiling phf_generator v0.8.0
[INFO] [stderr]    Compiling phf_codegen v0.8.0
[INFO] [stderr]    Compiling terminfo v0.7.3
[INFO] [stderr]    Compiling strum_macros v0.24.2
[INFO] [stderr]    Compiling thiserror-impl v1.0.31
[INFO] [stderr]    Compiling strum v0.24.1
[INFO] [stderr]    Compiling thiserror v1.0.31
[INFO] [stderr]    Compiling spinners v4.1.0
[INFO] [stderr]    Compiling clearscreen v1.0.10
[INFO] [stderr]    Compiling reversi-game v0.3.3 (/opt/rustwide/workdir)
[INFO] [stderr]     Finished `dev` profile [unoptimized + debuginfo] target(s) in 15.97s
[INFO] [stderr] warning: the following packages contain code that will be rejected by a future version of Rust: nom v5.1.2, terminfo v0.7.3
[INFO] [stderr] note: to see what the problems were, use the option `--future-incompat-report`, or run `cargo report future-incompatibilities --id 1`
[INFO] running `Command { std: "docker" "inspect" "cc49d3fb0e87254a7203ef4e9bfa56bb610461decb03a86ee0c9adf889ad8985", kill_on_drop: false }`
[INFO] running `Command { std: "docker" "exec" "-e" "SOURCE_DIR=/opt/rustwide/workdir" "-e" "CARGO_HOME=/opt/rustwide/cargo-home" "-e" "RUSTUP_HOME=/opt/rustwide/rustup-home" "-e" "CARGO_TARGET_DIR=/opt/rustwide/target" "-e" "CARGO_INCREMENTAL=0" "-e" "RUST_BACKTRACE=full" "-e" "RUSTFLAGS=--cap-lints=warn" "-e" "RUSTDOCFLAGS=--cap-lints=warn" "-w" "/opt/rustwide/workdir" "--user" "0:0" "cc49d3fb0e87254a7203ef4e9bfa56bb610461decb03a86ee0c9adf889ad8985" "/opt/rustwide/cargo-home/bin/cargo" "+1.99.0-beta.8" "test" "--frozen" "--no-run" "--message-format=json", kill_on_drop: false }`
[INFO] [stderr]    Compiling reversi-game v0.3.3 (/opt/rustwide/workdir)
[INFO] [stderr]     Finished `test` profile [unoptimized + debuginfo] target(s) in 0.82s
[INFO] [stderr] warning: the following packages contain code that will be rejected by a future version of Rust: nom v5.1.2, terminfo v0.7.3
[INFO] [stderr] note: to see what the problems were, use the option `--future-incompat-report`, or run `cargo report future-incompatibilities --id 1`
[INFO] running `Command { std: "docker" "inspect" "cc49d3fb0e87254a7203ef4e9bfa56bb610461decb03a86ee0c9adf889ad8985", kill_on_drop: false }`
[INFO] running `Command { std: "docker" "exec" "-e" "SOURCE_DIR=/opt/rustwide/workdir" "-e" "CARGO_HOME=/opt/rustwide/cargo-home" "-e" "RUSTUP_HOME=/opt/rustwide/rustup-home" "-e" "CARGO_TARGET_DIR=/opt/rustwide/target" "-e" "CARGO_INCREMENTAL=0" "-e" "RUST_BACKTRACE=full" "-e" "RUSTFLAGS=--cap-lints=warn" "-e" "RUSTDOCFLAGS=--cap-lints=warn" "-w" "/opt/rustwide/workdir" "--user" "0:0" "cc49d3fb0e87254a7203ef4e9bfa56bb610461decb03a86ee0c9adf889ad8985" "/opt/rustwide/cargo-home/bin/cargo" "+1.99.0-beta.8" "test" "--frozen", kill_on_drop: false }`
[INFO] [stdout] 
[INFO] [stderr]     Finished `test` profile [unoptimized + debuginfo] target(s) in 0.18s
[INFO] [stdout] running 6 tests
[INFO] [stderr] warning: the following packages contain code that will be rejected by a future version of Rust: nom v5.1.2, terminfo v0.7.3
[INFO] [stdout] test tests::valid_moves ... ok
[INFO] [stderr] note: to see what the problems were, use the option `--future-incompat-report`, or run `cargo report future-incompatibilities --id 1`
[INFO] [stdout] test tests::board_status ... ok
[INFO] [stderr]      Running unittests src/lib.rs (/opt/rustwide/target/debug/deps/reversi_game-31e75b994ba806da)
[INFO] [stdout] [H[2J[3Jtest tests::display_board ... ok
[INFO] [stderr]      Running unittests src/main.rs (/opt/rustwide/target/debug/deps/reversi-5a5bb8230dcb2b63)
[INFO] [stdout] test tests::initialize_board ... ok
[INFO] [stderr]    Doc-tests reversi_game
[INFO] [stdout] test tests::empty_board ... ok
[INFO] [stdout] [H[2J[3Jtest tests::move_validity ... ok
[INFO] [stdout] 
[INFO] [stdout] test result: ok. 6 passed; 0 failed; 0 ignored; 0 measured; 0 filtered out; finished in 0.00s
[INFO] [stdout] 
[INFO] [stdout] 
[INFO] [stdout] running 0 tests
[INFO] [stdout] 
[INFO] [stdout] test result: ok. 0 passed; 0 failed; 0 ignored; 0 measured; 0 filtered out; finished in 0.00s
[INFO] [stdout] 
[INFO] [stdout] 
[INFO] [stdout] running 6 tests
[INFO] [stdout] test src/reversi/board.rs - reversi::board::Board::status (line 233) ... FAILED
[INFO] [stdout] test src/reversi/board.rs - reversi::board::Field::all (line 37) ... FAILED
[INFO] [stdout] test src/reversi/board.rs - reversi::board::Board::count_pieces (line 186) ... FAILED
[INFO] [stdout] test src/reversi/board.rs - reversi::board::Board::turn (line 203) ... FAILED
[INFO] [stdout] test src/reversi/board.rs - reversi::board::Field::in_bounds (line 24) ... FAILED
[INFO] [stdout] test src/reversi/board.rs - reversi::board::Field::from_str (line 93) ... FAILED
[INFO] [stdout] 
[INFO] [stdout] failures:
[INFO] [stdout] 
[INFO] [stdout] ---- src/reversi/board.rs - reversi::board::Board::status (line 233) stdout ----
[INFO] [stdout] error[E0432]: unresolved import `reversi`
[INFO] [stdout]    --> src/reversi/board.rs:234:5
[INFO] [stdout]     |
[INFO] [stdout] 234 | use reversi::{Board, Field, Color, GameStatus};
[INFO] [stdout]     |     ^^^^^^^
[INFO] [stdout]     |
[INFO] [stdout] help: a similar path exists
[INFO] [stdout]     |
[INFO] [stdout] 234 | use reversi_game::reversi::{Board, Field, Color, GameStatus};
[INFO] [stdout]     |            ++++++++++++++
[INFO] [stdout] 
[INFO] [stdout] error: aborting due to 1 previous error
[INFO] [stdout] 
[INFO] [stdout] For more information about this error, try `rustc --explain E0432`.
[INFO] [stdout] Couldn't compile the test.
[INFO] [stdout] ---- src/reversi/board.rs - reversi::board::Field::all (line 37) stdout ----
[INFO] [stdout] error[E0432]: unresolved import `reversi`
[INFO] [stdout]   --> src/reversi/board.rs:38:5
[INFO] [stdout]    |
[INFO] [stdout] 38 | use reversi::Field;
[INFO] [stdout]    |     ^^^^^^^
[INFO] [stdout]    |
[INFO] [stdout] help: a similar path exists
[INFO] [stdout]    |
[INFO] [stdout] 38 | use reversi_game::reversi::Field;
[INFO] [stdout]    |            ++++++++++++++
[INFO] [stdout] 
[INFO] [stdout] error: aborting due to 1 previous error
[INFO] [stdout] 
[INFO] [stdout] For more information about this error, try `rustc --explain E0432`.
[INFO] [stdout] Couldn't compile the test.
[INFO] [stdout] ---- src/reversi/board.rs - reversi::board::Board::count_pieces (line 186) stdout ----
[INFO] [stdout] error[E0432]: unresolved import `reversi`
[INFO] [stdout]    --> src/reversi/board.rs:187:5
[INFO] [stdout]     |
[INFO] [stdout] 187 | use reversi::{Board, Field, Color};
[INFO] [stdout]     |     ^^^^^^^
[INFO] [stdout]     |
[INFO] [stdout] help: a similar path exists
[INFO] [stdout]     |
[INFO] [stdout] 187 | use reversi_game::reversi::{Board, Field, Color};
[INFO] [stdout]     |            ++++++++++++++
[INFO] [stdout] 
[INFO] [stdout] error: aborting due to 1 previous error
[INFO] [stdout] 
[INFO] [stdout] For more information about this error, try `rustc --explain E0432`.
[INFO] [stdout] Couldn't compile the test.
[INFO] [stdout] ---- src/reversi/board.rs - reversi::board::Board::turn (line 203) stdout ----
[INFO] [stdout] error[E0432]: unresolved import `reversi`
[INFO] [stdout]    --> src/reversi/board.rs:204:5
[INFO] [stdout]     |
[INFO] [stdout] 204 | use reversi::{Board, Field, Color};
[INFO] [stdout]     |     ^^^^^^^
[INFO] [stdout]     |
[INFO] [stdout] help: a similar path exists
[INFO] [stdout]     |
[INFO] [stdout] 204 | use reversi_game::reversi::{Board, Field, Color};
[INFO] [stdout]     |            ++++++++++++++
[INFO] [stdout] 
[INFO] [stdout] error: aborting due to 1 previous error
[INFO] [stdout] 
[INFO] [stdout] For more information about this error, try `rustc --explain E0432`.
[INFO] [stdout] Couldn't compile the test.
[INFO] [stdout] ---- src/reversi/board.rs - reversi::board::Field::in_bounds (line 24) stdout ----
[INFO] [stdout] error[E0432]: unresolved import `reversi`
[INFO] [stdout]   --> src/reversi/board.rs:25:5
[INFO] [stdout]    |
[INFO] [stdout] 25 | use reversi::Field;
[INFO] [stdout]    |     ^^^^^^^
[INFO] [stdout]    |
[INFO] [stdout] help: a similar path exists
[INFO] [stdout]    |
[INFO] [stdout] 25 | use reversi_game::reversi::Field;
[INFO] [stdout]    |            ++++++++++++++
[INFO] [stdout] 
[INFO] [stdout] error: aborting due to 1 previous error
[INFO] [stdout] 
[INFO] [stdout] For more information about this error, try `rustc --explain E0432`.
[INFO] [stdout] Couldn't compile the test.
[INFO] [stdout] ---- src/reversi/board.rs - reversi::board::Field::from_str (line 93) stdout ----
[INFO] [stdout] error[E0432]: unresolved import `reversi`
[INFO] [stdout]   --> src/reversi/board.rs:94:5
[INFO] [stdout]    |
[INFO] [stdout] 94 | use reversi::Field;
[INFO] [stdout]    |     ^^^^^^^
[INFO] [stdout]    |
[INFO] [stdout] help: a similar path exists
[INFO] [stdout]    |
[INFO] [stdout] 94 | use reversi_game::reversi::Field;
[INFO] [stdout]    |            ++++++++++++++
[INFO] [stdout] 
[INFO] [stdout] error: aborting due to 1 previous error
[INFO] [stdout] 
[INFO] [stdout] For more information about this error, try `rustc --explain E0432`.
[INFO] [stdout] Couldn't compile the test.
[INFO] [stdout] 
[INFO] [stdout] failures:
[INFO] [stdout]     src/reversi/board.rs - reversi::board::Board::count_pieces (line 186)
[INFO] [stdout]     src/reversi/board.rs - reversi::board::Board::status (line 233)
[INFO] [stdout]     src/reversi/board.rs - reversi::board::Board::turn (line 203)
[INFO] [stdout]     src/reversi/board.rs - reversi::board::Field::all (line 37)
[INFO] [stdout]     src/reversi/board.rs - reversi::board::Field::from_str (line 93)
[INFO] [stdout]     src/reversi/board.rs - reversi::board::Field::in_bounds (line 24)
[INFO] [stdout] 
[INFO] [stdout] test result: FAILED. 0 passed; 6 failed; 0 ignored; 0 measured; 0 filtered out; finished in 0.16s
[INFO] [stdout] 
[INFO] [stderr] error: doctest failed, to rerun pass `--doc`
[INFO] running `Command { std: "docker" "inspect" "cc49d3fb0e87254a7203ef4e9bfa56bb610461decb03a86ee0c9adf889ad8985", kill_on_drop: false }`
[INFO] running `Command { std: "docker" "rm" "-f" "cc49d3fb0e87254a7203ef4e9bfa56bb610461decb03a86ee0c9adf889ad8985", kill_on_drop: false }`
[INFO] [stdout] cc49d3fb0e87254a7203ef4e9bfa56bb610461decb03a86ee0c9adf889ad8985
