[INFO] fetching crate retroglyph-gl 0.4.1...
[INFO] testing retroglyph-gl-0.4.1 against 1.99.0-beta.8 for beta-1.100-2
[INFO] extracting crate retroglyph-gl 0.4.1 into /workspace/builds/worker-2-tc1/source
[INFO] started tweaking crates.io crate retroglyph-gl 0.4.1
[INFO] finished tweaking crates.io crate retroglyph-gl 0.4.1
[INFO] tweaked toml for crates.io crate retroglyph-gl 0.4.1 written to /workspace/builds/worker-2-tc1/source/Cargo.toml
[INFO] validating manifest of crates.io crate retroglyph-gl 0.4.1 on toolchain 1.99.0-beta.8
[INFO] running `Command { std: CARGO_HOME="/workspace/cargo-home" RUSTUP_HOME="/workspace/rustup-home" "/workspace/cargo-home/bin/cargo" "+1.99.0-beta.8" "metadata" "--manifest-path" "Cargo.toml" "--no-deps", kill_on_drop: false }`
[INFO] crate crates.io crate retroglyph-gl 0.4.1 already has a lockfile, it will not be regenerated
[INFO] running `Command { std: CARGO_HOME="/workspace/cargo-home" RUSTUP_HOME="/workspace/rustup-home" "/workspace/cargo-home/bin/cargo" "+1.99.0-beta.8" "fetch" "--manifest-path" "Cargo.toml", kill_on_drop: false }`
[INFO] [stderr]     Updating crates.io index
[INFO] [stderr]  Downloading crates ...
[INFO] [stderr]   Downloaded wasm-bindgen-test-shared v0.2.127
[INFO] [stderr]   Downloaded minicov v0.3.9
[INFO] [stderr]   Downloaded wasm-bindgen-test v0.3.77
[INFO] [stderr]   Downloaded wasm-bindgen-test-macro v0.3.77
[INFO] [stderr]   Downloaded retroglyph-window v0.6.1
[INFO] [stderr]   Downloaded ixy v0.7.1
[INFO] [stderr]   Downloaded grixy v0.7.0
[INFO] [stderr]   Downloaded alpha-blend v0.3.0
[INFO] [stderr]   Downloaded ixy v0.8.0
[INFO] [stderr]   Downloaded retroglyph-core v0.8.1
[INFO] [stderr]   Downloaded gem v0.2.2
[INFO] [stderr]   Downloaded glow v0.18.0
[INFO] running `Command { std: "docker" "create" "-v" "/var/lib/crater-agent-workspace/builds/worker-2-tc1/source:/opt/rustwide/workdir:ro,Z" "-v" "/var/lib/crater-agent-workspace/builds/worker-2-tc1/target:/opt/rustwide/target:rw,Z" "-v" "/var/lib/crater-agent-workspace/cargo-home:/opt/rustwide/cargo-home:ro,Z" "-v" "/var/lib/crater-agent-workspace/rustup-home:/opt/rustwide/rustup-home:ro,Z" "-m" "1610612736" "--network" "none" "ghcr.io/rust-lang/crates-build-env/linux@sha256:3111399a4047eeb3a02b7a90e478d715f38a8c6669b5c4b49d30a17385265909" "sleep" "infinity", kill_on_drop: false }`
[INFO] [stdout] 950afb5c44bcdc1a804ccbb444d6aa87f59c24a6d639da1f39798d3128e4b7b2
[INFO] running `Command { std: "docker" "start" "950afb5c44bcdc1a804ccbb444d6aa87f59c24a6d639da1f39798d3128e4b7b2", kill_on_drop: false }`
[INFO] running `Command { std: "docker" "inspect" "950afb5c44bcdc1a804ccbb444d6aa87f59c24a6d639da1f39798d3128e4b7b2", kill_on_drop: false }`
[INFO] running `Command { std: "docker" "exec" "-e" "SOURCE_DIR=/opt/rustwide/workdir" "-e" "CARGO_HOME=/opt/rustwide/cargo-home" "-e" "RUSTUP_HOME=/opt/rustwide/rustup-home" "-e" "CARGO_TARGET_DIR=/opt/rustwide/target" "-w" "/opt/rustwide/workdir" "--user" "0:0" "950afb5c44bcdc1a804ccbb444d6aa87f59c24a6d639da1f39798d3128e4b7b2" "/opt/rustwide/cargo-home/bin/cargo" "+1.99.0-beta.8" "metadata" "--no-deps" "--format-version=1", kill_on_drop: false }`
[INFO] running `Command { std: "docker" "inspect" "950afb5c44bcdc1a804ccbb444d6aa87f59c24a6d639da1f39798d3128e4b7b2", kill_on_drop: false }`
[INFO] running `Command { std: "docker" "exec" "-e" "SOURCE_DIR=/opt/rustwide/workdir" "-e" "CARGO_HOME=/opt/rustwide/cargo-home" "-e" "RUSTUP_HOME=/opt/rustwide/rustup-home" "-e" "CARGO_TARGET_DIR=/opt/rustwide/target" "-e" "CARGO_INCREMENTAL=0" "-e" "RUST_BACKTRACE=full" "-e" "RUSTFLAGS=--cap-lints=warn" "-e" "RUSTDOCFLAGS=--cap-lints=warn" "-w" "/opt/rustwide/workdir" "--user" "0:0" "950afb5c44bcdc1a804ccbb444d6aa87f59c24a6d639da1f39798d3128e4b7b2" "/opt/rustwide/cargo-home/bin/cargo" "+1.99.0-beta.8" "build" "--frozen" "--message-format=json", kill_on_drop: false }`
[INFO] [stderr]    Compiling khronos_api v3.1.0
[INFO] [stderr]    Compiling xml-rs v0.8.29
[INFO] [stderr]    Compiling rustix v1.1.4
[INFO] [stderr]    Compiling ixy v0.7.1
[INFO] [stderr]    Compiling ixy v0.8.0
[INFO] [stderr]    Compiling x11-dl v2.21.0
[INFO] [stderr]    Compiling wayland-sys v0.31.11
[INFO] [stderr]    Compiling glutin v0.32.3
[INFO] [stderr]    Compiling gem v0.2.2
[INFO] [stderr]    Compiling alpha-blend v0.3.0
[INFO] [stderr]    Compiling raw-window-handle v0.6.2
[INFO] [stderr]    Compiling glow v0.18.0
[INFO] [stderr]    Compiling parking_lot_core v0.9.12
[INFO] [stderr]    Compiling grixy v0.7.0
[INFO] [stderr]    Compiling parking_lot v0.12.5
[INFO] [stderr]    Compiling gl_generator v0.14.0
[INFO] [stderr]    Compiling retroglyph-core v0.8.1
[INFO] [stderr]    Compiling glutin_glx_sys v0.6.1
[INFO] [stderr]    Compiling glutin_egl_sys v0.7.1
[INFO] [stderr]    Compiling gethostname v1.1.0
[INFO] [stderr]    Compiling x11rb v0.13.2
[INFO] [stderr]    Compiling arboard v3.6.1
[INFO] [stderr]    Compiling retroglyph-window v0.6.1
[INFO] [stderr]    Compiling retroglyph-gl v0.4.1 (/opt/rustwide/workdir)
[INFO] [stderr]     Finished `dev` profile [unoptimized + debuginfo] target(s) in 9.34s
[INFO] running `Command { std: "docker" "inspect" "950afb5c44bcdc1a804ccbb444d6aa87f59c24a6d639da1f39798d3128e4b7b2", kill_on_drop: false }`
[INFO] running `Command { std: "docker" "exec" "-e" "SOURCE_DIR=/opt/rustwide/workdir" "-e" "CARGO_HOME=/opt/rustwide/cargo-home" "-e" "RUSTUP_HOME=/opt/rustwide/rustup-home" "-e" "CARGO_TARGET_DIR=/opt/rustwide/target" "-e" "CARGO_INCREMENTAL=0" "-e" "RUST_BACKTRACE=full" "-e" "RUSTFLAGS=--cap-lints=warn" "-e" "RUSTDOCFLAGS=--cap-lints=warn" "-w" "/opt/rustwide/workdir" "--user" "0:0" "950afb5c44bcdc1a804ccbb444d6aa87f59c24a6d639da1f39798d3128e4b7b2" "/opt/rustwide/cargo-home/bin/cargo" "+1.99.0-beta.8" "test" "--frozen" "--no-run" "--message-format=json", kill_on_drop: false }`
[INFO] [stderr]    Compiling rustix v1.1.4
[INFO] [stderr]    Compiling smallvec v1.15.2
[INFO] [stderr]    Compiling find-msvc-tools v0.1.11
[INFO] [stderr]    Compiling memchr v2.8.3
[INFO] [stderr]    Compiling bytemuck v1.25.2
[INFO] [stderr]    Compiling xcursor v0.3.11
[INFO] [stderr]    Compiling zerocopy v0.8.56
[INFO] [stderr]    Compiling rustix v0.38.44
[INFO] [stderr]    Compiling smithay-client-toolkit v0.19.2
[INFO] [stderr]    Compiling strict-num v0.1.1
[INFO] [stderr]    Compiling xkeysym v0.2.1
[INFO] [stderr]    Compiling getrandom v0.3.4
[INFO] [stderr]    Compiling syn v2.0.119
[INFO] [stderr]    Compiling cursor-icon v1.2.0
[INFO] [stderr]    Compiling ttf-parser v0.25.1
[INFO] [stderr]    Compiling ahash v0.8.12
[INFO] [stderr]    Compiling x11rb-protocol v0.13.2
[INFO] [stderr]    Compiling as-raw-xcb-connection v1.0.1
[INFO] [stderr]    Compiling ab_glyph_rasterizer v0.1.10
[INFO] [stderr]    Compiling parking_lot_core v0.9.12
[INFO] [stderr]    Compiling cc v1.4.4
[INFO] [stderr]    Compiling winit v0.30.13
[INFO] [stderr]    Compiling tiny-skia-path v0.11.4
[INFO] [stderr]    Compiling tracing-core v0.1.36
[INFO] [stderr]    Compiling quick-xml v0.41.0
[INFO] [stderr]    Compiling parking_lot v0.12.5
[INFO] [stderr]    Compiling smol_str v0.2.2
[INFO] [stderr]    Compiling dpi v0.1.2
[INFO] [stderr]    Compiling flate2 v1.1.9
[INFO] [stderr]    Compiling pxfm v0.1.30
[INFO] [stderr]    Compiling glutin v0.32.3
[INFO] [stderr]    Compiling png v0.18.1
[INFO] [stderr]    Compiling tracing v0.1.44
[INFO] [stderr]    Compiling tiny-skia v0.11.4
[INFO] [stderr]    Compiling xkbcommon-dl v0.4.2
[INFO] [stderr]    Compiling owned_ttf_parser v0.25.1
[INFO] [stderr]    Compiling ab_glyph v0.2.32
[INFO] [stderr]    Compiling wayland-scanner v0.31.11
[INFO] [stderr]    Compiling wayland-backend v0.3.17
[INFO] [stderr]    Compiling thiserror-impl v1.0.69
[INFO] [stderr]    Compiling moxcms v0.8.1
[INFO] [stderr]    Compiling thiserror v1.0.69
[INFO] [stderr]    Compiling polling v3.11.0
[INFO] [stderr]    Compiling gethostname v1.1.0
[INFO] [stderr]    Compiling calloop v0.13.0
[INFO] [stderr]    Compiling wayland-client v0.31.15
[INFO] [stderr]    Compiling wayland-csd-frame v0.3.0
[INFO] [stderr]    Compiling image v0.25.10
[INFO] [stderr]    Compiling wayland-protocols v0.32.13
[INFO] [stderr]    Compiling calloop-wayland-source v0.3.0
[INFO] [stderr]    Compiling wayland-cursor v0.31.14
[INFO] [stderr]    Compiling x11rb v0.13.2
[INFO] [stderr]    Compiling wayland-protocols-wlr v0.3.12
[INFO] [stderr]    Compiling wayland-protocols-plasma v0.3.12
[INFO] [stderr]    Compiling arboard v3.6.1
[INFO] [stderr]    Compiling sctk-adwaita v0.10.1
[INFO] [stderr]    Compiling retroglyph-window v0.6.1
[INFO] [stderr]    Compiling retroglyph-gl v0.4.1 (/opt/rustwide/workdir)
[INFO] [stderr]     Finished `test` profile [unoptimized + debuginfo] target(s) in 45.99s
[INFO] running `Command { std: "docker" "inspect" "950afb5c44bcdc1a804ccbb444d6aa87f59c24a6d639da1f39798d3128e4b7b2", kill_on_drop: false }`
[INFO] running `Command { std: "docker" "exec" "-e" "SOURCE_DIR=/opt/rustwide/workdir" "-e" "CARGO_HOME=/opt/rustwide/cargo-home" "-e" "RUSTUP_HOME=/opt/rustwide/rustup-home" "-e" "CARGO_TARGET_DIR=/opt/rustwide/target" "-e" "CARGO_INCREMENTAL=0" "-e" "RUST_BACKTRACE=full" "-e" "RUSTFLAGS=--cap-lints=warn" "-e" "RUSTDOCFLAGS=--cap-lints=warn" "-w" "/opt/rustwide/workdir" "--user" "0:0" "950afb5c44bcdc1a804ccbb444d6aa87f59c24a6d639da1f39798d3128e4b7b2" "/opt/rustwide/cargo-home/bin/cargo" "+1.99.0-beta.8" "test" "--frozen", kill_on_drop: false }`
[INFO] [stderr]     Finished `test` profile [unoptimized + debuginfo] target(s) in 0.29s
[INFO] [stderr]      Running unittests src/lib.rs (/opt/rustwide/target/debug/deps/retroglyph_gl-f5a430b1dbdc2151)
[INFO] [stdout] 
[INFO] [stdout] running 8 tests
[INFO] [stdout] test renderer::tests::instance_layout_matches_vertex_attrib_offsets ... ok
[INFO] [stdout] test shaders::tests::fragment_splits_background_and_glyph_passes ... ok
[INFO] [stdout] test shaders::tests::es_vertex_omits_sampler_precision ... ok
[INFO] [stderr]    Doc-tests retroglyph_gl
[INFO] [stdout] test shaders::tests::es_fragment_has_precision_and_sampler_precision ... ok
[INFO] [stdout] test shaders::tests::compositing_flags_discard_transparent_and_empty_cells ... ok
[INFO] [stdout] test shaders::tests::vertex_offsets_the_glyph_quad_only_on_the_glyph_pass ... ok
[INFO] [stdout] test config::tests::presenter_builder_impl_forwards_to_the_inherent_methods ... ok
[INFO] [stdout] test shaders::tests::desktop_header_is_330_core ... ok
[INFO] [stdout] 
[INFO] [stdout] test result: ok. 8 passed; 0 failed; 0 ignored; 0 measured; 0 filtered out; finished in 0.01s
[INFO] [stdout] 
[INFO] [stdout] 
[INFO] [stdout] running 3 tests
[INFO] [stdout] test src/config.rs - config::GlBackendBuilder::font (line 171) - compile ... FAILED
[INFO] [stdout] test src/../README.md - ReadmeDoctests (line 23) - compile ... ok
[INFO] [stdout] test src/config.rs - config::GlBackendBuilder (line 85) - compile ... ok
[INFO] [stdout] 
[INFO] [stdout] failures:
[INFO] [stdout] 
[INFO] [stdout] ---- src/config.rs - config::GlBackendBuilder::font (line 171) stdout ----
[INFO] [stdout] error[E0432]: unresolved import `retroglyph_window::font::unscii16`
[INFO] [stdout]    --> src/config.rs:174:54
[INFO] [stdout]     |
[INFO] [stdout] 174 | use retroglyph_window::font::{BitmapFont, FontChain, unscii16};
[INFO] [stdout]     |                                                      ^^^^^^^^ no `unscii16` in `font`
[INFO] [stdout]     |
[INFO] [stdout] note: found an item that was configured out
[INFO] [stdout]    --> /opt/rustwide/cargo-home/registry/src/index.crates.io-1949cf8c6b5b557f/retroglyph-window-0.6.1/src/font.rs:418:9
[INFO] [stdout]     |
[INFO] [stdout] 417 | #[cfg(feature = "default-font")]
[INFO] [stdout]     |       ------------------------ the item is gated behind the `default-font` feature
[INFO] [stdout] 418 | pub mod unscii16 {
[INFO] [stdout]     |         ^^^^^^^^
[INFO] [stdout] 
[INFO] [stdout] error: aborting due to 1 previous error
[INFO] [stdout] 
[INFO] [stdout] For more information about this error, try `rustc --explain E0432`.
[INFO] [stdout] Couldn't compile the test.
[INFO] [stdout] 
[INFO] [stdout] failures:
[INFO] [stdout]     src/config.rs - config::GlBackendBuilder::font (line 171)
[INFO] [stdout] 
[INFO] [stdout] test result: FAILED. 2 passed; 1 failed; 0 ignored; 0 measured; 0 filtered out; finished in 0.15s
[INFO] [stdout] 
[INFO] [stdout] all doctests ran in 0.27s; merged doctests compilation took 0.12s
[INFO] [stderr] error: doctest failed, to rerun pass `--doc`
[INFO] running `Command { std: "docker" "inspect" "950afb5c44bcdc1a804ccbb444d6aa87f59c24a6d639da1f39798d3128e4b7b2", kill_on_drop: false }`
[INFO] running `Command { std: "docker" "rm" "-f" "950afb5c44bcdc1a804ccbb444d6aa87f59c24a6d639da1f39798d3128e4b7b2", kill_on_drop: false }`
[INFO] [stdout] 950afb5c44bcdc1a804ccbb444d6aa87f59c24a6d639da1f39798d3128e4b7b2
