[INFO] fetching crate repo_path 1.4.1...
[INFO] testing repo_path-1.4.1 against 1.99.0-beta.8 for beta-1.100-2
[INFO] extracting crate repo_path 1.4.1 into /workspace/builds/worker-2-tc1/source
[INFO] started tweaking crates.io crate repo_path 1.4.1
[INFO] finished tweaking crates.io crate repo_path 1.4.1
[INFO] tweaked toml for crates.io crate repo_path 1.4.1 written to /workspace/builds/worker-2-tc1/source/Cargo.toml
[INFO] validating manifest of crates.io crate repo_path 1.4.1 on toolchain 1.99.0-beta.8
[INFO] running `Command { std: CARGO_HOME="/workspace/cargo-home" RUSTUP_HOME="/workspace/rustup-home" "/workspace/cargo-home/bin/cargo" "+1.99.0-beta.8" "metadata" "--manifest-path" "Cargo.toml" "--no-deps", kill_on_drop: false }`
[INFO] crate crates.io crate repo_path 1.4.1 already has a lockfile, it will not be regenerated
[INFO] running `Command { std: CARGO_HOME="/workspace/cargo-home" RUSTUP_HOME="/workspace/rustup-home" "/workspace/cargo-home/bin/cargo" "+1.99.0-beta.8" "fetch" "--manifest-path" "Cargo.toml", kill_on_drop: false }`
[INFO] [stderr]     Updating crates.io index
[INFO] [stderr]  Downloading crates ...
[INFO] [stderr]   Downloaded repo_path_lib v1.4.1
[INFO] [stderr]   Downloaded quote v1.0.44
[INFO] [stderr]   Downloaded repo_path_macro v1.4.1
[INFO] [stderr]   Downloaded cc v1.2.55
[INFO] [stderr]   Downloaded libz-sys v1.1.23
[INFO] [stderr]   Downloaded libgit2-sys v0.18.3+1.9.2
[INFO] running `Command { std: "docker" "create" "-v" "/var/lib/crater-agent-workspace/builds/worker-2-tc1/source:/opt/rustwide/workdir:ro,Z" "-v" "/var/lib/crater-agent-workspace/builds/worker-2-tc1/target:/opt/rustwide/target:rw,Z" "-v" "/var/lib/crater-agent-workspace/cargo-home:/opt/rustwide/cargo-home:ro,Z" "-v" "/var/lib/crater-agent-workspace/rustup-home:/opt/rustwide/rustup-home:ro,Z" "-m" "1610612736" "--network" "none" "ghcr.io/rust-lang/crates-build-env/linux@sha256:3111399a4047eeb3a02b7a90e478d715f38a8c6669b5c4b49d30a17385265909" "sleep" "infinity", kill_on_drop: false }`
[INFO] [stdout] a04bf50de36932701138b0254e04d74b14fa7134c3152124022111cf461ecb71
[INFO] running `Command { std: "docker" "start" "a04bf50de36932701138b0254e04d74b14fa7134c3152124022111cf461ecb71", kill_on_drop: false }`
[INFO] running `Command { std: "docker" "inspect" "a04bf50de36932701138b0254e04d74b14fa7134c3152124022111cf461ecb71", kill_on_drop: false }`
[INFO] running `Command { std: "docker" "exec" "-e" "SOURCE_DIR=/opt/rustwide/workdir" "-e" "CARGO_HOME=/opt/rustwide/cargo-home" "-e" "RUSTUP_HOME=/opt/rustwide/rustup-home" "-e" "CARGO_TARGET_DIR=/opt/rustwide/target" "-w" "/opt/rustwide/workdir" "--user" "0:0" "a04bf50de36932701138b0254e04d74b14fa7134c3152124022111cf461ecb71" "/opt/rustwide/cargo-home/bin/cargo" "+1.99.0-beta.8" "metadata" "--no-deps" "--format-version=1", kill_on_drop: false }`
[INFO] running `Command { std: "docker" "inspect" "a04bf50de36932701138b0254e04d74b14fa7134c3152124022111cf461ecb71", kill_on_drop: false }`
[INFO] running `Command { std: "docker" "exec" "-e" "SOURCE_DIR=/opt/rustwide/workdir" "-e" "CARGO_HOME=/opt/rustwide/cargo-home" "-e" "RUSTUP_HOME=/opt/rustwide/rustup-home" "-e" "CARGO_TARGET_DIR=/opt/rustwide/target" "-e" "CARGO_INCREMENTAL=0" "-e" "RUST_BACKTRACE=full" "-e" "RUSTFLAGS=--cap-lints=warn" "-e" "RUSTDOCFLAGS=--cap-lints=warn" "-w" "/opt/rustwide/workdir" "--user" "0:0" "a04bf50de36932701138b0254e04d74b14fa7134c3152124022111cf461ecb71" "/opt/rustwide/cargo-home/bin/cargo" "+1.99.0-beta.8" "build" "--frozen" "--message-format=json", kill_on_drop: false }`
[INFO] [stderr]    Compiling libc v0.2.180
[INFO] [stderr]    Compiling pkg-config v0.3.32
[INFO] [stderr]    Compiling quote v1.0.44
[INFO] [stderr]    Compiling repo_path_lib v1.4.1
[INFO] [stderr]    Compiling dunce v1.0.5
[INFO] [stderr]    Compiling proc-macro2 v1.0.106
[INFO] [stderr]    Compiling syn v2.0.114
[INFO] [stderr]    Compiling jobserver v0.1.34
[INFO] [stderr]    Compiling cc v1.2.55
[INFO] [stderr]    Compiling libz-sys v1.1.23
[INFO] [stderr]    Compiling libgit2-sys v0.18.3+1.9.2
[INFO] [stderr]    Compiling repo_path_macro v1.4.1
[INFO] [stderr]    Compiling repo_path v1.4.1 (/opt/rustwide/workdir)
[INFO] [stderr]     Finished `dev` profile [unoptimized + debuginfo] target(s) in 19.50s
[INFO] running `Command { std: "docker" "inspect" "a04bf50de36932701138b0254e04d74b14fa7134c3152124022111cf461ecb71", kill_on_drop: false }`
[INFO] running `Command { std: "docker" "exec" "-e" "SOURCE_DIR=/opt/rustwide/workdir" "-e" "CARGO_HOME=/opt/rustwide/cargo-home" "-e" "RUSTUP_HOME=/opt/rustwide/rustup-home" "-e" "CARGO_TARGET_DIR=/opt/rustwide/target" "-e" "CARGO_INCREMENTAL=0" "-e" "RUST_BACKTRACE=full" "-e" "RUSTFLAGS=--cap-lints=warn" "-e" "RUSTDOCFLAGS=--cap-lints=warn" "-w" "/opt/rustwide/workdir" "--user" "0:0" "a04bf50de36932701138b0254e04d74b14fa7134c3152124022111cf461ecb71" "/opt/rustwide/cargo-home/bin/cargo" "+1.99.0-beta.8" "test" "--frozen" "--no-run" "--message-format=json", kill_on_drop: false }`
[INFO] [stderr]    Compiling repo_path v1.4.1 (/opt/rustwide/workdir)
[INFO] [stderr]     Finished `test` profile [unoptimized + debuginfo] target(s) in 0.30s
[INFO] running `Command { std: "docker" "inspect" "a04bf50de36932701138b0254e04d74b14fa7134c3152124022111cf461ecb71", kill_on_drop: false }`
[INFO] running `Command { std: "docker" "exec" "-e" "SOURCE_DIR=/opt/rustwide/workdir" "-e" "CARGO_HOME=/opt/rustwide/cargo-home" "-e" "RUSTUP_HOME=/opt/rustwide/rustup-home" "-e" "CARGO_TARGET_DIR=/opt/rustwide/target" "-e" "CARGO_INCREMENTAL=0" "-e" "RUST_BACKTRACE=full" "-e" "RUSTFLAGS=--cap-lints=warn" "-e" "RUSTDOCFLAGS=--cap-lints=warn" "-w" "/opt/rustwide/workdir" "--user" "0:0" "a04bf50de36932701138b0254e04d74b14fa7134c3152124022111cf461ecb71" "/opt/rustwide/cargo-home/bin/cargo" "+1.99.0-beta.8" "test" "--frozen", kill_on_drop: false }`
[INFO] [stderr]     Finished `test` profile [unoptimized + debuginfo] target(s) in 0.03s
[INFO] [stderr]      Running unittests src/lib.rs (/opt/rustwide/target/debug/deps/repo_path-11caff6511ea9dee)
[INFO] [stdout] 
[INFO] [stdout] running 0 tests
[INFO] [stdout] 
[INFO] [stdout] test result: ok. 0 passed; 0 failed; 0 ignored; 0 measured; 0 filtered out; finished in 0.00s
[INFO] [stdout] 
[INFO] [stderr]    Doc-tests repo_path
[INFO] [stdout] 
[INFO] [stdout] running 4 tests
[INFO] [stdout] test src/lib.rs - (line 17) - compile fail ... ok
[INFO] [stdout] test src/lib.rs - custom_base_path_macro (line 14) ... FAILED
[INFO] [stdout] test src/lib.rs - (line 30) ... FAILED
[INFO] [stdout] test src/lib.rs - (line 6) ... FAILED
[INFO] [stdout] 
[INFO] [stdout] failures:
[INFO] [stdout] 
[INFO] [stdout] ---- src/lib.rs - custom_base_path_macro (line 14) stdout ----
[INFO] [stdout] error: proc macro panicked
[INFO] [stdout]   --> src/lib.rs:19:12
[INFO] [stdout]    |
[INFO] [stdout] 19 | let file = assets_path!("file.txt");
[INFO] [stdout]    |            ^^^^^^^^^^^^^^^^^^^^^^^^
[INFO] [stdout]    |
[INFO] [stdout]    = help: message: Process should be running in a Git repository: NoRepoRootFound { start_path: "/opt/rustwide/workdir", errors_while_traversing: [] }
[INFO] [stdout]    = note: this error originates in the macro `assets_path` (in Nightly builds, run with -Z macro-backtrace for more info)
[INFO] [stdout] 
[INFO] [stdout] error: aborting due to 1 previous error
[INFO] [stdout] 
[INFO] [stdout] Couldn't compile the test.
[INFO] [stdout] ---- src/lib.rs - (line 30) stdout ----
[INFO] [stdout] error: proc macro panicked
[INFO] [stdout]   --> src/lib.rs:35:12
[INFO] [stdout]    |
[INFO] [stdout] 35 | let file = assets_path!("file.txt");
[INFO] [stdout]    |            ^^^^^^^^^^^^^^^^^^^^^^^^
[INFO] [stdout]    |
[INFO] [stdout]    = help: message: Process should be running in a Git repository: NoRepoRootFound { start_path: "/opt/rustwide/workdir", errors_while_traversing: [] }
[INFO] [stdout]    = note: this error originates in the macro `assets_path` (in Nightly builds, run with -Z macro-backtrace for more info)
[INFO] [stdout] 
[INFO] [stdout] error: aborting due to 1 previous error
[INFO] [stdout] 
[INFO] [stdout] Couldn't compile the test.
[INFO] [stdout] ---- src/lib.rs - (line 6) stdout ----
[INFO] [stdout] error: proc macro panicked
[INFO] [stdout]   --> src/lib.rs:10:14
[INFO] [stdout]    |
[INFO] [stdout] 10 | let readme = repo_path!("README.md");
[INFO] [stdout]    |              ^^^^^^^^^^^^^^^^^^^^^^^
[INFO] [stdout]    |
[INFO] [stdout]    = help: message: Process should be running in a Git repository: NoRepoRootFound { start_path: "/opt/rustwide/workdir", errors_while_traversing: [] }
[INFO] [stdout] 
[INFO] [stdout] error: proc macro panicked
[INFO] [stdout]   --> src/lib.rs:11:18
[INFO] [stdout]    |
[INFO] [stdout] 11 | let assets_dir = repo_path!("assets/");
[INFO] [stdout]    |                  ^^^^^^^^^^^^^^^^^^^^^
[INFO] [stdout]    |
[INFO] [stdout]    = help: message: LazyLock instance has previously been poisoned
[INFO] [stdout] 
[INFO] [stdout] error: proc macro panicked
[INFO] [stdout]   --> src/lib.rs:12:17
[INFO] [stdout]    |
[INFO] [stdout] 12 | let repo_root = repo_path!();
[INFO] [stdout]    |                 ^^^^^^^^^^^^
[INFO] [stdout]    |
[INFO] [stdout]    = help: message: LazyLock instance has previously been poisoned
[INFO] [stdout] 
[INFO] [stdout] error: aborting due to 3 previous errors
[INFO] [stdout] 
[INFO] [stdout] Couldn't compile the test.
[INFO] [stdout] 
[INFO] [stdout] failures:
[INFO] [stdout]     src/lib.rs - (line 30)
[INFO] [stdout]     src/lib.rs - (line 6)
[INFO] [stdout]     src/lib.rs - custom_base_path_macro (line 14)
[INFO] [stdout] 
[INFO] [stdout] test result: FAILED. 1 passed; 3 failed; 0 ignored; 0 measured; 0 filtered out; finished in 0.13s
[INFO] [stdout] 
[INFO] [stderr] error: doctest failed, to rerun pass `--doc`
[INFO] running `Command { std: "docker" "inspect" "a04bf50de36932701138b0254e04d74b14fa7134c3152124022111cf461ecb71", kill_on_drop: false }`
[INFO] running `Command { std: "docker" "rm" "-f" "a04bf50de36932701138b0254e04d74b14fa7134c3152124022111cf461ecb71", kill_on_drop: false }`
[INFO] [stdout] a04bf50de36932701138b0254e04d74b14fa7134c3152124022111cf461ecb71
