[INFO] fetching crate repe 13.0.0...
[INFO] testing repe-13.0.0 against 1.99.0-beta.8 for beta-1.100-2
[INFO] extracting crate repe 13.0.0 into /workspace/builds/worker-7-tc1/source
[INFO] started tweaking crates.io crate repe 13.0.0
[INFO] removed 0 missing examples
[INFO] removed 0 missing tests
[INFO] finished tweaking crates.io crate repe 13.0.0
[INFO] tweaked toml for crates.io crate repe 13.0.0 written to /workspace/builds/worker-7-tc1/source/Cargo.toml
[INFO] validating manifest of crates.io crate repe 13.0.0 on toolchain 1.99.0-beta.8
[INFO] running `Command { std: CARGO_HOME="/workspace/cargo-home" RUSTUP_HOME="/workspace/rustup-home" "/workspace/cargo-home/bin/cargo" "+1.99.0-beta.8" "metadata" "--manifest-path" "Cargo.toml" "--no-deps", kill_on_drop: false }`
[INFO] crate crates.io crate repe 13.0.0 already has a lockfile, it will not be regenerated
[INFO] running `Command { std: CARGO_HOME="/workspace/cargo-home" RUSTUP_HOME="/workspace/rustup-home" "/workspace/cargo-home/bin/cargo" "+1.99.0-beta.8" "fetch" "--manifest-path" "Cargo.toml", kill_on_drop: false }`
[INFO] [stderr]     Blocking waiting for file lock on package cache
[INFO] [stderr]     Updating crates.io index
[INFO] [stderr]  Downloading crates ...
[INFO] [stderr]   Downloaded repe-derive v0.7.0
[INFO] [stderr]   Downloaded repe-core v4.0.0
[INFO] [stderr]   Downloaded reed-solomon-engine v0.2.0
[INFO] [stderr]   Downloaded benchit v0.1.2
[INFO] [stderr]   Downloaded clap_complete v4.6.2
[INFO] [stderr]   Downloaded uniudp v1.2.2
[INFO] [stderr]   Downloaded indexmap v2.12.0
[INFO] [stderr]   Downloaded h2 v0.4.19
[INFO] [stderr]   Downloaded structio v0.3.1
[INFO] [stderr]   Downloaded zstandard v0.1.1
[INFO] [stderr]   Downloaded libc v0.2.187
[INFO] running `Command { std: "docker" "create" "-v" "/var/lib/crater-agent-workspace/builds/worker-7-tc1/source:/opt/rustwide/workdir:ro,Z" "-v" "/var/lib/crater-agent-workspace/builds/worker-7-tc1/target:/opt/rustwide/target:rw,Z" "-v" "/var/lib/crater-agent-workspace/cargo-home:/opt/rustwide/cargo-home:ro,Z" "-v" "/var/lib/crater-agent-workspace/rustup-home:/opt/rustwide/rustup-home:ro,Z" "-m" "1610612736" "--network" "none" "ghcr.io/rust-lang/crates-build-env/linux@sha256:3111399a4047eeb3a02b7a90e478d715f38a8c6669b5c4b49d30a17385265909" "sleep" "infinity", kill_on_drop: false }`
[INFO] [stdout] 81f2ef3d06020897253bc20b3adc034dc2bce693c94d31b66c210221eb3b6bc9
[INFO] running `Command { std: "docker" "start" "81f2ef3d06020897253bc20b3adc034dc2bce693c94d31b66c210221eb3b6bc9", kill_on_drop: false }`
[INFO] running `Command { std: "docker" "inspect" "81f2ef3d06020897253bc20b3adc034dc2bce693c94d31b66c210221eb3b6bc9", kill_on_drop: false }`
[INFO] running `Command { std: "docker" "exec" "-e" "SOURCE_DIR=/opt/rustwide/workdir" "-e" "CARGO_HOME=/opt/rustwide/cargo-home" "-e" "RUSTUP_HOME=/opt/rustwide/rustup-home" "-e" "CARGO_TARGET_DIR=/opt/rustwide/target" "-w" "/opt/rustwide/workdir" "--user" "0:0" "81f2ef3d06020897253bc20b3adc034dc2bce693c94d31b66c210221eb3b6bc9" "/opt/rustwide/cargo-home/bin/cargo" "+1.99.0-beta.8" "metadata" "--no-deps" "--format-version=1", kill_on_drop: false }`
[INFO] running `Command { std: "docker" "inspect" "81f2ef3d06020897253bc20b3adc034dc2bce693c94d31b66c210221eb3b6bc9", kill_on_drop: false }`
[INFO] running `Command { std: "docker" "exec" "-e" "SOURCE_DIR=/opt/rustwide/workdir" "-e" "CARGO_HOME=/opt/rustwide/cargo-home" "-e" "RUSTUP_HOME=/opt/rustwide/rustup-home" "-e" "CARGO_TARGET_DIR=/opt/rustwide/target" "-e" "CARGO_INCREMENTAL=0" "-e" "RUST_BACKTRACE=full" "-e" "RUSTFLAGS=--cap-lints=warn" "-e" "RUSTDOCFLAGS=--cap-lints=warn" "-w" "/opt/rustwide/workdir" "--user" "0:0" "81f2ef3d06020897253bc20b3adc034dc2bce693c94d31b66c210221eb3b6bc9" "/opt/rustwide/cargo-home/bin/cargo" "+1.99.0-beta.8" "build" "--frozen" "--message-format=json", kill_on_drop: false }`
[INFO] [stderr]    Compiling syn v2.0.106
[INFO] [stderr]    Compiling libc v0.2.187
[INFO] [stderr]    Compiling hashbrown v0.16.0
[INFO] [stderr]    Compiling equivalent v1.0.2
[INFO] [stderr]    Compiling winnow v0.5.40
[INFO] [stderr]    Compiling toml_datetime v0.6.11
[INFO] [stderr]    Compiling once_cell v1.21.3
[INFO] [stderr]    Compiling pin-project-lite v0.2.16
[INFO] [stderr]    Compiling structio v0.3.1
[INFO] [stderr]    Compiling bytes v1.10.1
[INFO] [stderr]    Compiling thiserror v1.0.69
[INFO] [stderr]    Compiling indexmap v2.12.0
[INFO] [stderr]    Compiling socket2 v0.6.0
[INFO] [stderr]    Compiling mio v1.2.2
[INFO] [stderr]    Compiling toml_edit v0.19.15
[INFO] [stderr]    Compiling thiserror-impl v1.0.69
[INFO] [stderr]    Compiling tokio-macros v2.5.0
[INFO] [stderr]    Compiling tokio v1.47.1
[INFO] [stderr]    Compiling proc-macro-crate v1.3.1
[INFO] [stderr]    Compiling repe-derive v0.7.0
[INFO] [stderr]    Compiling repe-core v4.0.0
[INFO] [stderr]    Compiling repe v13.0.0 (/opt/rustwide/workdir)
[INFO] [stderr]     Finished `dev` profile [unoptimized + debuginfo] target(s) in 14.22s
[INFO] running `Command { std: "docker" "inspect" "81f2ef3d06020897253bc20b3adc034dc2bce693c94d31b66c210221eb3b6bc9", kill_on_drop: false }`
[INFO] running `Command { std: "docker" "exec" "-e" "SOURCE_DIR=/opt/rustwide/workdir" "-e" "CARGO_HOME=/opt/rustwide/cargo-home" "-e" "RUSTUP_HOME=/opt/rustwide/rustup-home" "-e" "CARGO_TARGET_DIR=/opt/rustwide/target" "-e" "CARGO_INCREMENTAL=0" "-e" "RUST_BACKTRACE=full" "-e" "RUSTFLAGS=--cap-lints=warn" "-e" "RUSTDOCFLAGS=--cap-lints=warn" "-w" "/opt/rustwide/workdir" "--user" "0:0" "81f2ef3d06020897253bc20b3adc034dc2bce693c94d31b66c210221eb3b6bc9" "/opt/rustwide/cargo-home/bin/cargo" "+1.99.0-beta.8" "test" "--frozen" "--no-run" "--message-format=json", kill_on_drop: false }`
[INFO] [stderr]    Compiling jobserver v0.1.34
[INFO] [stderr]    Compiling shlex v2.0.1
[INFO] [stderr]    Compiling pkg-config v0.3.33
[INFO] [stderr]    Compiling zerocopy v0.8.27
[INFO] [stderr]    Compiling cfg-if v1.0.3
[INFO] [stderr]    Compiling zstd-safe v7.2.4
[INFO] [stderr]    Compiling benchit v0.1.2
[INFO] [stderr]    Compiling getrandom v0.2.16
[INFO] [stderr]    Compiling cc v1.2.63
[INFO] [stderr]    Compiling rand_core v0.6.4
[INFO] [stderr]    Compiling zstd-sys v2.0.16+zstd.1.5.7
[INFO] [stderr]    Compiling ppv-lite86 v0.2.21
[INFO] [stderr]    Compiling rand_chacha v0.3.1
[INFO] [stderr]    Compiling rand v0.8.5
[INFO] [stderr]    Compiling zstd v0.13.3
[INFO] [stderr]    Compiling repe v13.0.0 (/opt/rustwide/workdir)
[INFO] [stderr]     Finished `test` profile [unoptimized + debuginfo] target(s) in 25.34s
[INFO] running `Command { std: "docker" "inspect" "81f2ef3d06020897253bc20b3adc034dc2bce693c94d31b66c210221eb3b6bc9", kill_on_drop: false }`
[INFO] running `Command { std: "docker" "exec" "-e" "SOURCE_DIR=/opt/rustwide/workdir" "-e" "CARGO_HOME=/opt/rustwide/cargo-home" "-e" "RUSTUP_HOME=/opt/rustwide/rustup-home" "-e" "CARGO_TARGET_DIR=/opt/rustwide/target" "-e" "CARGO_INCREMENTAL=0" "-e" "RUST_BACKTRACE=full" "-e" "RUSTFLAGS=--cap-lints=warn" "-e" "RUSTDOCFLAGS=--cap-lints=warn" "-w" "/opt/rustwide/workdir" "--user" "0:0" "81f2ef3d06020897253bc20b3adc034dc2bce693c94d31b66c210221eb3b6bc9" "/opt/rustwide/cargo-home/bin/cargo" "+1.99.0-beta.8" "test" "--frozen", kill_on_drop: false }`
[INFO] [stderr]     Finished `test` profile [unoptimized + debuginfo] target(s) in 0.09s
[INFO] [stderr]      Running unittests src/lib.rs (/opt/rustwide/target/debug/deps/repe-074f965caadce870)
[INFO] [stdout] 
[INFO] [stdout] running 144 tests
[INFO] [stdout] test io::tests::streaming_beve_body_zero_buffer_via_serialized_size ... ok
[INFO] [stdout] test error::tests::to_error_code_matches_variants ... ok
[INFO] [stdout] test async_server::tests::async_server_with_async_client ... ok
[INFO] [stdout] test header::tests::decode_detects_length_mismatch ... ok
[INFO] [stdout] test header::tests::decode_rejects_invalid_spec_but_ignores_reserved ... ok
[INFO] [stdout] test io::tests::read_message_unexpected_eof ... ok
[INFO] [stdout] test io::tests::read_write_roundtrip ... ok
[INFO] [stdout] test json_pointer::tests::a_relative_pointer_is_rejected ... ok
[INFO] [stdout] test client::tests::batch_worker_count_is_bounded ... ok
[INFO] [stdout] test json_pointer::tests::both_spellings_of_the_root_parse_to_no_tokens ... ok
[INFO] [stdout] test json_pointer::tests::escaping_and_unescaping_are_inverse ... ok
[INFO] [stdout] test json_pointer::tests::a_malformed_escape_is_rejected ... ok
[INFO] [stdout] test message::tests::aligned_body_builder_header_and_payload_round_trip ... ok
[INFO] [stdout] test io::tests::streaming_body_writer_error_keeps_repe_error_variant ... ok
[INFO] [stdout] test async_io::tests::async_read_write_roundtrip ... ok
[INFO] [stdout] test io::tests::write_message_streaming_with_empty_query_and_body ... ok
[INFO] [stdout] test io::tests::streaming_beve_body_via_reused_scratch ... ok
[INFO] [stdout] test error::tests::new_error_codes_round_trip_on_the_wire ... ok
[INFO] [stdout] test io::tests::write_message_streaming_matches_write_message ... ok
[INFO] [stdout] test message::tests::aligned_body_payload_is_borrowable_when_buffer_is_aligned ... ok
[INFO] [stdout] test message::tests::aligned_body_survives_into_wire_bytes ... ok
[INFO] [stdout] test json_pointer::tests::tokens_are_unescaped ... ok
[INFO] [stdout] test message::tests::create_response_json_and_utf8 ... ok
[INFO] [stdout] test message::tests::beve_body_non_beve_errors ... ok
[INFO] [stdout] test message::tests::complex_slice_body_reserves_wire_prefix_headroom ... ok
[INFO] [stdout] test async_client::tests::cancelled_call_cleans_pending_entry ... ok
[INFO] [stdout] test message::tests::message_view_from_slice_borrows ... ok
[INFO] [stdout] test message::tests::message_view_truncated_returns_buffer_too_small ... ok
[INFO] [stdout] test message::tests::response_echo_query_prefers_a_handler_set_query ... ok
[INFO] [stdout] test message::tests::message_from_slice_exact_rejects_trailing_bytes ... ok
[INFO] [stdout] test message::tests::typed_slice_body_reserves_wire_prefix_headroom ... ok
[INFO] [stdout] test message::tests::unstamped_plus_stamp_equals_create_response ... ok
[INFO] [stdout] test message::tests::typed_slice_body_query_after_body_falls_back_to_fresh_frame ... ok
[INFO] [stdout] test message::tests::message_from_slice_truncated_returns_buffer_too_small ... ok
[INFO] [stdout] test message::tests::error_response_view_matches_owned_query_format ... ok
[INFO] [stdout] test message::tests::into_wire_bytes_fast_path_does_not_reallocate ... ok
[INFO] [stdout] test message::tests::into_wire_bytes_handles_empty_body_only ... ok
[INFO] [stdout] test message::tests::into_wire_bytes_handles_empty_query_and_body ... ok
[INFO] [stdout] test message::tests::into_wire_bytes_handles_empty_query_only ... ok
[INFO] [stdout] test message::tests::into_wire_bytes_matches_to_vec_fast_path ... ok
[INFO] [stdout] test message::tests::into_wire_bytes_matches_to_vec_slow_path ... ok
[INFO] [stdout] test message::tests::write_to_handles_empty_query_and_body ... ok
[INFO] [stdout] test peer::tests::broadcast_bodies_carry_room_for_the_wire_prefix ... ok
[INFO] [stdout] test message::tests::write_to_matches_to_vec ... ok
[INFO] [stdout] test peer::tests::alias_on_absent_peer_is_rejected ... ok
[INFO] [stdout] test peer::tests::get_by_missing_key_is_none ... ok
[INFO] [stdout] test peer::tests::alias_then_get_by_resolves_to_the_peer ... ok
[INFO] [stdout] test peer::tests::aliases_let_broadcast_results_map_back_to_keys ... ok
[INFO] [stdout] test peer::tests::detached_and_plain_contexts_never_cancel ... ok
[INFO] [stdout] test peer::tests::broadcast_prefix_room_matches_the_framed_prefix ... ok
[INFO] [stdout] test message::tests::json_body_non_json_errors ... ok
[INFO] [stdout] test message::tests::create_response_beve_serializes_body ... ok
[INFO] [stdout] test message::tests::body_beve_roundtrip ... ok
[INFO] [stdout] test peer::tests::peer_handle_sends_through_sink ... ok
[INFO] [stdout] test peer::tests::call_context_constructors ... ok
[INFO] [stdout] test peer::tests::peer_handle_propagates_disconnect ... ok
[INFO] [stdout] test peer::tests::call_context_cancellation_reflects_signal ... ok
[INFO] [stdout] test registry::tests::an_unregistered_pointer_is_not_found ... ok
[INFO] [stdout] test registry::tests::body_of_borrows_the_frame_under_its_declared_format ... ok
[INFO] [stdout] test registry::tests::call_detached_uses_a_detached_context ... ok
[INFO] [stdout] test registry::tests::a_malformed_pointer_is_refused_at_registration_and_at_lookup ... ok
[INFO] [stdout] test registry::tests::calls_resolve_at_escaped_pointers ... ok
[INFO] [stdout] test server::tests::a_blocking_fallback_dispatches_off_the_reader ... ok
[INFO] [stdout] test server::tests::a_blocking_fallback_keeps_its_off_reader_dispatch_behind_a_mount ... ok
[INFO] [stdout] test server::tests::a_delegating_middleware_chain_still_reaches_the_fallback ... ok
[INFO] [stdout] test registry::tests::a_handler_can_write_its_own_body ... ok
[INFO] [stdout] test message::tests::builder_format_code_methods_set_explicit_codes ... ok
[INFO] [stdout] test server::tests::a_fallback_does_not_shadow_a_mounted_registry_or_struct ... ok
[INFO] [stdout] test server::tests::a_fallback_frames_its_own_method_not_found ... ok
[INFO] [stdout] test peer::tests::multiple_aliases_address_one_peer ... ok
[INFO] [stdout] test peer::tests::re_aliasing_a_key_moves_it_to_the_new_peer ... ok
[INFO] [stdout] test peer::tests::re_aliasing_same_peer_is_idempotent ... ok
[INFO] [stdout] test peer::tests::remove_purges_all_aliases ... ok
[INFO] [stdout] test registry::tests::a_beve_request_is_answered_in_beve ... ok
[INFO] [stdout] test registry::tests::a_bodiless_frame_calls_with_no_parameters ... ok
[INFO] [stdout] test registry::tests::a_call_reads_its_parameters_and_writes_its_result ... ok
[INFO] [stdout] test registry::tests::a_context_aware_call_reaches_the_peer ... ok
[INFO] [stdout] test registry::tests::an_escaped_pointer_registers_and_resolves ... ok
[INFO] [stdout] test registry::tests::body_of_is_none_for_a_bodiless_frame ... ok
[INFO] [stdout] test server::tests::a_fallback_does_not_shadow_a_registered_route ... ok
[INFO] [stdout] test server::tests::an_empty_root_mount_shadows_the_fallback_completely ... ok
[INFO] [stdout] test server::tests::call_into_clears_the_buffer_between_requests ... ok
[INFO] [stdout] test server::tests::call_rejects_a_buffer_carrying_more_than_one_frame ... ok
[INFO] [stdout] test server::tests::a_fallback_honors_notify_semantics ... ok
[INFO] [stdout] test server::tests::a_miss_inside_a_mounted_prefix_never_reaches_the_fallback ... ok
[INFO] [stdout] test server::tests::a_fallback_serves_a_path_no_route_claims ... ok
[INFO] [stdout] test server::tests::blocking_constructors_mark_off_reader_execution ... ok
[INFO] [stdout] test server::tests::middleware_runs_for_registered_handlers ... ok
[INFO] [stdout] test server::tests::call_answers_an_unparseable_frame_with_an_id_zero_error ... ok
[INFO] [stdout] test server::tests::middleware_preserves_off_reader_execution ... ok
[INFO] [stdout] test server::tests::middleware_can_short_circuit_requests ... ok
[INFO] [stdout] test server::tests::call_returns_nothing_for_a_notify ... ok
[INFO] [stdout] test server::tests::handler_error_code_propagates ... ok
[INFO] [stdout] test server::tests::blocking_route_behaves_like_inline_over_tcp ... ok
[INFO] [stdout] test server::tests::mount_fallthrough_does_not_reorder_fixed_routes_over_mounts ... ok
[INFO] [stdout] test server::tests::call_frames_method_not_found_rather_than_returning_none ... ok
[INFO] [stdout] test server::tests::mount_fallthrough_hands_an_empty_root_mount_s_miss_to_the_fallback ... ok
[INFO] [stdout] test server::tests::mount_fallthrough_runs_the_middleware_pipeline_once ... ok
[INFO] [stdout] test server::tests::middleware_wraps_the_fallback_whichever_order_they_are_registered ... ok
[INFO] [stdout] test server::tests::call_round_trips_id_query_and_body ... ok
[INFO] [stdout] test server::tests::mount_fallthrough_applies_whichever_order_it_is_registered ... ok
[INFO] [stdout] test server::tests::mount_fallthrough_defers_a_registry_miss_too ... ok
[INFO] [stdout] test server::tests::router_with_json_and_typed_handlers ... ok
[INFO] [stdout] test server::tests::ref_decode_falls_back_to_owned_when_payload_unaligned ... ok
[INFO] [stdout] test server::tests::registering_a_fallback_twice_replaces_the_first ... ok
[INFO] [stdout] test server::tests::call_preserves_a_response_query_the_handler_set_itself ... ok
[INFO] [stdout] test server_request::tests::view_dispatch_returns_query_less_response_framed_with_borrowed_query ... ok
[INFO] [stdout] test server::tests::plain_constructors_default_to_inline_execution ... ok
[INFO] [stdout] test server::tests::version_mismatch_yields_error_response ... ok
[INFO] [stdout] test server::tests::mount_fallthrough_defers_through_every_dispatch_entry_point ... ok
[INFO] [stdout] test server::tests::typed_handler_accepts_beve_payload ... ok
[INFO] [stdout] test server::tests::mount_fallthrough_without_a_fallback_changes_nothing ... ok
[INFO] [stdout] test server::tests::set_mount_fallthrough_false_gives_the_prefix_back_to_the_mount ... ok
[INFO] [stdout] test server::tests::unknown_route_returns_method_not_found ... ok
[INFO] [stdout] test stream::tests::replay_chunks_from_returns_tail ... ok
[INFO] [stdout] test server::tests::typed_handler_bad_json_maps_to_parse_error_over_wire ... ok
[INFO] [stdout] test stream::tests::replay_ring_covers_offsets ... ok
[INFO] [stdout] test stream::tests::replay_ring_covers_trailing_edge_when_wire_bytes_exceed_data_len ... ok
[INFO] [stdout] test stream::tests::replay_ring_evicts_oldest_when_full ... ok
[INFO] [stdout] test stream::tests::replay_ring_keeps_single_oversized_chunk ... ok
[INFO] [stdout] test server::tests::router_with_handler_invokes_typed_trait ... ok
[INFO] [stdout] test stream::tests::registry_round_trip ... ok
[INFO] [stdout] test server_request::tests::view_dispatch_unknown_method_is_query_less_error ... ok
[INFO] [stdout] test stream::tests::ack_for_wrong_file_index_is_ignored ... ok
[INFO] [stdout] test stream::tests::ack_offset_is_capped_to_sent_offset ... ok
[INFO] [stdout] test stream::tests::advance_to_file_clears_replay_ring ... ok
[INFO] [stdout] test async_server::tests::async_read_timeout_closes_connection ... ok
[INFO] [stdout] test stream::tests::oversized_chunk_does_not_deadlock_when_window_is_idle ... ok
[INFO] [stdout] test server::tests::beve_request_roundtrip_over_tcp ... ok
[INFO] [stdout] test server::tests::raw_binary_query_returns_invalid_query ... ok
[INFO] [stdout] test server::tests::server_handle_connection_with_client ... ok
[INFO] [stdout] test stream::tests::advance_to_file_resets_offsets ... ok
[INFO] [stdout] test stream::tests::request_resume_validates_file_index ... ok
[INFO] [stdout] test stream::tests::request_resume_validates_offset_in_ring ... ok
[INFO] [stdout] test stream::tests::wait_returns_immediately_when_window_has_room ... ok
[INFO] [stdout] test stream::tests::wait_for_reconnect_returns_cancelled_when_cancelled ... ok
[INFO] [stdout] test stream::tests::request_resume_signals_writer_via_condvar ... ok
[INFO] [stdout] test stream::tests::wait_for_reconnect_times_out ... ok
[INFO] [stdout] test stream::tests::cancel_unblocks_waiters ... ok
[INFO] [stdout] test stream::tests::wait_blocks_when_window_full_and_unblocks_on_ack ... ok
[INFO] [stdout] test stream::tests::watchdog_check_logic_matches_spawn_loop ... ok
[INFO] [stdout] test stream::tests::wait_returns_timeout_when_no_ack_arrives ... ok
[INFO] [stdout] test server::tests::notify_requests_do_not_emit_responses ... ok
[INFO] [stdout] test stream::tests::watchdog_does_not_keep_registry_alive ... ok
[INFO] [stderr]      Running tests/accessor_endpoints.rs (/opt/rustwide/target/debug/deps/accessor_endpoints-533a6fb6fa6feacc)
[INFO] [stdout] 
[INFO] [stdout] test result: ok. 144 passed; 0 failed; 0 ignored; 0 measured; 0 filtered out; finished in 1.54s
[INFO] [stdout] 
[INFO] [stdout] 
[INFO] [stdout] running 14 tests
[INFO] [stdout] test a_getter_may_take_a_mut_receiver ... ok
[INFO] [stdout] test the_whole_struct_listing_shows_accessor_values_and_method_signatures ... ok
[INFO] [stdout] test every_accessor_arm_writes_what_it_should ... ok
[INFO] [stdout] test the_typed_numeric_path_composes_with_an_accessor ... ok
[INFO] [stdout] test a_setter_argument_of_the_wrong_type_is_a_body_error ... ok
[INFO] [stdout] test a_typed_accessor_reads_as_beve_directly ... ok
[INFO] [stdout] test either_half_may_fail ... ok
[INFO] [stdout] test a_getter_without_a_setter_is_read_only ... ok
[INFO] [stdout] test a_failing_getter_fails_the_whole_object_read ... ok
[INFO] [stdout] test a_bodiless_request_reads_through_the_getter ... ok
[INFO] [stdout] test the_two_halves_of_a_pair_need_not_be_adjacent ... ok
[INFO] [stdout] test an_accessor_endpoint_has_no_subpath ... ok
[INFO] [stdout] test a_request_with_a_body_writes_through_the_setter ... ok
[INFO] [stdout] test nested::an_accessor_is_reachable_through_a_nested_parent ... ok
[INFO] [stdout] 
[INFO] [stdout] test result: ok. 14 passed; 0 failed; 0 ignored; 0 measured; 0 filtered out; finished in 0.01s
[INFO] [stdout] 
[INFO] [stdout] 
[INFO] [stderr]      Running tests/allocations.rs (/opt/rustwide/target/debug/deps/allocations-c1397adca74377b5)
[INFO] [stdout] running 10 tests
[INFO] [stdout] test typed_slice_body_is_single_allocation ... ok
[INFO] [stdout] test websocket_inline_dispatch_allocation_budget ... ok
[INFO] [stdout] test struct_write_under_a_shared_lock_splits_the_pointer_once ... ok
[INFO] [stdout] test a_whole_object_read_writes_straight_into_the_response_buffer ... ok
[INFO] [stdout] test json_dispatch_allocation_budget ... ok
[INFO] [stdout] test framing_round_trip_allocates_only_query_and_body ... ok
[INFO] [stdout] test json_dispatch_view_allocation_budget ... ok
[INFO] [stdout] test struct_read_allocation_budget ... ok
[INFO] [stdout] test write_message_typed_slice_does_not_materialize_the_body ... ok
[INFO] [stdout] test write_message_complex_slice_does_not_materialize_the_body ... ok
[INFO] [stderr]      Running tests/async_client_format_apis.rs (/opt/rustwide/target/debug/deps/async_client_format_apis-e96e64a0c8a7ce32)
[INFO] [stdout] 
[INFO] [stdout] test result: ok. 10 passed; 0 failed; 0 ignored; 0 measured; 0 filtered out; finished in 0.01s
[INFO] [stdout] 
[INFO] [stdout] 
[INFO] [stdout] running 4 tests
[INFO] [stdout] test async_notify_with_formats_sets_notify_and_empty_body ... ok
[INFO] [stdout] test async_registry_read_typed_deserializes_target_type ... ok
[INFO] [stdout] test async_call_with_formats_sets_custom_wire_codes ... ok
[INFO] [stdout] test async_call_message_and_registry_read_send_empty_body ... ok
[INFO] [stderr]      Running tests/async_client_multiplexing.rs (/opt/rustwide/target/debug/deps/async_client_multiplexing-c2b4b38d359511df)
[INFO] [stdout] 
[INFO] [stdout] test result: ok. 4 passed; 0 failed; 0 ignored; 0 measured; 0 filtered out; finished in 0.02s
[INFO] [stdout] 
[INFO] [stdout] 
[INFO] [stdout] running 6 tests
[INFO] [stdout] test async_client_preserves_structured_fatal_response_loop_error ... ok
[INFO] [stdout] test async_client_batch_json_preserves_order ... ok
[INFO] [stdout] test async_client_multiplexes_out_of_order_responses ... ok
[INFO] [stdout] test async_client_ignores_late_response_for_timed_out_request ... ok
[INFO] [stdout] test async_client_unrecognized_response_id_is_discarded ... ok
[INFO] [stdout] test async_client_per_request_timeout ... ok
[INFO] [stderr]      Running tests/async_fleet_tests.rs (/opt/rustwide/target/debug/deps/async_fleet_tests-f340f71070e1d9f7)
[INFO] [stdout] 
[INFO] [stdout] test result: ok. 6 passed; 0 failed; 0 ignored; 0 measured; 0 filtered out; finished in 0.22s
[INFO] [stdout] 
[INFO] [stdout] 
[INFO] [stdout] running 3 tests
[INFO] [stdout] test async_fleet_retry_policy_does_not_retry_application_errors ... ok
[INFO] [stdout] test async_fleet_retry_policy_recovers_from_transport_errors ... ok
[INFO] [stdout] test async_fleet_end_to_end ... ok
[INFO] [stdout] 
[INFO] [stdout] test result: ok. 3 passed; 0 failed; 0 ignored; 0 measured; 0 filtered out; finished in 0.12s
[INFO] [stdout] 
[INFO] [stderr]      Running tests/cli.rs (/opt/rustwide/target/debug/deps/cli-5c752d057e977ef4)
[INFO] [stdout] 
[INFO] [stdout] running 0 tests
[INFO] [stdout] 
[INFO] [stdout] test result: ok. 0 passed; 0 failed; 0 ignored; 0 measured; 0 filtered out; finished in 0.00s
[INFO] [stdout] 
[INFO] [stderr]      Running tests/client_format_apis.rs (/opt/rustwide/target/debug/deps/client_format_apis-115d272d6966b521)
[INFO] [stdout] 
[INFO] [stdout] running 4 tests
[INFO] [stdout] test sync_notify_with_formats_sets_notify_and_empty_body ... ok
[INFO] [stdout] test sync_registry_read_typed_deserializes_target_type ... ok
[INFO] [stdout] test sync_call_message_and_registry_read_send_empty_body ... ok
[INFO] [stdout] test sync_call_with_formats_sets_custom_wire_codes ... ok
[INFO] [stdout] 
[INFO] [stdout] test result: ok. 4 passed; 0 failed; 0 ignored; 0 measured; 0 filtered out; finished in 0.01s
[INFO] [stdout] 
[INFO] [stderr]      Running tests/client_id_mismatch.rs (/opt/rustwide/target/debug/deps/client_id_mismatch-9cfbf0c6cb383a76)
[INFO] [stdout] 
[INFO] [stdout] running 3 tests
[INFO] [stdout] test client_preserves_structured_fatal_response_loop_error ... ok
[INFO] [stdout] test client_notify_sets_flag_and_does_not_wait_for_response ... ok
[INFO] [stdout] test client_unrecognized_response_id_is_discarded ... ok
[INFO] [stdout] 
[INFO] [stdout] test result: ok. 3 passed; 0 failed; 0 ignored; 0 measured; 0 filtered out; finished in 0.20s
[INFO] [stdout] 
[INFO] [stderr]      Running tests/client_multiplexing.rs (/opt/rustwide/target/debug/deps/client_multiplexing-44402e9a3d041bc9)
[INFO] [stdout] 
[INFO] [stdout] running 4 tests
[INFO] [stdout] test sync_client_multiplexes_out_of_order_responses ... ok
[INFO] [stdout] test sync_client_batch_json_preserves_order ... ok
[INFO] [stdout] test sync_client_ignores_late_response_for_timed_out_request ... ok
[INFO] [stdout] test sync_client_per_request_timeout ... ok
[INFO] [stdout] 
[INFO] [stdout] test result: ok. 4 passed; 0 failed; 0 ignored; 0 measured; 0 filtered out; finished in 0.21s
[INFO] [stdout] 
[INFO] [stdout] 
[INFO] [stderr]      Running tests/fleet_tests.rs (/opt/rustwide/target/debug/deps/fleet_tests-5382a183a2e9315d)
[INFO] [stdout] running 6 tests
[INFO] [stdout] test fleet_dynamic_node_management ... ok
[INFO] [stdout] test fleet_construction_and_node_access ... ok
[INFO] [stdout] test remote_result_into_result_behaves_like_result ... ok
[INFO] [stdout] test fleet_retry_policy_does_not_retry_application_errors ... ok
[INFO] [stdout] test fleet_retry_policy_recovers_from_transport_errors ... ok
[INFO] [stdout] test fleet_connection_invocation_health_and_retries ... ok
[INFO] [stderr]      Running tests/frame_length_bounds.rs (/opt/rustwide/target/debug/deps/frame_length_bounds-ed2a657e7bb999cf)
[INFO] [stdout] 
[INFO] [stdout] test result: ok. 6 passed; 0 failed; 0 ignored; 0 measured; 0 filtered out; finished in 0.12s
[INFO] [stdout] 
[INFO] [stdout] 
[INFO] [stdout] running 8 tests
[INFO] [stdout] test advertising_lengths_that_would_wrap_reports_a_mismatch_rather_than_panicking ... ok
[INFO] [stdout] test a_wrapping_frame_total_is_refused_by_the_header ... ok
[INFO] [stdout] test the_borrowing_parser_refuses_instead_of_slicing_backwards ... ok
[INFO] [stdout] test a_total_that_fits_u64_but_not_the_address_space_is_refused ... ok
[INFO] [stdout] test the_owning_parser_refuses_instead_of_slicing_backwards ... ok
[INFO] [stdout] test a_refusal_carries_the_invalid_header_code ... ok
[INFO] [stderr]      Running tests/impl_methods.rs (/opt/rustwide/target/debug/deps/impl_methods-2bf774ad765c254a)
[INFO] [stdout] test a_mismatched_length_still_reports_a_mismatch ... ok
[INFO] [stdout] test an_ordinary_frame_still_round_trips ... ok
[INFO] [stdout] 
[INFO] [stdout] test result: ok. 8 passed; 0 failed; 0 ignored; 0 measured; 0 filtered out; finished in 0.01s
[INFO] [stdout] 
[INFO] [stdout] 
[INFO] [stdout] running 18 tests
[INFO] [stdout] test a_listed_method_and_an_impl_block_coexist ... ok
[INFO] [stdout] test a_method_path_rejects_trailing_segments ... ok
[INFO] [stdout] test a_beve_request_body_reaches_a_multi_argument_method ... ok
[INFO] [stdout] test a_nested_struct_reaches_its_own_impl_block_methods ... ok
[INFO] [stdout] test a_typed_field_reads_as_beve_directly_and_as_json_in_a_listing ... ok
[INFO] [stdout] test a_multi_argument_body_of_the_wrong_shape_is_an_error ... ok
[INFO] [stdout] test a_result_return_becomes_an_error_response ... ok
[INFO] [stdout] test every_dispatch_arm_writes_what_it_should ... ok
[INFO] [stdout] test a_typed_field_still_accepts_a_json_write ... ok
[INFO] [stdout] test a_typed_field_reads_as_a_bulk_beve_array ... ok
[INFO] [stdout] test a_result_return_maps_ok_to_the_payload_and_err_to_an_error_frame ... ok
[INFO] [stdout] test the_whole_struct_listing_is_in_declaration_order ... ok
[INFO] [stdout] test the_whole_struct_listing_publishes_impl_block_signatures ... ok
[INFO] [stdout] test methods_come_from_the_impl_block ... ok
[INFO] [stdout] test multi_argument_methods_accept_a_positional_array ... ok
[INFO] [stdout] test multi_argument_methods_accept_an_object_keyed_by_parameter_name ... ok
[INFO] [stdout] test the_struct_level_list_also_takes_several_arguments ... ok
[INFO] [stdout] test mutating_methods_take_the_body_as_their_argument ... ok
[INFO] [stdout] 
[INFO] [stdout] test result: ok. 18 passed; 0 failed; 0 ignored; 0 measured; 0 filtered out; finished in 0.01s
[INFO] [stdout] 
[INFO] [stderr]      Running tests/interop.rs (/opt/rustwide/target/debug/deps/interop-cb0bc2648c19aa1b)
[INFO] [stdout] 
[INFO] [stdout] running 3 tests
[INFO] [stdout] test manifest_and_fixture_files_agree ... FAILED
[INFO] [stdout] test glaze_unknown_key_body_decodes_into_older_struct ... FAILED
[INFO] [stdout] test glaze_fixtures_roundtrip_and_decode ... FAILED
[INFO] [stdout] 
[INFO] [stdout] failures:
[INFO] [stdout] 
[INFO] [stdout] ---- manifest_and_fixture_files_agree stdout ----
[INFO] [stdout] 
[INFO] [stdout] thread 'manifest_and_fixture_files_agree' (2541) panicked at tests/interop.rs:120:59:
[INFO] [stdout] read /opt/rustwide/workdir/interop/fixtures/manifest.json: No such file or directory (os error 2)
[INFO] [stdout] stack backtrace:
[INFO] [stdout]    0:     0x5734ab07ac51 - std[70759c8f55707aa4]::backtrace_rs::backtrace::libunwind::trace
[INFO] [stdout]                                at /rustc/dfb0accb7f508ae8be965d8629557221c889dd98/library/std/src/../../backtrace/src/backtrace/libunwind.rs:117:9
[INFO] [stdout]    1:     0x5734ab07ac51 - std[70759c8f55707aa4]::backtrace_rs::backtrace::trace_unsynchronized::<std[70759c8f55707aa4]::sys::backtrace::_print_fmt::{closure#1}>
[INFO] [stdout]                                at /rustc/dfb0accb7f508ae8be965d8629557221c889dd98/library/std/src/../../backtrace/src/backtrace/mod.rs:66:14
[INFO] [stdout]    2:     0x5734ab07ac51 - std[70759c8f55707aa4]::sys::backtrace::_print_fmt
[INFO] [stdout]                                at /rustc/dfb0accb7f508ae8be965d8629557221c889dd98/library/std/src/sys/backtrace.rs:74:9
[INFO] [stdout]    3:     0x5734ab07ac51 - <<std[70759c8f55707aa4]::sys::backtrace::BacktraceLock>::print::DisplayBacktrace as core[df12db4294e9bfd3]::fmt::Display>::fmt
[INFO] [stdout]                                at /rustc/dfb0accb7f508ae8be965d8629557221c889dd98/library/std/src/sys/backtrace.rs:44:26
[INFO] [stdout]    4:     0x5734ab09005a - <core[df12db4294e9bfd3]::fmt::rt::Argument>::fmt
[INFO] [stdout]                                at /rustc/dfb0accb7f508ae8be965d8629557221c889dd98/library/core/src/fmt/rt.rs:152:76
[INFO] [stdout]    5:     0x5734ab09005a - core[df12db4294e9bfd3]::fmt::write
[INFO] [stdout]    6:     0x5734ab07f3dc - core[df12db4294e9bfd3]::io::write::default_write_fmt::<alloc[2182bb758b4b3781]::vec::Vec<u8>>
[INFO] [stdout]                                at /rustc/dfb0accb7f508ae8be965d8629557221c889dd98/library/core/src/io/write.rs:402:11
[INFO] [stdout]    7:     0x5734ab07f3dc - <alloc[2182bb758b4b3781]::vec::Vec<u8> as core[df12db4294e9bfd3]::io::write::Write>::write_fmt
[INFO] [stdout]                                at /rustc/dfb0accb7f508ae8be965d8629557221c889dd98/library/core/src/io/write.rs:335:13
[INFO] [stdout]    8:     0x5734ab0565c6 - <std[70759c8f55707aa4]::sys::backtrace::BacktraceLock>::print
[INFO] [stdout]                                at /rustc/dfb0accb7f508ae8be965d8629557221c889dd98/library/std/src/sys/backtrace.rs:47:9
[INFO] [stdout]    9:     0x5734ab0565c6 - std[70759c8f55707aa4]::panicking::default_hook::{closure#0}
[INFO] [stdout]                                at /rustc/dfb0accb7f508ae8be965d8629557221c889dd98/library/std/src/panicking.rs:292:27
[INFO] [stdout]   10:     0x5734ab072b19 - std[70759c8f55707aa4]::panicking::default_hook
[INFO] [stdout]                                at /rustc/dfb0accb7f508ae8be965d8629557221c889dd98/library/std/src/panicking.rs:316:9
[INFO] [stdout]   11:     0x5734ab002d80 - <alloc[2182bb758b4b3781]::boxed::Box<dyn for<'a, 'b> core[df12db4294e9bfd3]::ops::function::Fn<(&'a std[70759c8f55707aa4]::panic::PanicHookInfo<'b>,), Output = ()> + core[df12db4294e9bfd3]::marker::Send + core[df12db4294e9bfd3]::marker::Sync> as core[df12db4294e9bfd3]::ops::function::Fn<(&std[70759c8f55707aa4]::panic::PanicHookInfo,)>>::call
[INFO] [stdout]                                at /rustc/dfb0accb7f508ae8be965d8629557221c889dd98/library/alloc/src/boxed.rs:2334:9
[INFO] [stdout]   12:     0x5734ab002d80 - test[9d35eded1c95d3be]::test_main_inner::<test[9d35eded1c95d3be]::test_main_static::{closure#0}>::{closure#0}
[INFO] [stdout]                                at /rustc/dfb0accb7f508ae8be965d8629557221c889dd98/library/test/src/lib.rs:155:21
[INFO] [stdout]   13:     0x5734ab072cd2 - <alloc[2182bb758b4b3781]::boxed::Box<dyn for<'a, 'b> core[df12db4294e9bfd3]::ops::function::Fn<(&'a std[70759c8f55707aa4]::panic::PanicHookInfo<'b>,), Output = ()> + core[df12db4294e9bfd3]::marker::Send + core[df12db4294e9bfd3]::marker::Sync> as core[df12db4294e9bfd3]::ops::function::Fn<(&std[70759c8f55707aa4]::panic::PanicHookInfo,)>>::call
[INFO] [stdout]                                at /rustc/dfb0accb7f508ae8be965d8629557221c889dd98/library/alloc/src/boxed.rs:2334:9
[INFO] [stdout]   14:     0x5734ab072cd2 - std[70759c8f55707aa4]::panicking::panic_with_hook
[INFO] [stdout]                                at /rustc/dfb0accb7f508ae8be965d8629557221c889dd98/library/std/src/panicking.rs:823:13
[INFO] [stdout]   15:     0x5734ab056672 - std[70759c8f55707aa4]::panicking::panic_handler::{closure#0}
[INFO] [stdout]                                at /rustc/dfb0accb7f508ae8be965d8629557221c889dd98/library/std/src/panicking.rs:688:13
[INFO] [stdout]   16:     0x5734ab04f1c9 - std[70759c8f55707aa4]::sys::backtrace::__rust_end_short_backtrace::<std[70759c8f55707aa4]::panicking::panic_handler::{closure#0}, !>
[INFO] [stdout]                                at /rustc/dfb0accb7f508ae8be965d8629557221c889dd98/library/std/src/sys/backtrace.rs:182:18
[INFO] [stdout]   17:     0x5734ab05726d - __rustc[8fa7c3cbc660c2b3]::rust_begin_unwind
[INFO] [stdout]                                at /rustc/dfb0accb7f508ae8be965d8629557221c889dd98/library/std/src/panicking.rs:679:5
[INFO] [stdout]   18:     0x5734ab0907ec - core[df12db4294e9bfd3]::panicking::panic_fmt
[INFO] [stdout]                                at /rustc/dfb0accb7f508ae8be965d8629557221c889dd98/library/core/src/panicking.rs:80:14
[INFO] [stdout]   19:     0x5734aafe4a17 - interop[32a3b680e9b09d79]::load_manifest::{closure#0}
[INFO] [stdout]                                at /opt/rustwide/workdir/tests/interop.rs:120:59
[INFO] [stdout]   20:     0x5734aafcbf27 - <core[df12db4294e9bfd3]::result::Result<alloc[2182bb758b4b3781]::string::String, core[df12db4294e9bfd3]::io::error::Error>>::unwrap_or_else::<interop[32a3b680e9b09d79]::load_manifest::{closure#0}>
[INFO] [stdout]                                at /rustc/dfb0accb7f508ae8be965d8629557221c889dd98/library/core/src/result.rs:1621:23
[INFO] [stdout]   21:     0x5734aafe53f1 - interop[32a3b680e9b09d79]::load_manifest
[INFO] [stdout]                                at /opt/rustwide/workdir/tests/interop.rs:120:40
[INFO] [stdout]   22:     0x5734aafe6794 - interop[32a3b680e9b09d79]::manifest_and_fixture_files_agree
[INFO] [stdout]                                at /opt/rustwide/workdir/tests/interop.rs:351:20
[INFO] [stdout]   23:     0x5734aafe4d73 - interop[32a3b680e9b09d79]::manifest_and_fixture_files_agree::{closure#0}
[INFO] [stdout]                                at /opt/rustwide/workdir/tests/interop.rs:350:38
[INFO] [stdout]   24:     0x5734aafd1d26 - <interop[32a3b680e9b09d79]::manifest_and_fixture_files_agree::{closure#0} as core[df12db4294e9bfd3]::ops::function::FnOnce<()>>::call_once
[INFO] [stdout]                                at /rustc/dfb0accb7f508ae8be965d8629557221c889dd98/library/core/src/ops/function.rs:250:5
[INFO] [stdout]   25:     0x5734aaff606b - <fn() -> core[df12db4294e9bfd3]::result::Result<(), alloc[2182bb758b4b3781]::string::String> as core[df12db4294e9bfd3]::ops::function::FnOnce<()>>::call_once
[INFO] [stdout]                                at /rustc/dfb0accb7f508ae8be965d8629557221c889dd98/library/core/src/ops/function.rs:250:5
[INFO] [stdout]   26:     0x5734aaff606b - test[9d35eded1c95d3be]::__rust_begin_short_backtrace::<core[df12db4294e9bfd3]::result::Result<(), alloc[2182bb758b4b3781]::string::String>, fn() -> core[df12db4294e9bfd3]::result::Result<(), alloc[2182bb758b4b3781]::string::String>>
[INFO] [stdout]                                at /rustc/dfb0accb7f508ae8be965d8629557221c889dd98/library/test/src/lib.rs:733:18
[INFO] [stdout]   27:     0x5734ab0036d5 - test[9d35eded1c95d3be]::run_test_in_process::{closure#0}
[INFO] [stdout]                                at /rustc/dfb0accb7f508ae8be965d8629557221c889dd98/library/test/src/lib.rs:756:74
[INFO] [stdout]   28:     0x5734ab0036d5 - <core[df12db4294e9bfd3]::panic::unwind_safe::AssertUnwindSafe<test[9d35eded1c95d3be]::run_test_in_process::{closure#0}> as core[df12db4294e9bfd3]::ops::function::FnOnce<()>>::call_once
[INFO] [stdout]                                at /rustc/dfb0accb7f508ae8be965d8629557221c889dd98/library/core/src/panic/unwind_safe.rs:275:9
[INFO] [stdout]   29:     0x5734ab0036d5 - std[70759c8f55707aa4]::panicking::catch_unwind::do_call::<core[df12db4294e9bfd3]::panic::unwind_safe::AssertUnwindSafe<test[9d35eded1c95d3be]::run_test_in_process::{closure#0}>, core[df12db4294e9bfd3]::result::Result<(), alloc[2182bb758b4b3781]::string::String>>
[INFO] [stdout]                                at /rustc/dfb0accb7f508ae8be965d8629557221c889dd98/library/std/src/panicking.rs:576:43
[INFO] [stdout]   30:     0x5734ab0036d5 - std[70759c8f55707aa4]::panicking::catch_unwind::<core[df12db4294e9bfd3]::result::Result<(), alloc[2182bb758b4b3781]::string::String>, core[df12db4294e9bfd3]::panic::unwind_safe::AssertUnwindSafe<test[9d35eded1c95d3be]::run_test_in_process::{closure#0}>>
[INFO] [stdout]                                at /rustc/dfb0accb7f508ae8be965d8629557221c889dd98/library/std/src/panicking.rs:544:19
[INFO] [stdout]   31:     0x5734ab0036d5 - std[70759c8f55707aa4]::panic::catch_unwind::<core[df12db4294e9bfd3]::panic::unwind_safe::AssertUnwindSafe<test[9d35eded1c95d3be]::run_test_in_process::{closure#0}>, core[df12db4294e9bfd3]::result::Result<(), alloc[2182bb758b4b3781]::string::String>>
[INFO] [stdout]                                at /rustc/dfb0accb7f508ae8be965d8629557221c889dd98/library/std/src/panic.rs:359:14
[INFO] [stdout]   32:     0x5734ab0036d5 - test[9d35eded1c95d3be]::run_test_in_process
[INFO] [stdout]                                at /rustc/dfb0accb7f508ae8be965d8629557221c889dd98/library/test/src/lib.rs:756:27
[INFO] [stdout]   33:     0x5734ab0036d5 - test[9d35eded1c95d3be]::run_test::{closure#0}
[INFO] [stdout]                                at /rustc/dfb0accb7f508ae8be965d8629557221c889dd98/library/test/src/lib.rs:677:43
[INFO] [stdout]   34:     0x5734aaffcf94 - test[9d35eded1c95d3be]::run_test::{closure#1}
[INFO] [stdout]                                at /rustc/dfb0accb7f508ae8be965d8629557221c889dd98/library/test/src/lib.rs:707:41
[INFO] [stdout]   35:     0x5734aaffcf94 - std[70759c8f55707aa4]::sys::backtrace::__rust_begin_short_backtrace::<test[9d35eded1c95d3be]::run_test::{closure#1}, ()>
[INFO] [stdout]                                at /rustc/dfb0accb7f508ae8be965d8629557221c889dd98/library/std/src/sys/backtrace.rs:166:18
[INFO] [stdout]   36:     0x5734ab006832 - std[70759c8f55707aa4]::thread::lifecycle::spawn_unchecked::<test[9d35eded1c95d3be]::run_test::{closure#1}, ()>::{closure#1}::{closure#0}
[INFO] [stdout]                                at /rustc/dfb0accb7f508ae8be965d8629557221c889dd98/library/std/src/thread/lifecycle.rs:70:13
[INFO] [stdout]   37:     0x5734ab006832 - <core[df12db4294e9bfd3]::panic::unwind_safe::AssertUnwindSafe<std[70759c8f55707aa4]::thread::lifecycle::spawn_unchecked<test[9d35eded1c95d3be]::run_test::{closure#1}, ()>::{closure#1}::{closure#0}> as core[df12db4294e9bfd3]::ops::function::FnOnce<()>>::call_once
[INFO] [stdout]                                at /rustc/dfb0accb7f508ae8be965d8629557221c889dd98/library/core/src/panic/unwind_safe.rs:275:9
[INFO] [stdout]   38:     0x5734ab006832 - std[70759c8f55707aa4]::panicking::catch_unwind::do_call::<core[df12db4294e9bfd3]::panic::unwind_safe::AssertUnwindSafe<std[70759c8f55707aa4]::thread::lifecycle::spawn_unchecked<test[9d35eded1c95d3be]::run_test::{closure#1}, ()>::{closure#1}::{closure#0}>, ()>
[INFO] [stdout]                                at /rustc/dfb0accb7f508ae8be965d8629557221c889dd98/library/std/src/panicking.rs:576:43
[INFO] [stdout]   39:     0x5734ab006832 - std[70759c8f55707aa4]::panicking::catch_unwind::<(), core[df12db4294e9bfd3]::panic::unwind_safe::AssertUnwindSafe<std[70759c8f55707aa4]::thread::lifecycle::spawn_unchecked<test[9d35eded1c95d3be]::run_test::{closure#1}, ()>::{closure#1}::{closure#0}>>
[INFO] [stdout]                                at /rustc/dfb0accb7f508ae8be965d8629557221c889dd98/library/std/src/panicking.rs:544:19
[INFO] [stdout]   40:     0x5734ab006832 - std[70759c8f55707aa4]::panic::catch_unwind::<core[df12db4294e9bfd3]::panic::unwind_safe::AssertUnwindSafe<std[70759c8f55707aa4]::thread::lifecycle::spawn_unchecked<test[9d35eded1c95d3be]::run_test::{closure#1}, ()>::{closure#1}::{closure#0}>, ()>
[INFO] [stdout]                                at /rustc/dfb0accb7f508ae8be965d8629557221c889dd98/library/std/src/panic.rs:359:14
[INFO] [stdout]   41:     0x5734ab006832 - std[70759c8f55707aa4]::thread::lifecycle::spawn_unchecked::<test[9d35eded1c95d3be]::run_test::{closure#1}, ()>::{closure#1}
[INFO] [stdout]                                at /rustc/dfb0accb7f508ae8be965d8629557221c889dd98/library/std/src/thread/lifecycle.rs:68:26
[INFO] [stdout]   42:     0x5734ab006832 - <std[70759c8f55707aa4]::thread::lifecycle::spawn_unchecked<test[9d35eded1c95d3be]::run_test::{closure#1}, ()>::{closure#1} as core[df12db4294e9bfd3]::ops::function::FnOnce<()>>::call_once::{shim:vtable#0}
[INFO] [stdout]                                at /rustc/dfb0accb7f508ae8be965d8629557221c889dd98/library/core/src/ops/function.rs:250:5
[INFO] [stdout]   43:     0x5734ab079e99 - <alloc[2182bb758b4b3781]::boxed::Box<dyn core[df12db4294e9bfd3]::ops::function::FnOnce<(), Output = ()> + core[df12db4294e9bfd3]::marker::Send> as core[df12db4294e9bfd3]::ops::function::FnOnce<()>>::call_once
[INFO] [stdout]                                at /rustc/dfb0accb7f508ae8be965d8629557221c889dd98/library/alloc/src/boxed.rs:2320:9
[INFO] [stdout]   44:     0x5734ab079e99 - <std[70759c8f55707aa4]::sys::thread::unix::Thread>::new::thread_start
[INFO] [stdout]                                at /rustc/dfb0accb7f508ae8be965d8629557221c889dd98/library/std/src/sys/thread/unix.rs:123:17
[INFO] [stdout]   45:     0x7bc9522a1dfa - <unknown>
[INFO] [stdout]   46:     0x7bc9523353d4 - clone
[INFO] [stdout]   47:                0x0 - <unknown>
[INFO] [stdout] 
[INFO] [stdout] ---- glaze_unknown_key_body_decodes_into_older_struct stdout ----
[INFO] [stdout] 
[INFO] [stdout] thread 'glaze_unknown_key_body_decodes_into_older_struct' (2540) panicked at tests/interop.rs:130:45:
[INFO] [stdout] read /opt/rustwide/workdir/interop/fixtures/json_request_unknown_key.repe: No such file or directory (os error 2)
[INFO] [stdout] stack backtrace:
[INFO] [stdout]    0:     0x5734ab07ac51 - std[70759c8f55707aa4]::backtrace_rs::backtrace::libunwind::trace
[INFO] [stdout]                                at /rustc/dfb0accb7f508ae8be965d8629557221c889dd98/library/std/src/../../backtrace/src/backtrace/libunwind.rs:117:9
[INFO] [stdout]    1:     0x5734ab07ac51 - std[70759c8f55707aa4]::backtrace_rs::backtrace::trace_unsynchronized::<std[70759c8f55707aa4]::sys::backtrace::_print_fmt::{closure#1}>
[INFO] [stdout]                                at /rustc/dfb0accb7f508ae8be965d8629557221c889dd98/library/std/src/../../backtrace/src/backtrace/mod.rs:66:14
[INFO] [stdout]    2:     0x5734ab07ac51 - std[70759c8f55707aa4]::sys::backtrace::_print_fmt
[INFO] [stdout]                                at /rustc/dfb0accb7f508ae8be965d8629557221c889dd98/library/std/src/sys/backtrace.rs:74:9
[INFO] [stdout]    3:     0x5734ab07ac51 - <<std[70759c8f55707aa4]::sys::backtrace::BacktraceLock>::print::DisplayBacktrace as core[df12db4294e9bfd3]::fmt::Display>::fmt
[INFO] [stdout]                                at /rustc/dfb0accb7f508ae8be965d8629557221c889dd98/library/std/src/sys/backtrace.rs:44:26
[INFO] [stdout]    4:     0x5734ab09005a - <core[df12db4294e9bfd3]::fmt::rt::Argument>::fmt
[INFO] [stdout]                                at /rustc/dfb0accb7f508ae8be965d8629557221c889dd98/library/core/src/fmt/rt.rs:152:76
[INFO] [stdout]    5:     0x5734ab09005a - core[df12db4294e9bfd3]::fmt::write
[INFO] [stdout]    6:     0x5734ab07f3dc - core[df12db4294e9bfd3]::io::write::default_write_fmt::<alloc[2182bb758b4b3781]::vec::Vec<u8>>
[INFO] [stdout]                                at /rustc/dfb0accb7f508ae8be965d8629557221c889dd98/library/core/src/io/write.rs:402:11
[INFO] [stdout]    7:     0x5734ab07f3dc - <alloc[2182bb758b4b3781]::vec::Vec<u8> as core[df12db4294e9bfd3]::io::write::Write>::write_fmt
[INFO] [stdout]                                at /rustc/dfb0accb7f508ae8be965d8629557221c889dd98/library/core/src/io/write.rs:335:13
[INFO] [stdout]    8:     0x5734ab0565c6 - <std[70759c8f55707aa4]::sys::backtrace::BacktraceLock>::print
[INFO] [stdout]                                at /rustc/dfb0accb7f508ae8be965d8629557221c889dd98/library/std/src/sys/backtrace.rs:47:9
[INFO] [stdout]    9:     0x5734ab0565c6 - std[70759c8f55707aa4]::panicking::default_hook::{closure#0}
[INFO] [stdout]                                at /rustc/dfb0accb7f508ae8be965d8629557221c889dd98/library/std/src/panicking.rs:292:27
[INFO] [stdout]   10:     0x5734ab072b19 - std[70759c8f55707aa4]::panicking::default_hook
[INFO] [stdout]                                at /rustc/dfb0accb7f508ae8be965d8629557221c889dd98/library/std/src/panicking.rs:316:9
[INFO] [stdout]   11:     0x5734ab002d80 - <alloc[2182bb758b4b3781]::boxed::Box<dyn for<'a, 'b> core[df12db4294e9bfd3]::ops::function::Fn<(&'a std[70759c8f55707aa4]::panic::PanicHookInfo<'b>,), Output = ()> + core[df12db4294e9bfd3]::marker::Send + core[df12db4294e9bfd3]::marker::Sync> as core[df12db4294e9bfd3]::ops::function::Fn<(&std[70759c8f55707aa4]::panic::PanicHookInfo,)>>::call
[INFO] [stdout]                                at /rustc/dfb0accb7f508ae8be965d8629557221c889dd98/library/alloc/src/boxed.rs:2334:9
[INFO] [stdout]   12:     0x5734ab002d80 - test[9d35eded1c95d3be]::test_main_inner::<test[9d35eded1c95d3be]::test_main_static::{closure#0}>::{closure#0}
[INFO] [stdout]                                at /rustc/dfb0accb7f508ae8be965d8629557221c889dd98/library/test/src/lib.rs:155:21
[INFO] [stdout]   13:     0x5734ab072cd2 - <alloc[2182bb758b4b3781]::boxed::Box<dyn for<'a, 'b> core[df12db4294e9bfd3]::ops::function::Fn<(&'a std[70759c8f55707aa4]::panic::PanicHookInfo<'b>,), Output = ()> + core[df12db4294e9bfd3]::marker::Send + core[df12db4294e9bfd3]::marker::Sync> as core[df12db4294e9bfd3]::ops::function::Fn<(&std[70759c8f55707aa4]::panic::PanicHookInfo,)>>::call
[INFO] [stdout]                                at /rustc/dfb0accb7f508ae8be965d8629557221c889dd98/library/alloc/src/boxed.rs:2334:9
[INFO] [stdout]   14:     0x5734ab072cd2 - std[70759c8f55707aa4]::panicking::panic_with_hook
[INFO] [stdout]                                at /rustc/dfb0accb7f508ae8be965d8629557221c889dd98/library/std/src/panicking.rs:823:13
[INFO] [stdout]   15:     0x5734ab056672 - std[70759c8f55707aa4]::panicking::panic_handler::{closure#0}
[INFO] [stdout]                                at /rustc/dfb0accb7f508ae8be965d8629557221c889dd98/library/std/src/panicking.rs:688:13
[INFO] [stdout]   16:     0x5734ab04f1c9 - std[70759c8f55707aa4]::sys::backtrace::__rust_end_short_backtrace::<std[70759c8f55707aa4]::panicking::panic_handler::{closure#0}, !>
[INFO] [stdout]                                at /rustc/dfb0accb7f508ae8be965d8629557221c889dd98/library/std/src/sys/backtrace.rs:182:18
[INFO] [stdout]   17:     0x5734ab05726d - __rustc[8fa7c3cbc660c2b3]::rust_begin_unwind
[INFO] [stdout]                                at /rustc/dfb0accb7f508ae8be965d8629557221c889dd98/library/std/src/panicking.rs:679:5
[INFO] [stdout]   18:     0x5734ab0907ec - core[df12db4294e9bfd3]::panicking::panic_fmt
[INFO] [stdout]                                at /rustc/dfb0accb7f508ae8be965d8629557221c889dd98/library/core/src/panicking.rs:80:14
[INFO] [stdout]   19:     0x5734aafe4897 - interop[32a3b680e9b09d79]::load_frame::{closure#0}
[INFO] [stdout]                                at /opt/rustwide/workdir/tests/interop.rs:130:45
[INFO] [stdout]   20:     0x5734aafcbc07 - <core[df12db4294e9bfd3]::result::Result<alloc[2182bb758b4b3781]::vec::Vec<u8>, core[df12db4294e9bfd3]::io::error::Error>>::unwrap_or_else::<interop[32a3b680e9b09d79]::load_frame::{closure#0}>
[INFO] [stdout]                                at /rustc/dfb0accb7f508ae8be965d8629557221c889dd98/library/core/src/result.rs:1621:23
[INFO] [stdout]   21:     0x5734aafe51cc - load_frame
[INFO] [stdout]                                at /opt/rustwide/workdir/tests/interop.rs:130:26
[INFO] [stdout]   22:     0x5734aafe7cd5 - glaze_unknown_key_body_decodes_into_older_struct
[INFO] [stdout]                                at /opt/rustwide/workdir/tests/interop.rs:332:41
[INFO] [stdout]   23:     0x5734aafe4dd3 - interop[32a3b680e9b09d79]::glaze_unknown_key_body_decodes_into_older_struct::{closure#0}
[INFO] [stdout]                                at /opt/rustwide/workdir/tests/interop.rs:323:54
[INFO] [stdout]   24:     0x5734aafd1d66 - <interop[32a3b680e9b09d79]::glaze_unknown_key_body_decodes_into_older_struct::{closure#0} as core[df12db4294e9bfd3]::ops::function::FnOnce<()>>::call_once
[INFO] [stdout]                                at /rustc/dfb0accb7f508ae8be965d8629557221c889dd98/library/core/src/ops/function.rs:250:5
[INFO] [stdout]   25:     0x5734aaff606b - <fn() -> core[df12db4294e9bfd3]::result::Result<(), alloc[2182bb758b4b3781]::string::String> as core[df12db4294e9bfd3]::ops::function::FnOnce<()>>::call_once
[INFO] [stdout]                                at /rustc/dfb0accb7f508ae8be965d8629557221c889dd98/library/core/src/ops/function.rs:250:5
[INFO] [stdout]   26:     0x5734aaff606b - test[9d35eded1c95d3be]::__rust_begin_short_backtrace::<core[df12db4294e9bfd3]::result::Result<(), alloc[2182bb758b4b3781]::string::String>, fn() -> core[df12db4294e9bfd3]::result::Result<(), alloc[2182bb758b4b3781]::string::String>>
[INFO] [stdout]                                at /rustc/dfb0accb7f508ae8be965d8629557221c889dd98/library/test/src/lib.rs:733:18
[INFO] [stdout]   27:     0x5734ab0036d5 - test[9d35eded1c95d3be]::run_test_in_process::{closure#0}
[INFO] [stdout]                                at /rustc/dfb0accb7f508ae8be965d8629557221c889dd98/library/test/src/lib.rs:756:74
[INFO] [stdout]   28:     0x5734ab0036d5 - <core[df12db4294e9bfd3]::panic::unwind_safe::AssertUnwindSafe<test[9d35eded1c95d3be]::run_test_in_process::{closure#0}> as core[df12db4294e9bfd3]::ops::function::FnOnce<()>>::call_once
[INFO] [stdout]                                at /rustc/dfb0accb7f508ae8be965d8629557221c889dd98/library/core/src/panic/unwind_safe.rs:275:9
[INFO] [stdout]   29:     0x5734ab0036d5 - std[70759c8f55707aa4]::panicking::catch_unwind::do_call::<core[df12db4294e9bfd3]::panic::unwind_safe::AssertUnwindSafe<test[9d35eded1c95d3be]::run_test_in_process::{closure#0}>, core[df12db4294e9bfd3]::result::Result<(), alloc[2182bb758b4b3781]::string::String>>
[INFO] [stdout]                                at /rustc/dfb0accb7f508ae8be965d8629557221c889dd98/library/std/src/panicking.rs:576:43
[INFO] [stdout]   30:     0x5734ab0036d5 - std[70759c8f55707aa4]::panicking::catch_unwind::<core[df12db4294e9bfd3]::result::Result<(), alloc[2182bb758b4b3781]::string::String>, core[df12db4294e9bfd3]::panic::unwind_safe::AssertUnwindSafe<test[9d35eded1c95d3be]::run_test_in_process::{closure#0}>>
[INFO] [stdout]                                at /rustc/dfb0accb7f508ae8be965d8629557221c889dd98/library/std/src/panicking.rs:544:19
[INFO] [stdout]   31:     0x5734ab0036d5 - std[70759c8f55707aa4]::panic::catch_unwind::<core[df12db4294e9bfd3]::panic::unwind_safe::AssertUnwindSafe<test[9d35eded1c95d3be]::run_test_in_process::{closure#0}>, core[df12db4294e9bfd3]::result::Result<(), alloc[2182bb758b4b3781]::string::String>>
[INFO] [stdout]                                at /rustc/dfb0accb7f508ae8be965d8629557221c889dd98/library/std/src/panic.rs:359:14
[INFO] [stdout]   32:     0x5734ab0036d5 - test[9d35eded1c95d3be]::run_test_in_process
[INFO] [stdout]                                at /rustc/dfb0accb7f508ae8be965d8629557221c889dd98/library/test/src/lib.rs:756:27
[INFO] [stdout]   33:     0x5734ab0036d5 - test[9d35eded1c95d3be]::run_test::{closure#0}
[INFO] [stdout]                                at /rustc/dfb0accb7f508ae8be965d8629557221c889dd98/library/test/src/lib.rs:677:43
[INFO] [stdout]   34:     0x5734aaffcf94 - test[9d35eded1c95d3be]::run_test::{closure#1}
[INFO] [stdout]                                at /rustc/dfb0accb7f508ae8be965d8629557221c889dd98/library/test/src/lib.rs:707:41
[INFO] [stdout]   35:     0x5734aaffcf94 - std[70759c8f55707aa4]::sys::backtrace::__rust_begin_short_backtrace::<test[9d35eded1c95d3be]::run_test::{closure#1}, ()>
[INFO] [stdout]                                at /rustc/dfb0accb7f508ae8be965d8629557221c889dd98/library/std/src/sys/backtrace.rs:166:18
[INFO] [stdout]   36:     0x5734ab006832 - std[70759c8f55707aa4]::thread::lifecycle::spawn_unchecked::<test[9d35eded1c95d3be]::run_test::{closure#1}, ()>::{closure#1}::{closure#0}
[INFO] [stdout]                                at /rustc/dfb0accb7f508ae8be965d8629557221c889dd98/library/std/src/thread/lifecycle.rs:70:13
[INFO] [stdout]   37:     0x5734ab006832 - <core[df12db4294e9bfd3]::panic::unwind_safe::AssertUnwindSafe<std[70759c8f55707aa4]::thread::lifecycle::spawn_unchecked<test[9d35eded1c95d3be]::run_test::{closure#1}, ()>::{closure#1}::{closure#0}> as core[df12db4294e9bfd3]::ops::function::FnOnce<()>>::call_once
[INFO] [stdout]                                at /rustc/dfb0accb7f508ae8be965d8629557221c889dd98/library/core/src/panic/unwind_safe.rs:275:9
[INFO] [stdout]   38:     0x5734ab006832 - std[70759c8f55707aa4]::panicking::catch_unwind::do_call::<core[df12db4294e9bfd3]::panic::unwind_safe::AssertUnwindSafe<std[70759c8f55707aa4]::thread::lifecycle::spawn_unchecked<test[9d35eded1c95d3be]::run_test::{closure#1}, ()>::{closure#1}::{closure#0}>, ()>
[INFO] [stdout]                                at /rustc/dfb0accb7f508ae8be965d8629557221c889dd98/library/std/src/panicking.rs:576:43
[INFO] [stdout]   39:     0x5734ab006832 - std[70759c8f55707aa4]::panicking::catch_unwind::<(), core[df12db4294e9bfd3]::panic::unwind_safe::AssertUnwindSafe<std[70759c8f55707aa4]::thread::lifecycle::spawn_unchecked<test[9d35eded1c95d3be]::run_test::{closure#1}, ()>::{closure#1}::{closure#0}>>
[INFO] [stdout]                                at /rustc/dfb0accb7f508ae8be965d8629557221c889dd98/library/std/src/panicking.rs:544:19
[INFO] [stdout]   40:     0x5734ab006832 - std[70759c8f55707aa4]::panic::catch_unwind::<core[df12db4294e9bfd3]::panic::unwind_safe::AssertUnwindSafe<std[70759c8f55707aa4]::thread::lifecycle::spawn_unchecked<test[9d35eded1c95d3be]::run_test::{closure#1}, ()>::{closure#1}::{closure#0}>, ()>
[INFO] [stdout]                                at /rustc/dfb0accb7f508ae8be965d8629557221c889dd98/library/std/src/panic.rs:359:14
[INFO] [stdout]   41:     0x5734ab006832 - std[70759c8f55707aa4]::thread::lifecycle::spawn_unchecked::<test[9d35eded1c95d3be]::run_test::{closure#1}, ()>::{closure#1}
[INFO] [stdout]                                at /rustc/dfb0accb7f508ae8be965d8629557221c889dd98/library/std/src/thread/lifecycle.rs:68:26
[INFO] [stdout]   42:     0x5734ab006832 - <std[70759c8f55707aa4]::thread::lifecycle::spawn_unchecked<test[9d35eded1c95d3be]::run_test::{closure#1}, ()>::{closure#1} as core[df12db4294e9bfd3]::ops::function::FnOnce<()>>::call_once::{shim:vtable#0}
[INFO] [stdout]                                at /rustc/dfb0accb7f508ae8be965d8629557221c889dd98/library/core/src/ops/function.rs:250:5
[INFO] [stdout]   43:     0x5734ab079e99 - <alloc[2182bb758b4b3781]::boxed::Box<dyn core[df12db4294e9bfd3]::ops::function::FnOnce<(), Output = ()> + core[df12db4294e9bfd3]::marker::Send> as core[df12db4294e9bfd3]::ops::function::FnOnce<()>>::call_once
[INFO] [stdout]                                at /rustc/dfb0accb7f508ae8be965d8629557221c889dd98/library/alloc/src/boxed.rs:2320:9
[INFO] [stdout]   44:     0x5734ab079e99 - <std[70759c8f55707aa4]::sys::thread::unix::Thread>::new::thread_start
[INFO] [stdout]                                at /rustc/dfb0accb7f508ae8be965d8629557221c889dd98/library/std/src/sys/thread/unix.rs:123:17
[INFO] [stdout]   45:     0x7bc9522a1dfa - <unknown>
[INFO] [stdout]   46:     0x7bc9523353d4 - clone
[INFO] [stdout]   47:                0x0 - <unknown>
[INFO] [stdout] 
[INFO] [stdout] ---- glaze_fixtures_roundtrip_and_decode stdout ----
[INFO] [stdout] 
[INFO] [stdout] thread 'glaze_fixtures_roundtrip_and_decode' (2539) panicked at tests/interop.rs:120:59:
[INFO] [stdout] read /opt/rustwide/workdir/interop/fixtures/manifest.json: No such file or directory (os error 2)
[INFO] [stdout] stack backtrace:
[INFO] [stdout]    0:     0x5734ab07ac51 - std[70759c8f55707aa4]::backtrace_rs::backtrace::libunwind::trace
[INFO] [stdout]                                at /rustc/dfb0accb7f508ae8be965d8629557221c889dd98/library/std/src/../../backtrace/src/backtrace/libunwind.rs:117:9
[INFO] [stdout]    1:     0x5734ab07ac51 - std[70759c8f55707aa4]::backtrace_rs::backtrace::trace_unsynchronized::<std[70759c8f55707aa4]::sys::backtrace::_print_fmt::{closure#1}>
[INFO] [stdout]                                at /rustc/dfb0accb7f508ae8be965d8629557221c889dd98/library/std/src/../../backtrace/src/backtrace/mod.rs:66:14
[INFO] [stdout]    2:     0x5734ab07ac51 - std[70759c8f55707aa4]::sys::backtrace::_print_fmt
[INFO] [stdout]                                at /rustc/dfb0accb7f508ae8be965d8629557221c889dd98/library/std/src/sys/backtrace.rs:74:9
[INFO] [stdout]    3:     0x5734ab07ac51 - <<std[70759c8f55707aa4]::sys::backtrace::BacktraceLock>::print::DisplayBacktrace as core[df12db4294e9bfd3]::fmt::Display>::fmt
[INFO] [stdout]                                at /rustc/dfb0accb7f508ae8be965d8629557221c889dd98/library/std/src/sys/backtrace.rs:44:26
[INFO] [stdout]    4:     0x5734ab09005a - <core[df12db4294e9bfd3]::fmt::rt::Argument>::fmt
[INFO] [stdout]                                at /rustc/dfb0accb7f508ae8be965d8629557221c889dd98/library/core/src/fmt/rt.rs:152:76
[INFO] [stdout]    5:     0x5734ab09005a - core[df12db4294e9bfd3]::fmt::write
[INFO] [stdout]    6:     0x5734ab07f3dc - core[df12db4294e9bfd3]::io::write::default_write_fmt::<alloc[2182bb758b4b3781]::vec::Vec<u8>>
[INFO] [stdout]                                at /rustc/dfb0accb7f508ae8be965d8629557221c889dd98/library/core/src/io/write.rs:402:11
[INFO] [stdout]    7:     0x5734ab07f3dc - <alloc[2182bb758b4b3781]::vec::Vec<u8> as core[df12db4294e9bfd3]::io::write::Write>::write_fmt
[INFO] [stdout]                                at /rustc/dfb0accb7f508ae8be965d8629557221c889dd98/library/core/src/io/write.rs:335:13
[INFO] [stdout]    8:     0x5734ab0565c6 - <std[70759c8f55707aa4]::sys::backtrace::BacktraceLock>::print
[INFO] [stdout]                                at /rustc/dfb0accb7f508ae8be965d8629557221c889dd98/library/std/src/sys/backtrace.rs:47:9
[INFO] [stdout]    9:     0x5734ab0565c6 - std[70759c8f55707aa4]::panicking::default_hook::{closure#0}
[INFO] [stdout]                                at /rustc/dfb0accb7f508ae8be965d8629557221c889dd98/library/std/src/panicking.rs:292:27
[INFO] [stdout]   10:     0x5734ab072b19 - std[70759c8f55707aa4]::panicking::default_hook
[INFO] [stdout]                                at /rustc/dfb0accb7f508ae8be965d8629557221c889dd98/library/std/src/panicking.rs:316:9
[INFO] [stdout]   11:     0x5734ab002d80 - <alloc[2182bb758b4b3781]::boxed::Box<dyn for<'a, 'b> core[df12db4294e9bfd3]::ops::function::Fn<(&'a std[70759c8f55707aa4]::panic::PanicHookInfo<'b>,), Output = ()> + core[df12db4294e9bfd3]::marker::Send + core[df12db4294e9bfd3]::marker::Sync> as core[df12db4294e9bfd3]::ops::function::Fn<(&std[70759c8f55707aa4]::panic::PanicHookInfo,)>>::call
[INFO] [stdout]                                at /rustc/dfb0accb7f508ae8be965d8629557221c889dd98/library/alloc/src/boxed.rs:2334:9
[INFO] [stdout]   12:     0x5734ab002d80 - test[9d35eded1c95d3be]::test_main_inner::<test[9d35eded1c95d3be]::test_main_static::{closure#0}>::{closure#0}
[INFO] [stdout]                                at /rustc/dfb0accb7f508ae8be965d8629557221c889dd98/library/test/src/lib.rs:155:21
[INFO] [stdout]   13:     0x5734ab072cd2 - <alloc[2182bb758b4b3781]::boxed::Box<dyn for<'a, 'b> core[df12db4294e9bfd3]::ops::function::Fn<(&'a std[70759c8f55707aa4]::panic::PanicHookInfo<'b>,), Output = ()> + core[df12db4294e9bfd3]::marker::Send + core[df12db4294e9bfd3]::marker::Sync> as core[df12db4294e9bfd3]::ops::function::Fn<(&std[70759c8f55707aa4]::panic::PanicHookInfo,)>>::call
[INFO] [stdout]                                at /rustc/dfb0accb7f508ae8be965d8629557221c889dd98/library/alloc/src/boxed.rs:2334:9
[INFO] [stdout]   14:     0x5734ab072cd2 - std[70759c8f55707aa4]::panicking::panic_with_hook
[INFO] [stdout]                                at /rustc/dfb0accb7f508ae8be965d8629557221c889dd98/library/std/src/panicking.rs:823:13
[INFO] [stdout]   15:     0x5734ab056672 - std[70759c8f55707aa4]::panicking::panic_handler::{closure#0}
[INFO] [stdout]                                at /rustc/dfb0accb7f508ae8be965d8629557221c889dd98/library/std/src/panicking.rs:688:13
[INFO] [stdout]   16:     0x5734ab04f1c9 - std[70759c8f55707aa4]::sys::backtrace::__rust_end_short_backtrace::<std[70759c8f55707aa4]::panicking::panic_handler::{closure#0}, !>
[INFO] [stdout]                                at /rustc/dfb0accb7f508ae8be965d8629557221c889dd98/library/std/src/sys/backtrace.rs:182:18
[INFO] [stdout]   17:     0x5734ab05726d - __rustc[8fa7c3cbc660c2b3]::rust_begin_unwind
[INFO] [stdout]                                at /rustc/dfb0accb7f508ae8be965d8629557221c889dd98/library/std/src/panicking.rs:679:5
[INFO] [stdout]   18:     0x5734ab0907ec - core[df12db4294e9bfd3]::panicking::panic_fmt
[INFO] [stdout]                                at /rustc/dfb0accb7f508ae8be965d8629557221c889dd98/library/core/src/panicking.rs:80:14
[INFO] [stdout]   19:     0x5734aafe4a17 - interop[32a3b680e9b09d79]::load_manifest::{closure#0}
[INFO] [stdout]                                at /opt/rustwide/workdir/tests/interop.rs:120:59
[INFO] [stdout]   20:     0x5734aafcbf27 - <core[df12db4294e9bfd3]::result::Result<alloc[2182bb758b4b3781]::string::String, core[df12db4294e9bfd3]::io::error::Error>>::unwrap_or_else::<interop[32a3b680e9b09d79]::load_manifest::{closure#0}>
[INFO] [stdout]                                at /rustc/dfb0accb7f508ae8be965d8629557221c889dd98/library/core/src/result.rs:1621:23
[INFO] [stdout]   21:     0x5734aafe53f1 - interop[32a3b680e9b09d79]::load_manifest
[INFO] [stdout]                                at /opt/rustwide/workdir/tests/interop.rs:120:40
[INFO] [stdout]   22:     0x5734aafe6b24 - glaze_fixtures_roundtrip_and_decode
[INFO] [stdout]                                at /opt/rustwide/workdir/tests/interop.rs:135:20
[INFO] [stdout]   23:     0x5734aafe4da3 - interop[32a3b680e9b09d79]::glaze_fixtures_roundtrip_and_decode::{closure#0}
[INFO] [stdout]                                at /opt/rustwide/workdir/tests/interop.rs:134:41
[INFO] [stdout]   24:     0x5734aafd1d46 - <interop[32a3b680e9b09d79]::glaze_fixtures_roundtrip_and_decode::{closure#0} as core[df12db4294e9bfd3]::ops::function::FnOnce<()>>::call_once
[INFO] [stdout]                                at /rustc/dfb0accb7f508ae8be965d8629557221c889dd98/library/core/src/ops/function.rs:250:5
[INFO] [stdout]   25:     0x5734aaff606b - <fn() -> core[df12db4294e9bfd3]::result::Result<(), alloc[2182bb758b4b3781]::string::String> as core[df12db4294e9bfd3]::ops::function::FnOnce<()>>::call_once
[INFO] [stdout]                                at /rustc/dfb0accb7f508ae8be965d8629557221c889dd98/library/core/src/ops/function.rs:250:5
[INFO] [stdout]   26:     0x5734aaff606b - test[9d35eded1c95d3be]::__rust_begin_short_backtrace::<core[df12db4294e9bfd3]::result::Result<(), alloc[2182bb758b4b3781]::string::String>, fn() -> core[df12db4294e9bfd3]::result::Result<(), alloc[2182bb758b4b3781]::string::String>>
[INFO] [stdout]                                at /rustc/dfb0accb7f508ae8be965d8629557221c889dd98/library/test/src/lib.rs:733:18
[INFO] [stdout]   27:     0x5734ab0036d5 - test[9d35eded1c95d3be]::run_test_in_process::{closure#0}
[INFO] [stdout]                                at /rustc/dfb0accb7f508ae8be965d8629557221c889dd98/library/test/src/lib.rs:756:74
[INFO] [stdout]   28:     0x5734ab0036d5 - <core[df12db4294e9bfd3]::panic::unwind_safe::AssertUnwindSafe<test[9d35eded1c95d3be]::run_test_in_process::{closure#0}> as core[df12db4294e9bfd3]::ops::function::FnOnce<()>>::call_once
[INFO] [stdout]                                at /rustc/dfb0accb7f508ae8be965d8629557221c889dd98/library/core/src/panic/unwind_safe.rs:275:9
[INFO] [stdout]   29:     0x5734ab0036d5 - std[70759c8f55707aa4]::panicking::catch_unwind::do_call::<core[df12db4294e9bfd3]::panic::unwind_safe::AssertUnwindSafe<test[9d35eded1c95d3be]::run_test_in_process::{closure#0}>, core[df12db4294e9bfd3]::result::Result<(), alloc[2182bb758b4b3781]::string::String>>
[INFO] [stdout]                                at /rustc/dfb0accb7f508ae8be965d8629557221c889dd98/library/std/src/panicking.rs:576:43
[INFO] [stdout]   30:     0x5734ab0036d5 - std[70759c8f55707aa4]::panicking::catch_unwind::<core[df12db4294e9bfd3]::result::Result<(), alloc[2182bb758b4b3781]::string::String>, core[df12db4294e9bfd3]::panic::unwind_safe::AssertUnwindSafe<test[9d35eded1c95d3be]::run_test_in_process::{closure#0}>>
[INFO] [stdout]                                at /rustc/dfb0accb7f508ae8be965d8629557221c889dd98/library/std/src/panicking.rs:544:19
[INFO] [stdout]   31:     0x5734ab0036d5 - std[70759c8f55707aa4]::panic::catch_unwind::<core[df12db4294e9bfd3]::panic::unwind_safe::AssertUnwindSafe<test[9d35eded1c95d3be]::run_test_in_process::{closure#0}>, core[df12db4294e9bfd3]::result::Result<(), alloc[2182bb758b4b3781]::string::String>>
[INFO] [stdout]                                at /rustc/dfb0accb7f508ae8be965d8629557221c889dd98/library/std/src/panic.rs:359:14
[INFO] [stdout]   32:     0x5734ab0036d5 - test[9d35eded1c95d3be]::run_test_in_process
[INFO] [stdout]                                at /rustc/dfb0accb7f508ae8be965d8629557221c889dd98/library/test/src/lib.rs:756:27
[INFO] [stdout]   33:     0x5734ab0036d5 - test[9d35eded1c95d3be]::run_test::{closure#0}
[INFO] [stdout]                                at /rustc/dfb0accb7f508ae8be965d8629557221c889dd98/library/test/src/lib.rs:677:43
[INFO] [stdout]   34:     0x5734aaffcf94 - test[9d35eded1c95d3be]::run_test::{closure#1}
[INFO] [stdout]                                at /rustc/dfb0accb7f508ae8be965d8629557221c889dd98/library/test/src/lib.rs:707:41
[INFO] [stdout]   35:     0x5734aaffcf94 - std[70759c8f55707aa4]::sys::backtrace::__rust_begin_short_backtrace::<test[9d35eded1c95d3be]::run_test::{closure#1}, ()>
[INFO] [stdout]                                at /rustc/dfb0accb7f508ae8be965d8629557221c889dd98/library/std/src/sys/backtrace.rs:166:18
[INFO] [stdout]   36:     0x5734ab006832 - std[70759c8f55707aa4]::thread::lifecycle::spawn_unchecked::<test[9d35eded1c95d3be]::run_test::{closure#1}, ()>::{closure#1}::{closure#0}
[INFO] [stdout]                                at /rustc/dfb0accb7f508ae8be965d8629557221c889dd98/library/std/src/thread/lifecycle.rs:70:13
[INFO] [stdout]   37:     0x5734ab006832 - <core[df12db4294e9bfd3]::panic::unwind_safe::AssertUnwindSafe<std[70759c8f55707aa4]::thread::lifecycle::spawn_unchecked<test[9d35eded1c95d3be]::run_test::{closure#1}, ()>::{closure#1}::{closure#0}> as core[df12db4294e9bfd3]::ops::function::FnOnce<()>>::call_once
[INFO] [stdout]                                at /rustc/dfb0accb7f508ae8be965d8629557221c889dd98/library/core/src/panic/unwind_safe.rs:275:9
[INFO] [stdout]   38:     0x5734ab006832 - std[70759c8f55707aa4]::panicking::catch_unwind::do_call::<core[df12db4294e9bfd3]::panic::unwind_safe::AssertUnwindSafe<std[70759c8f55707aa4]::thread::lifecycle::spawn_unchecked<test[9d35eded1c95d3be]::run_test::{closure#1}, ()>::{closure#1}::{closure#0}>, ()>
[INFO] [stdout]                                at /rustc/dfb0accb7f508ae8be965d8629557221c889dd98/library/std/src/panicking.rs:576:43
[INFO] [stdout]   39:     0x5734ab006832 - std[70759c8f55707aa4]::panicking::catch_unwind::<(), core[df12db4294e9bfd3]::panic::unwind_safe::AssertUnwindSafe<std[70759c8f55707aa4]::thread::lifecycle::spawn_unchecked<test[9d35eded1c95d3be]::run_test::{closure#1}, ()>::{closure#1}::{closure#0}>>
[INFO] [stdout]                                at /rustc/dfb0accb7f508ae8be965d8629557221c889dd98/library/std/src/panicking.rs:544:19
[INFO] [stdout]   40:     0x5734ab006832 - std[70759c8f55707aa4]::panic::catch_unwind::<core[df12db4294e9bfd3]::panic::unwind_safe::AssertUnwindSafe<std[70759c8f55707aa4]::thread::lifecycle::spawn_unchecked<test[9d35eded1c95d3be]::run_test::{closure#1}, ()>::{closure#1}::{closure#0}>, ()>
[INFO] [stdout]                                at /rustc/dfb0accb7f508ae8be965d8629557221c889dd98/library/std/src/panic.rs:359:14
[INFO] [stdout]   41:     0x5734ab006832 - std[70759c8f55707aa4]::thread::lifecycle::spawn_unchecked::<test[9d35eded1c95d3be]::run_test::{closure#1}, ()>::{closure#1}
[INFO] [stdout]                                at /rustc/dfb0accb7f508ae8be965d8629557221c889dd98/library/std/src/thread/lifecycle.rs:68:26
[INFO] [stdout]   42:     0x5734ab006832 - <std[70759c8f55707aa4]::thread::lifecycle::spawn_unchecked<test[9d35eded1c95d3be]::run_test::{closure#1}, ()>::{closure#1} as core[df12db4294e9bfd3]::ops::function::FnOnce<()>>::call_once::{shim:vtable#0}
[INFO] [stdout]                                at /rustc/dfb0accb7f508ae8be965d8629557221c889dd98/library/core/src/ops/function.rs:250:5
[INFO] [stdout]   43:     0x5734ab079e99 - <alloc[2182bb758b4b3781]::boxed::Box<dyn core[df12db4294e9bfd3]::ops::function::FnOnce<(), Output = ()> + core[df12db4294e9bfd3]::marker::Send> as core[df12db4294e9bfd3]::ops::function::FnOnce<()>>::call_once
[INFO] [stdout]                                at /rustc/dfb0accb7f508ae8be965d8629557221c889dd98/library/alloc/src/boxed.rs:2320:9
[INFO] [stdout]   44:     0x5734ab079e99 - <std[70759c8f55707aa4]::sys::thread::unix::Thread>::new::thread_start
[INFO] [stdout]                                at /rustc/dfb0accb7f508ae8be965d8629557221c889dd98/library/std/src/sys/thread/unix.rs:123:17
[INFO] [stdout]   45:     0x7bc9522a1dfa - <unknown>
[INFO] [stdout]   46:     0x7bc9523353d4 - clone
[INFO] [stdout]   47:                0x0 - <unknown>
[INFO] [stdout] 
[INFO] [stdout] 
[INFO] [stdout] failures:
[INFO] [stdout]     glaze_fixtures_roundtrip_and_decode
[INFO] [stdout]     glaze_unknown_key_body_decodes_into_older_struct
[INFO] [stdout]     manifest_and_fixture_files_agree
[INFO] [stdout] 
[INFO] [stdout] test result: FAILED. 0 passed; 3 failed; 0 ignored; 0 measured; 0 filtered out; finished in 0.05s
[INFO] [stdout] 
[INFO] [stderr] error: test failed, to rerun pass `--test interop`
[INFO] running `Command { std: "docker" "inspect" "81f2ef3d06020897253bc20b3adc034dc2bce693c94d31b66c210221eb3b6bc9", kill_on_drop: false }`
[INFO] running `Command { std: "docker" "rm" "-f" "81f2ef3d06020897253bc20b3adc034dc2bce693c94d31b66c210221eb3b6bc9", kill_on_drop: false }`
[INFO] [stdout] 81f2ef3d06020897253bc20b3adc034dc2bce693c94d31b66c210221eb3b6bc9
