[INFO] fetching crate reovim-module-snippet 0.14.4...
[INFO] testing reovim-module-snippet-0.14.4 against 1.99.0-beta.8 for beta-1.100-2
[INFO] extracting crate reovim-module-snippet 0.14.4 into /workspace/builds/worker-2-tc1/source
[INFO] started tweaking crates.io crate reovim-module-snippet 0.14.4
[INFO] removed 0 missing tests
[INFO] finished tweaking crates.io crate reovim-module-snippet 0.14.4
[INFO] tweaked toml for crates.io crate reovim-module-snippet 0.14.4 written to /workspace/builds/worker-2-tc1/source/Cargo.toml
[INFO] validating manifest of crates.io crate reovim-module-snippet 0.14.4 on toolchain 1.99.0-beta.8
[INFO] running `Command { std: CARGO_HOME="/workspace/cargo-home" RUSTUP_HOME="/workspace/rustup-home" "/workspace/cargo-home/bin/cargo" "+1.99.0-beta.8" "metadata" "--manifest-path" "Cargo.toml" "--no-deps", kill_on_drop: false }`
[INFO] crate crates.io crate reovim-module-snippet 0.14.4 already has a lockfile, it will not be regenerated
[INFO] running `Command { std: CARGO_HOME="/workspace/cargo-home" RUSTUP_HOME="/workspace/rustup-home" "/workspace/cargo-home/bin/cargo" "+1.99.0-beta.8" "fetch" "--manifest-path" "Cargo.toml", kill_on_drop: false }`
[INFO] [stderr]     Updating crates.io index
[INFO] [stderr]  Downloading crates ...
[INFO] [stderr]   Downloaded prost v0.13.5
[INFO] [stderr]   Downloaded tonic-build v0.12.3
[INFO] [stderr]   Downloaded async-stream-impl v0.3.6
[INFO] [stderr]   Downloaded reovim-testing v0.14.4
[INFO] [stderr]   Downloaded prost-types v0.13.5
[INFO] [stderr]   Downloaded libredox v0.1.14
[INFO] [stderr]   Downloaded reovim-module-macros v0.14.4
[INFO] [stderr]   Downloaded rmp-serde v1.3.1
[INFO] [stderr]   Downloaded reovim-driver-undo v0.14.4
[INFO] [stderr]   Downloaded reovim-driver-search v0.14.4
[INFO] [stderr]   Downloaded reovim-driver-command-types v0.14.4
[INFO] [stderr]   Downloaded reovim-module-cmdline v0.14.4
[INFO] [stderr]   Downloaded reovim-protocol v0.14.4
[INFO] [stderr]   Downloaded pin-project-internal v1.1.11
[INFO] [stderr]   Downloaded axum-core v0.4.5
[INFO] [stderr]   Downloaded reovim-driver-clipboard v0.14.4
[INFO] [stderr]   Downloaded reovim-capabilities v0.14.4
[INFO] [stderr]   Downloaded toml_write v0.1.2
[INFO] [stderr]   Downloaded async-stream v0.3.6
[INFO] [stderr]   Downloaded matchit v0.7.3
[INFO] [stderr]   Downloaded clap_derive v4.6.0
[INFO] [stderr]   Downloaded rmp v0.8.15
[INFO] [stderr]   Downloaded reovim-client-cli v0.14.4
[INFO] [stderr]   Downloaded reovim-module-window-ops v0.14.4
[INFO] [stderr]   Downloaded reovim-driver-vfs v0.14.4
[INFO] [stderr]   Downloaded reovim-driver-layout v0.14.4
[INFO] [stderr]   Downloaded reovim-driver-command v0.14.4
[INFO] [stderr]   Downloaded reovim-module-textobjects v0.14.4
[INFO] [stderr]   Downloaded reovim-driver-manifest v0.14.4
[INFO] [stderr]   Downloaded serde_spanned v0.6.9
[INFO] [stderr]   Downloaded reovim-driver-annotation v0.14.4
[INFO] [stderr]   Downloaded prost-derive v0.13.5
[INFO] [stderr]   Downloaded prost-build v0.13.5
[INFO] [stderr]   Downloaded pin-project v1.1.11
[INFO] [stderr]   Downloaded socket2 v0.5.10
[INFO] [stderr]   Downloaded reovim-arch v0.14.4
[INFO] [stderr]   Downloaded clap v4.6.0
[INFO] [stderr]   Downloaded reovim-client-model v0.14.4
[INFO] [stderr]   Downloaded reovim-driver-syntax v0.14.4
[INFO] [stderr]   Downloaded reovim-module-motions v0.14.4
[INFO] [stderr]   Downloaded toml v0.8.23
[INFO] [stderr]   Downloaded zerocopy-derive v0.8.42
[INFO] [stderr]   Downloaded reovim-module-editor v0.14.4
[INFO] [stderr]   Downloaded arc-swap v1.8.2
[INFO] [stderr]   Downloaded reovim-driver-input v0.14.4
[INFO] [stderr]   Downloaded toml_edit v0.22.27
[INFO] [stderr]   Downloaded tonic v0.12.3
[INFO] [stderr]   Downloaded reovim-driver-session v0.14.4
[INFO] [stderr]   Downloaded tower v0.4.13
[INFO] [stderr]   Downloaded axum v0.7.9
[INFO] [stderr]   Downloaded reovim-module-vim v0.14.4
[INFO] [stderr]   Downloaded zerocopy v0.8.42
[INFO] [stderr]   Downloaded reovim-kernel v0.14.4
[INFO] running `Command { std: "docker" "create" "-v" "/var/lib/crater-agent-workspace/builds/worker-2-tc1/source:/opt/rustwide/workdir:ro,Z" "-v" "/var/lib/crater-agent-workspace/builds/worker-2-tc1/target:/opt/rustwide/target:rw,Z" "-v" "/var/lib/crater-agent-workspace/cargo-home:/opt/rustwide/cargo-home:ro,Z" "-v" "/var/lib/crater-agent-workspace/rustup-home:/opt/rustwide/rustup-home:ro,Z" "-m" "1610612736" "--network" "none" "ghcr.io/rust-lang/crates-build-env/linux@sha256:3111399a4047eeb3a02b7a90e478d715f38a8c6669b5c4b49d30a17385265909" "sleep" "infinity", kill_on_drop: false }`
[INFO] [stdout] 3a8ba8b3539fe73fbdbe1c349bc6cbb646805d14bc19d4b83f8a870037693a6a
[INFO] running `Command { std: "docker" "start" "3a8ba8b3539fe73fbdbe1c349bc6cbb646805d14bc19d4b83f8a870037693a6a", kill_on_drop: false }`
[INFO] running `Command { std: "docker" "inspect" "3a8ba8b3539fe73fbdbe1c349bc6cbb646805d14bc19d4b83f8a870037693a6a", kill_on_drop: false }`
[INFO] running `Command { std: "docker" "exec" "-e" "SOURCE_DIR=/opt/rustwide/workdir" "-e" "CARGO_HOME=/opt/rustwide/cargo-home" "-e" "RUSTUP_HOME=/opt/rustwide/rustup-home" "-e" "CARGO_TARGET_DIR=/opt/rustwide/target" "-w" "/opt/rustwide/workdir" "--user" "0:0" "3a8ba8b3539fe73fbdbe1c349bc6cbb646805d14bc19d4b83f8a870037693a6a" "/opt/rustwide/cargo-home/bin/cargo" "+1.99.0-beta.8" "metadata" "--no-deps" "--format-version=1", kill_on_drop: false }`
[INFO] running `Command { std: "docker" "inspect" "3a8ba8b3539fe73fbdbe1c349bc6cbb646805d14bc19d4b83f8a870037693a6a", kill_on_drop: false }`
[INFO] running `Command { std: "docker" "exec" "-e" "SOURCE_DIR=/opt/rustwide/workdir" "-e" "CARGO_HOME=/opt/rustwide/cargo-home" "-e" "RUSTUP_HOME=/opt/rustwide/rustup-home" "-e" "CARGO_TARGET_DIR=/opt/rustwide/target" "-e" "CARGO_INCREMENTAL=0" "-e" "RUST_BACKTRACE=full" "-e" "RUSTFLAGS=--cap-lints=warn" "-e" "RUSTDOCFLAGS=--cap-lints=warn" "-w" "/opt/rustwide/workdir" "--user" "0:0" "3a8ba8b3539fe73fbdbe1c349bc6cbb646805d14bc19d4b83f8a870037693a6a" "/opt/rustwide/cargo-home/bin/cargo" "+1.99.0-beta.8" "build" "--frozen" "--message-format=json", kill_on_drop: false }`
[INFO] [stderr]    Compiling libc v0.2.183
[INFO] [stderr]    Compiling thiserror v1.0.69
[INFO] [stderr]    Compiling unicode-segmentation v1.12.0
[INFO] [stderr]    Compiling syn v2.0.117
[INFO] [stderr]    Compiling bitflags v2.11.0
[INFO] [stderr]    Compiling option-ext v0.2.0
[INFO] [stderr]    Compiling futures-core v0.3.32
[INFO] [stderr]    Compiling arc-swap v1.8.2
[INFO] [stderr]    Compiling tracing-core v0.1.36
[INFO] [stderr]    Compiling winnow v0.7.15
[INFO] [stderr]    Compiling rustix v1.1.4
[INFO] [stderr]    Compiling toml_write v0.1.2
[INFO] [stderr]    Compiling reovim-capabilities v0.14.4
[INFO] [stderr]    Compiling convert_case v0.10.0
[INFO] [stderr]    Compiling errno v0.3.14
[INFO] [stderr]    Compiling mio v1.1.1
[INFO] [stderr]    Compiling parking_lot_core v0.9.12
[INFO] [stderr]    Compiling socket2 v0.6.3
[INFO] [stderr]    Compiling dirs-sys v0.4.1
[INFO] [stderr]    Compiling signal-hook-registry v1.4.8
[INFO] [stderr]    Compiling signal-hook v0.3.18
[INFO] [stderr]    Compiling parking_lot v0.12.5
[INFO] [stderr]    Compiling dirs v5.0.1
[INFO] [stderr]    Compiling signal-hook-mio v0.2.5
[INFO] [stderr]    Compiling thiserror-impl v1.0.69
[INFO] [stderr]    Compiling derive_more-impl v2.1.1
[INFO] [stderr]    Compiling tokio-macros v2.6.1
[INFO] [stderr]    Compiling serde_derive v1.0.228
[INFO] [stderr]    Compiling tracing-attributes v0.1.31
[INFO] [stderr]    Compiling reovim-module-macros v0.14.4
[INFO] [stderr]    Compiling tokio v1.50.0
[INFO] [stderr]    Compiling derive_more v2.1.1
[INFO] [stderr]    Compiling tracing v0.1.44
[INFO] [stderr]    Compiling filedescriptor v0.8.3
[INFO] [stderr]    Compiling crossterm v0.29.0
[INFO] [stderr]    Compiling serde v1.0.228
[INFO] [stderr]    Compiling serde_spanned v0.6.9
[INFO] [stderr]    Compiling toml_datetime v0.6.11
[INFO] [stderr]    Compiling reovim-client-model v0.14.4
[INFO] [stderr]    Compiling toml_edit v0.22.27
[INFO] [stderr]    Compiling reovim-arch v0.14.4
[INFO] [stderr]    Compiling reovim-kernel v0.14.4
[INFO] [stderr]    Compiling toml v0.8.23
[INFO] [stderr]    Compiling reovim-driver-vfs v0.14.4
[INFO] [stderr]    Compiling reovim-driver-layout v0.14.4
[INFO] [stderr]    Compiling reovim-driver-search v0.14.4
[INFO] [stderr]    Compiling reovim-driver-clipboard v0.14.4
[INFO] [stderr]    Compiling reovim-driver-annotation v0.14.4
[INFO] [stderr]    Compiling reovim-driver-manifest v0.14.4
[INFO] [stderr]    Compiling reovim-driver-command-types v0.14.4
[INFO] [stderr]    Compiling reovim-driver-undo v0.14.4
[INFO] [stderr]    Compiling reovim-driver-session v0.14.4
[INFO] [stderr]    Compiling reovim-driver-command v0.14.4
[INFO] [stderr]    Compiling reovim-driver-syntax v0.14.4
[INFO] [stderr]    Compiling reovim-driver-input v0.14.4
[INFO] [stderr]    Compiling reovim-module-cmdline v0.14.4
[INFO] [stderr]    Compiling reovim-module-motions v0.14.4
[INFO] [stderr]    Compiling reovim-module-window-ops v0.14.4
[INFO] [stderr]    Compiling reovim-module-textobjects v0.14.4
[INFO] [stderr]    Compiling reovim-module-editor v0.14.4
[INFO] [stderr]    Compiling reovim-module-vim v0.14.4
[INFO] [stderr]    Compiling reovim-module-snippet v0.14.4 (/opt/rustwide/workdir)
[INFO] [stderr]     Finished `dev` profile [unoptimized + debuginfo] target(s) in 56.09s
[INFO] running `Command { std: "docker" "inspect" "3a8ba8b3539fe73fbdbe1c349bc6cbb646805d14bc19d4b83f8a870037693a6a", kill_on_drop: false }`
[INFO] running `Command { std: "docker" "exec" "-e" "SOURCE_DIR=/opt/rustwide/workdir" "-e" "CARGO_HOME=/opt/rustwide/cargo-home" "-e" "RUSTUP_HOME=/opt/rustwide/rustup-home" "-e" "CARGO_TARGET_DIR=/opt/rustwide/target" "-e" "CARGO_INCREMENTAL=0" "-e" "RUST_BACKTRACE=full" "-e" "RUSTFLAGS=--cap-lints=warn" "-e" "RUSTDOCFLAGS=--cap-lints=warn" "-w" "/opt/rustwide/workdir" "--user" "0:0" "3a8ba8b3539fe73fbdbe1c349bc6cbb646805d14bc19d4b83f8a870037693a6a" "/opt/rustwide/cargo-home/bin/cargo" "+1.99.0-beta.8" "test" "--frozen" "--no-run" "--message-format=json", kill_on_drop: false }`
[INFO] [stderr]    Compiling parking_lot_core v0.9.12
[INFO] [stderr]    Compiling rustix v1.1.4
[INFO] [stderr]    Compiling memchr v2.8.0
[INFO] [stderr]    Compiling anyhow v1.0.102
[INFO] [stderr]    Compiling either v1.15.0
[INFO] [stderr]    Compiling libc v0.2.183
[INFO] [stderr]    Compiling futures-util v0.3.32
[INFO] [stderr]    Compiling zerocopy v0.8.42
[INFO] [stderr]    Compiling parking_lot v0.12.5
[INFO] [stderr]    Compiling itertools v0.14.0
[INFO] [stderr]    Compiling regex-syntax v0.8.10
[INFO] [stderr]    Compiling prettyplease v0.2.37
[INFO] [stderr]    Compiling fastrand v2.3.0
[INFO] [stderr]    Compiling tokio v1.50.0
[INFO] [stderr]    Compiling serde_json v1.0.149
[INFO] [stderr]    Compiling bytes v1.11.1
[INFO] [stderr]    Compiling getrandom v0.4.2
[INFO] [stderr]    Compiling prost-derive v0.13.5
[INFO] [stderr]    Compiling regex-automata v0.4.14
[INFO] [stderr]    Compiling reovim-client-model v0.14.4
[INFO] [stderr]    Compiling crossterm v0.29.0
[INFO] [stderr]    Compiling prost v0.13.5
[INFO] [stderr]    Compiling num-traits v0.2.19
[INFO] [stderr]    Compiling getrandom v0.2.17
[INFO] [stderr]    Compiling fixedbitset v0.5.7
[INFO] [stderr]    Compiling rand_core v0.6.4
[INFO] [stderr]    Compiling petgraph v0.7.1
[INFO] [stderr]    Compiling prost-types v0.13.5
[INFO] [stderr]    Compiling tempfile v3.27.0
[INFO] [stderr]    Compiling indexmap v1.9.3
[INFO] [stderr]    Compiling sync_wrapper v1.0.2
[INFO] [stderr]    Compiling multimap v0.10.1
[INFO] [stderr]    Compiling regex v1.12.3
[INFO] [stderr]    Compiling httpdate v1.0.3
[INFO] [stderr]    Compiling prost-build v0.13.5
[INFO] [stderr]    Compiling http-body-util v0.1.3
[INFO] [stderr]    Compiling pin-project-internal v1.1.11
[INFO] [stderr]    Compiling async-trait v0.1.89
[INFO] [stderr]    Compiling hashbrown v0.12.3
[INFO] [stderr]    Compiling tower v0.5.3
[INFO] [stderr]    Compiling reovim-arch v0.14.4
[INFO] [stderr]    Compiling tokio-util v0.7.18
[INFO] [stderr]    Compiling pin-project v1.1.11
[INFO] [stderr]    Compiling reovim-kernel v0.14.4
[INFO] [stderr]    Compiling axum-core v0.4.5
[INFO] [stderr]    Compiling tonic-build v0.12.3
[INFO] [stderr]    Compiling async-stream-impl v0.3.6
[INFO] [stderr]    Compiling h2 v0.4.13
[INFO] [stderr]    Compiling matchit v0.7.3
[INFO] [stderr]    Compiling anstyle v1.0.13
[INFO] [stderr]    Compiling ppv-lite86 v0.2.21
[INFO] [stderr]    Compiling colorchoice v1.0.4
[INFO] [stderr]    Compiling anstream v1.0.0
[INFO] [stderr]    Compiling async-stream v0.3.6
[INFO] [stderr]    Compiling rmp v0.8.15
[INFO] [stderr]    Compiling tokio-stream v0.1.18
[INFO] [stderr]    Compiling rand_chacha v0.3.1
[INFO] [stderr]    Compiling reovim-protocol v0.14.4
[INFO] [stderr]    Compiling rand v0.8.5
[INFO] [stderr]    Compiling socket2 v0.5.10
[INFO] [stderr]    Compiling clap_builder v4.6.0
[INFO] [stderr]    Compiling rmp-serde v1.3.1
[INFO] [stderr]    Compiling reovim-driver-vfs v0.14.4
[INFO] [stderr]    Compiling reovim-driver-clipboard v0.14.4
[INFO] [stderr]    Compiling reovim-driver-layout v0.14.4
[INFO] [stderr]    Compiling reovim-driver-search v0.14.4
[INFO] [stderr]    Compiling tower v0.4.13
[INFO] [stderr]    Compiling reovim-driver-command-types v0.14.4
[INFO] [stderr]    Compiling reovim-driver-undo v0.14.4
[INFO] [stderr]    Compiling axum v0.7.9
[INFO] [stderr]    Compiling reovim-driver-session v0.14.4
[INFO] [stderr]    Compiling hyper v1.8.1
[INFO] [stderr]    Compiling clap_derive v4.6.0
[INFO] [stderr]    Compiling reovim-driver-command v0.14.4
[INFO] [stderr]    Compiling reovim-driver-input v0.14.4
[INFO] [stderr]    Compiling reovim-driver-syntax v0.14.4
[INFO] [stderr]    Compiling aho-corasick v1.1.4
[INFO] [stderr]    Compiling hyper-util v0.1.20
[INFO] [stderr]    Compiling reovim-module-motions v0.14.4
[INFO] [stderr]    Compiling reovim-module-textobjects v0.14.4
[INFO] [stderr]    Compiling clap v4.6.0
[INFO] [stderr]    Compiling reovim-module-editor v0.14.4
[INFO] [stderr]    Compiling reovim-module-cmdline v0.14.4
[INFO] [stderr]    Compiling reovim-module-window-ops v0.14.4
[INFO] [stderr]    Compiling reovim-driver-manifest v0.14.4
[INFO] [stderr]    Compiling hyper-timeout v0.5.2
[INFO] [stderr]    Compiling reovim-driver-annotation v0.14.4
[INFO] [stderr]    Compiling chrono v0.4.44
[INFO] [stderr]    Compiling reovim-module-vim v0.14.4
[INFO] [stderr]    Compiling tonic v0.12.3
[INFO] [stderr]    Compiling reovim-module-snippet v0.14.4 (/opt/rustwide/workdir)
[INFO] [stderr]    Compiling reovim-client-cli v0.14.4
[INFO] [stderr]    Compiling reovim-testing v0.14.4
[INFO] [stderr]     Finished `test` profile [unoptimized + debuginfo] target(s) in 2m 02s
[INFO] running `Command { std: "docker" "inspect" "3a8ba8b3539fe73fbdbe1c349bc6cbb646805d14bc19d4b83f8a870037693a6a", kill_on_drop: false }`
[INFO] running `Command { std: "docker" "exec" "-e" "SOURCE_DIR=/opt/rustwide/workdir" "-e" "CARGO_HOME=/opt/rustwide/cargo-home" "-e" "RUSTUP_HOME=/opt/rustwide/rustup-home" "-e" "CARGO_TARGET_DIR=/opt/rustwide/target" "-e" "CARGO_INCREMENTAL=0" "-e" "RUST_BACKTRACE=full" "-e" "RUSTFLAGS=--cap-lints=warn" "-e" "RUSTDOCFLAGS=--cap-lints=warn" "-w" "/opt/rustwide/workdir" "--user" "0:0" "3a8ba8b3539fe73fbdbe1c349bc6cbb646805d14bc19d4b83f8a870037693a6a" "/opt/rustwide/cargo-home/bin/cargo" "+1.99.0-beta.8" "test" "--frozen", kill_on_drop: false }`
[INFO] [stderr]     Finished `test` profile [unoptimized + debuginfo] target(s) in 0.32s
[INFO] [stderr]      Running unittests src/lib.rs (/opt/rustwide/target/debug/deps/reovim_module_snippet-53e3be8e5c9e516f)
[INFO] [stdout] 
[INFO] [stdout] running 457 tests
[INFO] [stdout] test ast::tests::test_display_empty_body ... ok
[INFO] [stdout] test ast::tests::test_display_nested_placeholder ... ok
[INFO] [stdout] test ast::tests::test_case_modifier_copy_clone ... ok
[INFO] [stdout] test ast::tests::test_display_placeholder ... ok
[INFO] [stdout] test ast::tests::test_case_modifier_debug ... ok
[INFO] [stdout] test ast::tests::test_display_snippet_body ... ok
[INFO] [stdout] test ast::tests::test_display_tabstop ... ok
[INFO] [stdout] test ast::tests::test_display_text ... ok
[INFO] [stdout] test ast::tests::test_case_modifier_display ... ok
[INFO] [stdout] test ast::tests::test_display_variable_no_default ... ok
[INFO] [stdout] test ast::tests::test_choice_element ... ok
[INFO] [stdout] test ast::tests::test_display_choice ... ok
[INFO] [stdout] test ast::tests::test_display_choice_single ... ok
[INFO] [stdout] test ast::tests::test_display_variable_with_default ... ok
[INFO] [stdout] test ast::tests::test_element_clone ... ok
[INFO] [stdout] test ast::tests::test_format_item_capture ... ok
[INFO] [stdout] test ast::tests::test_element_debug ... ok
[INFO] [stdout] test ast::tests::test_format_item_text ... ok
[INFO] [stdout] test ast::tests::test_snippet_body_clone ... ok
[INFO] [stdout] test ast::tests::test_placeholder_element ... ok
[INFO] [stdout] test ast::tests::test_snippet_body_elements ... ok
[INFO] [stdout] test ast::tests::test_case_modifier_variants ... ok
[INFO] [stdout] test ast::tests::test_snippet_body_empty ... ok
[INFO] [stdout] test ast::tests::test_snippet_body_new ... ok
[INFO] [stdout] test ast::tests::test_display_tabstop_zero ... ok
[INFO] [stdout] test ast::tests::test_format_item_case_change ... ok
[INFO] [stdout] test ast::tests::test_format_item_clone_debug ... ok
[INFO] [stdout] test ast::tests::test_format_item_conditional ... ok
[INFO] [stdout] test ast::tests::test_transform ... ok
[INFO] [stdout] test ast::tests::test_transform_clone_debug ... ok
[INFO] [stdout] test ast::tests::test_tabstop_element ... ok
[INFO] [stdout] test ast::tests::test_variable_with_default ... ok
[INFO] [stdout] test ast::tests::test_text_element ... ok
[INFO] [stdout] test command::cancel::tests::test_cancel_description ... ok
[INFO] [stdout] test ast::tests::test_tabstop_with_transform ... ok
[INFO] [stdout] test ast::tests::test_variable_element ... ok
[INFO] [stdout] test command::expand::tests::test_extract_word_at_col_zero ... ok
[INFO] [stdout] test command::expand::tests::test_extract_word_at_end ... ok
[INFO] [stdout] test ast::tests::test_variable_with_transform ... ok
[INFO] [stdout] test command::catalog::tests::test_catalog_description ... ok
[INFO] [stdout] test command::expand::tests::test_command_id ... ok
[INFO] [stdout] test command::expand::tests::test_command_description ... ok
[INFO] [stdout] test command::cancel::tests::test_cancel_id ... ok
[INFO] [stdout] test command::catalog::tests::test_catalog_command_id ... ok
[INFO] [stdout] test command::expand::tests::test_extract_word_at_beginning ... ok
[INFO] [stdout] test command::jump::tests::test_jump_next_id ... ok
[INFO] [stdout] test command::expand::tests::test_extract_word_empty ... ok
[INFO] [stdout] test command::expand::tests::test_extract_word_with_underscore ... ok
[INFO] [stdout] test command::expand::tests::test_is_word_char ... ok
[INFO] [stdout] test command::expand::tests::test_extract_word_middle_of_line ... ok
[INFO] [stdout] test command::expand::tests::test_extract_word_with_dash ... ok
[INFO] [stdout] test command::jump::tests::test_jump_next_description ... ok
[INFO] [stdout] test command::tests::test_all_commands_unique_ids ... ok
[INFO] [stdout] test command::reload::tests::test_reload_description ... ok
[INFO] [stdout] test command::reload::tests::test_reload_command_id ... ok
[INFO] [stdout] test command::jump::tests::test_jump_prev_description ... ok
[INFO] [stdout] test command::jump::tests::test_jump_prev_id ... ok
[INFO] [stdout] test command::tests::test_all_commands_count ... ok
[INFO] [stdout] test engine::tests::test_active_snippet_clone ... ok
[INFO] [stdout] test engine::tests::test_expand_choice_first_default ... ok
[INFO] [stdout] test engine::tests::test_active_snippet_debug ... ok
[INFO] [stdout] test engine::tests::test_current_index_after_next ... ok
[INFO] [stdout] test engine::tests::test_expand_choice_via_parser ... ok
[INFO] [stdout] test engine::tests::test_current_index_after_prev ... ok
[INFO] [stdout] test engine::tests::test_current_index_initial ... ok
[INFO] [stdout] test engine::tests::test_expand_choice_empty ... ok
[INFO] [stdout] test engine::tests::test_expand_empty_body ... ok
[INFO] [stdout] test engine::tests::test_expand_plain_text ... ok
[INFO] [stdout] test engine::tests::test_expand_single_tabstop ... ok
[INFO] [stdout] test engine::tests::test_expand_placeholder_with_text ... ok
[INFO] [stdout] test engine::tests::test_expand_variable_resolved ... ok
[INFO] [stdout] test engine::tests::test_expand_variable_unresolved_with_default ... ok
[INFO] [stdout] test engine::tests::test_expand_variable_unresolved_no_default ... ok
[INFO] [stdout] test engine::tests::test_expand_multiline ... ok
[INFO] [stdout] test engine::tests::test_expand_variable_with_transform_no_match ... ok
[INFO] [stdout] test engine::tests::test_expand_multiple_tabstops ... ok
[INFO] [stdout] test engine::tests::test_expand_nested_placeholder ... ok
[INFO] [stdout] test engine::tests::test_expand_placeholder ... ok
[INFO] [stdout] test engine::tests::test_expand_variable_with_transform ... ok
[INFO] [stdout] test engine::tests::test_is_valid_after_end ... ok
[INFO] [stdout] test engine::tests::test_is_valid_at_end ... ok
[INFO] [stdout] test engine::tests::test_expand_with_offset ... ok
[INFO] [stdout] test engine::tests::test_function_snippet ... ok
[INFO] [stdout] test engine::tests::test_is_valid_at_start ... ok
[INFO] [stdout] test engine::tests::test_function_snippet_positions ... ok
[INFO] [stdout] test engine::tests::test_is_valid_different_line_after ... ok
[INFO] [stdout] test engine::tests::test_is_valid_different_line_before ... ok
[INFO] [stdout] test engine::tests::test_mirror_indices_excludes_self ... ok
[INFO] [stdout] test engine::tests::test_mirror_indices_no_duplicates ... ok
[INFO] [stdout] test engine::tests::test_is_valid_in_middle ... ok
[INFO] [stdout] test engine::tests::test_is_valid_multiline ... ok
[INFO] [stdout] test engine::tests::test_next_advances ... ok
[INFO] [stdout] test engine::tests::test_prev_at_first_returns_none ... ok
[INFO] [stdout] test engine::tests::test_next_exhausted_is_done ... ok
[INFO] [stdout] test engine::tests::test_next_on_empty_returns_none ... ok
[INFO] [stdout] test engine::tests::test_no_tabstops_is_done ... ok
[INFO] [stdout] test engine::tests::test_prev_goes_back ... ok
[INFO] [stdout] test engine::tests::test_reconcile_typing_multiline ... ok
[INFO] [stdout] test engine::tests::test_reconcile_typing_cursor_at_start_no_change ... ok
[INFO] [stdout] test engine::tests::test_reconcile_typing_no_tabstops ... ok
[INFO] [stdout] test engine::tests::test_reconcile_typing_cursor_before_start_no_change ... ok
[INFO] [stdout] test engine::tests::test_mirror_indices_with_duplicates ... ok
[INFO] [stdout] test engine::tests::test_reconcile_typing_cursor_above_start_no_change ... ok
[INFO] [stdout] test engine::tests::test_reconcile_typing_past_last_stop ... ok
[INFO] [stdout] test engine::tests::test_tab_stops_accessor ... ok
[INFO] [stdout] test engine::tests::test_tabstop_ordering_no_zero ... ok
[INFO] [stdout] test engine::tests::test_tabstop_ordering_with_zero ... ok
[INFO] [stdout] test engine::tests::test_tabstop_range_clone ... ok
[INFO] [stdout] test engine::tests::test_tabstop_range_debug ... ok
[INFO] [stdout] test engine::tests::test_update_positions_delete ... ok
[INFO] [stdout] test engine::tests::test_update_positions_insert_after ... ok
[INFO] [stdout] test command::expand::tests::test_extract_word_col_beyond_line ... ok
[INFO] [stdout] test engine::tests::test_update_positions_insert_before ... ok
[INFO] [stdout] test engine::tests::test_reconcile_typing_same_line ... ok
[INFO] [stdout] test engine::tests::test_update_positions_insert_newline ... ok
[INFO] [stdout] test engine::tests::test_snippet_end_accessor ... ok
[INFO] [stdout] test engine::tests::test_update_tab_stop ... ok
[INFO] [stdout] test engine::tests::test_tabstop_ordering_multi_digit ... ok
[INFO] [stdout] test engine::tests::test_snippet_start_accessor ... ok
[INFO] [stdout] test engine::tests::test_is_valid_before_start ... ok
[INFO] [stdout] test engine::tests::test_update_positions_updates_snippet_bounds ... ok
[INFO] [stdout] test ids::tests::test_command_ids ... ok
[INFO] [stdout] test inheritance::tests::test_chain_always_ends_with_global ... ok
[INFO] [stdout] test ids::tests::test_command_ids_are_distinct ... ok
[INFO] [stdout] test inheritance::tests::test_chain_depth_limit ... ok
[INFO] [stdout] test inheritance::tests::test_depth_limit_triggers_break ... ok
[INFO] [stdout] test engine::tests::test_update_tab_stop_out_of_bounds ... ok
[INFO] [stdout] test ids::tests::test_module_id ... ok
[INFO] [stdout] test ids::tests::test_navigating_mode ... ok
[INFO] [stdout] test inheritance::tests::test_global_chain_is_just_global ... ok
[INFO] [stdout] test inheritance::tests::test_jsx_inherits_javascript ... ok
[INFO] [stdout] test expander::tests::expander_impl_implements_trait ... ok
[INFO] [stdout] test inheritance::tests::test_duplicate_parent_already_in_chain ... ok
[INFO] [stdout] test inheritance::tests::test_chain_no_duplicates ... ok
[INFO] [stdout] test inheritance::tests::test_depth_limit_one_stops_at_first ... ok
[INFO] [stdout] test inheritance::tests::test_less_chain ... ok
[INFO] [stdout] test inheritance::tests::test_sass_inherits_css ... ok
[INFO] [stdout] test inheritance::tests::test_typescript_chain ... ok
[INFO] [stdout] test inheritance::tests::test_less_inherits_css ... ok
[INFO] [stdout] test inheritance::tests::test_parent_already_in_chain_skips_queue ... ok
[INFO] [stdout] test inheritance::tests::test_typescript_inherits_javascript ... ok
[INFO] [stdout] test inheritance::tests::test_typescriptreact_chain ... ok
[INFO] [stdout] test inheritance::tests::test_rust_chain_is_rust_global ... ok
[INFO] [stdout] test inheritance::tests::test_rust_has_no_parents ... ok
[INFO] [stdout] test inheritance::tests::test_sass_chain ... ok
[INFO] [stdout] test inheritance::tests::test_scss_inherits_css ... ok
[INFO] [stdout] test keybinding::tests::all_returns_bindings ... ok
[INFO] [stdout] test keybinding::vim::tests::all_have_descriptions ... ok
[INFO] [stdout] test inheritance::tests::test_typescriptreact_inherits_ts_js ... ok
[INFO] [stdout] test keybinding::vim::tests::insert_mode_bindings ... ok
[INFO] [stdout] test keybinding::vim::tests::binding_count ... ok
[INFO] [stdout] test keybinding::vim::tests::normal_mode_bindings ... ok
[INFO] [stdout] test inheritance::tests::test_tsx_inherits_ts_js ... ok
[INFO] [stdout] test loader::tests::test_load_directory_nonexistent ... ok
[INFO] [stdout] test loader::tests::test_load_error_display_io ... ok
[INFO] [stdout] test loader::tests::test_load_error_display_json ... ok
[INFO] [stdout] test loader::tests::test_load_directory_empty_json_skipped ... ok
[INFO] [stdout] test loader::tests::test_load_error_debug ... ok
[INFO] [stdout] test loader::tests::test_load_directory_ignores_non_json ... ok
[INFO] [stdout] test loader::tests::test_load_directory_with_json_files ... ok
[INFO] [stdout] test loader::tests::test_load_directory_multiple_filetypes ... ok
[INFO] [stdout] test loader::tests::test_parse_json_array_body ... ok
[INFO] [stdout] test loader::tests::test_default_provider_empty ... ok
[INFO] [stdout] test loader::tests::test_load_error_from_io ... ok
[INFO] [stdout] test loader::tests::test_load_error_from_json ... ok
[INFO] [stdout] test loader::tests::test_parse_json_empty_scope_is_none ... ok
[INFO] [stdout] test loader::tests::test_load_directory_non_utf8_stem_skipped ... ok
[INFO] [stdout] test loader::tests::test_load_file_valid ... ok
[INFO] [stdout] test loader::tests::test_parse_json_empty ... ok
[INFO] [stdout] test loader::tests::test_load_file_malformed ... ok
[INFO] [stdout] test loader::tests::test_parse_json_no_description ... ok
[INFO] [stdout] test loader::tests::test_parse_json_prefix_single_string ... ok
[INFO] [stdout] test loader::tests::test_parse_json_string_body ... ok
[INFO] [stdout] test loader::tests::test_parse_json_no_scope_is_none ... ok
[INFO] [stdout] test loader::tests::test_parse_json_prefix_array ... ok
[INFO] [stdout] test loader::tests::test_snippet_by_prefix_not_found ... ok
[INFO] [stdout] test loader::tests::test_snippets_for_unknown_filetype ... ok
[INFO] [stdout] test loader::tests::test_snippet_by_prefix ... ok
[INFO] [stdout] test loader_friendly::tests::test_language_value_multiple ... ok
[INFO] [stdout] test loader::tests::test_parse_json_scope_field ... ok
[INFO] [stdout] test loader_friendly::tests::test_language_value_single ... ok
[INFO] [stdout] test loader::tests::test_parse_json_scope_with_spaces ... ok
[INFO] [stdout] test loader_friendly::tests::test_load_manifest_missing_package_json_errors ... ok
[INFO] [stdout] test loader_friendly::tests::test_load_manifest_multiple_languages ... ok
[INFO] [stdout] test loader_friendly::tests::test_load_manifest_no_contributes ... ok
[INFO] [stdout] test loader_friendly::tests::test_load_manifest_missing_snippet_file_skipped ... ok
[INFO] [stdout] test loader_friendly::tests::test_load_manifest_single_language ... ok
[INFO] [stdout] test loader_friendly::tests::test_load_manifest_no_snippets_key ... ok
[INFO] [stdout] test parser::tests::test_is_var_start ... ok
[INFO] [stdout] test loader_friendly::tests::test_snippet_by_prefix ... ok
[INFO] [stdout] test loader::tests::test_load_file_missing ... ok
[INFO] [stdout] test parser::tests::test_parse_braced_tabstop ... ok
[INFO] [stdout] test parser::tests::test_parse_braced_tabstop_eof_after_number ... ok
[INFO] [stdout] test parser::tests::test_parse_braced_unknown_char_after_number ... ok
[INFO] [stdout] test parser::tests::test_parse_braced_unknown_start_char ... ok
[INFO] [stdout] test parser::tests::test_parse_braced_variable ... ok
[INFO] [stdout] test parser::tests::test_parse_braced_variable_eof_after_name ... ok
[INFO] [stdout] test parser::tests::test_merge_adjacent_text ... ok
[INFO] [stdout] test parser::tests::test_parse_braced_variable_no_closing_brace ... ok
[INFO] [stdout] test parser::tests::test_merge_empty ... ok
[INFO] [stdout] test parser::tests::test_parse_braced_variable_simple ... ok
[INFO] [stdout] test parser::tests::test_merge_no_adjacent_text ... ok
[INFO] [stdout] test parser::tests::test_parse_case_modifier_all ... ok
[INFO] [stdout] test parser::tests::test_parse_choice_empty_body ... ok
[INFO] [stdout] test parser::tests::test_parse_choice_escaped_backslash ... ok
[INFO] [stdout] test parser::tests::test_parse_choice_escaped_backslash_eof ... ok
[INFO] [stdout] test parser::tests::test_parse_choice_escaped_comma ... ok
[INFO] [stdout] test parser::tests::test_parse_choice_escaped_pipe ... ok
[INFO] [stdout] test parser::tests::test_parse_choice_in_context ... ok
[INFO] [stdout] test parser::tests::test_parse_choice_single ... ok
[INFO] [stdout] test parser::tests::test_parse_choice_stray_pipe ... ok
[INFO] [stdout] test parser::tests::test_parse_choice_syntax ... ok
[INFO] [stdout] test parser::tests::test_merge_single_text ... ok
[INFO] [stdout] test parser::tests::test_parse_choice_three_items ... ok
[INFO] [stdout] test parser::tests::test_parse_all_case_modifiers_in_transform ... ok
[INFO] [stdout] test parser::tests::test_parse_choice_unclosed ... ok
[INFO] [stdout] test parser::tests::test_parse_choice_unknown_escape ... ok
[INFO] [stdout] test parser::tests::test_parse_dollar_1 ... ok
[INFO] [stdout] test parser::tests::test_parse_dollar_9 ... ok
[INFO] [stdout] test parser::tests::test_parse_dollar_followed_by_exclamation ... ok
[INFO] [stdout] test parser::tests::test_parse_dollar_followed_by_letter ... ok
[INFO] [stdout] test parser::tests::test_parse_dollar_followed_by_special_char ... ok
[INFO] [stdout] test parser::tests::test_parse_dollar_zero ... ok
[INFO] [stdout] test parser::tests::test_parse_empty ... ok
[INFO] [stdout] test parser::tests::test_parse_error_clone ... ok
[INFO] [stdout] test parser::tests::test_parse_error_debug ... ok
[INFO] [stdout] test parser::tests::test_parse_braced_variable_unknown_suffix ... ok
[INFO] [stdout] test parser::tests::test_parse_braced_zero ... ok
[INFO] [stdout] test parser::tests::test_parse_consecutive_braced ... ok
[INFO] [stdout] test parser::tests::test_parse_error_display_eof ... ok
[INFO] [stdout] test parser::tests::test_parse_escape_dollar ... ok
[INFO] [stdout] test loader::tests::test_parse_json_malformed ... ok
[INFO] [stdout] test parser::tests::test_parse_error_display_invalid_id ... ok
[INFO] [stdout] test parser::tests::test_parse_deeply_nested ... ok
[INFO] [stdout] test parser::tests::test_parse_escape_backslash ... ok
[INFO] [stdout] test loader::tests::test_parse_json_multiple_snippets ... ok
[INFO] [stdout] test parser::tests::test_parse_escape_brace ... ok
[INFO] [stdout] test parser::tests::test_parse_escape_in_placeholder ... ok
[INFO] [stdout] test parser::tests::test_parse_if_else ... ok
[INFO] [stdout] test parser::tests::test_parse_for_loop ... ok
[INFO] [stdout] test parser::tests::test_parse_lone_dollar_at_end ... ok
[INFO] [stdout] test parser::tests::test_parse_nested_placeholder ... ok
[INFO] [stdout] test parser::tests::test_parse_escaped_in_text_context ... ok
[INFO] [stdout] test parser::tests::test_parse_newlines_and_tabs ... ok
[INFO] [stdout] test parser::tests::test_parse_function_snippet_elements_count ... ok
[INFO] [stdout] test parser::tests::test_parse_multiple_tabstops ... ok
[INFO] [stdout] test parser::tests::test_parse_fallback_braced_no_closing_brace ... ok
[INFO] [stdout] test parser::tests::test_parse_function_snippet ... ok
[INFO] [stdout] test parser::tests::test_parse_only_tabstops ... ok
[INFO] [stdout] test parser::tests::test_parse_placeholder_empty_default ... ok
[INFO] [stdout] test parser::tests::test_parse_placeholder_followed_by_tabstop ... ok
[INFO] [stdout] test parser::tests::test_parse_plain_text ... ok
[INFO] [stdout] test parser::tests::test_parse_transform_braced_capture ... ok
[INFO] [stdout] test parser::tests::test_parse_transform_capture_overflow_in_replacement ... ok
[INFO] [stdout] test parser::tests::test_parse_placeholder_simple ... ok
[INFO] [stdout] test parser::tests::test_parse_placeholder_with_tabstop ... ok
[INFO] [stdout] test parser::tests::test_parse_mixed_tabstops_and_variables ... ok
[INFO] [stdout] test parser::tests::test_parse_multi_digit_braced ... ok
[INFO] [stdout] test parser::tests::test_parse_simple_variable ... ok
[INFO] [stdout] test parser::tests::test_parse_trailing_backslash ... ok
[INFO] [stdout] test parser::tests::test_parse_text_with_tabstop ... ok
[INFO] [stdout] test parser::tests::test_parse_transform_capture_reference ... ok
[INFO] [stdout] test parser::tests::test_parse_transform_conditional_if ... ok
[INFO] [stdout] test parser::tests::test_parse_transform_conditional_else ... ok
[INFO] [stdout] test parser::tests::test_parse_transform_conditional_if_else ... ok
[INFO] [stdout] test parser::tests::test_parse_transform_eof_in_replacement_trailing_backslash ... ok
[INFO] [stdout] test parser::tests::test_parse_transform_case_change ... ok
[INFO] [stdout] test parser::tests::test_parse_transform_empty_replacement ... ok
[INFO] [stdout] test parser::tests::test_parse_transform_case_modifier_unknown_returns_none ... ok
[INFO] [stdout] test parser::tests::test_parse_transform_eof_in_regex_no_slash ... ok
[INFO] [stdout] test parser::tests::test_parse_transform_eof_in_options ... ok
[INFO] [stdout] test parser::tests::test_parse_transform_eof_in_regex_trailing_backslash ... ok
[INFO] [stdout] test parser::tests::test_parse_transform_eof_in_replacement_no_slash ... ok
[INFO] [stdout] test parser::tests::test_parse_transform_escaped_backslash_in_replacement ... ok
[INFO] [stdout] test parser::tests::test_parse_transform_escaped_backslash_in_regex ... ok
[INFO] [stdout] test parser::tests::test_parse_transform_escaped_dollar_in_replacement ... ok
[INFO] [stdout] test parser::tests::test_parse_transform_escaped_slash_in_regex ... ok
[INFO] [stdout] test parser::tests::test_parse_transform_format_item_unknown_char_after_digit ... ok
[INFO] [stdout] test parser::tests::test_parse_transform_format_modifier_eof ... ok
[INFO] [stdout] test parser::tests::test_parse_transform_format_modifier_unknown ... ok
[INFO] [stdout] test parser::tests::test_parse_transform_format_item_invalid_number ... ok
[INFO] [stdout] test parser::tests::test_parse_transform_lone_dollar_in_replacement ... ok
[INFO] [stdout] test parser::tests::test_parse_transform_mixed_replacement ... ok
[INFO] [stdout] test parser::tests::test_parse_transform_read_until_eof ... ok
[INFO] [stdout] test parser::tests::test_parse_transform_simple ... ok
[INFO] [stdout] test parser::tests::test_parse_transform_unknown_escape_in_regex ... ok
[INFO] [stdout] test parser::tests::test_parse_unclosed_braced_no_colon ... ok
[INFO] [stdout] test parser::tests::test_parse_transform_escaped_slash_in_replacement ... ok
[INFO] [stdout] test parser::tests::test_parse_unclosed_placeholder ... ok
[INFO] [stdout] test parser::tests::test_parse_transform_format_item_eof_after_digit ... ok
[INFO] [stdout] test parser::tests::test_parse_transform_format_item_eof_invalid_number ... ok
[INFO] [stdout] test parser::tests::test_parse_variable_default_with_tabstop ... ok
[INFO] [stdout] test parser::tests::test_parse_transform_unknown_escape_in_replacement ... ok
[INFO] [stdout] test parser::tests::test_parse_transform_with_options ... ok
[INFO] [stdout] test parser::tests::test_parse_variable_in_text ... ok
[INFO] [stdout] test parser::tests::test_parse_underscore_variable ... ok
[INFO] [stdout] test project::tests::test_find_project_root_from_directory ... ok
[INFO] [stdout] test parser::tests::test_parse_unknown_escape ... ok
[INFO] [stdout] test parser::tests::test_parse_variable_followed_by_digits ... ok
[INFO] [stdout] test project::tests::test_find_project_root_not_found ... ok
[INFO] [stdout] test parser::tests::test_parse_variable_transform ... ok
[INFO] [stdout] test parser::tests::test_parse_variable_with_default ... ok
[INFO] [stdout] test project::tests::test_find_project_root_with_cargo_toml ... ok
[INFO] [stdout] test project::tests::test_project_snippet_dir_not_found ... ok
[INFO] [stdout] test provider::tests::test_all_for_filetype_includes_inherited ... ok
[INFO] [stdout] test provider::tests::test_filetype_specific_takes_precedence_over_global ... ok
[INFO] [stdout] test provider::tests::test_filetype_specific_takes_precedence_over_inherited ... ok
[INFO] [stdout] test provider::tests::test_global_not_duplicated_when_filetype_is_global ... ok
[INFO] [stdout] test provider::tests::test_global_fallback_when_filetype_has_no_match ... ok
[INFO] [stdout] test provider::tests::test_handle_all_for_filetype_empty ... ok
[INFO] [stdout] test provider::tests::test_handle_all_for_filetype ... ok
[INFO] [stdout] test provider::tests::test_handle_clone_shares_registry ... ok
[INFO] [stdout] test provider::tests::test_handle_find_by_prefix ... ok
[INFO] [stdout] test provider::tests::test_handle_replace_swaps_registry ... ok
[INFO] [stdout] test provider::tests::test_handle_find_by_prefix_not_found ... ok
[INFO] [stdout] test parser::tests::test_parse_variable_with_empty_default ... ok
[INFO] [stdout] test project::tests::test_project_snippet_dir_returns_reovim_snippets ... ok
[INFO] [stdout] test parser::tests::test_parse_variable_with_underscore ... ok
[INFO] [stdout] test provider::tests::test_all_for_filetype_includes_global ... ok
[INFO] [stdout] test provider::tests::test_registry_find_by_prefix_first_provider_wins ... ok
[INFO] [stdout] test provider::tests::test_registry_all_for_filetype ... ok
[INFO] [stdout] test provider::tests::test_registry_all_for_filetype_empty ... ok
[INFO] [stdout] test provider::tests::test_registry_all_for_filetype_aggregates_providers ... ok
[INFO] [stdout] test provider::tests::test_registry_register ... ok
[INFO] [stdout] test provider::tests::test_registry_find_empty ... ok
[INFO] [stdout] test provider::tests::test_registry_new_empty ... ok
[INFO] [stdout] test provider::tests::test_scope_applies_to_matching_filetype ... ok
[INFO] [stdout] test provider::tests::test_scope_blocks_non_matching_filetype ... ok
[INFO] [stdout] test provider::tests::test_scope_empty_vec_applies_to_none ... ok
[INFO] [stdout] test provider::tests::test_scope_filtering_in_find_by_prefix ... ok
[INFO] [stdout] test provider::tests::test_registry_find_by_prefix_not_found ... ok
[INFO] [stdout] test provider::tests::test_registry_find_by_prefix_wrong_filetype ... ok
[INFO] [stdout] test provider::tests::test_snippet_definition_debug ... ok
[INFO] [stdout] test provider::tests::test_registry_default ... ok
[INFO] [stdout] test provider::tests::test_registry_find_by_prefix ... ok
[INFO] [stdout] test provider::tests::test_typescript_inherits_javascript_snippets ... ok
[INFO] [stdout] test provider::tests::test_scope_none_applies_to_all ... ok
[INFO] [stdout] test provider::tests::test_snippet_definition_no_description ... ok
[INFO] [stdout] test provider::tests::test_typescriptreact_inherits_ts_and_js ... ok
[INFO] [stdout] test provider::tests::test_scss_inherits_css ... ok
[INFO] [stdout] test provider::tests::test_snippet_definition_clone ... ok
[INFO] [stdout] test resolver::tests::test_inherits_from_is_some ... ok
[INFO] [stdout] test resolver::tests::test_inherits_from_parent ... ok
[INFO] [stdout] test resolver::tests::test_resolve_exact_only ... ok
[INFO] [stdout] test resolver::tests::test_mode_id ... ok
[INFO] [stdout] test state::tests::test_clear_active_snippet ... ok
[INFO] [stdout] test state::tests::test_create_returns_default ... ok
[INFO] [stdout] test resolver::tests::test_resolve_exact_with_longer ... ok
[INFO] [stdout] test resolver::tests::test_with_parent_stores_parent ... ok
[INFO] [stdout] test resolver::tests::test_resolve_prefix_only ... ok
[INFO] [stdout] test tests::build_registry_tests::test_build_registry_all_three_sources ... ok
[INFO] [stdout] test resolver::tests::test_resolve_not_found ... ok
[INFO] [stdout] test state::tests::test_default_no_active_snippet ... ok
[INFO] [stdout] test state::tests::test_set_active_snippet ... ok
[INFO] [stdout] test tests::build_registry_tests::test_build_registry_friendly_snippets ... ok
[INFO] [stdout] test tests::build_registry_tests::test_build_registry_friendly_with_bad_package_json ... ok
[INFO] [stdout] test tests::build_registry_tests::test_build_registry_friendly_without_package_json_ignored ... ok
[INFO] [stdout] test tests::build_registry_tests::test_build_registry_legacy_flat_layout ... ok
[INFO] [stdout] test tests::build_registry_tests::test_build_registry_builtin_with_invalid_json ... ok
[INFO] [stdout] test tests::build_registry_tests::test_build_registry_user_dir ... ok
[INFO] [stdout] test tests::build_registry_tests::test_build_registry_empty_dir ... ok
[INFO] [stdout] test tests::test_command_provider_returns_handlers ... ok
[INFO] [stdout] test tests::build_registry_tests::test_build_registry_builtin_found_when_no_user ... ok
[INFO] [stdout] test tests::test_default_creates_same_as_new ... ok
[INFO] [stdout] test tests::build_registry_tests::test_build_registry_builtin_is_lowest_priority ... ok
[INFO] [stdout] test tests::test_dependencies ... ok
[INFO] [stdout] test tests::test_exit_clears_handle ... ok
[INFO] [stdout] test tests::build_registry_tests::test_build_registry_user_dir_with_invalid_json ... ok
[INFO] [stdout] test tests::test_command_provider_matches_all_commands ... ok
[INFO] [stdout] test tests::test_keybindings_count ... ok
[INFO] [stdout] test tests::test_keybindings_jump_next ... ok
[INFO] [stdout] test tests::test_keybindings_cancel ... ok
[INFO] [stdout] test tests::test_exit_ok_when_no_handle ... ok
[INFO] [stdout] test tests::test_module_name ... ok
[INFO] [stdout] test tests::test_init_then_exit ... ok
[INFO] [stdout] test tests::test_module_version ... ok
[INFO] [stdout] test tests::test_new_creates_module ... ok
[INFO] [stdout] test tests::test_optional_dependencies_contain_vim ... ok
[INFO] [stdout] test transform::tests::test_apply_camel_case ... ok
[INFO] [stdout] test tests::test_keybindings_jump_prev ... ok
[INFO] [stdout] test transform::tests::test_apply_capitalize_empty ... ok
[INFO] [stdout] test tests::test_module_id ... ok
[INFO] [stdout] test transform::tests::test_apply_downcase ... ok
[INFO] [stdout] test transform::tests::test_apply_pascal_case ... ok
[INFO] [stdout] test transform::tests::test_apply_kebab_case ... ok
[INFO] [stdout] test transform::tests::test_apply_upcase ... ok
[INFO] [stdout] test transform::tests::test_apply_capitalize ... ok
[INFO] [stdout] test transform::tests::test_apply_snake_case ... ok
[INFO] [stdout] test transform::tests::test_apply_snake_case_with_spaces ... ok
[INFO] [stdout] test tests::test_init_registers_commands ... ok
[INFO] [stdout] test transform::tests::test_case_change_missing_group ... ok
[INFO] [stdout] test transform::tests::test_capture_group_missing ... ok
[INFO] [stdout] test transform::tests::test_case_change_downcase ... ok
[INFO] [stdout] test tests::build_registry_tests::test_build_registry_user_takes_precedence_over_legacy ... ok
[INFO] [stdout] test transform::tests::test_conditional_not_matched ... ok
[INFO] [stdout] test transform::tests::test_empty_replacement ... ok
[INFO] [stdout] test transform::tests::test_global_match ... ok
[INFO] [stdout] test transform::tests::test_first_match_only ... ok
[INFO] [stdout] test transform::tests::test_global_no_matches ... ok
[INFO] [stdout] test transform::tests::test_invalid_regex_returns_input ... ok
[INFO] [stdout] test transform::tests::test_no_match_returns_input ... ok
[INFO] [stdout] test transform::tests::test_split_words_empty ... ok
[INFO] [stdout] test transform::tests::test_split_words_mixed_delimiters ... ok
[INFO] [stdout] test transform::tests::test_case_change_upcase ... ok
[INFO] [stdout] test transform::tests::test_conditional_matched ... ok
[INFO] [stdout] test transform::tests::test_split_words_single ... ok
[INFO] [stdout] test transform::tests::test_case_change_capitalize ... ok
[INFO] [stdout] test transform::tests::test_complex_replacement ... ok
[INFO] [stdout] test transform::tests::test_split_words_only_delimiters ... ok
[INFO] [stdout] test transform::tests::test_capture_group ... ok
[INFO] [stdout] test transform::tests::test_split_words_spaces ... ok
[INFO] [stdout] test variables::tests::test_civil_from_days_known_date ... ok
[INFO] [stdout] test variables::tests::test_clipboard_none ... ok
[INFO] [stdout] test variables::tests::test_clipboard ... ok
[INFO] [stdout] test variables::tests::test_current_date ... ok
[INFO] [stdout] test variables::tests::test_current_datetime_unknown_format ... ok
[INFO] [stdout] test variables::tests::test_current_day_name ... ok
[INFO] [stdout] test variables::tests::test_current_day_name_short ... ok
[INFO] [stdout] test variables::tests::test_civil_from_days_negative ... ok
[INFO] [stdout] test variables::tests::test_current_hour ... ok
[INFO] [stdout] test variables::tests::test_current_minute ... ok
[INFO] [stdout] test variables::tests::test_current_month_name_short ... ok
[INFO] [stdout] test variables::tests::test_current_second ... ok
[INFO] [stdout] test variables::tests::test_current_seconds_unix ... ok
[INFO] [stdout] test variables::tests::test_current_year ... ok
[INFO] [stdout] test variables::tests::test_current_year_short ... ok
[INFO] [stdout] test variables::tests::test_day_name_all ... ok
[INFO] [stdout] test variables::tests::test_day_name_short_all ... ok
[INFO] [stdout] test variables::tests::test_directory_helper ... ok
[INFO] [stdout] test variables::tests::test_file_vars_no_path ... ok
[INFO] [stdout] test variables::tests::test_filename_base_helper ... ok
[INFO] [stdout] test variables::tests::test_filename_helper ... ok
[INFO] [stdout] test variables::tests::test_month_name_all ... ok
[INFO] [stdout] test variables::tests::test_month_name_short_all ... ok
[INFO] [stdout] test variables::tests::test_random_decimal ... ok
[INFO] [stdout] test variables::tests::test_random_hex ... ok
[INFO] [stdout] test transform::tests::test_split_words_underscore ... ok
[INFO] [stdout] test variables::tests::test_civil_from_days_far_negative ... ok
[INFO] [stdout] test variables::tests::test_tm_filename ... ok
[INFO] [stdout] test variables::tests::test_tm_filename_base ... ok
[INFO] [stdout] test variables::tests::test_tm_filepath ... ok
[INFO] [stdout] test variables::tests::test_tm_line_index ... ok
[INFO] [stdout] test variables::tests::test_random_uniqueness ... ok
[INFO] [stdout] test variables::tests::test_tm_selected_text ... ok
[INFO] [stdout] test variables::tests::test_current_month ... ok
[INFO] [stdout] test variables::tests::test_current_month_name ... ok
[INFO] [stdout] test variables::tests::test_tm_line_number ... ok
[INFO] [stdout] test variables::tests::test_variable_context_clone_debug ... ok
[INFO] [stdout] test variables::tests::test_variable_context_default ... ok
[INFO] [stdout] test variables::tests::test_variable_context_empty ... ok
[INFO] [stdout] test variables::tests::test_civil_from_days_epoch ... ok
[INFO] [stdout] test variables::tests::test_tm_selected_text_none ... ok
[INFO] [stdout] test variables::tests::test_unknown_variable ... ok
[INFO] [stdout] test variables::tests::test_uuid ... ok
[INFO] [stdout] test transform::tests::test_global_with_captures ... ok
[INFO] [stdout] test variables::tests::test_tm_directory ... ok
[INFO] [stdout] test provider::tests::test_handle_poisoned_lock_replace ... ok
[INFO] [stdout] 
[INFO] [stdout] test result: ok. 457 passed; 0 failed; 0 ignored; 0 measured; 0 filtered out; finished in 0.26s
[INFO] [stdout] 
[INFO] [stderr]      Running tests/expansion.rs (/opt/rustwide/target/debug/deps/expansion-ee00a2581794f55b)
[INFO] [stdout] 
[INFO] [stdout] running 7 tests
[INFO] [stdout] test test_shift_tab_backward ... FAILED
[INFO] [stdout] test test_expand_multiline_for_loop ... FAILED
[INFO] [stdout] test test_expand_function_snippet ... FAILED
[INFO] [stdout] test test_escape_cancels_snippet ... FAILED
[INFO] [stdout] test test_expand_no_match ... FAILED
[INFO] [stdout] test test_expand_simple_no_tabstops ... FAILED
[INFO] [stdout] test test_tab_navigation ... FAILED
[INFO] [stdout] 
[INFO] [stdout] failures:
[INFO] [stdout] 
[INFO] [stdout] ---- test_shift_tab_backward stdout ----
[INFO] [stdout] 
[INFO] [stdout] thread 'test_shift_tab_backward' (2854) panicked at /opt/rustwide/cargo-home/registry/src/index.crates.io-1949cf8c6b5b557f/reovim-testing-0.14.4/src/step_test.rs:208:14:
[INFO] [stdout] Failed to spawn server with env vars: Os { code: 30, kind: ReadOnlyFilesystem, message: "Read-only file system" }
[INFO] [stdout] stack backtrace:
[INFO] [stdout]    0:     0x62b1c396f851 - std[70759c8f55707aa4]::backtrace_rs::backtrace::libunwind::trace
[INFO] [stdout]                                at /rustc/dfb0accb7f508ae8be965d8629557221c889dd98/library/std/src/../../backtrace/src/backtrace/libunwind.rs:117:9
[INFO] [stdout]    1:     0x62b1c396f851 - std[70759c8f55707aa4]::backtrace_rs::backtrace::trace_unsynchronized::<std[70759c8f55707aa4]::sys::backtrace::_print_fmt::{closure#1}>
[INFO] [stdout]                                at /rustc/dfb0accb7f508ae8be965d8629557221c889dd98/library/std/src/../../backtrace/src/backtrace/mod.rs:66:14
[INFO] [stdout]    2:     0x62b1c396f851 - std[70759c8f55707aa4]::sys::backtrace::_print_fmt
[INFO] [stdout]                                at /rustc/dfb0accb7f508ae8be965d8629557221c889dd98/library/std/src/sys/backtrace.rs:74:9
[INFO] [stdout]    3:     0x62b1c396f851 - <<std[70759c8f55707aa4]::sys::backtrace::BacktraceLock>::print::DisplayBacktrace as core[df12db4294e9bfd3]::fmt::Display>::fmt
[INFO] [stdout]                                at /rustc/dfb0accb7f508ae8be965d8629557221c889dd98/library/std/src/sys/backtrace.rs:44:26
[INFO] [stdout]    4:     0x62b1c398603a - <core[df12db4294e9bfd3]::fmt::rt::Argument>::fmt
[INFO] [stdout]                                at /rustc/dfb0accb7f508ae8be965d8629557221c889dd98/library/core/src/fmt/rt.rs:152:76
[INFO] [stdout]    5:     0x62b1c398603a - core[df12db4294e9bfd3]::fmt::write
[INFO] [stdout]    6:     0x62b1c397459c - core[df12db4294e9bfd3]::io::write::default_write_fmt::<alloc[2182bb758b4b3781]::vec::Vec<u8>>
[INFO] [stdout]                                at /rustc/dfb0accb7f508ae8be965d8629557221c889dd98/library/core/src/io/write.rs:402:11
[INFO] [stdout]    7:     0x62b1c397459c - <alloc[2182bb758b4b3781]::vec::Vec<u8> as core[df12db4294e9bfd3]::io::write::Write>::write_fmt
[INFO] [stdout]                                at /rustc/dfb0accb7f508ae8be965d8629557221c889dd98/library/core/src/io/write.rs:335:13
[INFO] [stdout]    8:     0x62b1c3948df6 - <std[70759c8f55707aa4]::sys::backtrace::BacktraceLock>::print
[INFO] [stdout]                                at /rustc/dfb0accb7f508ae8be965d8629557221c889dd98/library/std/src/sys/backtrace.rs:47:9
[INFO] [stdout]    9:     0x62b1c3948df6 - std[70759c8f55707aa4]::panicking::default_hook::{closure#0}
[INFO] [stdout]                                at /rustc/dfb0accb7f508ae8be965d8629557221c889dd98/library/std/src/panicking.rs:292:27
[INFO] [stdout]   10:     0x62b1c3966639 - std[70759c8f55707aa4]::panicking::default_hook
[INFO] [stdout]                                at /rustc/dfb0accb7f508ae8be965d8629557221c889dd98/library/std/src/panicking.rs:316:9
[INFO] [stdout]   11:     0x62b1c36328b0 - <alloc[2182bb758b4b3781]::boxed::Box<dyn for<'a, 'b> core[df12db4294e9bfd3]::ops::function::Fn<(&'a std[70759c8f55707aa4]::panic::PanicHookInfo<'b>,), Output = ()> + core[df12db4294e9bfd3]::marker::Send + core[df12db4294e9bfd3]::marker::Sync> as core[df12db4294e9bfd3]::ops::function::Fn<(&std[70759c8f55707aa4]::panic::PanicHookInfo,)>>::call
[INFO] [stdout]                                at /rustc/dfb0accb7f508ae8be965d8629557221c889dd98/library/alloc/src/boxed.rs:2334:9
[INFO] [stdout]   12:     0x62b1c36328b0 - test[9d35eded1c95d3be]::test_main_inner::<test[9d35eded1c95d3be]::test_main_static::{closure#0}>::{closure#0}
[INFO] [stdout]                                at /rustc/dfb0accb7f508ae8be965d8629557221c889dd98/library/test/src/lib.rs:155:21
[INFO] [stdout]   13:     0x62b1c3966962 - <alloc[2182bb758b4b3781]::boxed::Box<dyn for<'a, 'b> core[df12db4294e9bfd3]::ops::function::Fn<(&'a std[70759c8f55707aa4]::panic::PanicHookInfo<'b>,), Output = ()> + core[df12db4294e9bfd3]::marker::Send + core[df12db4294e9bfd3]::marker::Sync> as core[df12db4294e9bfd3]::ops::function::Fn<(&std[70759c8f55707aa4]::panic::PanicHookInfo,)>>::call
[INFO] [stdout]                                at /rustc/dfb0accb7f508ae8be965d8629557221c889dd98/library/alloc/src/boxed.rs:2334:9
[INFO] [stdout]   14:     0x62b1c3966962 - std[70759c8f55707aa4]::panicking::panic_with_hook
[INFO] [stdout]                                at /rustc/dfb0accb7f508ae8be965d8629557221c889dd98/library/std/src/panicking.rs:823:13
[INFO] [stdout]   15:     0x62b1c3948ea2 - std[70759c8f55707aa4]::panicking::panic_handler::{closure#0}
[INFO] [stdout]                                at /rustc/dfb0accb7f508ae8be965d8629557221c889dd98/library/std/src/panicking.rs:688:13
[INFO] [stdout]   16:     0x62b1c3941899 - std[70759c8f55707aa4]::sys::backtrace::__rust_end_short_backtrace::<std[70759c8f55707aa4]::panicking::panic_handler::{closure#0}, !>
[INFO] [stdout]                                at /rustc/dfb0accb7f508ae8be965d8629557221c889dd98/library/std/src/sys/backtrace.rs:182:18
[INFO] [stdout]   17:     0x62b1c3949c8d - __rustc[8fa7c3cbc660c2b3]::rust_begin_unwind
[INFO] [stdout]                                at /rustc/dfb0accb7f508ae8be965d8629557221c889dd98/library/std/src/panicking.rs:679:5
[INFO] [stdout]   18:     0x62b1c398685c - core[df12db4294e9bfd3]::panicking::panic_fmt
[INFO] [stdout]                                at /rustc/dfb0accb7f508ae8be965d8629557221c889dd98/library/core/src/panicking.rs:80:14
[INFO] [stdout]   19:     0x62b1c39865b2 - core[df12db4294e9bfd3]::result::unwrap_failed
[INFO] [stdout]                                at /rustc/dfb0accb7f508ae8be965d8629557221c889dd98/library/core/src/result.rs:1871:5
[INFO] [stdout]   20:     0x62b1c35fdbde - <core[df12db4294e9bfd3]::result::Result<reovim_testing[cd57a68079fa52a4]::harness::TestServerHarness, alloc[2182bb758b4b3781]::boxed::Box<dyn core[df12db4294e9bfd3]::error::Error + core[df12db4294e9bfd3]::marker::Send + core[df12db4294e9bfd3]::marker::Sync>>>::expect
[INFO] [stdout]                                at /rustc/dfb0accb7f508ae8be965d8629557221c889dd98/library/core/src/result.rs:1184:23
[INFO] [stdout]   21:     0x62b1c35f621c - <reovim_testing[cd57a68079fa52a4]::step_test::StepTest>::with_env::{closure#0}
[INFO] [stdout]                                at /opt/rustwide/cargo-home/registry/src/index.crates.io-1949cf8c6b5b557f/reovim-testing-0.14.4/src/step_test.rs:208:14
[INFO] [stdout]   22:     0x62b1c360ce05 - expansion[ceada7740d7354]::test_shift_tab_backward::{closure#0}
[INFO] [stdout]                                at /opt/rustwide/workdir/tests/expansion.rs:148:10
[INFO] [stdout]   23:     0x62b1c35ff642 - <core[df12db4294e9bfd3]::pin::Pin<&mut dyn core[df12db4294e9bfd3]::future::future::Future<Output = ()>> as core[df12db4294e9bfd3]::future::future::Future>::poll
[INFO] [stdout]                                at /rustc/dfb0accb7f508ae8be965d8629557221c889dd98/library/core/src/future/future.rs:133:9
[INFO] [stdout]   24:     0x62b1c35ff6bd - <core[df12db4294e9bfd3]::pin::Pin<&mut core[df12db4294e9bfd3]::pin::Pin<&mut dyn core[df12db4294e9bfd3]::future::future::Future<Output = ()>>> as core[df12db4294e9bfd3]::future::future::Future>::poll
[INFO] [stdout]                                at /rustc/dfb0accb7f508ae8be965d8629557221c889dd98/library/core/src/future/future.rs:133:9
[INFO] [stdout]   25:     0x62b1c35e13fd - <tokio[177a1f2c52b36787]::runtime::scheduler::current_thread::CoreGuard>::block_on::<core[df12db4294e9bfd3]::pin::Pin<&mut core[df12db4294e9bfd3]::pin::Pin<&mut dyn core[df12db4294e9bfd3]::future::future::Future<Output = ()>>>>::{closure#0}::{closure#0}::{closure#0}
[INFO] [stdout]                                at /opt/rustwide/cargo-home/registry/src/index.crates.io-1949cf8c6b5b557f/tokio-1.50.0/src/runtime/scheduler/current_thread/mod.rs:769:70
[INFO] [stdout]   26:     0x62b1c35e1325 - tokio[177a1f2c52b36787]::task::coop::with_budget::<core[df12db4294e9bfd3]::task::poll::Poll<()>, <tokio[177a1f2c52b36787]::runtime::scheduler::current_thread::CoreGuard>::block_on<core[df12db4294e9bfd3]::pin::Pin<&mut core[df12db4294e9bfd3]::pin::Pin<&mut dyn core[df12db4294e9bfd3]::future::future::Future<Output = ()>>>>::{closure#0}::{closure#0}::{closure#0}>
[INFO] [stdout]                                at /opt/rustwide/cargo-home/registry/src/index.crates.io-1949cf8c6b5b557f/tokio-1.50.0/src/task/coop/mod.rs:167:5
[INFO] [stdout]   27:     0x62b1c35e1325 - tokio[177a1f2c52b36787]::task::coop::budget::<core[df12db4294e9bfd3]::task::poll::Poll<()>, <tokio[177a1f2c52b36787]::runtime::scheduler::current_thread::CoreGuard>::block_on<core[df12db4294e9bfd3]::pin::Pin<&mut core[df12db4294e9bfd3]::pin::Pin<&mut dyn core[df12db4294e9bfd3]::future::future::Future<Output = ()>>>>::{closure#0}::{closure#0}::{closure#0}>
[INFO] [stdout]                                at /opt/rustwide/cargo-home/registry/src/index.crates.io-1949cf8c6b5b557f/tokio-1.50.0/src/task/coop/mod.rs:133:5
[INFO] [stdout]   28:     0x62b1c35e1325 - <tokio[177a1f2c52b36787]::runtime::scheduler::current_thread::CoreGuard>::block_on::<core[df12db4294e9bfd3]::pin::Pin<&mut core[df12db4294e9bfd3]::pin::Pin<&mut dyn core[df12db4294e9bfd3]::future::future::Future<Output = ()>>>>::{closure#0}::{closure#0}
[INFO] [stdout]                                at /opt/rustwide/cargo-home/registry/src/index.crates.io-1949cf8c6b5b557f/tokio-1.50.0/src/runtime/scheduler/current_thread/mod.rs:769:25
[INFO] [stdout]   29:     0x62b1c35dda72 - <tokio[177a1f2c52b36787]::runtime::scheduler::current_thread::Context>::enter::<core[df12db4294e9bfd3]::task::poll::Poll<()>, <tokio[177a1f2c52b36787]::runtime::scheduler::current_thread::CoreGuard>::block_on<core[df12db4294e9bfd3]::pin::Pin<&mut core[df12db4294e9bfd3]::pin::Pin<&mut dyn core[df12db4294e9bfd3]::future::future::Future<Output = ()>>>>::{closure#0}::{closure#0}>
[INFO] [stdout]                                at /opt/rustwide/cargo-home/registry/src/index.crates.io-1949cf8c6b5b557f/tokio-1.50.0/src/runtime/scheduler/current_thread/mod.rs:446:19
[INFO] [stdout]   30:     0x62b1c35e07dd - <tokio[177a1f2c52b36787]::runtime::scheduler::current_thread::CoreGuard>::block_on::<core[df12db4294e9bfd3]::pin::Pin<&mut core[df12db4294e9bfd3]::pin::Pin<&mut dyn core[df12db4294e9bfd3]::future::future::Future<Output = ()>>>>::{closure#0}
[INFO] [stdout]                                at /opt/rustwide/cargo-home/registry/src/index.crates.io-1949cf8c6b5b557f/tokio-1.50.0/src/runtime/scheduler/current_thread/mod.rs:768:44
[INFO] [stdout]   31:     0x62b1c35dfa84 - <tokio[177a1f2c52b36787]::runtime::scheduler::current_thread::CoreGuard>::enter::<<tokio[177a1f2c52b36787]::runtime::scheduler::current_thread::CoreGuard>::block_on<core[df12db4294e9bfd3]::pin::Pin<&mut core[df12db4294e9bfd3]::pin::Pin<&mut dyn core[df12db4294e9bfd3]::future::future::Future<Output = ()>>>>::{closure#0}, core[df12db4294e9bfd3]::option::Option<()>>::{closure#0}
[INFO] [stdout]                                at /opt/rustwide/cargo-home/registry/src/index.crates.io-1949cf8c6b5b557f/tokio-1.50.0/src/runtime/scheduler/current_thread/mod.rs:856:68
[INFO] [stdout]   32:     0x62b1c361260b - <tokio[177a1f2c52b36787]::runtime::context::scoped::Scoped<tokio[177a1f2c52b36787]::runtime::scheduler::Context>>::set::<<tokio[177a1f2c52b36787]::runtime::scheduler::current_thread::CoreGuard>::enter<<tokio[177a1f2c52b36787]::runtime::scheduler::current_thread::CoreGuard>::block_on<core[df12db4294e9bfd3]::pin::Pin<&mut core[df12db4294e9bfd3]::pin::Pin<&mut dyn core[df12db4294e9bfd3]::future::future::Future<Output = ()>>>>::{closure#0}, core[df12db4294e9bfd3]::option::Option<()>>::{closure#0}, (alloc[2182bb758b4b3781]::boxed::Box<tokio[177a1f2c52b36787]::runtime::scheduler::current_thread::Core>, core[df12db4294e9bfd3]::option::Option<()>)>
[INFO] [stdout]                                at /opt/rustwide/cargo-home/registry/src/index.crates.io-1949cf8c6b5b557f/tokio-1.50.0/src/runtime/context/scoped.rs:40:9
[INFO] [stdout]   33:     0x62b1c3614ee9 - tokio[177a1f2c52b36787]::runtime::context::set_scheduler::<(alloc[2182bb758b4b3781]::boxed::Box<tokio[177a1f2c52b36787]::runtime::scheduler::current_thread::Core>, core[df12db4294e9bfd3]::option::Option<()>), <tokio[177a1f2c52b36787]::runtime::scheduler::current_thread::CoreGuard>::enter<<tokio[177a1f2c52b36787]::runtime::scheduler::current_thread::CoreGuard>::block_on<core[df12db4294e9bfd3]::pin::Pin<&mut core[df12db4294e9bfd3]::pin::Pin<&mut dyn core[df12db4294e9bfd3]::future::future::Future<Output = ()>>>>::{closure#0}, core[df12db4294e9bfd3]::option::Option<()>>::{closure#0}>::{closure#0}
[INFO] [stdout]                                at /opt/rustwide/cargo-home/registry/src/index.crates.io-1949cf8c6b5b557f/tokio-1.50.0/src/runtime/context.rs:176:38
[INFO] [stdout]   34:     0x62b1c35f0a0f - <std[70759c8f55707aa4]::thread::local::LocalKey<tokio[177a1f2c52b36787]::runtime::context::Context>>::try_with::<tokio[177a1f2c52b36787]::runtime::context::set_scheduler<(alloc[2182bb758b4b3781]::boxed::Box<tokio[177a1f2c52b36787]::runtime::scheduler::current_thread::Core>, core[df12db4294e9bfd3]::option::Option<()>), <tokio[177a1f2c52b36787]::runtime::scheduler::current_thread::CoreGuard>::enter<<tokio[177a1f2c52b36787]::runtime::scheduler::current_thread::CoreGuard>::block_on<core[df12db4294e9bfd3]::pin::Pin<&mut core[df12db4294e9bfd3]::pin::Pin<&mut dyn core[df12db4294e9bfd3]::future::future::Future<Output = ()>>>>::{closure#0}, core[df12db4294e9bfd3]::option::Option<()>>::{closure#0}>::{closure#0}, (alloc[2182bb758b4b3781]::boxed::Box<tokio[177a1f2c52b36787]::runtime::scheduler::current_thread::Core>, core[df12db4294e9bfd3]::option::Option<()>)>
[INFO] [stdout]                                at /rustc/dfb0accb7f508ae8be965d8629557221c889dd98/library/std/src/thread/local.rs:463:12
[INFO] [stdout]   35:     0x62b1c35f05be - <std[70759c8f55707aa4]::thread::local::LocalKey<tokio[177a1f2c52b36787]::runtime::context::Context>>::with::<tokio[177a1f2c52b36787]::runtime::context::set_scheduler<(alloc[2182bb758b4b3781]::boxed::Box<tokio[177a1f2c52b36787]::runtime::scheduler::current_thread::Core>, core[df12db4294e9bfd3]::option::Option<()>), <tokio[177a1f2c52b36787]::runtime::scheduler::current_thread::CoreGuard>::enter<<tokio[177a1f2c52b36787]::runtime::scheduler::current_thread::CoreGuard>::block_on<core[df12db4294e9bfd3]::pin::Pin<&mut core[df12db4294e9bfd3]::pin::Pin<&mut dyn core[df12db4294e9bfd3]::future::future::Future<Output = ()>>>>::{closure#0}, core[df12db4294e9bfd3]::option::Option<()>>::{closure#0}>::{closure#0}, (alloc[2182bb758b4b3781]::boxed::Box<tokio[177a1f2c52b36787]::runtime::scheduler::current_thread::Core>, core[df12db4294e9bfd3]::option::Option<()>)>
[INFO] [stdout]                                at /rustc/dfb0accb7f508ae8be965d8629557221c889dd98/library/std/src/thread/local.rs:427:20
[INFO] [stdout]   36:     0x62b1c3613d0d - tokio[177a1f2c52b36787]::runtime::context::set_scheduler::<(alloc[2182bb758b4b3781]::boxed::Box<tokio[177a1f2c52b36787]::runtime::scheduler::current_thread::Core>, core[df12db4294e9bfd3]::option::Option<()>), <tokio[177a1f2c52b36787]::runtime::scheduler::current_thread::CoreGuard>::enter<<tokio[177a1f2c52b36787]::runtime::scheduler::current_thread::CoreGuard>::block_on<core[df12db4294e9bfd3]::pin::Pin<&mut core[df12db4294e9bfd3]::pin::Pin<&mut dyn core[df12db4294e9bfd3]::future::future::Future<Output = ()>>>>::{closure#0}, core[df12db4294e9bfd3]::option::Option<()>>::{closure#0}>
[INFO] [stdout]                                at /opt/rustwide/cargo-home/registry/src/index.crates.io-1949cf8c6b5b557f/tokio-1.50.0/src/runtime/context.rs:176:17
[INFO] [stdout]   37:     0x62b1c35deae0 - <tokio[177a1f2c52b36787]::runtime::scheduler::current_thread::CoreGuard>::enter::<<tokio[177a1f2c52b36787]::runtime::scheduler::current_thread::CoreGuard>::block_on<core[df12db4294e9bfd3]::pin::Pin<&mut core[df12db4294e9bfd3]::pin::Pin<&mut dyn core[df12db4294e9bfd3]::future::future::Future<Output = ()>>>>::{closure#0}, core[df12db4294e9bfd3]::option::Option<()>>
[INFO] [stdout]                                at /opt/rustwide/cargo-home/registry/src/index.crates.io-1949cf8c6b5b557f/tokio-1.50.0/src/runtime/scheduler/current_thread/mod.rs:856:27
[INFO] [stdout]   38:     0x62b1c35dedd6 - <tokio[177a1f2c52b36787]::runtime::scheduler::current_thread::CoreGuard>::block_on::<core[df12db4294e9bfd3]::pin::Pin<&mut core[df12db4294e9bfd3]::pin::Pin<&mut dyn core[df12db4294e9bfd3]::future::future::Future<Output = ()>>>>
[INFO] [stdout]                                at /opt/rustwide/cargo-home/registry/src/index.crates.io-1949cf8c6b5b557f/tokio-1.50.0/src/runtime/scheduler/current_thread/mod.rs:756:24
[INFO] [stdout]   39:     0x62b1c35df690 - <tokio[177a1f2c52b36787]::runtime::scheduler::current_thread::CurrentThread>::block_on::<core[df12db4294e9bfd3]::pin::Pin<&mut dyn core[df12db4294e9bfd3]::future::future::Future<Output = ()>>>::{closure#0}
[INFO] [stdout]                                at /opt/rustwide/cargo-home/registry/src/index.crates.io-1949cf8c6b5b557f/tokio-1.50.0/src/runtime/scheduler/current_thread/mod.rs:200:33
[INFO] [stdout]   40:     0x62b1c3614288 - tokio[177a1f2c52b36787]::runtime::context::runtime::enter_runtime::<<tokio[177a1f2c52b36787]::runtime::scheduler::current_thread::CurrentThread>::block_on<core[df12db4294e9bfd3]::pin::Pin<&mut dyn core[df12db4294e9bfd3]::future::future::Future<Output = ()>>>::{closure#0}, ()>
[INFO] [stdout]                                at /opt/rustwide/cargo-home/registry/src/index.crates.io-1949cf8c6b5b557f/tokio-1.50.0/src/runtime/context/runtime.rs:65:16
[INFO] [stdout]   41:     0x62b1c35dd634 - <tokio[177a1f2c52b36787]::runtime::scheduler::current_thread::CurrentThread>::block_on::<core[df12db4294e9bfd3]::pin::Pin<&mut dyn core[df12db4294e9bfd3]::future::future::Future<Output = ()>>>
[INFO] [stdout]                                at /opt/rustwide/cargo-home/registry/src/index.crates.io-1949cf8c6b5b557f/tokio-1.50.0/src/runtime/scheduler/current_thread/mod.rs:188:9
[INFO] [stdout]   42:     0x62b1c35e7f2f - <tokio[177a1f2c52b36787]::runtime::runtime::Runtime>::block_on_inner::<core[df12db4294e9bfd3]::pin::Pin<&mut dyn core[df12db4294e9bfd3]::future::future::Future<Output = ()>>>
[INFO] [stdout]                                at /opt/rustwide/cargo-home/registry/src/index.crates.io-1949cf8c6b5b557f/tokio-1.50.0/src/runtime/runtime.rs:371:52
[INFO] [stdout]   43:     0x62b1c35e807b - <tokio[177a1f2c52b36787]::runtime::runtime::Runtime>::block_on::<core[df12db4294e9bfd3]::pin::Pin<&mut dyn core[df12db4294e9bfd3]::future::future::Future<Output = ()>>>
[INFO] [stdout]                                at /opt/rustwide/cargo-home/registry/src/index.crates.io-1949cf8c6b5b557f/tokio-1.50.0/src/runtime/runtime.rs:345:18
[INFO] [stdout]   44:     0x62b1c360f1de - expansion[ceada7740d7354]::test_shift_tab_backward
[INFO] [stdout]                                at /opt/rustwide/workdir/tests/expansion.rs:160:22
[INFO] [stdout]   45:     0x62b1c360bf17 - expansion[ceada7740d7354]::test_shift_tab_backward::{closure#0}
[INFO] [stdout]                                at /opt/rustwide/workdir/tests/expansion.rs:145:35
[INFO] [stdout]   46:     0x62b1c35dd106 - <expansion[ceada7740d7354]::test_shift_tab_backward::{closure#0} as core[df12db4294e9bfd3]::ops::function::FnOnce<()>>::call_once
[INFO] [stdout]                                at /rustc/dfb0accb7f508ae8be965d8629557221c889dd98/library/core/src/ops/function.rs:250:5
[INFO] [stdout]   47:     0x62b1c3625b9b - <fn() -> core[df12db4294e9bfd3]::result::Result<(), alloc[2182bb758b4b3781]::string::String> as core[df12db4294e9bfd3]::ops::function::FnOnce<()>>::call_once
[INFO] [stdout]                                at /rustc/dfb0accb7f508ae8be965d8629557221c889dd98/library/core/src/ops/function.rs:250:5
[INFO] [stdout]   48:     0x62b1c3625b9b - test[9d35eded1c95d3be]::__rust_begin_short_backtrace::<core[df12db4294e9bfd3]::result::Result<(), alloc[2182bb758b4b3781]::string::String>, fn() -> core[df12db4294e9bfd3]::result::Result<(), alloc[2182bb758b4b3781]::string::String>>
[INFO] [stdout]                                at /rustc/dfb0accb7f508ae8be965d8629557221c889dd98/library/test/src/lib.rs:733:18
[INFO] [stdout]   49:     0x62b1c3633205 - test[9d35eded1c95d3be]::run_test_in_process::{closure#0}
[INFO] [stdout]                                at /rustc/dfb0accb7f508ae8be965d8629557221c889dd98/library/test/src/lib.rs:756:74
[INFO] [stdout]   50:     0x62b1c3633205 - <core[df12db4294e9bfd3]::panic::unwind_safe::AssertUnwindSafe<test[9d35eded1c95d3be]::run_test_in_process::{closure#0}> as core[df12db4294e9bfd3]::ops::function::FnOnce<()>>::call_once
[INFO] [stdout]                                at /rustc/dfb0accb7f508ae8be965d8629557221c889dd98/library/core/src/panic/unwind_safe.rs:275:9
[INFO] [stdout]   51:     0x62b1c3633205 - std[70759c8f55707aa4]::panicking::catch_unwind::do_call::<core[df12db4294e9bfd3]::panic::unwind_safe::AssertUnwindSafe<test[9d35eded1c95d3be]::run_test_in_process::{closure#0}>, core[df12db4294e9bfd3]::result::Result<(), alloc[2182bb758b4b3781]::string::String>>
[INFO] [stdout]                                at /rustc/dfb0accb7f508ae8be965d8629557221c889dd98/library/std/src/panicking.rs:576:43
[INFO] [stdout]   52:     0x62b1c3633205 - std[70759c8f55707aa4]::panicking::catch_unwind::<core[df12db4294e9bfd3]::result::Result<(), alloc[2182bb758b4b3781]::string::String>, core[df12db4294e9bfd3]::panic::unwind_safe::AssertUnwindSafe<test[9d35eded1c95d3be]::run_test_in_process::{closure#0}>>
[INFO] [stdout]                                at /rustc/dfb0accb7f508ae8be965d8629557221c889dd98/library/std/src/panicking.rs:544:19
[INFO] [stdout]   53:     0x62b1c3633205 - std[70759c8f55707aa4]::panic::catch_unwind::<core[df12db4294e9bfd3]::panic::unwind_safe::AssertUnwindSafe<test[9d35eded1c95d3be]::run_test_in_process::{closure#0}>, core[df12db4294e9bfd3]::result::Result<(), alloc[2182bb758b4b3781]::string::String>>
[INFO] [stdout]                                at /rustc/dfb0accb7f508ae8be965d8629557221c889dd98/library/std/src/panic.rs:359:14
[INFO] [stdout]   54:     0x62b1c3633205 - test[9d35eded1c95d3be]::run_test_in_process
[INFO] [stdout]                                at /rustc/dfb0accb7f508ae8be965d8629557221c889dd98/library/test/src/lib.rs:756:27
[INFO] [stdout]   55:     0x62b1c3633205 - test[9d35eded1c95d3be]::run_test::{closure#0}
[INFO] [stdout]                                at /rustc/dfb0accb7f508ae8be965d8629557221c889dd98/library/test/src/lib.rs:677:43
[INFO] [stdout]   56:     0x62b1c362cac4 - test[9d35eded1c95d3be]::run_test::{closure#1}
[INFO] [stdout]                                at /rustc/dfb0accb7f508ae8be965d8629557221c889dd98/library/test/src/lib.rs:707:41
[INFO] [stdout]   57:     0x62b1c362cac4 - std[70759c8f55707aa4]::sys::backtrace::__rust_begin_short_backtrace::<test[9d35eded1c95d3be]::run_test::{closure#1}, ()>
[INFO] [stdout]                                at /rustc/dfb0accb7f508ae8be965d8629557221c889dd98/library/std/src/sys/backtrace.rs:166:18
[INFO] [stdout]   58:     0x62b1c3636362 - std[70759c8f55707aa4]::thread::lifecycle::spawn_unchecked::<test[9d35eded1c95d3be]::run_test::{closure#1}, ()>::{closure#1}::{closure#0}
[INFO] [stdout]                                at /rustc/dfb0accb7f508ae8be965d8629557221c889dd98/library/std/src/thread/lifecycle.rs:70:13
[INFO] [stdout]   59:     0x62b1c3636362 - <core[df12db4294e9bfd3]::panic::unwind_safe::AssertUnwindSafe<std[70759c8f55707aa4]::thread::lifecycle::spawn_unchecked<test[9d35eded1c95d3be]::run_test::{closure#1}, ()>::{closure#1}::{closure#0}> as core[df12db4294e9bfd3]::ops::function::FnOnce<()>>::call_once
[INFO] [stdout]                                at /rustc/dfb0accb7f508ae8be965d8629557221c889dd98/library/core/src/panic/unwind_safe.rs:275:9
[INFO] [stdout]   60:     0x62b1c3636362 - std[70759c8f55707aa4]::panicking::catch_unwind::do_call::<core[df12db4294e9bfd3]::panic::unwind_safe::AssertUnwindSafe<std[70759c8f55707aa4]::thread::lifecycle::spawn_unchecked<test[9d35eded1c95d3be]::run_test::{closure#1}, ()>::{closure#1}::{closure#0}>, ()>
[INFO] [stdout]                                at /rustc/dfb0accb7f508ae8be965d8629557221c889dd98/library/std/src/panicking.rs:576:43
[INFO] [stdout]   61:     0x62b1c3636362 - std[70759c8f55707aa4]::panicking::catch_unwind::<(), core[df12db4294e9bfd3]::panic::unwind_safe::AssertUnwindSafe<std[70759c8f55707aa4]::thread::lifecycle::spawn_unchecked<test[9d35eded1c95d3be]::run_test::{closure#1}, ()>::{closure#1}::{closure#0}>>
[INFO] [stdout]                                at /rustc/dfb0accb7f508ae8be965d8629557221c889dd98/library/std/src/panicking.rs:544:19
[INFO] [stdout]   62:     0x62b1c3636362 - std[70759c8f55707aa4]::panic::catch_unwind::<core[df12db4294e9bfd3]::panic::unwind_safe::AssertUnwindSafe<std[70759c8f55707aa4]::thread::lifecycle::spawn_unchecked<test[9d35eded1c95d3be]::run_test::{closure#1}, ()>::{closure#1}::{closure#0}>, ()>
[INFO] [stdout]                                at /rustc/dfb0accb7f508ae8be965d8629557221c889dd98/library/std/src/panic.rs:359:14
[INFO] [stdout]   63:     0x62b1c3636362 - std[70759c8f55707aa4]::thread::lifecycle::spawn_unchecked::<test[9d35eded1c95d3be]::run_test::{closure#1}, ()>::{closure#1}
[INFO] [stdout]                                at /rustc/dfb0accb7f508ae8be965d8629557221c889dd98/library/std/src/thread/lifecycle.rs:68:26
[INFO] [stdout]   64:     0x62b1c3636362 - <std[70759c8f55707aa4]::thread::lifecycle::spawn_unchecked<test[9d35eded1c95d3be]::run_test::{closure#1}, ()>::{closure#1} as core[df12db4294e9bfd3]::ops::function::FnOnce<()>>::call_once::{shim:vtable#0}
[INFO] [stdout]                                at /rustc/dfb0accb7f508ae8be965d8629557221c889dd98/library/core/src/ops/function.rs:250:5
[INFO] [stdout]   65:     0x62b1c396e4f9 - <alloc[2182bb758b4b3781]::boxed::Box<dyn core[df12db4294e9bfd3]::ops::function::FnOnce<(), Output = ()> + core[df12db4294e9bfd3]::marker::Send> as core[df12db4294e9bfd3]::ops::function::FnOnce<()>>::call_once
[INFO] [stdout]                                at /rustc/dfb0accb7f508ae8be965d8629557221c889dd98/library/alloc/src/boxed.rs:2320:9
[INFO] [stdout]   66:     0x62b1c396e4f9 - <std[70759c8f55707aa4]::sys::thread::unix::Thread>::new::thread_start
[INFO] [stdout]                                at /rustc/dfb0accb7f508ae8be965d8629557221c889dd98/library/std/src/sys/thread/unix.rs:123:17
[INFO] [stdout]   67:     0x79f0aa2eadfa - <unknown>
[INFO] [stdout]   68:     0x79f0aa37e3d4 - clone
[INFO] [stdout]   69:                0x0 - <unknown>
[INFO] [stdout] 
[INFO] [stdout] ---- test_expand_multiline_for_loop stdout ----
[INFO] [stdout] 
[INFO] [stdout] thread 'test_expand_multiline_for_loop' (2851) panicked at /opt/rustwide/cargo-home/registry/src/index.crates.io-1949cf8c6b5b557f/reovim-testing-0.14.4/src/integration.rs:137:14:
[INFO] [stdout] Failed to spawn server with env vars: Os { code: 30, kind: ReadOnlyFilesystem, message: "Read-only file system" }
[INFO] [stdout] stack backtrace:
[INFO] [stdout]    0:     0x62b1c396f851 - std[70759c8f55707aa4]::backtrace_rs::backtrace::libunwind::trace
[INFO] [stdout]                                at /rustc/dfb0accb7f508ae8be965d8629557221c889dd98/library/std/src/../../backtrace/src/backtrace/libunwind.rs:117:9
[INFO] [stdout]    1:     0x62b1c396f851 - std[70759c8f55707aa4]::backtrace_rs::backtrace::trace_unsynchronized::<std[70759c8f55707aa4]::sys::backtrace::_print_fmt::{closure#1}>
[INFO] [stdout]                                at /rustc/dfb0accb7f508ae8be965d8629557221c889dd98/library/std/src/../../backtrace/src/backtrace/mod.rs:66:14
[INFO] [stdout]    2:     0x62b1c396f851 - std[70759c8f55707aa4]::sys::backtrace::_print_fmt
[INFO] [stdout]                                at /rustc/dfb0accb7f508ae8be965d8629557221c889dd98/library/std/src/sys/backtrace.rs:74:9
[INFO] [stdout]    3:     0x62b1c396f851 - <<std[70759c8f55707aa4]::sys::backtrace::BacktraceLock>::print::DisplayBacktrace as core[df12db4294e9bfd3]::fmt::Display>::fmt
[INFO] [stdout]                                at /rustc/dfb0accb7f508ae8be965d8629557221c889dd98/library/std/src/sys/backtrace.rs:44:26
[INFO] [stdout]    4:     0x62b1c398603a - <core[df12db4294e9bfd3]::fmt::rt::Argument>::fmt
[INFO] [stdout]                                at /rustc/dfb0accb7f508ae8be965d8629557221c889dd98/library/core/src/fmt/rt.rs:152:76
[INFO] [stdout]    5:     0x62b1c398603a - core[df12db4294e9bfd3]::fmt::write
[INFO] [stdout]    6:     0x62b1c397459c - core[df12db4294e9bfd3]::io::write::default_write_fmt::<alloc[2182bb758b4b3781]::vec::Vec<u8>>
[INFO] [stdout]                                at /rustc/dfb0accb7f508ae8be965d8629557221c889dd98/library/core/src/io/write.rs:402:11
[INFO] [stdout]    7:     0x62b1c397459c - <alloc[2182bb758b4b3781]::vec::Vec<u8> as core[df12db4294e9bfd3]::io::write::Write>::write_fmt
[INFO] [stdout]                                at /rustc/dfb0accb7f508ae8be965d8629557221c889dd98/library/core/src/io/write.rs:335:13
[INFO] [stdout]    8:     0x62b1c3948df6 - <std[70759c8f55707aa4]::sys::backtrace::BacktraceLock>::print
[INFO] [stdout]                                at /rustc/dfb0accb7f508ae8be965d8629557221c889dd98/library/std/src/sys/backtrace.rs:47:9
[INFO] [stdout]    9:     0x62b1c3948df6 - std[70759c8f55707aa4]::panicking::default_hook::{closure#0}
[INFO] [stdout]                                at /rustc/dfb0accb7f508ae8be965d8629557221c889dd98/library/std/src/panicking.rs:292:27
[INFO] [stdout]   10:     0x62b1c3966639 - std[70759c8f55707aa4]::panicking::default_hook
[INFO] [stdout]                                at /rustc/dfb0accb7f508ae8be965d8629557221c889dd98/library/std/src/panicking.rs:316:9
[INFO] [stdout]   11:     0x62b1c36328b0 - <alloc[2182bb758b4b3781]::boxed::Box<dyn for<'a, 'b> core[df12db4294e9bfd3]::ops::function::Fn<(&'a std[70759c8f55707aa4]::panic::PanicHookInfo<'b>,), Output = ()> + core[df12db4294e9bfd3]::marker::Send + core[df12db4294e9bfd3]::marker::Sync> as core[df12db4294e9bfd3]::ops::function::Fn<(&std[70759c8f55707aa4]::panic::PanicHookInfo,)>>::call
[INFO] [stdout]                                at /rustc/dfb0accb7f508ae8be965d8629557221c889dd98/library/alloc/src/boxed.rs:2334:9
[INFO] [stdout]   12:     0x62b1c36328b0 - test[9d35eded1c95d3be]::test_main_inner::<test[9d35eded1c95d3be]::test_main_static::{closure#0}>::{closure#0}
[INFO] [stdout]                                at /rustc/dfb0accb7f508ae8be965d8629557221c889dd98/library/test/src/lib.rs:155:21
[INFO] [stdout]   13:     0x62b1c3966962 - <alloc[2182bb758b4b3781]::boxed::Box<dyn for<'a, 'b> core[df12db4294e9bfd3]::ops::function::Fn<(&'a std[70759c8f55707aa4]::panic::PanicHookInfo<'b>,), Output = ()> + core[df12db4294e9bfd3]::marker::Send + core[df12db4294e9bfd3]::marker::Sync> as core[df12db4294e9bfd3]::ops::function::Fn<(&std[70759c8f55707aa4]::panic::PanicHookInfo,)>>::call
[INFO] [stdout]                                at /rustc/dfb0accb7f508ae8be965d8629557221c889dd98/library/alloc/src/boxed.rs:2334:9
[INFO] [stdout]   14:     0x62b1c3966962 - std[70759c8f55707aa4]::panicking::panic_with_hook
[INFO] [stdout]                                at /rustc/dfb0accb7f508ae8be965d8629557221c889dd98/library/std/src/panicking.rs:823:13
[INFO] [stdout]   15:     0x62b1c3948ea2 - std[70759c8f55707aa4]::panicking::panic_handler::{closure#0}
[INFO] [stdout]                                at /rustc/dfb0accb7f508ae8be965d8629557221c889dd98/library/std/src/panicking.rs:688:13
[INFO] [stdout]   16:     0x62b1c3941899 - std[70759c8f55707aa4]::sys::backtrace::__rust_end_short_backtrace::<std[70759c8f55707aa4]::panicking::panic_handler::{closure#0}, !>
[INFO] [stdout]                                at /rustc/dfb0accb7f508ae8be965d8629557221c889dd98/library/std/src/sys/backtrace.rs:182:18
[INFO] [stdout]   17:     0x62b1c3949c8d - __rustc[8fa7c3cbc660c2b3]::rust_begin_unwind
[INFO] [stdout]                                at /rustc/dfb0accb7f508ae8be965d8629557221c889dd98/library/std/src/panicking.rs:679:5
[INFO] [stdout]   18:     0x62b1c398685c - core[df12db4294e9bfd3]::panicking::panic_fmt
[INFO] [stdout]                                at /rustc/dfb0accb7f508ae8be965d8629557221c889dd98/library/core/src/panicking.rs:80:14
[INFO] [stdout]   19:     0x62b1c39865b2 - core[df12db4294e9bfd3]::result::unwrap_failed
[INFO] [stdout]                                at /rustc/dfb0accb7f508ae8be965d8629557221c889dd98/library/core/src/result.rs:1871:5
[INFO] [stdout]   20:     0x62b1c35fdbde - <core[df12db4294e9bfd3]::result::Result<reovim_testing[cd57a68079fa52a4]::harness::TestServerHarness, alloc[2182bb758b4b3781]::boxed::Box<dyn core[df12db4294e9bfd3]::error::Error + core[df12db4294e9bfd3]::marker::Send + core[df12db4294e9bfd3]::marker::Sync>>>::expect
[INFO] [stdout]                                at /rustc/dfb0accb7f508ae8be965d8629557221c889dd98/library/core/src/result.rs:1184:23
[INFO] [stdout]   21:     0x62b1c35e437c - <reovim_testing[cd57a68079fa52a4]::integration::IntegrationTest>::with_env::{closure#0}
[INFO] [stdout]                                at /opt/rustwide/cargo-home/registry/src/index.crates.io-1949cf8c6b5b557f/reovim-testing-0.14.4/src/integration.rs:137:14
[INFO] [stdout]   22:     0x62b1c360df99 - expansion[ceada7740d7354]::test_expand_multiline_for_loop::{closure#0}
[INFO] [stdout]                                at /opt/rustwide/workdir/tests/expansion.rs:172:10
[INFO] [stdout]   23:     0x62b1c35ff642 - <core[df12db4294e9bfd3]::pin::Pin<&mut dyn core[df12db4294e9bfd3]::future::future::Future<Output = ()>> as core[df12db4294e9bfd3]::future::future::Future>::poll
[INFO] [stdout]                                at /rustc/dfb0accb7f508ae8be965d8629557221c889dd98/library/core/src/future/future.rs:133:9
[INFO] [stdout]   24:     0x62b1c35ff6bd - <core[df12db4294e9bfd3]::pin::Pin<&mut core[df12db4294e9bfd3]::pin::Pin<&mut dyn core[df12db4294e9bfd3]::future::future::Future<Output = ()>>> as core[df12db4294e9bfd3]::future::future::Future>::poll
[INFO] [stdout]                                at /rustc/dfb0accb7f508ae8be965d8629557221c889dd98/library/core/src/future/future.rs:133:9
[INFO] [stdout]   25:     0x62b1c35e13fd - <tokio[177a1f2c52b36787]::runtime::scheduler::current_thread::CoreGuard>::block_on::<core[df12db4294e9bfd3]::pin::Pin<&mut core[df12db4294e9bfd3]::pin::Pin<&mut dyn core[df12db4294e9bfd3]::future::future::Future<Output = ()>>>>::{closure#0}::{closure#0}::{closure#0}
[INFO] [stdout]                                at /opt/rustwide/cargo-home/registry/src/index.crates.io-1949cf8c6b5b557f/tokio-1.50.0/src/runtime/scheduler/current_thread/mod.rs:769:70
[INFO] [stdout]   26:     0x62b1c35e1325 - tokio[177a1f2c52b36787]::task::coop::with_budget::<core[df12db4294e9bfd3]::task::poll::Poll<()>, <tokio[177a1f2c52b36787]::runtime::scheduler::current_thread::CoreGuard>::block_on<core[df12db4294e9bfd3]::pin::Pin<&mut core[df12db4294e9bfd3]::pin::Pin<&mut dyn core[df12db4294e9bfd3]::future::future::Future<Output = ()>>>>::{closure#0}::{closure#0}::{closure#0}>
[INFO] [stdout]                                at /opt/rustwide/cargo-home/registry/src/index.crates.io-1949cf8c6b5b557f/tokio-1.50.0/src/task/coop/mod.rs:167:5
[INFO] [stdout]   27:     0x62b1c35e1325 - tokio[177a1f2c52b36787]::task::coop::budget::<core[df12db4294e9bfd3]::task::poll::Poll<()>, <tokio[177a1f2c52b36787]::runtime::scheduler::current_thread::CoreGuard>::block_on<core[df12db4294e9bfd3]::pin::Pin<&mut core[df12db4294e9bfd3]::pin::Pin<&mut dyn core[df12db4294e9bfd3]::future::future::Future<Output = ()>>>>::{closure#0}::{closure#0}::{closure#0}>
[INFO] [stdout]                                at /opt/rustwide/cargo-home/registry/src/index.crates.io-1949cf8c6b5b557f/tokio-1.50.0/src/task/coop/mod.rs:133:5
[INFO] [stdout]   28:     0x62b1c35e1325 - <tokio[177a1f2c52b36787]::runtime::scheduler::current_thread::CoreGuard>::block_on::<core[df12db4294e9bfd3]::pin::Pin<&mut core[df12db4294e9bfd3]::pin::Pin<&mut dyn core[df12db4294e9bfd3]::future::future::Future<Output = ()>>>>::{closure#0}::{closure#0}
[INFO] [stdout]                                at /opt/rustwide/cargo-home/registry/src/index.crates.io-1949cf8c6b5b557f/tokio-1.50.0/src/runtime/scheduler/current_thread/mod.rs:769:25
[INFO] [stdout]   29:     0x62b1c35dda72 - <tokio[177a1f2c52b36787]::runtime::scheduler::current_thread::Context>::enter::<core[df12db4294e9bfd3]::task::poll::Poll<()>, <tokio[177a1f2c52b36787]::runtime::scheduler::current_thread::CoreGuard>::block_on<core[df12db4294e9bfd3]::pin::Pin<&mut core[df12db4294e9bfd3]::pin::Pin<&mut dyn core[df12db4294e9bfd3]::future::future::Future<Output = ()>>>>::{closure#0}::{closure#0}>
[INFO] [stdout]                                at /opt/rustwide/cargo-home/registry/src/index.crates.io-1949cf8c6b5b557f/tokio-1.50.0/src/runtime/scheduler/current_thread/mod.rs:446:19
[INFO] [stdout]   30:     0x62b1c35e07dd - <tokio[177a1f2c52b36787]::runtime::scheduler::current_thread::CoreGuard>::block_on::<core[df12db4294e9bfd3]::pin::Pin<&mut core[df12db4294e9bfd3]::pin::Pin<&mut dyn core[df12db4294e9bfd3]::future::future::Future<Output = ()>>>>::{closure#0}
[INFO] [stdout]                                at /opt/rustwide/cargo-home/registry/src/index.crates.io-1949cf8c6b5b557f/tokio-1.50.0/src/runtime/scheduler/current_thread/mod.rs:768:44
[INFO] [stdout]   31:     0x62b1c35dfa84 - <tokio[177a1f2c52b36787]::runtime::scheduler::current_thread::CoreGuard>::enter::<<tokio[177a1f2c52b36787]::runtime::scheduler::current_thread::CoreGuard>::block_on<core[df12db4294e9bfd3]::pin::Pin<&mut core[df12db4294e9bfd3]::pin::Pin<&mut dyn core[df12db4294e9bfd3]::future::future::Future<Output = ()>>>>::{closure#0}, core[df12db4294e9bfd3]::option::Option<()>>::{closure#0}
[INFO] [stdout]                                at /opt/rustwide/cargo-home/registry/src/index.crates.io-1949cf8c6b5b557f/tokio-1.50.0/src/runtime/scheduler/current_thread/mod.rs:856:68
[INFO] [stdout]   32:     0x62b1c361260b - <tokio[177a1f2c52b36787]::runtime::context::scoped::Scoped<tokio[177a1f2c52b36787]::runtime::scheduler::Context>>::set::<<tokio[177a1f2c52b36787]::runtime::scheduler::current_thread::CoreGuard>::enter<<tokio[177a1f2c52b36787]::runtime::scheduler::current_thread::CoreGuard>::block_on<core[df12db4294e9bfd3]::pin::Pin<&mut core[df12db4294e9bfd3]::pin::Pin<&mut dyn core[df12db4294e9bfd3]::future::future::Future<Output = ()>>>>::{closure#0}, core[df12db4294e9bfd3]::option::Option<()>>::{closure#0}, (alloc[2182bb758b4b3781]::boxed::Box<tokio[177a1f2c52b36787]::runtime::scheduler::current_thread::Core>, core[df12db4294e9bfd3]::option::Option<()>)>
[INFO] [stdout]                                at /opt/rustwide/cargo-home/registry/src/index.crates.io-1949cf8c6b5b557f/tokio-1.50.0/src/runtime/context/scoped.rs:40:9
[INFO] [stdout]   33:     0x62b1c3614ee9 - tokio[177a1f2c52b36787]::runtime::context::set_scheduler::<(alloc[2182bb758b4b3781]::boxed::Box<tokio[177a1f2c52b36787]::runtime::scheduler::current_thread::Core>, core[df12db4294e9bfd3]::option::Option<()>), <tokio[177a1f2c52b36787]::runtime::scheduler::current_thread::CoreGuard>::enter<<tokio[177a1f2c52b36787]::runtime::scheduler::current_thread::CoreGuard>::block_on<core[df12db4294e9bfd3]::pin::Pin<&mut core[df12db4294e9bfd3]::pin::Pin<&mut dyn core[df12db4294e9bfd3]::future::future::Future<Output = ()>>>>::{closure#0}, core[df12db4294e9bfd3]::option::Option<()>>::{closure#0}>::{closure#0}
[INFO] [stdout]                                at /opt/rustwide/cargo-home/registry/src/index.crates.io-1949cf8c6b5b557f/tokio-1.50.0/src/runtime/context.rs:176:38
[INFO] [stdout]   34:     0x62b1c35f0a0f - <std[70759c8f55707aa4]::thread::local::LocalKey<tokio[177a1f2c52b36787]::runtime::context::Context>>::try_with::<tokio[177a1f2c52b36787]::runtime::context::set_scheduler<(alloc[2182bb758b4b3781]::boxed::Box<tokio[177a1f2c52b36787]::runtime::scheduler::current_thread::Core>, core[df12db4294e9bfd3]::option::Option<()>), <tokio[177a1f2c52b36787]::runtime::scheduler::current_thread::CoreGuard>::enter<<tokio[177a1f2c52b36787]::runtime::scheduler::current_thread::CoreGuard>::block_on<core[df12db4294e9bfd3]::pin::Pin<&mut core[df12db4294e9bfd3]::pin::Pin<&mut dyn core[df12db4294e9bfd3]::future::future::Future<Output = ()>>>>::{closure#0}, core[df12db4294e9bfd3]::option::Option<()>>::{closure#0}>::{closure#0}, (alloc[2182bb758b4b3781]::boxed::Box<tokio[177a1f2c52b36787]::runtime::scheduler::current_thread::Core>, core[df12db4294e9bfd3]::option::Option<()>)>
[INFO] [stdout]                                at /rustc/dfb0accb7f508ae8be965d8629557221c889dd98/library/std/src/thread/local.rs:463:12
[INFO] [stdout]   35:     0x62b1c35f05be - <std[70759c8f55707aa4]::thread::local::LocalKey<tokio[177a1f2c52b36787]::runtime::context::Context>>::with::<tokio[177a1f2c52b36787]::runtime::context::set_scheduler<(alloc[2182bb758b4b3781]::boxed::Box<tokio[177a1f2c52b36787]::runtime::scheduler::current_thread::Core>, core[df12db4294e9bfd3]::option::Option<()>), <tokio[177a1f2c52b36787]::runtime::scheduler::current_thread::CoreGuard>::enter<<tokio[177a1f2c52b36787]::runtime::scheduler::current_thread::CoreGuard>::block_on<core[df12db4294e9bfd3]::pin::Pin<&mut core[df12db4294e9bfd3]::pin::Pin<&mut dyn core[df12db4294e9bfd3]::future::future::Future<Output = ()>>>>::{closure#0}, core[df12db4294e9bfd3]::option::Option<()>>::{closure#0}>::{closure#0}, (alloc[2182bb758b4b3781]::boxed::Box<tokio[177a1f2c52b36787]::runtime::scheduler::current_thread::Core>, core[df12db4294e9bfd3]::option::Option<()>)>
[INFO] [stdout]                                at /rustc/dfb0accb7f508ae8be965d8629557221c889dd98/library/std/src/thread/local.rs:427:20
[INFO] [stdout]   36:     0x62b1c3613d0d - tokio[177a1f2c52b36787]::runtime::context::set_scheduler::<(alloc[2182bb758b4b3781]::boxed::Box<tokio[177a1f2c52b36787]::runtime::scheduler::current_thread::Core>, core[df12db4294e9bfd3]::option::Option<()>), <tokio[177a1f2c52b36787]::runtime::scheduler::current_thread::CoreGuard>::enter<<tokio[177a1f2c52b36787]::runtime::scheduler::current_thread::CoreGuard>::block_on<core[df12db4294e9bfd3]::pin::Pin<&mut core[df12db4294e9bfd3]::pin::Pin<&mut dyn core[df12db4294e9bfd3]::future::future::Future<Output = ()>>>>::{closure#0}, core[df12db4294e9bfd3]::option::Option<()>>::{closure#0}>
[INFO] [stdout]                                at /opt/rustwide/cargo-home/registry/src/index.crates.io-1949cf8c6b5b557f/tokio-1.50.0/src/runtime/context.rs:176:17
[INFO] [stdout]   37:     0x62b1c35deae0 - <tokio[177a1f2c52b36787]::runtime::scheduler::current_thread::CoreGuard>::enter::<<tokio[177a1f2c52b36787]::runtime::scheduler::current_thread::CoreGuard>::block_on<core[df12db4294e9bfd3]::pin::Pin<&mut core[df12db4294e9bfd3]::pin::Pin<&mut dyn core[df12db4294e9bfd3]::future::future::Future<Output = ()>>>>::{closure#0}, core[df12db4294e9bfd3]::option::Option<()>>
[INFO] [stdout]                                at /opt/rustwide/cargo-home/registry/src/index.crates.io-1949cf8c6b5b557f/tokio-1.50.0/src/runtime/scheduler/current_thread/mod.rs:856:27
[INFO] [stdout]   38:     0x62b1c35dedd6 - <tokio[177a1f2c52b36787]::runtime::scheduler::current_thread::CoreGuard>::block_on::<core[df12db4294e9bfd3]::pin::Pin<&mut core[df12db4294e9bfd3]::pin::Pin<&mut dyn core[df12db4294e9bfd3]::future::future::Future<Output = ()>>>>
[INFO] [stdout]                                at /opt/rustwide/cargo-home/registry/src/index.crates.io-1949cf8c6b5b557f/tokio-1.50.0/src/runtime/scheduler/current_thread/mod.rs:756:24
[INFO] [stdout]   39:     0x62b1c35df690 - <tokio[177a1f2c52b36787]::runtime::scheduler::current_thread::CurrentThread>::block_on::<core[df12db4294e9bfd3]::pin::Pin<&mut dyn core[df12db4294e9bfd3]::future::future::Future<Output = ()>>>::{closure#0}
[INFO] [stdout]                                at /opt/rustwide/cargo-home/registry/src/index.crates.io-1949cf8c6b5b557f/tokio-1.50.0/src/runtime/scheduler/current_thread/mod.rs:200:33
[INFO] [stdout]   40:     0x62b1c3614288 - tokio[177a1f2c52b36787]::runtime::context::runtime::enter_runtime::<<tokio[177a1f2c52b36787]::runtime::scheduler::current_thread::CurrentThread>::block_on<core[df12db4294e9bfd3]::pin::Pin<&mut dyn core[df12db4294e9bfd3]::future::future::Future<Output = ()>>>::{closure#0}, ()>
[INFO] [stdout]                                at /opt/rustwide/cargo-home/registry/src/index.crates.io-1949cf8c6b5b557f/tokio-1.50.0/src/runtime/context/runtime.rs:65:16
[INFO] [stdout]   41:     0x62b1c35dd634 - <tokio[177a1f2c52b36787]::runtime::scheduler::current_thread::CurrentThread>::block_on::<core[df12db4294e9bfd3]::pin::Pin<&mut dyn core[df12db4294e9bfd3]::future::future::Future<Output = ()>>>
[INFO] [stdout]                                at /opt/rustwide/cargo-home/registry/src/index.crates.io-1949cf8c6b5b557f/tokio-1.50.0/src/runtime/scheduler/current_thread/mod.rs:188:9
[INFO] [stdout]   42:     0x62b1c35e7f2f - <tokio[177a1f2c52b36787]::runtime::runtime::Runtime>::block_on_inner::<core[df12db4294e9bfd3]::pin::Pin<&mut dyn core[df12db4294e9bfd3]::future::future::Future<Output = ()>>>
[INFO] [stdout]                                at /opt/rustwide/cargo-home/registry/src/index.crates.io-1949cf8c6b5b557f/tokio-1.50.0/src/runtime/runtime.rs:371:52
[INFO] [stdout]   43:     0x62b1c35e807b - <tokio[177a1f2c52b36787]::runtime::runtime::Runtime>::block_on::<core[df12db4294e9bfd3]::pin::Pin<&mut dyn core[df12db4294e9bfd3]::future::future::Future<Output = ()>>>
[INFO] [stdout]                                at /opt/rustwide/cargo-home/registry/src/index.crates.io-1949cf8c6b5b557f/tokio-1.50.0/src/runtime/runtime.rs:345:18
[INFO] [stdout]   44:     0x62b1c360f77e - expansion[ceada7740d7354]::test_expand_multiline_for_loop
[INFO] [stdout]                                at /opt/rustwide/workdir/tests/expansion.rs:182:39
[INFO] [stdout]   45:     0x62b1c360bfa7 - expansion[ceada7740d7354]::test_expand_multiline_for_loop::{closure#0}
[INFO] [stdout]                                at /opt/rustwide/workdir/tests/expansion.rs:169:42
[INFO] [stdout]   46:     0x62b1c35dd166 - <expansion[ceada7740d7354]::test_expand_multiline_for_loop::{closure#0} as core[df12db4294e9bfd3]::ops::function::FnOnce<()>>::call_once
[INFO] [stdout]                                at /rustc/dfb0accb7f508ae8be965d8629557221c889dd98/library/core/src/ops/function.rs:250:5
[INFO] [stdout]   47:     0x62b1c3625b9b - <fn() -> core[df12db4294e9bfd3]::result::Result<(), alloc[2182bb758b4b3781]::string::String> as core[df12db4294e9bfd3]::ops::function::FnOnce<()>>::call_once
[INFO] [stdout]                                at /rustc/dfb0accb7f508ae8be965d8629557221c889dd98/library/core/src/ops/function.rs:250:5
[INFO] [stdout]   48:     0x62b1c3625b9b - test[9d35eded1c95d3be]::__rust_begin_short_backtrace::<core[df12db4294e9bfd3]::result::Result<(), alloc[2182bb758b4b3781]::string::String>, fn() -> core[df12db4294e9bfd3]::result::Result<(), alloc[2182bb758b4b3781]::string::String>>
[INFO] [stdout]                                at /rustc/dfb0accb7f508ae8be965d8629557221c889dd98/library/test/src/lib.rs:733:18
[INFO] [stdout]   49:     0x62b1c3633205 - test[9d35eded1c95d3be]::run_test_in_process::{closure#0}
[INFO] [stdout]                                at /rustc/dfb0accb7f508ae8be965d8629557221c889dd98/library/test/src/lib.rs:756:74
[INFO] [stdout]   50:     0x62b1c3633205 - <core[df12db4294e9bfd3]::panic::unwind_safe::AssertUnwindSafe<test[9d35eded1c95d3be]::run_test_in_process::{closure#0}> as core[df12db4294e9bfd3]::ops::function::FnOnce<()>>::call_once
[INFO] [stdout]                                at /rustc/dfb0accb7f508ae8be965d8629557221c889dd98/library/core/src/panic/unwind_safe.rs:275:9
[INFO] [stdout]   51:     0x62b1c3633205 - std[70759c8f55707aa4]::panicking::catch_unwind::do_call::<core[df12db4294e9bfd3]::panic::unwind_safe::AssertUnwindSafe<test[9d35eded1c95d3be]::run_test_in_process::{closure#0}>, core[df12db4294e9bfd3]::result::Result<(), alloc[2182bb758b4b3781]::string::String>>
[INFO] [stdout]                                at /rustc/dfb0accb7f508ae8be965d8629557221c889dd98/library/std/src/panicking.rs:576:43
[INFO] [stdout]   52:     0x62b1c3633205 - std[70759c8f55707aa4]::panicking::catch_unwind::<core[df12db4294e9bfd3]::result::Result<(), alloc[2182bb758b4b3781]::string::String>, core[df12db4294e9bfd3]::panic::unwind_safe::AssertUnwindSafe<test[9d35eded1c95d3be]::run_test_in_process::{closure#0}>>
[INFO] [stdout]                                at /rustc/dfb0accb7f508ae8be965d8629557221c889dd98/library/std/src/panicking.rs:544:19
[INFO] [stdout]   53:     0x62b1c3633205 - std[70759c8f55707aa4]::panic::catch_unwind::<core[df12db4294e9bfd3]::panic::unwind_safe::AssertUnwindSafe<test[9d35eded1c95d3be]::run_test_in_process::{closure#0}>, core[df12db4294e9bfd3]::result::Result<(), alloc[2182bb758b4b3781]::string::String>>
[INFO] [stdout]                                at /rustc/dfb0accb7f508ae8be965d8629557221c889dd98/library/std/src/panic.rs:359:14
[INFO] [stdout]   54:     0x62b1c3633205 - test[9d35eded1c95d3be]::run_test_in_process
[INFO] [stdout]                                at /rustc/dfb0accb7f508ae8be965d8629557221c889dd98/library/test/src/lib.rs:756:27
[INFO] [stdout]   55:     0x62b1c3633205 - test[9d35eded1c95d3be]::run_test::{closure#0}
[INFO] [stdout]                                at /rustc/dfb0accb7f508ae8be965d8629557221c889dd98/library/test/src/lib.rs:677:43
[INFO] [stdout]   56:     0x62b1c362cac4 - test[9d35eded1c95d3be]::run_test::{closure#1}
[INFO] [stdout]                                at /rustc/dfb0accb7f508ae8be965d8629557221c889dd98/library/test/src/lib.rs:707:41
[INFO] [stdout]   57:     0x62b1c362cac4 - std[70759c8f55707aa4]::sys::backtrace::__rust_begin_short_backtrace::<test[9d35eded1c95d3be]::run_test::{closure#1}, ()>
[INFO] [stdout]                                at /rustc/dfb0accb7f508ae8be965d8629557221c889dd98/library/std/src/sys/backtrace.rs:166:18
[INFO] [stdout]   58:     0x62b1c3636362 - std[70759c8f55707aa4]::thread::lifecycle::spawn_unchecked::<test[9d35eded1c95d3be]::run_test::{closure#1}, ()>::{closure#1}::{closure#0}
[INFO] [stdout]                                at /rustc/dfb0accb7f508ae8be965d8629557221c889dd98/library/std/src/thread/lifecycle.rs:70:13
[INFO] [stdout]   59:     0x62b1c3636362 - <core[df12db4294e9bfd3]::panic::unwind_safe::AssertUnwindSafe<std[70759c8f55707aa4]::thread::lifecycle::spawn_unchecked<test[9d35eded1c95d3be]::run_test::{closure#1}, ()>::{closure#1}::{closure#0}> as core[df12db4294e9bfd3]::ops::function::FnOnce<()>>::call_once
[INFO] [stdout]                                at /rustc/dfb0accb7f508ae8be965d8629557221c889dd98/library/core/src/panic/unwind_safe.rs:275:9
[INFO] [stdout]   60:     0x62b1c3636362 - std[70759c8f55707aa4]::panicking::catch_unwind::do_call::<core[df12db4294e9bfd3]::panic::unwind_safe::AssertUnwindSafe<std[70759c8f55707aa4]::thread::lifecycle::spawn_unchecked<test[9d35eded1c95d3be]::run_test::{closure#1}, ()>::{closure#1}::{closure#0}>, ()>
[INFO] [stdout]                                at /rustc/dfb0accb7f508ae8be965d8629557221c889dd98/library/std/src/panicking.rs:576:43
[INFO] [stdout]   61:     0x62b1c3636362 - std[70759c8f55707aa4]::panicking::catch_unwind::<(), core[df12db4294e9bfd3]::panic::unwind_safe::AssertUnwindSafe<std[70759c8f55707aa4]::thread::lifecycle::spawn_unchecked<test[9d35eded1c95d3be]::run_test::{closure#1}, ()>::{closure#1}::{closure#0}>>
[INFO] [stdout]                                at /rustc/dfb0accb7f508ae8be965d8629557221c889dd98/library/std/src/panicking.rs:544:19
[INFO] [stdout]   62:     0x62b1c3636362 - std[70759c8f55707aa4]::panic::catch_unwind::<core[df12db4294e9bfd3]::panic::unwind_safe::AssertUnwindSafe<std[70759c8f55707aa4]::thread::lifecycle::spawn_unchecked<test[9d35eded1c95d3be]::run_test::{closure#1}, ()>::{closure#1}::{closure#0}>, ()>
[INFO] [stdout]                                at /rustc/dfb0accb7f508ae8be965d8629557221c889dd98/library/std/src/panic.rs:359:14
[INFO] [stdout]   63:     0x62b1c3636362 - std[70759c8f55707aa4]::thread::lifecycle::spawn_unchecked::<test[9d35eded1c95d3be]::run_test::{closure#1}, ()>::{closure#1}
[INFO] [stdout]                                at /rustc/dfb0accb7f508ae8be965d8629557221c889dd98/library/std/src/thread/lifecycle.rs:68:26
[INFO] [stdout]   64:     0x62b1c3636362 - <std[70759c8f55707aa4]::thread::lifecycle::spawn_unchecked<test[9d35eded1c95d3be]::run_test::{closure#1}, ()>::{closure#1} as core[df12db4294e9bfd3]::ops::function::FnOnce<()>>::call_once::{shim:vtable#0}
[INFO] [stdout]                                at /rustc/dfb0accb7f508ae8be965d8629557221c889dd98/library/core/src/ops/function.rs:250:5
[INFO] [stdout]   65:     0x62b1c396e4f9 - <alloc[2182bb758b4b3781]::boxed::Box<dyn core[df12db4294e9bfd3]::ops::function::FnOnce<(), Output = ()> + core[df12db4294e9bfd3]::marker::Send> as core[df12db4294e9bfd3]::ops::function::FnOnce<()>>::call_once
[INFO] [stdout]                                at /rustc/dfb0accb7f508ae8be965d8629557221c889dd98/library/alloc/src/boxed.rs:2320:9
[INFO] [stdout]   66:     0x62b1c396e4f9 - <std[70759c8f55707aa4]::sys::thread::unix::Thread>::new::thread_start
[INFO] [stdout]                                at /rustc/dfb0accb7f508ae8be965d8629557221c889dd98/library/std/src/sys/thread/unix.rs:123:17
[INFO] [stdout]   67:     0x79f0aa2eadfa - <unknown>
[INFO] [stdout]   68:     0x79f0aa37e3d4 - clone
[INFO] [stdout]   69:                0x0 - <unknown>
[INFO] [stdout] 
[INFO] [stdout] ---- test_expand_function_snippet stdout ----
[INFO] [stdout] 
[INFO] [stdout] thread 'test_expand_function_snippet' (2850) panicked at /opt/rustwide/cargo-home/registry/src/index.crates.io-1949cf8c6b5b557f/reovim-testing-0.14.4/src/integration.rs:137:14:
[INFO] [stdout] Failed to spawn server with env vars: Os { code: 30, kind: ReadOnlyFilesystem, message: "Read-only file system" }
[INFO] [stdout] stack backtrace:
[INFO] [stdout]    0:     0x62b1c396f851 - std[70759c8f55707aa4]::backtrace_rs::backtrace::libunwind::trace
[INFO] [stdout]                                at /rustc/dfb0accb7f508ae8be965d8629557221c889dd98/library/std/src/../../backtrace/src/backtrace/libunwind.rs:117:9
[INFO] [stdout]    1:     0x62b1c396f851 - std[70759c8f55707aa4]::backtrace_rs::backtrace::trace_unsynchronized::<std[70759c8f55707aa4]::sys::backtrace::_print_fmt::{closure#1}>
[INFO] [stdout]                                at /rustc/dfb0accb7f508ae8be965d8629557221c889dd98/library/std/src/../../backtrace/src/backtrace/mod.rs:66:14
[INFO] [stdout]    2:     0x62b1c396f851 - std[70759c8f55707aa4]::sys::backtrace::_print_fmt
[INFO] [stdout]                                at /rustc/dfb0accb7f508ae8be965d8629557221c889dd98/library/std/src/sys/backtrace.rs:74:9
[INFO] [stdout]    3:     0x62b1c396f851 - <<std[70759c8f55707aa4]::sys::backtrace::BacktraceLock>::print::DisplayBacktrace as core[df12db4294e9bfd3]::fmt::Display>::fmt
[INFO] [stdout]                                at /rustc/dfb0accb7f508ae8be965d8629557221c889dd98/library/std/src/sys/backtrace.rs:44:26
[INFO] [stdout]    4:     0x62b1c398603a - <core[df12db4294e9bfd3]::fmt::rt::Argument>::fmt
[INFO] [stdout]                                at /rustc/dfb0accb7f508ae8be965d8629557221c889dd98/library/core/src/fmt/rt.rs:152:76
[INFO] [stdout]    5:     0x62b1c398603a - core[df12db4294e9bfd3]::fmt::write
[INFO] [stdout]    6:     0x62b1c397459c - core[df12db4294e9bfd3]::io::write::default_write_fmt::<alloc[2182bb758b4b3781]::vec::Vec<u8>>
[INFO] [stdout]                                at /rustc/dfb0accb7f508ae8be965d8629557221c889dd98/library/core/src/io/write.rs:402:11
[INFO] [stdout]    7:     0x62b1c397459c - <alloc[2182bb758b4b3781]::vec::Vec<u8> as core[df12db4294e9bfd3]::io::write::Write>::write_fmt
[INFO] [stdout]                                at /rustc/dfb0accb7f508ae8be965d8629557221c889dd98/library/core/src/io/write.rs:335:13
[INFO] [stdout]    8:     0x62b1c3948df6 - <std[70759c8f55707aa4]::sys::backtrace::BacktraceLock>::print
[INFO] [stdout]                                at /rustc/dfb0accb7f508ae8be965d8629557221c889dd98/library/std/src/sys/backtrace.rs:47:9
[INFO] [stdout]    9:     0x62b1c3948df6 - std[70759c8f55707aa4]::panicking::default_hook::{closure#0}
[INFO] [stdout]                                at /rustc/dfb0accb7f508ae8be965d8629557221c889dd98/library/std/src/panicking.rs:292:27
[INFO] [stdout]   10:     0x62b1c3966639 - std[70759c8f55707aa4]::panicking::default_hook
[INFO] [stdout]                                at /rustc/dfb0accb7f508ae8be965d8629557221c889dd98/library/std/src/panicking.rs:316:9
[INFO] [stdout]   11:     0x62b1c36328b0 - <alloc[2182bb758b4b3781]::boxed::Box<dyn for<'a, 'b> core[df12db4294e9bfd3]::ops::function::Fn<(&'a std[70759c8f55707aa4]::panic::PanicHookInfo<'b>,), Output = ()> + core[df12db4294e9bfd3]::marker::Send + core[df12db4294e9bfd3]::marker::Sync> as core[df12db4294e9bfd3]::ops::function::Fn<(&std[70759c8f55707aa4]::panic::PanicHookInfo,)>>::call
[INFO] [stdout]                                at /rustc/dfb0accb7f508ae8be965d8629557221c889dd98/library/alloc/src/boxed.rs:2334:9
[INFO] [stdout]   12:     0x62b1c36328b0 - test[9d35eded1c95d3be]::test_main_inner::<test[9d35eded1c95d3be]::test_main_static::{closure#0}>::{closure#0}
[INFO] [stdout]                                at /rustc/dfb0accb7f508ae8be965d8629557221c889dd98/library/test/src/lib.rs:155:21
[INFO] [stdout]   13:     0x62b1c3966962 - <alloc[2182bb758b4b3781]::boxed::Box<dyn for<'a, 'b> core[df12db4294e9bfd3]::ops::function::Fn<(&'a std[70759c8f55707aa4]::panic::PanicHookInfo<'b>,), Output = ()> + core[df12db4294e9bfd3]::marker::Send + core[df12db4294e9bfd3]::marker::Sync> as core[df12db4294e9bfd3]::ops::function::Fn<(&std[70759c8f55707aa4]::panic::PanicHookInfo,)>>::call
[INFO] [stdout]                                at /rustc/dfb0accb7f508ae8be965d8629557221c889dd98/library/alloc/src/boxed.rs:2334:9
[INFO] [stdout]   14:     0x62b1c3966962 - std[70759c8f55707aa4]::panicking::panic_with_hook
[INFO] [stdout]                                at /rustc/dfb0accb7f508ae8be965d8629557221c889dd98/library/std/src/panicking.rs:823:13
[INFO] [stdout]   15:     0x62b1c3948ea2 - std[70759c8f55707aa4]::panicking::panic_handler::{closure#0}
[INFO] [stdout]                                at /rustc/dfb0accb7f508ae8be965d8629557221c889dd98/library/std/src/panicking.rs:688:13
[INFO] [stdout]   16:     0x62b1c3941899 - std[70759c8f55707aa4]::sys::backtrace::__rust_end_short_backtrace::<std[70759c8f55707aa4]::panicking::panic_handler::{closure#0}, !>
[INFO] [stdout]                                at /rustc/dfb0accb7f508ae8be965d8629557221c889dd98/library/std/src/sys/backtrace.rs:182:18
[INFO] [stdout]   17:     0x62b1c3949c8d - __rustc[8fa7c3cbc660c2b3]::rust_begin_unwind
[INFO] [stdout]                                at /rustc/dfb0accb7f508ae8be965d8629557221c889dd98/library/std/src/panicking.rs:679:5
[INFO] [stdout]   18:     0x62b1c398685c - core[df12db4294e9bfd3]::panicking::panic_fmt
[INFO] [stdout]                                at /rustc/dfb0accb7f508ae8be965d8629557221c889dd98/library/core/src/panicking.rs:80:14
[INFO] [stdout]   19:     0x62b1c39865b2 - core[df12db4294e9bfd3]::result::unwrap_failed
[INFO] [stdout]                                at /rustc/dfb0accb7f508ae8be965d8629557221c889dd98/library/core/src/result.rs:1871:5
[INFO] [stdout]   20:     0x62b1c35fdbde - <core[df12db4294e9bfd3]::result::Result<reovim_testing[cd57a68079fa52a4]::harness::TestServerHarness, alloc[2182bb758b4b3781]::boxed::Box<dyn core[df12db4294e9bfd3]::error::Error + core[df12db4294e9bfd3]::marker::Send + core[df12db4294e9bfd3]::marker::Sync>>>::expect
[INFO] [stdout]                                at /rustc/dfb0accb7f508ae8be965d8629557221c889dd98/library/core/src/result.rs:1184:23
[INFO] [stdout]   21:     0x62b1c35e437c - <reovim_testing[cd57a68079fa52a4]::integration::IntegrationTest>::with_env::{closure#0}
[INFO] [stdout]                                at /opt/rustwide/cargo-home/registry/src/index.crates.io-1949cf8c6b5b557f/reovim-testing-0.14.4/src/integration.rs:137:14
[INFO] [stdout]   22:     0x62b1c360d9e9 - expansion[ceada7740d7354]::test_expand_function_snippet::{closure#0}
[INFO] [stdout]                                at /opt/rustwide/workdir/tests/expansion.rs:88:10
[INFO] [stdout]   23:     0x62b1c35ff642 - <core[df12db4294e9bfd3]::pin::Pin<&mut dyn core[df12db4294e9bfd3]::future::future::Future<Output = ()>> as core[df12db4294e9bfd3]::future::future::Future>::poll
[INFO] [stdout]                                at /rustc/dfb0accb7f508ae8be965d8629557221c889dd98/library/core/src/future/future.rs:133:9
[INFO] [stdout]   24:     0x62b1c35ff6bd - <core[df12db4294e9bfd3]::pin::Pin<&mut core[df12db4294e9bfd3]::pin::Pin<&mut dyn core[df12db4294e9bfd3]::future::future::Future<Output = ()>>> as core[df12db4294e9bfd3]::future::future::Future>::poll
[INFO] [stdout]                                at /rustc/dfb0accb7f508ae8be965d8629557221c889dd98/library/core/src/future/future.rs:133:9
[INFO] [stdout]   25:     0x62b1c35e13fd - <tokio[177a1f2c52b36787]::runtime::scheduler::current_thread::CoreGuard>::block_on::<core[df12db4294e9bfd3]::pin::Pin<&mut core[df12db4294e9bfd3]::pin::Pin<&mut dyn core[df12db4294e9bfd3]::future::future::Future<Output = ()>>>>::{closure#0}::{closure#0}::{closure#0}
[INFO] [stdout]                                at /opt/rustwide/cargo-home/registry/src/index.crates.io-1949cf8c6b5b557f/tokio-1.50.0/src/runtime/scheduler/current_thread/mod.rs:769:70
[INFO] [stdout]   26:     0x62b1c35e1325 - tokio[177a1f2c52b36787]::task::coop::with_budget::<core[df12db4294e9bfd3]::task::poll::Poll<()>, <tokio[177a1f2c52b36787]::runtime::scheduler::current_thread::CoreGuard>::block_on<core[df12db4294e9bfd3]::pin::Pin<&mut core[df12db4294e9bfd3]::pin::Pin<&mut dyn core[df12db4294e9bfd3]::future::future::Future<Output = ()>>>>::{closure#0}::{closure#0}::{closure#0}>
[INFO] [stdout]                                at /opt/rustwide/cargo-home/registry/src/index.crates.io-1949cf8c6b5b557f/tokio-1.50.0/src/task/coop/mod.rs:167:5
[INFO] [stdout]   27:     0x62b1c35e1325 - tokio[177a1f2c52b36787]::task::coop::budget::<core[df12db4294e9bfd3]::task::poll::Poll<()>, <tokio[177a1f2c52b36787]::runtime::scheduler::current_thread::CoreGuard>::block_on<core[df12db4294e9bfd3]::pin::Pin<&mut core[df12db4294e9bfd3]::pin::Pin<&mut dyn core[df12db4294e9bfd3]::future::future::Future<Output = ()>>>>::{closure#0}::{closure#0}::{closure#0}>
[INFO] [stdout]                                at /opt/rustwide/cargo-home/registry/src/index.crates.io-1949cf8c6b5b557f/tokio-1.50.0/src/task/coop/mod.rs:133:5
[INFO] [stdout]   28:     0x62b1c35e1325 - <tokio[177a1f2c52b36787]::runtime::scheduler::current_thread::CoreGuard>::block_on::<core[df12db4294e9bfd3]::pin::Pin<&mut core[df12db4294e9bfd3]::pin::Pin<&mut dyn core[df12db4294e9bfd3]::future::future::Future<Output = ()>>>>::{closure#0}::{closure#0}
[INFO] [stdout]                                at /opt/rustwide/cargo-home/registry/src/index.crates.io-1949cf8c6b5b557f/tokio-1.50.0/src/runtime/scheduler/current_thread/mod.rs:769:25
[INFO] [stdout]   29:     0x62b1c35dda72 - <tokio[177a1f2c52b36787]::runtime::scheduler::current_thread::Context>::enter::<core[df12db4294e9bfd3]::task::poll::Poll<()>, <tokio[177a1f2c52b36787]::runtime::scheduler::current_thread::CoreGuard>::block_on<core[df12db4294e9bfd3]::pin::Pin<&mut core[df12db4294e9bfd3]::pin::Pin<&mut dyn core[df12db4294e9bfd3]::future::future::Future<Output = ()>>>>::{closure#0}::{closure#0}>
[INFO] [stdout]                                at /opt/rustwide/cargo-home/registry/src/index.crates.io-1949cf8c6b5b557f/tokio-1.50.0/src/runtime/scheduler/current_thread/mod.rs:446:19
[INFO] [stdout]   30:     0x62b1c35e07dd - <tokio[177a1f2c52b36787]::runtime::scheduler::current_thread::CoreGuard>::block_on::<core[df12db4294e9bfd3]::pin::Pin<&mut core[df12db4294e9bfd3]::pin::Pin<&mut dyn core[df12db4294e9bfd3]::future::future::Future<Output = ()>>>>::{closure#0}
[INFO] [stdout]                                at /opt/rustwide/cargo-home/registry/src/index.crates.io-1949cf8c6b5b557f/tokio-1.50.0/src/runtime/scheduler/current_thread/mod.rs:768:44
[INFO] [stdout]   31:     0x62b1c35dfa84 - <tokio[177a1f2c52b36787]::runtime::scheduler::current_thread::CoreGuard>::enter::<<tokio[177a1f2c52b36787]::runtime::scheduler::current_thread::CoreGuard>::block_on<core[df12db4294e9bfd3]::pin::Pin<&mut core[df12db4294e9bfd3]::pin::Pin<&mut dyn core[df12db4294e9bfd3]::future::future::Future<Output = ()>>>>::{closure#0}, core[df12db4294e9bfd3]::option::Option<()>>::{closure#0}
[INFO] [stdout]                                at /opt/rustwide/cargo-home/registry/src/index.crates.io-1949cf8c6b5b557f/tokio-1.50.0/src/runtime/scheduler/current_thread/mod.rs:856:68
[INFO] [stdout]   32:     0x62b1c361260b - <tokio[177a1f2c52b36787]::runtime::context::scoped::Scoped<tokio[177a1f2c52b36787]::runtime::scheduler::Context>>::set::<<tokio[177a1f2c52b36787]::runtime::scheduler::current_thread::CoreGuard>::enter<<tokio[177a1f2c52b36787]::runtime::scheduler::current_thread::CoreGuard>::block_on<core[df12db4294e9bfd3]::pin::Pin<&mut core[df12db4294e9bfd3]::pin::Pin<&mut dyn core[df12db4294e9bfd3]::future::future::Future<Output = ()>>>>::{closure#0}, core[df12db4294e9bfd3]::option::Option<()>>::{closure#0}, (alloc[2182bb758b4b3781]::boxed::Box<tokio[177a1f2c52b36787]::runtime::scheduler::current_thread::Core>, core[df12db4294e9bfd3]::option::Option<()>)>
[INFO] [stdout]                                at /opt/rustwide/cargo-home/registry/src/index.crates.io-1949cf8c6b5b557f/tokio-1.50.0/src/runtime/context/scoped.rs:40:9
[INFO] [stdout]   33:     0x62b1c3614ee9 - tokio[177a1f2c52b36787]::runtime::context::set_scheduler::<(alloc[2182bb758b4b3781]::boxed::Box<tokio[177a1f2c52b36787]::runtime::scheduler::current_thread::Core>, core[df12db4294e9bfd3]::option::Option<()>), <tokio[177a1f2c52b36787]::runtime::scheduler::current_thread::CoreGuard>::enter<<tokio[177a1f2c52b36787]::runtime::scheduler::current_thread::CoreGuard>::block_on<core[df12db4294e9bfd3]::pin::Pin<&mut core[df12db4294e9bfd3]::pin::Pin<&mut dyn core[df12db4294e9bfd3]::future::future::Future<Output = ()>>>>::{closure#0}, core[df12db4294e9bfd3]::option::Option<()>>::{closure#0}>::{closure#0}
[INFO] [stdout]                                at /opt/rustwide/cargo-home/registry/src/index.crates.io-1949cf8c6b5b557f/tokio-1.50.0/src/runtime/context.rs:176:38
[INFO] [stdout]   34:     0x62b1c35f0a0f - <std[70759c8f55707aa4]::thread::local::LocalKey<tokio[177a1f2c52b36787]::runtime::context::Context>>::try_with::<tokio[177a1f2c52b36787]::runtime::context::set_scheduler<(alloc[2182bb758b4b3781]::boxed::Box<tokio[177a1f2c52b36787]::runtime::scheduler::current_thread::Core>, core[df12db4294e9bfd3]::option::Option<()>), <tokio[177a1f2c52b36787]::runtime::scheduler::current_thread::CoreGuard>::enter<<tokio[177a1f2c52b36787]::runtime::scheduler::current_thread::CoreGuard>::block_on<core[df12db4294e9bfd3]::pin::Pin<&mut core[df12db4294e9bfd3]::pin::Pin<&mut dyn core[df12db4294e9bfd3]::future::future::Future<Output = ()>>>>::{closure#0}, core[df12db4294e9bfd3]::option::Option<()>>::{closure#0}>::{closure#0}, (alloc[2182bb758b4b3781]::boxed::Box<tokio[177a1f2c52b36787]::runtime::scheduler::current_thread::Core>, core[df12db4294e9bfd3]::option::Option<()>)>
[INFO] [stdout]                                at /rustc/dfb0accb7f508ae8be965d8629557221c889dd98/library/std/src/thread/local.rs:463:12
[INFO] [stdout]   35:     0x62b1c35f05be - <std[70759c8f55707aa4]::thread::local::LocalKey<tokio[177a1f2c52b36787]::runtime::context::Context>>::with::<tokio[177a1f2c52b36787]::runtime::context::set_scheduler<(alloc[2182bb758b4b3781]::boxed::Box<tokio[177a1f2c52b36787]::runtime::scheduler::current_thread::Core>, core[df12db4294e9bfd3]::option::Option<()>), <tokio[177a1f2c52b36787]::runtime::scheduler::current_thread::CoreGuard>::enter<<tokio[177a1f2c52b36787]::runtime::scheduler::current_thread::CoreGuard>::block_on<core[df12db4294e9bfd3]::pin::Pin<&mut core[df12db4294e9bfd3]::pin::Pin<&mut dyn core[df12db4294e9bfd3]::future::future::Future<Output = ()>>>>::{closure#0}, core[df12db4294e9bfd3]::option::Option<()>>::{closure#0}>::{closure#0}, (alloc[2182bb758b4b3781]::boxed::Box<tokio[177a1f2c52b36787]::runtime::scheduler::current_thread::Core>, core[df12db4294e9bfd3]::option::Option<()>)>
[INFO] [stdout]                                at /rustc/dfb0accb7f508ae8be965d8629557221c889dd98/library/std/src/thread/local.rs:427:20
[INFO] [stdout]   36:     0x62b1c3613d0d - tokio[177a1f2c52b36787]::runtime::context::set_scheduler::<(alloc[2182bb758b4b3781]::boxed::Box<tokio[177a1f2c52b36787]::runtime::scheduler::current_thread::Core>, core[df12db4294e9bfd3]::option::Option<()>), <tokio[177a1f2c52b36787]::runtime::scheduler::current_thread::CoreGuard>::enter<<tokio[177a1f2c52b36787]::runtime::scheduler::current_thread::CoreGuard>::block_on<core[df12db4294e9bfd3]::pin::Pin<&mut core[df12db4294e9bfd3]::pin::Pin<&mut dyn core[df12db4294e9bfd3]::future::future::Future<Output = ()>>>>::{closure#0}, core[df12db4294e9bfd3]::option::Option<()>>::{closure#0}>
[INFO] [stdout]                                at /opt/rustwide/cargo-home/registry/src/index.crates.io-1949cf8c6b5b557f/tokio-1.50.0/src/runtime/context.rs:176:17
[INFO] [stdout]   37:     0x62b1c35deae0 - <tokio[177a1f2c52b36787]::runtime::scheduler::current_thread::CoreGuard>::enter::<<tokio[177a1f2c52b36787]::runtime::scheduler::current_thread::CoreGuard>::block_on<core[df12db4294e9bfd3]::pin::Pin<&mut core[df12db4294e9bfd3]::pin::Pin<&mut dyn core[df12db4294e9bfd3]::future::future::Future<Output = ()>>>>::{closure#0}, core[df12db4294e9bfd3]::option::Option<()>>
[INFO] [stdout]                                at /opt/rustwide/cargo-home/registry/src/index.crates.io-1949cf8c6b5b557f/tokio-1.50.0/src/runtime/scheduler/current_thread/mod.rs:856:27
[INFO] [stdout]   38:     0x62b1c35dedd6 - <tokio[177a1f2c52b36787]::runtime::scheduler::current_thread::CoreGuard>::block_on::<core[df12db4294e9bfd3]::pin::Pin<&mut core[df12db4294e9bfd3]::pin::Pin<&mut dyn core[df12db4294e9bfd3]::future::future::Future<Output = ()>>>>
[INFO] [stdout]                                at /opt/rustwide/cargo-home/registry/src/index.crates.io-1949cf8c6b5b557f/tokio-1.50.0/src/runtime/scheduler/current_thread/mod.rs:756:24
[INFO] [stdout]   39:     0x62b1c35df690 - <tokio[177a1f2c52b36787]::runtime::scheduler::current_thread::CurrentThread>::block_on::<core[df12db4294e9bfd3]::pin::Pin<&mut dyn core[df12db4294e9bfd3]::future::future::Future<Output = ()>>>::{closure#0}
[INFO] [stdout]                                at /opt/rustwide/cargo-home/registry/src/index.crates.io-1949cf8c6b5b557f/tokio-1.50.0/src/runtime/scheduler/current_thread/mod.rs:200:33
[INFO] [stdout]   40:     0x62b1c3614288 - tokio[177a1f2c52b36787]::runtime::context::runtime::enter_runtime::<<tokio[177a1f2c52b36787]::runtime::scheduler::current_thread::CurrentThread>::block_on<core[df12db4294e9bfd3]::pin::Pin<&mut dyn core[df12db4294e9bfd3]::future::future::Future<Output = ()>>>::{closure#0}, ()>
[INFO] [stdout]                                at /opt/rustwide/cargo-home/registry/src/index.crates.io-1949cf8c6b5b557f/tokio-1.50.0/src/runtime/context/runtime.rs:65:16
[INFO] [stdout]   41:     0x62b1c35dd634 - <tokio[177a1f2c52b36787]::runtime::scheduler::current_thread::CurrentThread>::block_on::<core[df12db4294e9bfd3]::pin::Pin<&mut dyn core[df12db4294e9bfd3]::future::future::Future<Output = ()>>>
[INFO] [stdout]                                at /opt/rustwide/cargo-home/registry/src/index.crates.io-1949cf8c6b5b557f/tokio-1.50.0/src/runtime/scheduler/current_thread/mod.rs:188:9
[INFO] [stdout]   42:     0x62b1c35e7f2f - <tokio[177a1f2c52b36787]::runtime::runtime::Runtime>::block_on_inner::<core[df12db4294e9bfd3]::pin::Pin<&mut dyn core[df12db4294e9bfd3]::future::future::Future<Output = ()>>>
[INFO] [stdout]                                at /opt/rustwide/cargo-home/registry/src/index.crates.io-1949cf8c6b5b557f/tokio-1.50.0/src/runtime/runtime.rs:371:52
[INFO] [stdout]   43:     0x62b1c35e807b - <tokio[177a1f2c52b36787]::runtime::runtime::Runtime>::block_on::<core[df12db4294e9bfd3]::pin::Pin<&mut dyn core[df12db4294e9bfd3]::future::future::Future<Output = ()>>>
[INFO] [stdout]                                at /opt/rustwide/cargo-home/registry/src/index.crates.io-1949cf8c6b5b557f/tokio-1.50.0/src/runtime/runtime.rs:345:18
[INFO] [stdout]   44:     0x62b1c360f59e - expansion[ceada7740d7354]::test_expand_function_snippet
[INFO] [stdout]                                at /opt/rustwide/workdir/tests/expansion.rs:98:39
[INFO] [stdout]   45:     0x62b1c360bf77 - expansion[ceada7740d7354]::test_expand_function_snippet::{closure#0}
[INFO] [stdout]                                at /opt/rustwide/workdir/tests/expansion.rs:85:40
[INFO] [stdout]   46:     0x62b1c35dd146 - <expansion[ceada7740d7354]::test_expand_function_snippet::{closure#0} as core[df12db4294e9bfd3]::ops::function::FnOnce<()>>::call_once
[INFO] [stdout]                                at /rustc/dfb0accb7f508ae8be965d8629557221c889dd98/library/core/src/ops/function.rs:250:5
[INFO] [stdout]   47:     0x62b1c3625b9b - <fn() -> core[df12db4294e9bfd3]::result::Result<(), alloc[2182bb758b4b3781]::string::String> as core[df12db4294e9bfd3]::ops::function::FnOnce<()>>::call_once
[INFO] [stdout]                                at /rustc/dfb0accb7f508ae8be965d8629557221c889dd98/library/core/src/ops/function.rs:250:5
[INFO] [stdout]   48:     0x62b1c3625b9b - test[9d35eded1c95d3be]::__rust_begin_short_backtrace::<core[df12db4294e9bfd3]::result::Result<(), alloc[2182bb758b4b3781]::string::String>, fn() -> core[df12db4294e9bfd3]::result::Result<(), alloc[2182bb758b4b3781]::string::String>>
[INFO] [stdout]                                at /rustc/dfb0accb7f508ae8be965d8629557221c889dd98/library/test/src/lib.rs:733:18
[INFO] [stdout]   49:     0x62b1c3633205 - test[9d35eded1c95d3be]::run_test_in_process::{closure#0}
[INFO] [stdout]                                at /rustc/dfb0accb7f508ae8be965d8629557221c889dd98/library/test/src/lib.rs:756:74
[INFO] [stdout]   50:     0x62b1c3633205 - <core[df12db4294e9bfd3]::panic::unwind_safe::AssertUnwindSafe<test[9d35eded1c95d3be]::run_test_in_process::{closure#0}> as core[df12db4294e9bfd3]::ops::function::FnOnce<()>>::call_once
[INFO] [stdout]                                at /rustc/dfb0accb7f508ae8be965d8629557221c889dd98/library/core/src/panic/unwind_safe.rs:275:9
[INFO] [stdout]   51:     0x62b1c3633205 - std[70759c8f55707aa4]::panicking::catch_unwind::do_call::<core[df12db4294e9bfd3]::panic::unwind_safe::AssertUnwindSafe<test[9d35eded1c95d3be]::run_test_in_process::{closure#0}>, core[df12db4294e9bfd3]::result::Result<(), alloc[2182bb758b4b3781]::string::String>>
[INFO] [stdout]                                at /rustc/dfb0accb7f508ae8be965d8629557221c889dd98/library/std/src/panicking.rs:576:43
[INFO] [stdout]   52:     0x62b1c3633205 - std[70759c8f55707aa4]::panicking::catch_unwind::<core[df12db4294e9bfd3]::result::Result<(), alloc[2182bb758b4b3781]::string::String>, core[df12db4294e9bfd3]::panic::unwind_safe::AssertUnwindSafe<test[9d35eded1c95d3be]::run_test_in_process::{closure#0}>>
[INFO] [stdout]                                at /rustc/dfb0accb7f508ae8be965d8629557221c889dd98/library/std/src/panicking.rs:544:19
[INFO] [stdout]   53:     0x62b1c3633205 - std[70759c8f55707aa4]::panic::catch_unwind::<core[df12db4294e9bfd3]::panic::unwind_safe::AssertUnwindSafe<test[9d35eded1c95d3be]::run_test_in_process::{closure#0}>, core[df12db4294e9bfd3]::result::Result<(), alloc[2182bb758b4b3781]::string::String>>
[INFO] [stdout]                                at /rustc/dfb0accb7f508ae8be965d8629557221c889dd98/library/std/src/panic.rs:359:14
[INFO] [stdout]   54:     0x62b1c3633205 - test[9d35eded1c95d3be]::run_test_in_process
[INFO] [stdout]                                at /rustc/dfb0accb7f508ae8be965d8629557221c889dd98/library/test/src/lib.rs:756:27
[INFO] [stdout]   55:     0x62b1c3633205 - test[9d35eded1c95d3be]::run_test::{closure#0}
[INFO] [stdout]                                at /rustc/dfb0accb7f508ae8be965d8629557221c889dd98/library/test/src/lib.rs:677:43
[INFO] [stdout]   56:     0x62b1c362cac4 - test[9d35eded1c95d3be]::run_test::{closure#1}
[INFO] [stdout]                                at /rustc/dfb0accb7f508ae8be965d8629557221c889dd98/library/test/src/lib.rs:707:41
[INFO] [stdout]   57:     0x62b1c362cac4 - std[70759c8f55707aa4]::sys::backtrace::__rust_begin_short_backtrace::<test[9d35eded1c95d3be]::run_test::{closure#1}, ()>
[INFO] [stdout]                                at /rustc/dfb0accb7f508ae8be965d8629557221c889dd98/library/std/src/sys/backtrace.rs:166:18
[INFO] [stdout]   58:     0x62b1c3636362 - std[70759c8f55707aa4]::thread::lifecycle::spawn_unchecked::<test[9d35eded1c95d3be]::run_test::{closure#1}, ()>::{closure#1}::{closure#0}
[INFO] [stdout]                                at /rustc/dfb0accb7f508ae8be965d8629557221c889dd98/library/std/src/thread/lifecycle.rs:70:13
[INFO] [stdout]   59:     0x62b1c3636362 - <core[df12db4294e9bfd3]::panic::unwind_safe::AssertUnwindSafe<std[70759c8f55707aa4]::thread::lifecycle::spawn_unchecked<test[9d35eded1c95d3be]::run_test::{closure#1}, ()>::{closure#1}::{closure#0}> as core[df12db4294e9bfd3]::ops::function::FnOnce<()>>::call_once
[INFO] [stdout]                                at /rustc/dfb0accb7f508ae8be965d8629557221c889dd98/library/core/src/panic/unwind_safe.rs:275:9
[INFO] [stdout]   60:     0x62b1c3636362 - std[70759c8f55707aa4]::panicking::catch_unwind::do_call::<core[df12db4294e9bfd3]::panic::unwind_safe::AssertUnwindSafe<std[70759c8f55707aa4]::thread::lifecycle::spawn_unchecked<test[9d35eded1c95d3be]::run_test::{closure#1}, ()>::{closure#1}::{closure#0}>, ()>
[INFO] [stdout]                                at /rustc/dfb0accb7f508ae8be965d8629557221c889dd98/library/std/src/panicking.rs:576:43
[INFO] [stdout]   61:     0x62b1c3636362 - std[70759c8f55707aa4]::panicking::catch_unwind::<(), core[df12db4294e9bfd3]::panic::unwind_safe::AssertUnwindSafe<std[70759c8f55707aa4]::thread::lifecycle::spawn_unchecked<test[9d35eded1c95d3be]::run_test::{closure#1}, ()>::{closure#1}::{closure#0}>>
[INFO] [stdout]                                at /rustc/dfb0accb7f508ae8be965d8629557221c889dd98/library/std/src/panicking.rs:544:19
[INFO] [stdout]   62:     0x62b1c3636362 - std[70759c8f55707aa4]::panic::catch_unwind::<core[df12db4294e9bfd3]::panic::unwind_safe::AssertUnwindSafe<std[70759c8f55707aa4]::thread::lifecycle::spawn_unchecked<test[9d35eded1c95d3be]::run_test::{closure#1}, ()>::{closure#1}::{closure#0}>, ()>
[INFO] [stdout]                                at /rustc/dfb0accb7f508ae8be965d8629557221c889dd98/library/std/src/panic.rs:359:14
[INFO] [stdout]   63:     0x62b1c3636362 - std[70759c8f55707aa4]::thread::lifecycle::spawn_unchecked::<test[9d35eded1c95d3be]::run_test::{closure#1}, ()>::{closure#1}
[INFO] [stdout]                                at /rustc/dfb0accb7f508ae8be965d8629557221c889dd98/library/std/src/thread/lifecycle.rs:68:26
[INFO] [stdout]   64:     0x62b1c3636362 - <std[70759c8f55707aa4]::thread::lifecycle::spawn_unchecked<test[9d35eded1c95d3be]::run_test::{closure#1}, ()>::{closure#1} as core[df12db4294e9bfd3]::ops::function::FnOnce<()>>::call_once::{shim:vtable#0}
[INFO] [stdout]                                at /rustc/dfb0accb7f508ae8be965d8629557221c889dd98/library/core/src/ops/function.rs:250:5
[INFO] [stdout]   65:     0x62b1c396e4f9 - <alloc[2182bb758b4b3781]::boxed::Box<dyn core[df12db4294e9bfd3]::ops::function::FnOnce<(), Output = ()> + core[df12db4294e9bfd3]::marker::Send> as core[df12db4294e9bfd3]::ops::function::FnOnce<()>>::call_once
[INFO] [stdout]                                at /rustc/dfb0accb7f508ae8be965d8629557221c889dd98/library/alloc/src/boxed.rs:2320:9
[INFO] [stdout]   66:     0x62b1c396e4f9 - <std[70759c8f55707aa4]::sys::thread::unix::Thread>::new::thread_start
[INFO] [stdout]                                at /rustc/dfb0accb7f508ae8be965d8629557221c889dd98/library/std/src/sys/thread/unix.rs:123:17
[INFO] [stdout]   67:     0x79f0aa2eadfa - <unknown>
[INFO] [stdout]   68:     0x79f0aa37e3d4 - clone
[INFO] [stdout]   69:                0x0 - <unknown>
[INFO] [stdout] 
[INFO] [stdout] ---- test_escape_cancels_snippet stdout ----
[INFO] [stdout] 
[INFO] [stdout] thread 'test_escape_cancels_snippet' (2849) panicked at /opt/rustwide/cargo-home/registry/src/index.crates.io-1949cf8c6b5b557f/reovim-testing-0.14.4/src/step_test.rs:208:14:
[INFO] [stdout] Failed to spawn server with env vars: Os { code: 30, kind: ReadOnlyFilesystem, message: "Read-only file system" }
[INFO] [stdout] stack backtrace:
[INFO] [stdout]    0:     0x62b1c396f851 - std[70759c8f55707aa4]::backtrace_rs::backtrace::libunwind::trace
[INFO] [stdout]                                at /rustc/dfb0accb7f508ae8be965d8629557221c889dd98/library/std/src/../../backtrace/src/backtrace/libunwind.rs:117:9
[INFO] [stdout]    1:     0x62b1c396f851 - std[70759c8f55707aa4]::backtrace_rs::backtrace::trace_unsynchronized::<std[70759c8f55707aa4]::sys::backtrace::_print_fmt::{closure#1}>
[INFO] [stdout]                                at /rustc/dfb0accb7f508ae8be965d8629557221c889dd98/library/std/src/../../backtrace/src/backtrace/mod.rs:66:14
[INFO] [stdout]    2:     0x62b1c396f851 - std[70759c8f55707aa4]::sys::backtrace::_print_fmt
[INFO] [stdout]                                at /rustc/dfb0accb7f508ae8be965d8629557221c889dd98/library/std/src/sys/backtrace.rs:74:9
[INFO] [stdout]    3:     0x62b1c396f851 - <<std[70759c8f55707aa4]::sys::backtrace::BacktraceLock>::print::DisplayBacktrace as core[df12db4294e9bfd3]::fmt::Display>::fmt
[INFO] [stdout]                                at /rustc/dfb0accb7f508ae8be965d8629557221c889dd98/library/std/src/sys/backtrace.rs:44:26
[INFO] [stdout]    4:     0x62b1c398603a - <core[df12db4294e9bfd3]::fmt::rt::Argument>::fmt
[INFO] [stdout]                                at /rustc/dfb0accb7f508ae8be965d8629557221c889dd98/library/core/src/fmt/rt.rs:152:76
[INFO] [stdout]    5:     0x62b1c398603a - core[df12db4294e9bfd3]::fmt::write
[INFO] [stdout]    6:     0x62b1c397459c - core[df12db4294e9bfd3]::io::write::default_write_fmt::<alloc[2182bb758b4b3781]::vec::Vec<u8>>
[INFO] [stdout]                                at /rustc/dfb0accb7f508ae8be965d8629557221c889dd98/library/core/src/io/write.rs:402:11
[INFO] [stdout]    7:     0x62b1c397459c - <alloc[2182bb758b4b3781]::vec::Vec<u8> as core[df12db4294e9bfd3]::io::write::Write>::write_fmt
[INFO] [stdout]                                at /rustc/dfb0accb7f508ae8be965d8629557221c889dd98/library/core/src/io/write.rs:335:13
[INFO] [stdout]    8:     0x62b1c3948df6 - <std[70759c8f55707aa4]::sys::backtrace::BacktraceLock>::print
[INFO] [stdout]                                at /rustc/dfb0accb7f508ae8be965d8629557221c889dd98/library/std/src/sys/backtrace.rs:47:9
[INFO] [stdout]    9:     0x62b1c3948df6 - std[70759c8f55707aa4]::panicking::default_hook::{closure#0}
[INFO] [stdout]                                at /rustc/dfb0accb7f508ae8be965d8629557221c889dd98/library/std/src/panicking.rs:292:27
[INFO] [stdout]   10:     0x62b1c3966639 - std[70759c8f55707aa4]::panicking::default_hook
[INFO] [stdout]                                at /rustc/dfb0accb7f508ae8be965d8629557221c889dd98/library/std/src/panicking.rs:316:9
[INFO] [stdout]   11:     0x62b1c36328b0 - <alloc[2182bb758b4b3781]::boxed::Box<dyn for<'a, 'b> core[df12db4294e9bfd3]::ops::function::Fn<(&'a std[70759c8f55707aa4]::panic::PanicHookInfo<'b>,), Output = ()> + core[df12db4294e9bfd3]::marker::Send + core[df12db4294e9bfd3]::marker::Sync> as core[df12db4294e9bfd3]::ops::function::Fn<(&std[70759c8f55707aa4]::panic::PanicHookInfo,)>>::call
[INFO] [stdout]                                at /rustc/dfb0accb7f508ae8be965d8629557221c889dd98/library/alloc/src/boxed.rs:2334:9
[INFO] [stdout]   12:     0x62b1c36328b0 - test[9d35eded1c95d3be]::test_main_inner::<test[9d35eded1c95d3be]::test_main_static::{closure#0}>::{closure#0}
[INFO] [stdout]                                at /rustc/dfb0accb7f508ae8be965d8629557221c889dd98/library/test/src/lib.rs:155:21
[INFO] [stdout]   13:     0x62b1c3966962 - <alloc[2182bb758b4b3781]::boxed::Box<dyn for<'a, 'b> core[df12db4294e9bfd3]::ops::function::Fn<(&'a std[70759c8f55707aa4]::panic::PanicHookInfo<'b>,), Output = ()> + core[df12db4294e9bfd3]::marker::Send + core[df12db4294e9bfd3]::marker::Sync> as core[df12db4294e9bfd3]::ops::function::Fn<(&std[70759c8f55707aa4]::panic::PanicHookInfo,)>>::call
[INFO] [stdout]                                at /rustc/dfb0accb7f508ae8be965d8629557221c889dd98/library/alloc/src/boxed.rs:2334:9
[INFO] [stdout]   14:     0x62b1c3966962 - std[70759c8f55707aa4]::panicking::panic_with_hook
[INFO] [stdout]                                at /rustc/dfb0accb7f508ae8be965d8629557221c889dd98/library/std/src/panicking.rs:823:13
[INFO] [stdout]   15:     0x62b1c3948ea2 - std[70759c8f55707aa4]::panicking::panic_handler::{closure#0}
[INFO] [stdout]                                at /rustc/dfb0accb7f508ae8be965d8629557221c889dd98/library/std/src/panicking.rs:688:13
[INFO] [stdout]   16:     0x62b1c3941899 - std[70759c8f55707aa4]::sys::backtrace::__rust_end_short_backtrace::<std[70759c8f55707aa4]::panicking::panic_handler::{closure#0}, !>
[INFO] [stdout]                                at /rustc/dfb0accb7f508ae8be965d8629557221c889dd98/library/std/src/sys/backtrace.rs:182:18
[INFO] [stdout]   17:     0x62b1c3949c8d - __rustc[8fa7c3cbc660c2b3]::rust_begin_unwind
[INFO] [stdout]                                at /rustc/dfb0accb7f508ae8be965d8629557221c889dd98/library/std/src/panicking.rs:679:5
[INFO] [stdout]   18:     0x62b1c398685c - core[df12db4294e9bfd3]::panicking::panic_fmt
[INFO] [stdout]                                at /rustc/dfb0accb7f508ae8be965d8629557221c889dd98/library/core/src/panicking.rs:80:14
[INFO] [stdout]   19:     0x62b1c39865b2 - core[df12db4294e9bfd3]::result::unwrap_failed
[INFO] [stdout]                                at /rustc/dfb0accb7f508ae8be965d8629557221c889dd98/library/core/src/result.rs:1871:5
[INFO] [stdout]   20:     0x62b1c35fdbde - <core[df12db4294e9bfd3]::result::Result<reovim_testing[cd57a68079fa52a4]::harness::TestServerHarness, alloc[2182bb758b4b3781]::boxed::Box<dyn core[df12db4294e9bfd3]::error::Error + core[df12db4294e9bfd3]::marker::Send + core[df12db4294e9bfd3]::marker::Sync>>>::expect
[INFO] [stdout]                                at /rustc/dfb0accb7f508ae8be965d8629557221c889dd98/library/core/src/result.rs:1184:23
[INFO] [stdout]   21:     0x62b1c35f621c - <reovim_testing[cd57a68079fa52a4]::step_test::StepTest>::with_env::{closure#0}
[INFO] [stdout]                                at /opt/rustwide/cargo-home/registry/src/index.crates.io-1949cf8c6b5b557f/reovim-testing-0.14.4/src/step_test.rs:208:14
[INFO] [stdout]   22:     0x62b1c360d419 - expansion[ceada7740d7354]::test_escape_cancels_snippet::{closure#0}
[INFO] [stdout]                                at /opt/rustwide/workdir/tests/expansion.rs:130:10
[INFO] [stdout]   23:     0x62b1c35ff642 - <core[df12db4294e9bfd3]::pin::Pin<&mut dyn core[df12db4294e9bfd3]::future::future::Future<Output = ()>> as core[df12db4294e9bfd3]::future::future::Future>::poll
[INFO] [stdout]                                at /rustc/dfb0accb7f508ae8be965d8629557221c889dd98/library/core/src/future/future.rs:133:9
[INFO] [stdout]   24:     0x62b1c35ff6bd - <core[df12db4294e9bfd3]::pin::Pin<&mut core[df12db4294e9bfd3]::pin::Pin<&mut dyn core[df12db4294e9bfd3]::future::future::Future<Output = ()>>> as core[df12db4294e9bfd3]::future::future::Future>::poll
[INFO] [stdout]                                at /rustc/dfb0accb7f508ae8be965d8629557221c889dd98/library/core/src/future/future.rs:133:9
[INFO] [stdout]   25:     0x62b1c35e13fd - <tokio[177a1f2c52b36787]::runtime::scheduler::current_thread::CoreGuard>::block_on::<core[df12db4294e9bfd3]::pin::Pin<&mut core[df12db4294e9bfd3]::pin::Pin<&mut dyn core[df12db4294e9bfd3]::future::future::Future<Output = ()>>>>::{closure#0}::{closure#0}::{closure#0}
[INFO] [stdout]                                at /opt/rustwide/cargo-home/registry/src/index.crates.io-1949cf8c6b5b557f/tokio-1.50.0/src/runtime/scheduler/current_thread/mod.rs:769:70
[INFO] [stdout]   26:     0x62b1c35e1325 - tokio[177a1f2c52b36787]::task::coop::with_budget::<core[df12db4294e9bfd3]::task::poll::Poll<()>, <tokio[177a1f2c52b36787]::runtime::scheduler::current_thread::CoreGuard>::block_on<core[df12db4294e9bfd3]::pin::Pin<&mut core[df12db4294e9bfd3]::pin::Pin<&mut dyn core[df12db4294e9bfd3]::future::future::Future<Output = ()>>>>::{closure#0}::{closure#0}::{closure#0}>
[INFO] [stdout]                                at /opt/rustwide/cargo-home/registry/src/index.crates.io-1949cf8c6b5b557f/tokio-1.50.0/src/task/coop/mod.rs:167:5
[INFO] [stdout]   27:     0x62b1c35e1325 - tokio[177a1f2c52b36787]::task::coop::budget::<core[df12db4294e9bfd3]::task::poll::Poll<()>, <tokio[177a1f2c52b36787]::runtime::scheduler::current_thread::CoreGuard>::block_on<core[df12db4294e9bfd3]::pin::Pin<&mut core[df12db4294e9bfd3]::pin::Pin<&mut dyn core[df12db4294e9bfd3]::future::future::Future<Output = ()>>>>::{closure#0}::{closure#0}::{closure#0}>
[INFO] [stdout]                                at /opt/rustwide/cargo-home/registry/src/index.crates.io-1949cf8c6b5b557f/tokio-1.50.0/src/task/coop/mod.rs:133:5
[INFO] [stdout]   28:     0x62b1c35e1325 - <tokio[177a1f2c52b36787]::runtime::scheduler::current_thread::CoreGuard>::block_on::<core[df12db4294e9bfd3]::pin::Pin<&mut core[df12db4294e9bfd3]::pin::Pin<&mut dyn core[df12db4294e9bfd3]::future::future::Future<Output = ()>>>>::{closure#0}::{closure#0}
[INFO] [stdout]                                at /opt/rustwide/cargo-home/registry/src/index.crates.io-1949cf8c6b5b557f/tokio-1.50.0/src/runtime/scheduler/current_thread/mod.rs:769:25
[INFO] [stdout]   29:     0x62b1c35dda72 - <tokio[177a1f2c52b36787]::runtime::scheduler::current_thread::Context>::enter::<core[df12db4294e9bfd3]::task::poll::Poll<()>, <tokio[177a1f2c52b36787]::runtime::scheduler::current_thread::CoreGuard>::block_on<core[df12db4294e9bfd3]::pin::Pin<&mut core[df12db4294e9bfd3]::pin::Pin<&mut dyn core[df12db4294e9bfd3]::future::future::Future<Output = ()>>>>::{closure#0}::{closure#0}>
[INFO] [stdout]                                at /opt/rustwide/cargo-home/registry/src/index.crates.io-1949cf8c6b5b557f/tokio-1.50.0/src/runtime/scheduler/current_thread/mod.rs:446:19
[INFO] [stdout]   30:     0x62b1c35e07dd - <tokio[177a1f2c52b36787]::runtime::scheduler::current_thread::CoreGuard>::block_on::<core[df12db4294e9bfd3]::pin::Pin<&mut core[df12db4294e9bfd3]::pin::Pin<&mut dyn core[df12db4294e9bfd3]::future::future::Future<Output = ()>>>>::{closure#0}
[INFO] [stdout]                                at /opt/rustwide/cargo-home/registry/src/index.crates.io-1949cf8c6b5b557f/tokio-1.50.0/src/runtime/scheduler/current_thread/mod.rs:768:44
[INFO] [stdout]   31:     0x62b1c35dfa84 - <tokio[177a1f2c52b36787]::runtime::scheduler::current_thread::CoreGuard>::enter::<<tokio[177a1f2c52b36787]::runtime::scheduler::current_thread::CoreGuard>::block_on<core[df12db4294e9bfd3]::pin::Pin<&mut core[df12db4294e9bfd3]::pin::Pin<&mut dyn core[df12db4294e9bfd3]::future::future::Future<Output = ()>>>>::{closure#0}, core[df12db4294e9bfd3]::option::Option<()>>::{closure#0}
[INFO] [stdout]                                at /opt/rustwide/cargo-home/registry/src/index.crates.io-1949cf8c6b5b557f/tokio-1.50.0/src/runtime/scheduler/current_thread/mod.rs:856:68
[INFO] [stdout]   32:     0x62b1c361260b - <tokio[177a1f2c52b36787]::runtime::context::scoped::Scoped<tokio[177a1f2c52b36787]::runtime::scheduler::Context>>::set::<<tokio[177a1f2c52b36787]::runtime::scheduler::current_thread::CoreGuard>::enter<<tokio[177a1f2c52b36787]::runtime::scheduler::current_thread::CoreGuard>::block_on<core[df12db4294e9bfd3]::pin::Pin<&mut core[df12db4294e9bfd3]::pin::Pin<&mut dyn core[df12db4294e9bfd3]::future::future::Future<Output = ()>>>>::{closure#0}, core[df12db4294e9bfd3]::option::Option<()>>::{closure#0}, (alloc[2182bb758b4b3781]::boxed::Box<tokio[177a1f2c52b36787]::runtime::scheduler::current_thread::Core>, core[df12db4294e9bfd3]::option::Option<()>)>
[INFO] [stdout]                                at /opt/rustwide/cargo-home/registry/src/index.crates.io-1949cf8c6b5b557f/tokio-1.50.0/src/runtime/context/scoped.rs:40:9
[INFO] [stdout]   33:     0x62b1c3614ee9 - tokio[177a1f2c52b36787]::runtime::context::set_scheduler::<(alloc[2182bb758b4b3781]::boxed::Box<tokio[177a1f2c52b36787]::runtime::scheduler::current_thread::Core>, core[df12db4294e9bfd3]::option::Option<()>), <tokio[177a1f2c52b36787]::runtime::scheduler::current_thread::CoreGuard>::enter<<tokio[177a1f2c52b36787]::runtime::scheduler::current_thread::CoreGuard>::block_on<core[df12db4294e9bfd3]::pin::Pin<&mut core[df12db4294e9bfd3]::pin::Pin<&mut dyn core[df12db4294e9bfd3]::future::future::Future<Output = ()>>>>::{closure#0}, core[df12db4294e9bfd3]::option::Option<()>>::{closure#0}>::{closure#0}
[INFO] [stdout]                                at /opt/rustwide/cargo-home/registry/src/index.crates.io-1949cf8c6b5b557f/tokio-1.50.0/src/runtime/context.rs:176:38
[INFO] [stdout]   34:     0x62b1c35f0a0f - <std[70759c8f55707aa4]::thread::local::LocalKey<tokio[177a1f2c52b36787]::runtime::context::Context>>::try_with::<tokio[177a1f2c52b36787]::runtime::context::set_scheduler<(alloc[2182bb758b4b3781]::boxed::Box<tokio[177a1f2c52b36787]::runtime::scheduler::current_thread::Core>, core[df12db4294e9bfd3]::option::Option<()>), <tokio[177a1f2c52b36787]::runtime::scheduler::current_thread::CoreGuard>::enter<<tokio[177a1f2c52b36787]::runtime::scheduler::current_thread::CoreGuard>::block_on<core[df12db4294e9bfd3]::pin::Pin<&mut core[df12db4294e9bfd3]::pin::Pin<&mut dyn core[df12db4294e9bfd3]::future::future::Future<Output = ()>>>>::{closure#0}, core[df12db4294e9bfd3]::option::Option<()>>::{closure#0}>::{closure#0}, (alloc[2182bb758b4b3781]::boxed::Box<tokio[177a1f2c52b36787]::runtime::scheduler::current_thread::Core>, core[df12db4294e9bfd3]::option::Option<()>)>
[INFO] [stdout]                                at /rustc/dfb0accb7f508ae8be965d8629557221c889dd98/library/std/src/thread/local.rs:463:12
[INFO] [stdout]   35:     0x62b1c35f05be - <std[70759c8f55707aa4]::thread::local::LocalKey<tokio[177a1f2c52b36787]::runtime::context::Context>>::with::<tokio[177a1f2c52b36787]::runtime::context::set_scheduler<(alloc[2182bb758b4b3781]::boxed::Box<tokio[177a1f2c52b36787]::runtime::scheduler::current_thread::Core>, core[df12db4294e9bfd3]::option::Option<()>), <tokio[177a1f2c52b36787]::runtime::scheduler::current_thread::CoreGuard>::enter<<tokio[177a1f2c52b36787]::runtime::scheduler::current_thread::CoreGuard>::block_on<core[df12db4294e9bfd3]::pin::Pin<&mut core[df12db4294e9bfd3]::pin::Pin<&mut dyn core[df12db4294e9bfd3]::future::future::Future<Output = ()>>>>::{closure#0}, core[df12db4294e9bfd3]::option::Option<()>>::{closure#0}>::{closure#0}, (alloc[2182bb758b4b3781]::boxed::Box<tokio[177a1f2c52b36787]::runtime::scheduler::current_thread::Core>, core[df12db4294e9bfd3]::option::Option<()>)>
[INFO] [stdout]                                at /rustc/dfb0accb7f508ae8be965d8629557221c889dd98/library/std/src/thread/local.rs:427:20
[INFO] [stdout]   36:     0x62b1c3613d0d - tokio[177a1f2c52b36787]::runtime::context::set_scheduler::<(alloc[2182bb758b4b3781]::boxed::Box<tokio[177a1f2c52b36787]::runtime::scheduler::current_thread::Core>, core[df12db4294e9bfd3]::option::Option<()>), <tokio[177a1f2c52b36787]::runtime::scheduler::current_thread::CoreGuard>::enter<<tokio[177a1f2c52b36787]::runtime::scheduler::current_thread::CoreGuard>::block_on<core[df12db4294e9bfd3]::pin::Pin<&mut core[df12db4294e9bfd3]::pin::Pin<&mut dyn core[df12db4294e9bfd3]::future::future::Future<Output = ()>>>>::{closure#0}, core[df12db4294e9bfd3]::option::Option<()>>::{closure#0}>
[INFO] [stdout]                                at /opt/rustwide/cargo-home/registry/src/index.crates.io-1949cf8c6b5b557f/tokio-1.50.0/src/runtime/context.rs:176:17
[INFO] [stdout]   37:     0x62b1c35deae0 - <tokio[177a1f2c52b36787]::runtime::scheduler::current_thread::CoreGuard>::enter::<<tokio[177a1f2c52b36787]::runtime::scheduler::current_thread::CoreGuard>::block_on<core[df12db4294e9bfd3]::pin::Pin<&mut core[df12db4294e9bfd3]::pin::Pin<&mut dyn core[df12db4294e9bfd3]::future::future::Future<Output = ()>>>>::{closure#0}, core[df12db4294e9bfd3]::option::Option<()>>
[INFO] [stdout]                                at /opt/rustwide/cargo-home/registry/src/index.crates.io-1949cf8c6b5b557f/tokio-1.50.0/src/runtime/scheduler/current_thread/mod.rs:856:27
[INFO] [stdout]   38:     0x62b1c35dedd6 - <tokio[177a1f2c52b36787]::runtime::scheduler::current_thread::CoreGuard>::block_on::<core[df12db4294e9bfd3]::pin::Pin<&mut core[df12db4294e9bfd3]::pin::Pin<&mut dyn core[df12db4294e9bfd3]::future::future::Future<Output = ()>>>>
[INFO] [stdout]                                at /opt/rustwide/cargo-home/registry/src/index.crates.io-1949cf8c6b5b557f/tokio-1.50.0/src/runtime/scheduler/current_thread/mod.rs:756:24
[INFO] [stdout]   39:     0x62b1c35df690 - <tokio[177a1f2c52b36787]::runtime::scheduler::current_thread::CurrentThread>::block_on::<core[df12db4294e9bfd3]::pin::Pin<&mut dyn core[df12db4294e9bfd3]::future::future::Future<Output = ()>>>::{closure#0}
[INFO] [stdout]                                at /opt/rustwide/cargo-home/registry/src/index.crates.io-1949cf8c6b5b557f/tokio-1.50.0/src/runtime/scheduler/current_thread/mod.rs:200:33
[INFO] [stdout]   40:     0x62b1c3614288 - tokio[177a1f2c52b36787]::runtime::context::runtime::enter_runtime::<<tokio[177a1f2c52b36787]::runtime::scheduler::current_thread::CurrentThread>::block_on<core[df12db4294e9bfd3]::pin::Pin<&mut dyn core[df12db4294e9bfd3]::future::future::Future<Output = ()>>>::{closure#0}, ()>
[INFO] [stdout]                                at /opt/rustwide/cargo-home/registry/src/index.crates.io-1949cf8c6b5b557f/tokio-1.50.0/src/runtime/context/runtime.rs:65:16
[INFO] [stdout]   41:     0x62b1c35dd634 - <tokio[177a1f2c52b36787]::runtime::scheduler::current_thread::CurrentThread>::block_on::<core[df12db4294e9bfd3]::pin::Pin<&mut dyn core[df12db4294e9bfd3]::future::future::Future<Output = ()>>>
[INFO] [stdout]                                at /opt/rustwide/cargo-home/registry/src/index.crates.io-1949cf8c6b5b557f/tokio-1.50.0/src/runtime/scheduler/current_thread/mod.rs:188:9
[INFO] [stdout]   42:     0x62b1c35e7f2f - <tokio[177a1f2c52b36787]::runtime::runtime::Runtime>::block_on_inner::<core[df12db4294e9bfd3]::pin::Pin<&mut dyn core[df12db4294e9bfd3]::future::future::Future<Output = ()>>>
[INFO] [stdout]                                at /opt/rustwide/cargo-home/registry/src/index.crates.io-1949cf8c6b5b557f/tokio-1.50.0/src/runtime/runtime.rs:371:52
[INFO] [stdout]   43:     0x62b1c35e807b - <tokio[177a1f2c52b36787]::runtime::runtime::Runtime>::block_on::<core[df12db4294e9bfd3]::pin::Pin<&mut dyn core[df12db4294e9bfd3]::future::future::Future<Output = ()>>>
[INFO] [stdout]                                at /opt/rustwide/cargo-home/registry/src/index.crates.io-1949cf8c6b5b557f/tokio-1.50.0/src/runtime/runtime.rs:345:18
[INFO] [stdout]   44:     0x62b1c360f3be - expansion[ceada7740d7354]::test_escape_cancels_snippet
[INFO] [stdout]                                at /opt/rustwide/workdir/tests/expansion.rs:140:22
[INFO] [stdout]   45:     0x62b1c360bf47 - expansion[ceada7740d7354]::test_escape_cancels_snippet::{closure#0}
[INFO] [stdout]                                at /opt/rustwide/workdir/tests/expansion.rs:127:39
[INFO] [stdout]   46:     0x62b1c35dd126 - <expansion[ceada7740d7354]::test_escape_cancels_snippet::{closure#0} as core[df12db4294e9bfd3]::ops::function::FnOnce<()>>::call_once
[INFO] [stdout]                                at /rustc/dfb0accb7f508ae8be965d8629557221c889dd98/library/core/src/ops/function.rs:250:5
[INFO] [stdout]   47:     0x62b1c3625b9b - <fn() -> core[df12db4294e9bfd3]::result::Result<(), alloc[2182bb758b4b3781]::string::String> as core[df12db4294e9bfd3]::ops::function::FnOnce<()>>::call_once
[INFO] [stdout]                                at /rustc/dfb0accb7f508ae8be965d8629557221c889dd98/library/core/src/ops/function.rs:250:5
[INFO] [stdout]   48:     0x62b1c3625b9b - test[9d35eded1c95d3be]::__rust_begin_short_backtrace::<core[df12db4294e9bfd3]::result::Result<(), alloc[2182bb758b4b3781]::string::String>, fn() -> core[df12db4294e9bfd3]::result::Result<(), alloc[2182bb758b4b3781]::string::String>>
[INFO] [stdout]                                at /rustc/dfb0accb7f508ae8be965d8629557221c889dd98/library/test/src/lib.rs:733:18
[INFO] [stdout]   49:     0x62b1c3633205 - test[9d35eded1c95d3be]::run_test_in_process::{closure#0}
[INFO] [stdout]                                at /rustc/dfb0accb7f508ae8be965d8629557221c889dd98/library/test/src/lib.rs:756:74
[INFO] [stdout]   50:     0x62b1c3633205 - <core[df12db4294e9bfd3]::panic::unwind_safe::AssertUnwindSafe<test[9d35eded1c95d3be]::run_test_in_process::{closure#0}> as core[df12db4294e9bfd3]::ops::function::FnOnce<()>>::call_once
[INFO] [stdout]                                at /rustc/dfb0accb7f508ae8be965d8629557221c889dd98/library/core/src/panic/unwind_safe.rs:275:9
[INFO] [stdout]   51:     0x62b1c3633205 - std[70759c8f55707aa4]::panicking::catch_unwind::do_call::<core[df12db4294e9bfd3]::panic::unwind_safe::AssertUnwindSafe<test[9d35eded1c95d3be]::run_test_in_process::{closure#0}>, core[df12db4294e9bfd3]::result::Result<(), alloc[2182bb758b4b3781]::string::String>>
[INFO] [stdout]                                at /rustc/dfb0accb7f508ae8be965d8629557221c889dd98/library/std/src/panicking.rs:576:43
[INFO] [stdout]   52:     0x62b1c3633205 - std[70759c8f55707aa4]::panicking::catch_unwind::<core[df12db4294e9bfd3]::result::Result<(), alloc[2182bb758b4b3781]::string::String>, core[df12db4294e9bfd3]::panic::unwind_safe::AssertUnwindSafe<test[9d35eded1c95d3be]::run_test_in_process::{closure#0}>>
[INFO] [stdout]                                at /rustc/dfb0accb7f508ae8be965d8629557221c889dd98/library/std/src/panicking.rs:544:19
[INFO] [stdout]   53:     0x62b1c3633205 - std[70759c8f55707aa4]::panic::catch_unwind::<core[df12db4294e9bfd3]::panic::unwind_safe::AssertUnwindSafe<test[9d35eded1c95d3be]::run_test_in_process::{closure#0}>, core[df12db4294e9bfd3]::result::Result<(), alloc[2182bb758b4b3781]::string::String>>
[INFO] [stdout]                                at /rustc/dfb0accb7f508ae8be965d8629557221c889dd98/library/std/src/panic.rs:359:14
[INFO] [stdout]   54:     0x62b1c3633205 - test[9d35eded1c95d3be]::run_test_in_process
[INFO] [stdout]                                at /rustc/dfb0accb7f508ae8be965d8629557221c889dd98/library/test/src/lib.rs:756:27
[INFO] [stdout]   55:     0x62b1c3633205 - test[9d35eded1c95d3be]::run_test::{closure#0}
[INFO] [stdout]                                at /rustc/dfb0accb7f508ae8be965d8629557221c889dd98/library/test/src/lib.rs:677:43
[INFO] [stdout]   56:     0x62b1c362cac4 - test[9d35eded1c95d3be]::run_test::{closure#1}
[INFO] [stdout]                                at /rustc/dfb0accb7f508ae8be965d8629557221c889dd98/library/test/src/lib.rs:707:41
[INFO] [stdout]   57:     0x62b1c362cac4 - std[70759c8f55707aa4]::sys::backtrace::__rust_begin_short_backtrace::<test[9d35eded1c95d3be]::run_test::{closure#1}, ()>
[INFO] [stdout]                                at /rustc/dfb0accb7f508ae8be965d8629557221c889dd98/library/std/src/sys/backtrace.rs:166:18
[INFO] [stdout]   58:     0x62b1c3636362 - std[70759c8f55707aa4]::thread::lifecycle::spawn_unchecked::<test[9d35eded1c95d3be]::run_test::{closure#1}, ()>::{closure#1}::{closure#0}
[INFO] [stdout]                                at /rustc/dfb0accb7f508ae8be965d8629557221c889dd98/library/std/src/thread/lifecycle.rs:70:13
[INFO] [stdout]   59:     0x62b1c3636362 - <core[df12db4294e9bfd3]::panic::unwind_safe::AssertUnwindSafe<std[70759c8f55707aa4]::thread::lifecycle::spawn_unchecked<test[9d35eded1c95d3be]::run_test::{closure#1}, ()>::{closure#1}::{closure#0}> as core[df12db4294e9bfd3]::ops::function::FnOnce<()>>::call_once
[INFO] [stdout]                                at /rustc/dfb0accb7f508ae8be965d8629557221c889dd98/library/core/src/panic/unwind_safe.rs:275:9
[INFO] [stdout]   60:     0x62b1c3636362 - std[70759c8f55707aa4]::panicking::catch_unwind::do_call::<core[df12db4294e9bfd3]::panic::unwind_safe::AssertUnwindSafe<std[70759c8f55707aa4]::thread::lifecycle::spawn_unchecked<test[9d35eded1c95d3be]::run_test::{closure#1}, ()>::{closure#1}::{closure#0}>, ()>
[INFO] [stdout]                                at /rustc/dfb0accb7f508ae8be965d8629557221c889dd98/library/std/src/panicking.rs:576:43
[INFO] [stdout]   61:     0x62b1c3636362 - std[70759c8f55707aa4]::panicking::catch_unwind::<(), core[df12db4294e9bfd3]::panic::unwind_safe::AssertUnwindSafe<std[70759c8f55707aa4]::thread::lifecycle::spawn_unchecked<test[9d35eded1c95d3be]::run_test::{closure#1}, ()>::{closure#1}::{closure#0}>>
[INFO] [stdout]                                at /rustc/dfb0accb7f508ae8be965d8629557221c889dd98/library/std/src/panicking.rs:544:19
[INFO] [stdout]   62:     0x62b1c3636362 - std[70759c8f55707aa4]::panic::catch_unwind::<core[df12db4294e9bfd3]::panic::unwind_safe::AssertUnwindSafe<std[70759c8f55707aa4]::thread::lifecycle::spawn_unchecked<test[9d35eded1c95d3be]::run_test::{closure#1}, ()>::{closure#1}::{closure#0}>, ()>
[INFO] [stdout]                                at /rustc/dfb0accb7f508ae8be965d8629557221c889dd98/library/std/src/panic.rs:359:14
[INFO] [stdout]   63:     0x62b1c3636362 - std[70759c8f55707aa4]::thread::lifecycle::spawn_unchecked::<test[9d35eded1c95d3be]::run_test::{closure#1}, ()>::{closure#1}
[INFO] [stdout]                                at /rustc/dfb0accb7f508ae8be965d8629557221c889dd98/library/std/src/thread/lifecycle.rs:68:26
[INFO] [stdout]   64:     0x62b1c3636362 - <std[70759c8f55707aa4]::thread::lifecycle::spawn_unchecked<test[9d35eded1c95d3be]::run_test::{closure#1}, ()>::{closure#1} as core[df12db4294e9bfd3]::ops::function::FnOnce<()>>::call_once::{shim:vtable#0}
[INFO] [stdout]                                at /rustc/dfb0accb7f508ae8be965d8629557221c889dd98/library/core/src/ops/function.rs:250:5
[INFO] [stdout]   65:     0x62b1c396e4f9 - <alloc[2182bb758b4b3781]::boxed::Box<dyn core[df12db4294e9bfd3]::ops::function::FnOnce<(), Output = ()> + core[df12db4294e9bfd3]::marker::Send> as core[df12db4294e9bfd3]::ops::function::FnOnce<()>>::call_once
[INFO] [stdout]                                at /rustc/dfb0accb7f508ae8be965d8629557221c889dd98/library/alloc/src/boxed.rs:2320:9
[INFO] [stdout]   66:     0x62b1c396e4f9 - <std[70759c8f55707aa4]::sys::thread::unix::Thread>::new::thread_start
[INFO] [stdout]                                at /rustc/dfb0accb7f508ae8be965d8629557221c889dd98/library/std/src/sys/thread/unix.rs:123:17
[INFO] [stdout]   67:     0x79f0aa2eadfa - <unknown>
[INFO] [stdout]   68:     0x79f0aa37e3d4 - clone
[INFO] [stdout]   69:                0x0 - <unknown>
[INFO] [stdout] 
[INFO] [stdout] ---- test_expand_no_match stdout ----
[INFO] [stdout] 
[INFO] [stdout] thread 'test_expand_no_match' (2852) panicked at /opt/rustwide/cargo-home/registry/src/index.crates.io-1949cf8c6b5b557f/reovim-testing-0.14.4/src/integration.rs:137:14:
[INFO] [stdout] Failed to spawn server with env vars: Os { code: 30, kind: ReadOnlyFilesystem, message: "Read-only file system" }
[INFO] [stdout] stack backtrace:
[INFO] [stdout]    0:     0x62b1c396f851 - std[70759c8f55707aa4]::backtrace_rs::backtrace::libunwind::trace
[INFO] [stdout]                                at /rustc/dfb0accb7f508ae8be965d8629557221c889dd98/library/std/src/../../backtrace/src/backtrace/libunwind.rs:117:9
[INFO] [stdout]    1:     0x62b1c396f851 - std[70759c8f55707aa4]::backtrace_rs::backtrace::trace_unsynchronized::<std[70759c8f55707aa4]::sys::backtrace::_print_fmt::{closure#1}>
[INFO] [stdout]                                at /rustc/dfb0accb7f508ae8be965d8629557221c889dd98/library/std/src/../../backtrace/src/backtrace/mod.rs:66:14
[INFO] [stdout]    2:     0x62b1c396f851 - std[70759c8f55707aa4]::sys::backtrace::_print_fmt
[INFO] [stdout]                                at /rustc/dfb0accb7f508ae8be965d8629557221c889dd98/library/std/src/sys/backtrace.rs:74:9
[INFO] [stdout]    3:     0x62b1c396f851 - <<std[70759c8f55707aa4]::sys::backtrace::BacktraceLock>::print::DisplayBacktrace as core[df12db4294e9bfd3]::fmt::Display>::fmt
[INFO] [stdout]                                at /rustc/dfb0accb7f508ae8be965d8629557221c889dd98/library/std/src/sys/backtrace.rs:44:26
[INFO] [stdout]    4:     0x62b1c398603a - <core[df12db4294e9bfd3]::fmt::rt::Argument>::fmt
[INFO] [stdout]                                at /rustc/dfb0accb7f508ae8be965d8629557221c889dd98/library/core/src/fmt/rt.rs:152:76
[INFO] [stdout]    5:     0x62b1c398603a - core[df12db4294e9bfd3]::fmt::write
[INFO] [stdout]    6:     0x62b1c397459c - core[df12db4294e9bfd3]::io::write::default_write_fmt::<alloc[2182bb758b4b3781]::vec::Vec<u8>>
[INFO] [stdout]                                at /rustc/dfb0accb7f508ae8be965d8629557221c889dd98/library/core/src/io/write.rs:402:11
[INFO] [stdout]    7:     0x62b1c397459c - <alloc[2182bb758b4b3781]::vec::Vec<u8> as core[df12db4294e9bfd3]::io::write::Write>::write_fmt
[INFO] [stdout]                                at /rustc/dfb0accb7f508ae8be965d8629557221c889dd98/library/core/src/io/write.rs:335:13
[INFO] [stdout]    8:     0x62b1c3948df6 - <std[70759c8f55707aa4]::sys::backtrace::BacktraceLock>::print
[INFO] [stdout]                                at /rustc/dfb0accb7f508ae8be965d8629557221c889dd98/library/std/src/sys/backtrace.rs:47:9
[INFO] [stdout]    9:     0x62b1c3948df6 - std[70759c8f55707aa4]::panicking::default_hook::{closure#0}
[INFO] [stdout]                                at /rustc/dfb0accb7f508ae8be965d8629557221c889dd98/library/std/src/panicking.rs:292:27
[INFO] [stdout]   10:     0x62b1c3966639 - std[70759c8f55707aa4]::panicking::default_hook
[INFO] [stdout]                                at /rustc/dfb0accb7f508ae8be965d8629557221c889dd98/library/std/src/panicking.rs:316:9
[INFO] [stdout]   11:     0x62b1c36328b0 - <alloc[2182bb758b4b3781]::boxed::Box<dyn for<'a, 'b> core[df12db4294e9bfd3]::ops::function::Fn<(&'a std[70759c8f55707aa4]::panic::PanicHookInfo<'b>,), Output = ()> + core[df12db4294e9bfd3]::marker::Send + core[df12db4294e9bfd3]::marker::Sync> as core[df12db4294e9bfd3]::ops::function::Fn<(&std[70759c8f55707aa4]::panic::PanicHookInfo,)>>::call
[INFO] [stdout]                                at /rustc/dfb0accb7f508ae8be965d8629557221c889dd98/library/alloc/src/boxed.rs:2334:9
[INFO] [stdout]   12:     0x62b1c36328b0 - test[9d35eded1c95d3be]::test_main_inner::<test[9d35eded1c95d3be]::test_main_static::{closure#0}>::{closure#0}
[INFO] [stdout]                                at /rustc/dfb0accb7f508ae8be965d8629557221c889dd98/library/test/src/lib.rs:155:21
[INFO] [stdout]   13:     0x62b1c3966962 - <alloc[2182bb758b4b3781]::boxed::Box<dyn for<'a, 'b> core[df12db4294e9bfd3]::ops::function::Fn<(&'a std[70759c8f55707aa4]::panic::PanicHookInfo<'b>,), Output = ()> + core[df12db4294e9bfd3]::marker::Send + core[df12db4294e9bfd3]::marker::Sync> as core[df12db4294e9bfd3]::ops::function::Fn<(&std[70759c8f55707aa4]::panic::PanicHookInfo,)>>::call
[INFO] [stdout]                                at /rustc/dfb0accb7f508ae8be965d8629557221c889dd98/library/alloc/src/boxed.rs:2334:9
[INFO] [stdout]   14:     0x62b1c3966962 - std[70759c8f55707aa4]::panicking::panic_with_hook
[INFO] [stdout]                                at /rustc/dfb0accb7f508ae8be965d8629557221c889dd98/library/std/src/panicking.rs:823:13
[INFO] [stdout]   15:     0x62b1c3948ea2 - std[70759c8f55707aa4]::panicking::panic_handler::{closure#0}
[INFO] [stdout]                                at /rustc/dfb0accb7f508ae8be965d8629557221c889dd98/library/std/src/panicking.rs:688:13
[INFO] [stdout]   16:     0x62b1c3941899 - std[70759c8f55707aa4]::sys::backtrace::__rust_end_short_backtrace::<std[70759c8f55707aa4]::panicking::panic_handler::{closure#0}, !>
[INFO] [stdout]                                at /rustc/dfb0accb7f508ae8be965d8629557221c889dd98/library/std/src/sys/backtrace.rs:182:18
[INFO] [stdout]   17:     0x62b1c3949c8d - __rustc[8fa7c3cbc660c2b3]::rust_begin_unwind
[INFO] [stdout]                                at /rustc/dfb0accb7f508ae8be965d8629557221c889dd98/library/std/src/panicking.rs:679:5
[INFO] [stdout]   18:     0x62b1c398685c - core[df12db4294e9bfd3]::panicking::panic_fmt
[INFO] [stdout]                                at /rustc/dfb0accb7f508ae8be965d8629557221c889dd98/library/core/src/panicking.rs:80:14
[INFO] [stdout]   19:     0x62b1c39865b2 - core[df12db4294e9bfd3]::result::unwrap_failed
[INFO] [stdout]                                at /rustc/dfb0accb7f508ae8be965d8629557221c889dd98/library/core/src/result.rs:1871:5
[INFO] [stdout]   20:     0x62b1c35fdbde - <core[df12db4294e9bfd3]::result::Result<reovim_testing[cd57a68079fa52a4]::harness::TestServerHarness, alloc[2182bb758b4b3781]::boxed::Box<dyn core[df12db4294e9bfd3]::error::Error + core[df12db4294e9bfd3]::marker::Send + core[df12db4294e9bfd3]::marker::Sync>>>::expect
[INFO] [stdout]                                at /rustc/dfb0accb7f508ae8be965d8629557221c889dd98/library/core/src/result.rs:1184:23
[INFO] [stdout]   21:     0x62b1c35e437c - <reovim_testing[cd57a68079fa52a4]::integration::IntegrationTest>::with_env::{closure#0}
[INFO] [stdout]                                at /opt/rustwide/cargo-home/registry/src/index.crates.io-1949cf8c6b5b557f/reovim-testing-0.14.4/src/integration.rs:137:14
[INFO] [stdout]   22:     0x62b1c360c889 - expansion[ceada7740d7354]::test_expand_no_match::{closure#0}
[INFO] [stdout]                                at /opt/rustwide/workdir/tests/expansion.rs:72:10
[INFO] [stdout]   23:     0x62b1c35ff642 - <core[df12db4294e9bfd3]::pin::Pin<&mut dyn core[df12db4294e9bfd3]::future::future::Future<Output = ()>> as core[df12db4294e9bfd3]::future::future::Future>::poll
[INFO] [stdout]                                at /rustc/dfb0accb7f508ae8be965d8629557221c889dd98/library/core/src/future/future.rs:133:9
[INFO] [stdout]   24:     0x62b1c35ff6bd - <core[df12db4294e9bfd3]::pin::Pin<&mut core[df12db4294e9bfd3]::pin::Pin<&mut dyn core[df12db4294e9bfd3]::future::future::Future<Output = ()>>> as core[df12db4294e9bfd3]::future::future::Future>::poll
[INFO] [stdout]                                at /rustc/dfb0accb7f508ae8be965d8629557221c889dd98/library/core/src/future/future.rs:133:9
[INFO] [stdout]   25:     0x62b1c35e13fd - <tokio[177a1f2c52b36787]::runtime::scheduler::current_thread::CoreGuard>::block_on::<core[df12db4294e9bfd3]::pin::Pin<&mut core[df12db4294e9bfd3]::pin::Pin<&mut dyn core[df12db4294e9bfd3]::future::future::Future<Output = ()>>>>::{closure#0}::{closure#0}::{closure#0}
[INFO] [stdout]                                at /opt/rustwide/cargo-home/registry/src/index.crates.io-1949cf8c6b5b557f/tokio-1.50.0/src/runtime/scheduler/current_thread/mod.rs:769:70
[INFO] [stdout]   26:     0x62b1c35e1325 - tokio[177a1f2c52b36787]::task::coop::with_budget::<core[df12db4294e9bfd3]::task::poll::Poll<()>, <tokio[177a1f2c52b36787]::runtime::scheduler::current_thread::CoreGuard>::block_on<core[df12db4294e9bfd3]::pin::Pin<&mut core[df12db4294e9bfd3]::pin::Pin<&mut dyn core[df12db4294e9bfd3]::future::future::Future<Output = ()>>>>::{closure#0}::{closure#0}::{closure#0}>
[INFO] [stdout]                                at /opt/rustwide/cargo-home/registry/src/index.crates.io-1949cf8c6b5b557f/tokio-1.50.0/src/task/coop/mod.rs:167:5
[INFO] [stdout]   27:     0x62b1c35e1325 - tokio[177a1f2c52b36787]::task::coop::budget::<core[df12db4294e9bfd3]::task::poll::Poll<()>, <tokio[177a1f2c52b36787]::runtime::scheduler::current_thread::CoreGuard>::block_on<core[df12db4294e9bfd3]::pin::Pin<&mut core[df12db4294e9bfd3]::pin::Pin<&mut dyn core[df12db4294e9bfd3]::future::future::Future<Output = ()>>>>::{closure#0}::{closure#0}::{closure#0}>
[INFO] [stdout]                                at /opt/rustwide/cargo-home/registry/src/index.crates.io-1949cf8c6b5b557f/tokio-1.50.0/src/task/coop/mod.rs:133:5
[INFO] [stdout]   28:     0x62b1c35e1325 - <tokio[177a1f2c52b36787]::runtime::scheduler::current_thread::CoreGuard>::block_on::<core[df12db4294e9bfd3]::pin::Pin<&mut core[df12db4294e9bfd3]::pin::Pin<&mut dyn core[df12db4294e9bfd3]::future::future::Future<Output = ()>>>>::{closure#0}::{closure#0}
[INFO] [stdout]                                at /opt/rustwide/cargo-home/registry/src/index.crates.io-1949cf8c6b5b557f/tokio-1.50.0/src/runtime/scheduler/current_thread/mod.rs:769:25
[INFO] [stdout]   29:     0x62b1c35dda72 - <tokio[177a1f2c52b36787]::runtime::scheduler::current_thread::Context>::enter::<core[df12db4294e9bfd3]::task::poll::Poll<()>, <tokio[177a1f2c52b36787]::runtime::scheduler::current_thread::CoreGuard>::block_on<core[df12db4294e9bfd3]::pin::Pin<&mut core[df12db4294e9bfd3]::pin::Pin<&mut dyn core[df12db4294e9bfd3]::future::future::Future<Output = ()>>>>::{closure#0}::{closure#0}>
[INFO] [stdout]                                at /opt/rustwide/cargo-home/registry/src/index.crates.io-1949cf8c6b5b557f/tokio-1.50.0/src/runtime/scheduler/current_thread/mod.rs:446:19
[INFO] [stdout]   30:     0x62b1c35e07dd - <tokio[177a1f2c52b36787]::runtime::scheduler::current_thread::CoreGuard>::block_on::<core[df12db4294e9bfd3]::pin::Pin<&mut core[df12db4294e9bfd3]::pin::Pin<&mut dyn core[df12db4294e9bfd3]::future::future::Future<Output = ()>>>>::{closure#0}
[INFO] [stdout]                                at /opt/rustwide/cargo-home/registry/src/index.crates.io-1949cf8c6b5b557f/tokio-1.50.0/src/runtime/scheduler/current_thread/mod.rs:768:44
[INFO] [stdout]   31:     0x62b1c35dfa84 - <tokio[177a1f2c52b36787]::runtime::scheduler::current_thread::CoreGuard>::enter::<<tokio[177a1f2c52b36787]::runtime::scheduler::current_thread::CoreGuard>::block_on<core[df12db4294e9bfd3]::pin::Pin<&mut core[df12db4294e9bfd3]::pin::Pin<&mut dyn core[df12db4294e9bfd3]::future::future::Future<Output = ()>>>>::{closure#0}, core[df12db4294e9bfd3]::option::Option<()>>::{closure#0}
[INFO] [stdout]                                at /opt/rustwide/cargo-home/registry/src/index.crates.io-1949cf8c6b5b557f/tokio-1.50.0/src/runtime/scheduler/current_thread/mod.rs:856:68
[INFO] [stdout]   32:     0x62b1c361260b - <tokio[177a1f2c52b36787]::runtime::context::scoped::Scoped<tokio[177a1f2c52b36787]::runtime::scheduler::Context>>::set::<<tokio[177a1f2c52b36787]::runtime::scheduler::current_thread::CoreGuard>::enter<<tokio[177a1f2c52b36787]::runtime::scheduler::current_thread::CoreGuard>::block_on<core[df12db4294e9bfd3]::pin::Pin<&mut core[df12db4294e9bfd3]::pin::Pin<&mut dyn core[df12db4294e9bfd3]::future::future::Future<Output = ()>>>>::{closure#0}, core[df12db4294e9bfd3]::option::Option<()>>::{closure#0}, (alloc[2182bb758b4b3781]::boxed::Box<tokio[177a1f2c52b36787]::runtime::scheduler::current_thread::Core>, core[df12db4294e9bfd3]::option::Option<()>)>
[INFO] [stdout]                                at /opt/rustwide/cargo-home/registry/src/index.crates.io-1949cf8c6b5b557f/tokio-1.50.0/src/runtime/context/scoped.rs:40:9
[INFO] [stdout]   33:     0x62b1c3614ee9 - tokio[177a1f2c52b36787]::runtime::context::set_scheduler::<(alloc[2182bb758b4b3781]::boxed::Box<tokio[177a1f2c52b36787]::runtime::scheduler::current_thread::Core>, core[df12db4294e9bfd3]::option::Option<()>), <tokio[177a1f2c52b36787]::runtime::scheduler::current_thread::CoreGuard>::enter<<tokio[177a1f2c52b36787]::runtime::scheduler::current_thread::CoreGuard>::block_on<core[df12db4294e9bfd3]::pin::Pin<&mut core[df12db4294e9bfd3]::pin::Pin<&mut dyn core[df12db4294e9bfd3]::future::future::Future<Output = ()>>>>::{closure#0}, core[df12db4294e9bfd3]::option::Option<()>>::{closure#0}>::{closure#0}
[INFO] [stdout]                                at /opt/rustwide/cargo-home/registry/src/index.crates.io-1949cf8c6b5b557f/tokio-1.50.0/src/runtime/context.rs:176:38
[INFO] [stdout]   34:     0x62b1c35f0a0f - <std[70759c8f55707aa4]::thread::local::LocalKey<tokio[177a1f2c52b36787]::runtime::context::Context>>::try_with::<tokio[177a1f2c52b36787]::runtime::context::set_scheduler<(alloc[2182bb758b4b3781]::boxed::Box<tokio[177a1f2c52b36787]::runtime::scheduler::current_thread::Core>, core[df12db4294e9bfd3]::option::Option<()>), <tokio[177a1f2c52b36787]::runtime::scheduler::current_thread::CoreGuard>::enter<<tokio[177a1f2c52b36787]::runtime::scheduler::current_thread::CoreGuard>::block_on<core[df12db4294e9bfd3]::pin::Pin<&mut core[df12db4294e9bfd3]::pin::Pin<&mut dyn core[df12db4294e9bfd3]::future::future::Future<Output = ()>>>>::{closure#0}, core[df12db4294e9bfd3]::option::Option<()>>::{closure#0}>::{closure#0}, (alloc[2182bb758b4b3781]::boxed::Box<tokio[177a1f2c52b36787]::runtime::scheduler::current_thread::Core>, core[df12db4294e9bfd3]::option::Option<()>)>
[INFO] [stdout]                                at /rustc/dfb0accb7f508ae8be965d8629557221c889dd98/library/std/src/thread/local.rs:463:12
[INFO] [stdout]   35:     0x62b1c35f05be - <std[70759c8f55707aa4]::thread::local::LocalKey<tokio[177a1f2c52b36787]::runtime::context::Context>>::with::<tokio[177a1f2c52b36787]::runtime::context::set_scheduler<(alloc[2182bb758b4b3781]::boxed::Box<tokio[177a1f2c52b36787]::runtime::scheduler::current_thread::Core>, core[df12db4294e9bfd3]::option::Option<()>), <tokio[177a1f2c52b36787]::runtime::scheduler::current_thread::CoreGuard>::enter<<tokio[177a1f2c52b36787]::runtime::scheduler::current_thread::CoreGuard>::block_on<core[df12db4294e9bfd3]::pin::Pin<&mut core[df12db4294e9bfd3]::pin::Pin<&mut dyn core[df12db4294e9bfd3]::future::future::Future<Output = ()>>>>::{closure#0}, core[df12db4294e9bfd3]::option::Option<()>>::{closure#0}>::{closure#0}, (alloc[2182bb758b4b3781]::boxed::Box<tokio[177a1f2c52b36787]::runtime::scheduler::current_thread::Core>, core[df12db4294e9bfd3]::option::Option<()>)>
[INFO] [stdout]                                at /rustc/dfb0accb7f508ae8be965d8629557221c889dd98/library/std/src/thread/local.rs:427:20
[INFO] [stdout]   36:     0x62b1c3613d0d - tokio[177a1f2c52b36787]::runtime::context::set_scheduler::<(alloc[2182bb758b4b3781]::boxed::Box<tokio[177a1f2c52b36787]::runtime::scheduler::current_thread::Core>, core[df12db4294e9bfd3]::option::Option<()>), <tokio[177a1f2c52b36787]::runtime::scheduler::current_thread::CoreGuard>::enter<<tokio[177a1f2c52b36787]::runtime::scheduler::current_thread::CoreGuard>::block_on<core[df12db4294e9bfd3]::pin::Pin<&mut core[df12db4294e9bfd3]::pin::Pin<&mut dyn core[df12db4294e9bfd3]::future::future::Future<Output = ()>>>>::{closure#0}, core[df12db4294e9bfd3]::option::Option<()>>::{closure#0}>
[INFO] [stdout]                                at /opt/rustwide/cargo-home/registry/src/index.crates.io-1949cf8c6b5b557f/tokio-1.50.0/src/runtime/context.rs:176:17
[INFO] [stdout]   37:     0x62b1c35deae0 - <tokio[177a1f2c52b36787]::runtime::scheduler::current_thread::CoreGuard>::enter::<<tokio[177a1f2c52b36787]::runtime::scheduler::current_thread::CoreGuard>::block_on<core[df12db4294e9bfd3]::pin::Pin<&mut core[df12db4294e9bfd3]::pin::Pin<&mut dyn core[df12db4294e9bfd3]::future::future::Future<Output = ()>>>>::{closure#0}, core[df12db4294e9bfd3]::option::Option<()>>
[INFO] [stdout]                                at /opt/rustwide/cargo-home/registry/src/index.crates.io-1949cf8c6b5b557f/tokio-1.50.0/src/runtime/scheduler/current_thread/mod.rs:856:27
[INFO] [stdout]   38:     0x62b1c35dedd6 - <tokio[177a1f2c52b36787]::runtime::scheduler::current_thread::CoreGuard>::block_on::<core[df12db4294e9bfd3]::pin::Pin<&mut core[df12db4294e9bfd3]::pin::Pin<&mut dyn core[df12db4294e9bfd3]::future::future::Future<Output = ()>>>>
[INFO] [stdout]                                at /opt/rustwide/cargo-home/registry/src/index.crates.io-1949cf8c6b5b557f/tokio-1.50.0/src/runtime/scheduler/current_thread/mod.rs:756:24
[INFO] [stdout]   39:     0x62b1c35df690 - <tokio[177a1f2c52b36787]::runtime::scheduler::current_thread::CurrentThread>::block_on::<core[df12db4294e9bfd3]::pin::Pin<&mut dyn core[df12db4294e9bfd3]::future::future::Future<Output = ()>>>::{closure#0}
[INFO] [stdout]                                at /opt/rustwide/cargo-home/registry/src/index.crates.io-1949cf8c6b5b557f/tokio-1.50.0/src/runtime/scheduler/current_thread/mod.rs:200:33
[INFO] [stdout]   40:     0x62b1c3614288 - tokio[177a1f2c52b36787]::runtime::context::runtime::enter_runtime::<<tokio[177a1f2c52b36787]::runtime::scheduler::current_thread::CurrentThread>::block_on<core[df12db4294e9bfd3]::pin::Pin<&mut dyn core[df12db4294e9bfd3]::future::future::Future<Output = ()>>>::{closure#0}, ()>
[INFO] [stdout]                                at /opt/rustwide/cargo-home/registry/src/index.crates.io-1949cf8c6b5b557f/tokio-1.50.0/src/runtime/context/runtime.rs:65:16
[INFO] [stdout]   41:     0x62b1c35dd634 - <tokio[177a1f2c52b36787]::runtime::scheduler::current_thread::CurrentThread>::block_on::<core[df12db4294e9bfd3]::pin::Pin<&mut dyn core[df12db4294e9bfd3]::future::future::Future<Output = ()>>>
[INFO] [stdout]                                at /opt/rustwide/cargo-home/registry/src/index.crates.io-1949cf8c6b5b557f/tokio-1.50.0/src/runtime/scheduler/current_thread/mod.rs:188:9
[INFO] [stdout]   42:     0x62b1c35e7f2f - <tokio[177a1f2c52b36787]::runtime::runtime::Runtime>::block_on_inner::<core[df12db4294e9bfd3]::pin::Pin<&mut dyn core[df12db4294e9bfd3]::future::future::Future<Output = ()>>>
[INFO] [stdout]                                at /opt/rustwide/cargo-home/registry/src/index.crates.io-1949cf8c6b5b557f/tokio-1.50.0/src/runtime/runtime.rs:371:52
[INFO] [stdout]   43:     0x62b1c35e807b - <tokio[177a1f2c52b36787]::runtime::runtime::Runtime>::block_on::<core[df12db4294e9bfd3]::pin::Pin<&mut dyn core[df12db4294e9bfd3]::future::future::Future<Output = ()>>>
[INFO] [stdout]                                at /opt/rustwide/cargo-home/registry/src/index.crates.io-1949cf8c6b5b557f/tokio-1.50.0/src/runtime/runtime.rs:345:18
[INFO] [stdout]   44:     0x62b1c360effe - expansion[ceada7740d7354]::test_expand_no_match
[INFO] [stdout]                                at /opt/rustwide/workdir/tests/expansion.rs:80:35
[INFO] [stdout]   45:     0x62b1c360bee7 - expansion[ceada7740d7354]::test_expand_no_match::{closure#0}
[INFO] [stdout]                                at /opt/rustwide/workdir/tests/expansion.rs:69:32
[INFO] [stdout]   46:     0x62b1c35dd0e6 - <expansion[ceada7740d7354]::test_expand_no_match::{closure#0} as core[df12db4294e9bfd3]::ops::function::FnOnce<()>>::call_once
[INFO] [stdout]                                at /rustc/dfb0accb7f508ae8be965d8629557221c889dd98/library/core/src/ops/function.rs:250:5
[INFO] [stdout]   47:     0x62b1c3625b9b - <fn() -> core[df12db4294e9bfd3]::result::Result<(), alloc[2182bb758b4b3781]::string::String> as core[df12db4294e9bfd3]::ops::function::FnOnce<()>>::call_once
[INFO] [stdout]                                at /rustc/dfb0accb7f508ae8be965d8629557221c889dd98/library/core/src/ops/function.rs:250:5
[INFO] [stdout]   48:     0x62b1c3625b9b - test[9d35eded1c95d3be]::__rust_begin_short_backtrace::<core[df12db4294e9bfd3]::result::Result<(), alloc[2182bb758b4b3781]::string::String>, fn() -> core[df12db4294e9bfd3]::result::Result<(), alloc[2182bb758b4b3781]::string::String>>
[INFO] [stdout]                                at /rustc/dfb0accb7f508ae8be965d8629557221c889dd98/library/test/src/lib.rs:733:18
[INFO] [stdout]   49:     0x62b1c3633205 - test[9d35eded1c95d3be]::run_test_in_process::{closure#0}
[INFO] [stdout]                                at /rustc/dfb0accb7f508ae8be965d8629557221c889dd98/library/test/src/lib.rs:756:74
[INFO] [stdout]   50:     0x62b1c3633205 - <core[df12db4294e9bfd3]::panic::unwind_safe::AssertUnwindSafe<test[9d35eded1c95d3be]::run_test_in_process::{closure#0}> as core[df12db4294e9bfd3]::ops::function::FnOnce<()>>::call_once
[INFO] [stdout]                                at /rustc/dfb0accb7f508ae8be965d8629557221c889dd98/library/core/src/panic/unwind_safe.rs:275:9
[INFO] [stdout]   51:     0x62b1c3633205 - std[70759c8f55707aa4]::panicking::catch_unwind::do_call::<core[df12db4294e9bfd3]::panic::unwind_safe::AssertUnwindSafe<test[9d35eded1c95d3be]::run_test_in_process::{closure#0}>, core[df12db4294e9bfd3]::result::Result<(), alloc[2182bb758b4b3781]::string::String>>
[INFO] [stdout]                                at /rustc/dfb0accb7f508ae8be965d8629557221c889dd98/library/std/src/panicking.rs:576:43
[INFO] [stdout]   52:     0x62b1c3633205 - std[70759c8f55707aa4]::panicking::catch_unwind::<core[df12db4294e9bfd3]::result::Result<(), alloc[2182bb758b4b3781]::string::String>, core[df12db4294e9bfd3]::panic::unwind_safe::AssertUnwindSafe<test[9d35eded1c95d3be]::run_test_in_process::{closure#0}>>
[INFO] [stdout]                                at /rustc/dfb0accb7f508ae8be965d8629557221c889dd98/library/std/src/panicking.rs:544:19
[INFO] [stdout]   53:     0x62b1c3633205 - std[70759c8f55707aa4]::panic::catch_unwind::<core[df12db4294e9bfd3]::panic::unwind_safe::AssertUnwindSafe<test[9d35eded1c95d3be]::run_test_in_process::{closure#0}>, core[df12db4294e9bfd3]::result::Result<(), alloc[2182bb758b4b3781]::string::String>>
[INFO] [stdout]                                at /rustc/dfb0accb7f508ae8be965d8629557221c889dd98/library/std/src/panic.rs:359:14
[INFO] [stdout]   54:     0x62b1c3633205 - test[9d35eded1c95d3be]::run_test_in_process
[INFO] [stdout]                                at /rustc/dfb0accb7f508ae8be965d8629557221c889dd98/library/test/src/lib.rs:756:27
[INFO] [stdout]   55:     0x62b1c3633205 - test[9d35eded1c95d3be]::run_test::{closure#0}
[INFO] [stdout]                                at /rustc/dfb0accb7f508ae8be965d8629557221c889dd98/library/test/src/lib.rs:677:43
[INFO] [stdout]   56:     0x62b1c362cac4 - test[9d35eded1c95d3be]::run_test::{closure#1}
[INFO] [stdout]                                at /rustc/dfb0accb7f508ae8be965d8629557221c889dd98/library/test/src/lib.rs:707:41
[INFO] [stdout]   57:     0x62b1c362cac4 - std[70759c8f55707aa4]::sys::backtrace::__rust_begin_short_backtrace::<test[9d35eded1c95d3be]::run_test::{closure#1}, ()>
[INFO] [stdout]                                at /rustc/dfb0accb7f508ae8be965d8629557221c889dd98/library/std/src/sys/backtrace.rs:166:18
[INFO] [stdout]   58:     0x62b1c3636362 - std[70759c8f55707aa4]::thread::lifecycle::spawn_unchecked::<test[9d35eded1c95d3be]::run_test::{closure#1}, ()>::{closure#1}::{closure#0}
[INFO] [stdout]                                at /rustc/dfb0accb7f508ae8be965d8629557221c889dd98/library/std/src/thread/lifecycle.rs:70:13
[INFO] [stdout]   59:     0x62b1c3636362 - <core[df12db4294e9bfd3]::panic::unwind_safe::AssertUnwindSafe<std[70759c8f55707aa4]::thread::lifecycle::spawn_unchecked<test[9d35eded1c95d3be]::run_test::{closure#1}, ()>::{closure#1}::{closure#0}> as core[df12db4294e9bfd3]::ops::function::FnOnce<()>>::call_once
[INFO] [stdout]                                at /rustc/dfb0accb7f508ae8be965d8629557221c889dd98/library/core/src/panic/unwind_safe.rs:275:9
[INFO] [stdout]   60:     0x62b1c3636362 - std[70759c8f55707aa4]::panicking::catch_unwind::do_call::<core[df12db4294e9bfd3]::panic::unwind_safe::AssertUnwindSafe<std[70759c8f55707aa4]::thread::lifecycle::spawn_unchecked<test[9d35eded1c95d3be]::run_test::{closure#1}, ()>::{closure#1}::{closure#0}>, ()>
[INFO] [stdout]                                at /rustc/dfb0accb7f508ae8be965d8629557221c889dd98/library/std/src/panicking.rs:576:43
[INFO] [stdout]   61:     0x62b1c3636362 - std[70759c8f55707aa4]::panicking::catch_unwind::<(), core[df12db4294e9bfd3]::panic::unwind_safe::AssertUnwindSafe<std[70759c8f55707aa4]::thread::lifecycle::spawn_unchecked<test[9d35eded1c95d3be]::run_test::{closure#1}, ()>::{closure#1}::{closure#0}>>
[INFO] [stdout]                                at /rustc/dfb0accb7f508ae8be965d8629557221c889dd98/library/std/src/panicking.rs:544:19
[INFO] [stdout]   62:     0x62b1c3636362 - std[70759c8f55707aa4]::panic::catch_unwind::<core[df12db4294e9bfd3]::panic::unwind_safe::AssertUnwindSafe<std[70759c8f55707aa4]::thread::lifecycle::spawn_unchecked<test[9d35eded1c95d3be]::run_test::{closure#1}, ()>::{closure#1}::{closure#0}>, ()>
[INFO] [stdout]                                at /rustc/dfb0accb7f508ae8be965d8629557221c889dd98/library/std/src/panic.rs:359:14
[INFO] [stdout]   63:     0x62b1c3636362 - std[70759c8f55707aa4]::thread::lifecycle::spawn_unchecked::<test[9d35eded1c95d3be]::run_test::{closure#1}, ()>::{closure#1}
[INFO] [stdout]                                at /rustc/dfb0accb7f508ae8be965d8629557221c889dd98/library/std/src/thread/lifecycle.rs:68:26
[INFO] [stdout]   64:     0x62b1c3636362 - <std[70759c8f55707aa4]::thread::lifecycle::spawn_unchecked<test[9d35eded1c95d3be]::run_test::{closure#1}, ()>::{closure#1} as core[df12db4294e9bfd3]::ops::function::FnOnce<()>>::call_once::{shim:vtable#0}
[INFO] [stdout]                                at /rustc/dfb0accb7f508ae8be965d8629557221c889dd98/library/core/src/ops/function.rs:250:5
[INFO] [stdout]   65:     0x62b1c396e4f9 - <alloc[2182bb758b4b3781]::boxed::Box<dyn core[df12db4294e9bfd3]::ops::function::FnOnce<(), Output = ()> + core[df12db4294e9bfd3]::marker::Send> as core[df12db4294e9bfd3]::ops::function::FnOnce<()>>::call_once
[INFO] [stdout]                                at /rustc/dfb0accb7f508ae8be965d8629557221c889dd98/library/alloc/src/boxed.rs:2320:9
[INFO] [stdout]   66:     0x62b1c396e4f9 - <std[70759c8f55707aa4]::sys::thread::unix::Thread>::new::thread_start
[INFO] [stdout]                                at /rustc/dfb0accb7f508ae8be965d8629557221c889dd98/library/std/src/sys/thread/unix.rs:123:17
[INFO] [stdout]   67:     0x79f0aa2eadfa - <unknown>
[INFO] [stdout]   68:     0x79f0aa37e3d4 - clone
[INFO] [stdout]   69:                0x0 - <unknown>
[INFO] [stdout] 
[INFO] [stdout] ---- test_expand_simple_no_tabstops stdout ----
[INFO] [stdout] 
[INFO] [stdout] thread 'test_expand_simple_no_tabstops' (2853) panicked at /opt/rustwide/cargo-home/registry/src/index.crates.io-1949cf8c6b5b557f/reovim-testing-0.14.4/src/integration.rs:137:14:
[INFO] [stdout] Failed to spawn server with env vars: Os { code: 30, kind: ReadOnlyFilesystem, message: "Read-only file system" }
[INFO] [stdout] stack backtrace:
[INFO] [stdout]    0:     0x62b1c396f851 - std[70759c8f55707aa4]::backtrace_rs::backtrace::libunwind::trace
[INFO] [stdout]                                at /rustc/dfb0accb7f508ae8be965d8629557221c889dd98/library/std/src/../../backtrace/src/backtrace/libunwind.rs:117:9
[INFO] [stdout]    1:     0x62b1c396f851 - std[70759c8f55707aa4]::backtrace_rs::backtrace::trace_unsynchronized::<std[70759c8f55707aa4]::sys::backtrace::_print_fmt::{closure#1}>
[INFO] [stdout]                                at /rustc/dfb0accb7f508ae8be965d8629557221c889dd98/library/std/src/../../backtrace/src/backtrace/mod.rs:66:14
[INFO] [stdout]    2:     0x62b1c396f851 - std[70759c8f55707aa4]::sys::backtrace::_print_fmt
[INFO] [stdout]                                at /rustc/dfb0accb7f508ae8be965d8629557221c889dd98/library/std/src/sys/backtrace.rs:74:9
[INFO] [stdout]    3:     0x62b1c396f851 - <<std[70759c8f55707aa4]::sys::backtrace::BacktraceLock>::print::DisplayBacktrace as core[df12db4294e9bfd3]::fmt::Display>::fmt
[INFO] [stdout]                                at /rustc/dfb0accb7f508ae8be965d8629557221c889dd98/library/std/src/sys/backtrace.rs:44:26
[INFO] [stdout]    4:     0x62b1c398603a - <core[df12db4294e9bfd3]::fmt::rt::Argument>::fmt
[INFO] [stdout]                                at /rustc/dfb0accb7f508ae8be965d8629557221c889dd98/library/core/src/fmt/rt.rs:152:76
[INFO] [stdout]    5:     0x62b1c398603a - core[df12db4294e9bfd3]::fmt::write
[INFO] [stdout]    6:     0x62b1c397459c - core[df12db4294e9bfd3]::io::write::default_write_fmt::<alloc[2182bb758b4b3781]::vec::Vec<u8>>
[INFO] [stdout]                                at /rustc/dfb0accb7f508ae8be965d8629557221c889dd98/library/core/src/io/write.rs:402:11
[INFO] [stdout]    7:     0x62b1c397459c - <alloc[2182bb758b4b3781]::vec::Vec<u8> as core[df12db4294e9bfd3]::io::write::Write>::write_fmt
[INFO] [stdout]                                at /rustc/dfb0accb7f508ae8be965d8629557221c889dd98/library/core/src/io/write.rs:335:13
[INFO] [stdout]    8:     0x62b1c3948df6 - <std[70759c8f55707aa4]::sys::backtrace::BacktraceLock>::print
[INFO] [stdout]                                at /rustc/dfb0accb7f508ae8be965d8629557221c889dd98/library/std/src/sys/backtrace.rs:47:9
[INFO] [stdout]    9:     0x62b1c3948df6 - std[70759c8f55707aa4]::panicking::default_hook::{closure#0}
[INFO] [stdout]                                at /rustc/dfb0accb7f508ae8be965d8629557221c889dd98/library/std/src/panicking.rs:292:27
[INFO] [stdout]   10:     0x62b1c3966639 - std[70759c8f55707aa4]::panicking::default_hook
[INFO] [stdout]                                at /rustc/dfb0accb7f508ae8be965d8629557221c889dd98/library/std/src/panicking.rs:316:9
[INFO] [stdout]   11:     0x62b1c36328b0 - <alloc[2182bb758b4b3781]::boxed::Box<dyn for<'a, 'b> core[df12db4294e9bfd3]::ops::function::Fn<(&'a std[70759c8f55707aa4]::panic::PanicHookInfo<'b>,), Output = ()> + core[df12db4294e9bfd3]::marker::Send + core[df12db4294e9bfd3]::marker::Sync> as core[df12db4294e9bfd3]::ops::function::Fn<(&std[70759c8f55707aa4]::panic::PanicHookInfo,)>>::call
[INFO] [stdout]                                at /rustc/dfb0accb7f508ae8be965d8629557221c889dd98/library/alloc/src/boxed.rs:2334:9
[INFO] [stdout]   12:     0x62b1c36328b0 - test[9d35eded1c95d3be]::test_main_inner::<test[9d35eded1c95d3be]::test_main_static::{closure#0}>::{closure#0}
[INFO] [stdout]                                at /rustc/dfb0accb7f508ae8be965d8629557221c889dd98/library/test/src/lib.rs:155:21
[INFO] [stdout]   13:     0x62b1c3966962 - <alloc[2182bb758b4b3781]::boxed::Box<dyn for<'a, 'b> core[df12db4294e9bfd3]::ops::function::Fn<(&'a std[70759c8f55707aa4]::panic::PanicHookInfo<'b>,), Output = ()> + core[df12db4294e9bfd3]::marker::Send + core[df12db4294e9bfd3]::marker::Sync> as core[df12db4294e9bfd3]::ops::function::Fn<(&std[70759c8f55707aa4]::panic::PanicHookInfo,)>>::call
[INFO] [stdout]                                at /rustc/dfb0accb7f508ae8be965d8629557221c889dd98/library/alloc/src/boxed.rs:2334:9
[INFO] [stdout]   14:     0x62b1c3966962 - std[70759c8f55707aa4]::panicking::panic_with_hook
[INFO] [stdout]                                at /rustc/dfb0accb7f508ae8be965d8629557221c889dd98/library/std/src/panicking.rs:823:13
[INFO] [stdout]   15:     0x62b1c3948ea2 - std[70759c8f55707aa4]::panicking::panic_handler::{closure#0}
[INFO] [stdout]                                at /rustc/dfb0accb7f508ae8be965d8629557221c889dd98/library/std/src/panicking.rs:688:13
[INFO] [stdout]   16:     0x62b1c3941899 - std[70759c8f55707aa4]::sys::backtrace::__rust_end_short_backtrace::<std[70759c8f55707aa4]::panicking::panic_handler::{closure#0}, !>
[INFO] [stdout]                                at /rustc/dfb0accb7f508ae8be965d8629557221c889dd98/library/std/src/sys/backtrace.rs:182:18
[INFO] [stdout]   17:     0x62b1c3949c8d - __rustc[8fa7c3cbc660c2b3]::rust_begin_unwind
[INFO] [stdout]                                at /rustc/dfb0accb7f508ae8be965d8629557221c889dd98/library/std/src/panicking.rs:679:5
[INFO] [stdout]   18:     0x62b1c398685c - core[df12db4294e9bfd3]::panicking::panic_fmt
[INFO] [stdout]                                at /rustc/dfb0accb7f508ae8be965d8629557221c889dd98/library/core/src/panicking.rs:80:14
[INFO] [stdout]   19:     0x62b1c39865b2 - core[df12db4294e9bfd3]::result::unwrap_failed
[INFO] [stdout]                                at /rustc/dfb0accb7f508ae8be965d8629557221c889dd98/library/core/src/result.rs:1871:5
[INFO] [stdout]   20:     0x62b1c35fdbde - <core[df12db4294e9bfd3]::result::Result<reovim_testing[cd57a68079fa52a4]::harness::TestServerHarness, alloc[2182bb758b4b3781]::boxed::Box<dyn core[df12db4294e9bfd3]::error::Error + core[df12db4294e9bfd3]::marker::Send + core[df12db4294e9bfd3]::marker::Sync>>>::expect
[INFO] [stdout]                                at /rustc/dfb0accb7f508ae8be965d8629557221c889dd98/library/core/src/result.rs:1184:23
[INFO] [stdout]   21:     0x62b1c35e437c - <reovim_testing[cd57a68079fa52a4]::integration::IntegrationTest>::with_env::{closure#0}
[INFO] [stdout]                                at /opt/rustwide/cargo-home/registry/src/index.crates.io-1949cf8c6b5b557f/reovim-testing-0.14.4/src/integration.rs:137:14
[INFO] [stdout]   22:     0x62b1c360e569 - expansion[ceada7740d7354]::test_expand_simple_no_tabstops::{closure#0}
[INFO] [stdout]                                at /opt/rustwide/workdir/tests/expansion.rs:56:10
[INFO] [stdout]   23:     0x62b1c35ff642 - <core[df12db4294e9bfd3]::pin::Pin<&mut dyn core[df12db4294e9bfd3]::future::future::Future<Output = ()>> as core[df12db4294e9bfd3]::future::future::Future>::poll
[INFO] [stdout]                                at /rustc/dfb0accb7f508ae8be965d8629557221c889dd98/library/core/src/future/future.rs:133:9
[INFO] [stdout]   24:     0x62b1c35ff6bd - <core[df12db4294e9bfd3]::pin::Pin<&mut core[df12db4294e9bfd3]::pin::Pin<&mut dyn core[df12db4294e9bfd3]::future::future::Future<Output = ()>>> as core[df12db4294e9bfd3]::future::future::Future>::poll
[INFO] [stdout]                                at /rustc/dfb0accb7f508ae8be965d8629557221c889dd98/library/core/src/future/future.rs:133:9
[INFO] [stdout]   25:     0x62b1c35e13fd - <tokio[177a1f2c52b36787]::runtime::scheduler::current_thread::CoreGuard>::block_on::<core[df12db4294e9bfd3]::pin::Pin<&mut core[df12db4294e9bfd3]::pin::Pin<&mut dyn core[df12db4294e9bfd3]::future::future::Future<Output = ()>>>>::{closure#0}::{closure#0}::{closure#0}
[INFO] [stdout]                                at /opt/rustwide/cargo-home/registry/src/index.crates.io-1949cf8c6b5b557f/tokio-1.50.0/src/runtime/scheduler/current_thread/mod.rs:769:70
[INFO] [stdout]   26:     0x62b1c35e1325 - tokio[177a1f2c52b36787]::task::coop::with_budget::<core[df12db4294e9bfd3]::task::poll::Poll<()>, <tokio[177a1f2c52b36787]::runtime::scheduler::current_thread::CoreGuard>::block_on<core[df12db4294e9bfd3]::pin::Pin<&mut core[df12db4294e9bfd3]::pin::Pin<&mut dyn core[df12db4294e9bfd3]::future::future::Future<Output = ()>>>>::{closure#0}::{closure#0}::{closure#0}>
[INFO] [stdout]                                at /opt/rustwide/cargo-home/registry/src/index.crates.io-1949cf8c6b5b557f/tokio-1.50.0/src/task/coop/mod.rs:167:5
[INFO] [stdout]   27:     0x62b1c35e1325 - tokio[177a1f2c52b36787]::task::coop::budget::<core[df12db4294e9bfd3]::task::poll::Poll<()>, <tokio[177a1f2c52b36787]::runtime::scheduler::current_thread::CoreGuard>::block_on<core[df12db4294e9bfd3]::pin::Pin<&mut core[df12db4294e9bfd3]::pin::Pin<&mut dyn core[df12db4294e9bfd3]::future::future::Future<Output = ()>>>>::{closure#0}::{closure#0}::{closure#0}>
[INFO] [stdout]                                at /opt/rustwide/cargo-home/registry/src/index.crates.io-1949cf8c6b5b557f/tokio-1.50.0/src/task/coop/mod.rs:133:5
[INFO] [stdout]   28:     0x62b1c35e1325 - <tokio[177a1f2c52b36787]::runtime::scheduler::current_thread::CoreGuard>::block_on::<core[df12db4294e9bfd3]::pin::Pin<&mut core[df12db4294e9bfd3]::pin::Pin<&mut dyn core[df12db4294e9bfd3]::future::future::Future<Output = ()>>>>::{closure#0}::{closure#0}
[INFO] [stdout]                                at /opt/rustwide/cargo-home/registry/src/index.crates.io-1949cf8c6b5b557f/tokio-1.50.0/src/runtime/scheduler/current_thread/mod.rs:769:25
[INFO] [stdout]   29:     0x62b1c35dda72 - <tokio[177a1f2c52b36787]::runtime::scheduler::current_thread::Context>::enter::<core[df12db4294e9bfd3]::task::poll::Poll<()>, <tokio[177a1f2c52b36787]::runtime::scheduler::current_thread::CoreGuard>::block_on<core[df12db4294e9bfd3]::pin::Pin<&mut core[df12db4294e9bfd3]::pin::Pin<&mut dyn core[df12db4294e9bfd3]::future::future::Future<Output = ()>>>>::{closure#0}::{closure#0}>
[INFO] [stdout]                                at /opt/rustwide/cargo-home/registry/src/index.crates.io-1949cf8c6b5b557f/tokio-1.50.0/src/runtime/scheduler/current_thread/mod.rs:446:19
[INFO] [stdout]   30:     0x62b1c35e07dd - <tokio[177a1f2c52b36787]::runtime::scheduler::current_thread::CoreGuard>::block_on::<core[df12db4294e9bfd3]::pin::Pin<&mut core[df12db4294e9bfd3]::pin::Pin<&mut dyn core[df12db4294e9bfd3]::future::future::Future<Output = ()>>>>::{closure#0}
[INFO] [stdout]                                at /opt/rustwide/cargo-home/registry/src/index.crates.io-1949cf8c6b5b557f/tokio-1.50.0/src/runtime/scheduler/current_thread/mod.rs:768:44
[INFO] [stdout]   31:     0x62b1c35dfa84 - <tokio[177a1f2c52b36787]::runtime::scheduler::current_thread::CoreGuard>::enter::<<tokio[177a1f2c52b36787]::runtime::scheduler::current_thread::CoreGuard>::block_on<core[df12db4294e9bfd3]::pin::Pin<&mut core[df12db4294e9bfd3]::pin::Pin<&mut dyn core[df12db4294e9bfd3]::future::future::Future<Output = ()>>>>::{closure#0}, core[df12db4294e9bfd3]::option::Option<()>>::{closure#0}
[INFO] [stdout]                                at /opt/rustwide/cargo-home/registry/src/index.crates.io-1949cf8c6b5b557f/tokio-1.50.0/src/runtime/scheduler/current_thread/mod.rs:856:68
[INFO] [stdout]   32:     0x62b1c361260b - <tokio[177a1f2c52b36787]::runtime::context::scoped::Scoped<tokio[177a1f2c52b36787]::runtime::scheduler::Context>>::set::<<tokio[177a1f2c52b36787]::runtime::scheduler::current_thread::CoreGuard>::enter<<tokio[177a1f2c52b36787]::runtime::scheduler::current_thread::CoreGuard>::block_on<core[df12db4294e9bfd3]::pin::Pin<&mut core[df12db4294e9bfd3]::pin::Pin<&mut dyn core[df12db4294e9bfd3]::future::future::Future<Output = ()>>>>::{closure#0}, core[df12db4294e9bfd3]::option::Option<()>>::{closure#0}, (alloc[2182bb758b4b3781]::boxed::Box<tokio[177a1f2c52b36787]::runtime::scheduler::current_thread::Core>, core[df12db4294e9bfd3]::option::Option<()>)>
[INFO] [stdout]                                at /opt/rustwide/cargo-home/registry/src/index.crates.io-1949cf8c6b5b557f/tokio-1.50.0/src/runtime/context/scoped.rs:40:9
[INFO] [stdout]   33:     0x62b1c3614ee9 - tokio[177a1f2c52b36787]::runtime::context::set_scheduler::<(alloc[2182bb758b4b3781]::boxed::Box<tokio[177a1f2c52b36787]::runtime::scheduler::current_thread::Core>, core[df12db4294e9bfd3]::option::Option<()>), <tokio[177a1f2c52b36787]::runtime::scheduler::current_thread::CoreGuard>::enter<<tokio[177a1f2c52b36787]::runtime::scheduler::current_thread::CoreGuard>::block_on<core[df12db4294e9bfd3]::pin::Pin<&mut core[df12db4294e9bfd3]::pin::Pin<&mut dyn core[df12db4294e9bfd3]::future::future::Future<Output = ()>>>>::{closure#0}, core[df12db4294e9bfd3]::option::Option<()>>::{closure#0}>::{closure#0}
[INFO] [stdout]                                at /opt/rustwide/cargo-home/registry/src/index.crates.io-1949cf8c6b5b557f/tokio-1.50.0/src/runtime/context.rs:176:38
[INFO] [stdout]   34:     0x62b1c35f0a0f - <std[70759c8f55707aa4]::thread::local::LocalKey<tokio[177a1f2c52b36787]::runtime::context::Context>>::try_with::<tokio[177a1f2c52b36787]::runtime::context::set_scheduler<(alloc[2182bb758b4b3781]::boxed::Box<tokio[177a1f2c52b36787]::runtime::scheduler::current_thread::Core>, core[df12db4294e9bfd3]::option::Option<()>), <tokio[177a1f2c52b36787]::runtime::scheduler::current_thread::CoreGuard>::enter<<tokio[177a1f2c52b36787]::runtime::scheduler::current_thread::CoreGuard>::block_on<core[df12db4294e9bfd3]::pin::Pin<&mut core[df12db4294e9bfd3]::pin::Pin<&mut dyn core[df12db4294e9bfd3]::future::future::Future<Output = ()>>>>::{closure#0}, core[df12db4294e9bfd3]::option::Option<()>>::{closure#0}>::{closure#0}, (alloc[2182bb758b4b3781]::boxed::Box<tokio[177a1f2c52b36787]::runtime::scheduler::current_thread::Core>, core[df12db4294e9bfd3]::option::Option<()>)>
[INFO] [stdout]                                at /rustc/dfb0accb7f508ae8be965d8629557221c889dd98/library/std/src/thread/local.rs:463:12
[INFO] [stdout]   35:     0x62b1c35f05be - <std[70759c8f55707aa4]::thread::local::LocalKey<tokio[177a1f2c52b36787]::runtime::context::Context>>::with::<tokio[177a1f2c52b36787]::runtime::context::set_scheduler<(alloc[2182bb758b4b3781]::boxed::Box<tokio[177a1f2c52b36787]::runtime::scheduler::current_thread::Core>, core[df12db4294e9bfd3]::option::Option<()>), <tokio[177a1f2c52b36787]::runtime::scheduler::current_thread::CoreGuard>::enter<<tokio[177a1f2c52b36787]::runtime::scheduler::current_thread::CoreGuard>::block_on<core[df12db4294e9bfd3]::pin::Pin<&mut core[df12db4294e9bfd3]::pin::Pin<&mut dyn core[df12db4294e9bfd3]::future::future::Future<Output = ()>>>>::{closure#0}, core[df12db4294e9bfd3]::option::Option<()>>::{closure#0}>::{closure#0}, (alloc[2182bb758b4b3781]::boxed::Box<tokio[177a1f2c52b36787]::runtime::scheduler::current_thread::Core>, core[df12db4294e9bfd3]::option::Option<()>)>
[INFO] [stdout]                                at /rustc/dfb0accb7f508ae8be965d8629557221c889dd98/library/std/src/thread/local.rs:427:20
[INFO] [stdout]   36:     0x62b1c3613d0d - tokio[177a1f2c52b36787]::runtime::context::set_scheduler::<(alloc[2182bb758b4b3781]::boxed::Box<tokio[177a1f2c52b36787]::runtime::scheduler::current_thread::Core>, core[df12db4294e9bfd3]::option::Option<()>), <tokio[177a1f2c52b36787]::runtime::scheduler::current_thread::CoreGuard>::enter<<tokio[177a1f2c52b36787]::runtime::scheduler::current_thread::CoreGuard>::block_on<core[df12db4294e9bfd3]::pin::Pin<&mut core[df12db4294e9bfd3]::pin::Pin<&mut dyn core[df12db4294e9bfd3]::future::future::Future<Output = ()>>>>::{closure#0}, core[df12db4294e9bfd3]::option::Option<()>>::{closure#0}>
[INFO] [stdout]                                at /opt/rustwide/cargo-home/registry/src/index.crates.io-1949cf8c6b5b557f/tokio-1.50.0/src/runtime/context.rs:176:17
[INFO] [stdout]   37:     0x62b1c35deae0 - <tokio[177a1f2c52b36787]::runtime::scheduler::current_thread::CoreGuard>::enter::<<tokio[177a1f2c52b36787]::runtime::scheduler::current_thread::CoreGuard>::block_on<core[df12db4294e9bfd3]::pin::Pin<&mut core[df12db4294e9bfd3]::pin::Pin<&mut dyn core[df12db4294e9bfd3]::future::future::Future<Output = ()>>>>::{closure#0}, core[df12db4294e9bfd3]::option::Option<()>>
[INFO] [stdout]                                at /opt/rustwide/cargo-home/registry/src/index.crates.io-1949cf8c6b5b557f/tokio-1.50.0/src/runtime/scheduler/current_thread/mod.rs:856:27
[INFO] [stdout]   38:     0x62b1c35dedd6 - <tokio[177a1f2c52b36787]::runtime::scheduler::current_thread::CoreGuard>::block_on::<core[df12db4294e9bfd3]::pin::Pin<&mut core[df12db4294e9bfd3]::pin::Pin<&mut dyn core[df12db4294e9bfd3]::future::future::Future<Output = ()>>>>
[INFO] [stdout]                                at /opt/rustwide/cargo-home/registry/src/index.crates.io-1949cf8c6b5b557f/tokio-1.50.0/src/runtime/scheduler/current_thread/mod.rs:756:24
[INFO] [stdout]   39:     0x62b1c35df690 - <tokio[177a1f2c52b36787]::runtime::scheduler::current_thread::CurrentThread>::block_on::<core[df12db4294e9bfd3]::pin::Pin<&mut dyn core[df12db4294e9bfd3]::future::future::Future<Output = ()>>>::{closure#0}
[INFO] [stdout]                                at /opt/rustwide/cargo-home/registry/src/index.crates.io-1949cf8c6b5b557f/tokio-1.50.0/src/runtime/scheduler/current_thread/mod.rs:200:33
[INFO] [stdout]   40:     0x62b1c3614288 - tokio[177a1f2c52b36787]::runtime::context::runtime::enter_runtime::<<tokio[177a1f2c52b36787]::runtime::scheduler::current_thread::CurrentThread>::block_on<core[df12db4294e9bfd3]::pin::Pin<&mut dyn core[df12db4294e9bfd3]::future::future::Future<Output = ()>>>::{closure#0}, ()>
[INFO] [stdout]                                at /opt/rustwide/cargo-home/registry/src/index.crates.io-1949cf8c6b5b557f/tokio-1.50.0/src/runtime/context/runtime.rs:65:16
[INFO] [stdout]   41:     0x62b1c35dd634 - <tokio[177a1f2c52b36787]::runtime::scheduler::current_thread::CurrentThread>::block_on::<core[df12db4294e9bfd3]::pin::Pin<&mut dyn core[df12db4294e9bfd3]::future::future::Future<Output = ()>>>
[INFO] [stdout]                                at /opt/rustwide/cargo-home/registry/src/index.crates.io-1949cf8c6b5b557f/tokio-1.50.0/src/runtime/scheduler/current_thread/mod.rs:188:9
[INFO] [stdout]   42:     0x62b1c35e7f2f - <tokio[177a1f2c52b36787]::runtime::runtime::Runtime>::block_on_inner::<core[df12db4294e9bfd3]::pin::Pin<&mut dyn core[df12db4294e9bfd3]::future::future::Future<Output = ()>>>
[INFO] [stdout]                                at /opt/rustwide/cargo-home/registry/src/index.crates.io-1949cf8c6b5b557f/tokio-1.50.0/src/runtime/runtime.rs:371:52
[INFO] [stdout]   43:     0x62b1c35e807b - <tokio[177a1f2c52b36787]::runtime::runtime::Runtime>::block_on::<core[df12db4294e9bfd3]::pin::Pin<&mut dyn core[df12db4294e9bfd3]::future::future::Future<Output = ()>>>
[INFO] [stdout]                                at /opt/rustwide/cargo-home/registry/src/index.crates.io-1949cf8c6b5b557f/tokio-1.50.0/src/runtime/runtime.rs:345:18
[INFO] [stdout]   44:     0x62b1c360f95e - expansion[ceada7740d7354]::test_expand_simple_no_tabstops
[INFO] [stdout]                                at /opt/rustwide/workdir/tests/expansion.rs:64:51
[INFO] [stdout]   45:     0x62b1c360bfd7 - expansion[ceada7740d7354]::test_expand_simple_no_tabstops::{closure#0}
[INFO] [stdout]                                at /opt/rustwide/workdir/tests/expansion.rs:53:42
[INFO] [stdout]   46:     0x62b1c35dd186 - <expansion[ceada7740d7354]::test_expand_simple_no_tabstops::{closure#0} as core[df12db4294e9bfd3]::ops::function::FnOnce<()>>::call_once
[INFO] [stdout]                                at /rustc/dfb0accb7f508ae8be965d8629557221c889dd98/library/core/src/ops/function.rs:250:5
[INFO] [stdout]   47:     0x62b1c3625b9b - <fn() -> core[df12db4294e9bfd3]::result::Result<(), alloc[2182bb758b4b3781]::string::String> as core[df12db4294e9bfd3]::ops::function::FnOnce<()>>::call_once
[INFO] [stdout]                                at /rustc/dfb0accb7f508ae8be965d8629557221c889dd98/library/core/src/ops/function.rs:250:5
[INFO] [stdout]   48:     0x62b1c3625b9b - test[9d35eded1c95d3be]::__rust_begin_short_backtrace::<core[df12db4294e9bfd3]::result::Result<(), alloc[2182bb758b4b3781]::string::String>, fn() -> core[df12db4294e9bfd3]::result::Result<(), alloc[2182bb758b4b3781]::string::String>>
[INFO] [stdout]                                at /rustc/dfb0accb7f508ae8be965d8629557221c889dd98/library/test/src/lib.rs:733:18
[INFO] [stdout]   49:     0x62b1c3633205 - test[9d35eded1c95d3be]::run_test_in_process::{closure#0}
[INFO] [stdout]                                at /rustc/dfb0accb7f508ae8be965d8629557221c889dd98/library/test/src/lib.rs:756:74
[INFO] [stdout]   50:     0x62b1c3633205 - <core[df12db4294e9bfd3]::panic::unwind_safe::AssertUnwindSafe<test[9d35eded1c95d3be]::run_test_in_process::{closure#0}> as core[df12db4294e9bfd3]::ops::function::FnOnce<()>>::call_once
[INFO] [stdout]                                at /rustc/dfb0accb7f508ae8be965d8629557221c889dd98/library/core/src/panic/unwind_safe.rs:275:9
[INFO] [stdout]   51:     0x62b1c3633205 - std[70759c8f55707aa4]::panicking::catch_unwind::do_call::<core[df12db4294e9bfd3]::panic::unwind_safe::AssertUnwindSafe<test[9d35eded1c95d3be]::run_test_in_process::{closure#0}>, core[df12db4294e9bfd3]::result::Result<(), alloc[2182bb758b4b3781]::string::String>>
[INFO] [stdout]                                at /rustc/dfb0accb7f508ae8be965d8629557221c889dd98/library/std/src/panicking.rs:576:43
[INFO] [stdout]   52:     0x62b1c3633205 - std[70759c8f55707aa4]::panicking::catch_unwind::<core[df12db4294e9bfd3]::result::Result<(), alloc[2182bb758b4b3781]::string::String>, core[df12db4294e9bfd3]::panic::unwind_safe::AssertUnwindSafe<test[9d35eded1c95d3be]::run_test_in_process::{closure#0}>>
[INFO] [stdout]                                at /rustc/dfb0accb7f508ae8be965d8629557221c889dd98/library/std/src/panicking.rs:544:19
[INFO] [stdout]   53:     0x62b1c3633205 - std[70759c8f55707aa4]::panic::catch_unwind::<core[df12db4294e9bfd3]::panic::unwind_safe::AssertUnwindSafe<test[9d35eded1c95d3be]::run_test_in_process::{closure#0}>, core[df12db4294e9bfd3]::result::Result<(), alloc[2182bb758b4b3781]::string::String>>
[INFO] [stdout]                                at /rustc/dfb0accb7f508ae8be965d8629557221c889dd98/library/std/src/panic.rs:359:14
[INFO] [stdout]   54:     0x62b1c3633205 - test[9d35eded1c95d3be]::run_test_in_process
[INFO] [stdout]                                at /rustc/dfb0accb7f508ae8be965d8629557221c889dd98/library/test/src/lib.rs:756:27
[INFO] [stdout]   55:     0x62b1c3633205 - test[9d35eded1c95d3be]::run_test::{closure#0}
[INFO] [stdout]                                at /rustc/dfb0accb7f508ae8be965d8629557221c889dd98/library/test/src/lib.rs:677:43
[INFO] [stdout]   56:     0x62b1c362cac4 - test[9d35eded1c95d3be]::run_test::{closure#1}
[INFO] [stdout]                                at /rustc/dfb0accb7f508ae8be965d8629557221c889dd98/library/test/src/lib.rs:707:41
[INFO] [stdout]   57:     0x62b1c362cac4 - std[70759c8f55707aa4]::sys::backtrace::__rust_begin_short_backtrace::<test[9d35eded1c95d3be]::run_test::{closure#1}, ()>
[INFO] [stdout]                                at /rustc/dfb0accb7f508ae8be965d8629557221c889dd98/library/std/src/sys/backtrace.rs:166:18
[INFO] [stdout]   58:     0x62b1c3636362 - std[70759c8f55707aa4]::thread::lifecycle::spawn_unchecked::<test[9d35eded1c95d3be]::run_test::{closure#1}, ()>::{closure#1}::{closure#0}
[INFO] [stdout]                                at /rustc/dfb0accb7f508ae8be965d8629557221c889dd98/library/std/src/thread/lifecycle.rs:70:13
[INFO] [stdout]   59:     0x62b1c3636362 - <core[df12db4294e9bfd3]::panic::unwind_safe::AssertUnwindSafe<std[70759c8f55707aa4]::thread::lifecycle::spawn_unchecked<test[9d35eded1c95d3be]::run_test::{closure#1}, ()>::{closure#1}::{closure#0}> as core[df12db4294e9bfd3]::ops::function::FnOnce<()>>::call_once
[INFO] [stdout]                                at /rustc/dfb0accb7f508ae8be965d8629557221c889dd98/library/core/src/panic/unwind_safe.rs:275:9
[INFO] [stdout]   60:     0x62b1c3636362 - std[70759c8f55707aa4]::panicking::catch_unwind::do_call::<core[df12db4294e9bfd3]::panic::unwind_safe::AssertUnwindSafe<std[70759c8f55707aa4]::thread::lifecycle::spawn_unchecked<test[9d35eded1c95d3be]::run_test::{closure#1}, ()>::{closure#1}::{closure#0}>, ()>
[INFO] [stdout]                                at /rustc/dfb0accb7f508ae8be965d8629557221c889dd98/library/std/src/panicking.rs:576:43
[INFO] [stdout]   61:     0x62b1c3636362 - std[70759c8f55707aa4]::panicking::catch_unwind::<(), core[df12db4294e9bfd3]::panic::unwind_safe::AssertUnwindSafe<std[70759c8f55707aa4]::thread::lifecycle::spawn_unchecked<test[9d35eded1c95d3be]::run_test::{closure#1}, ()>::{closure#1}::{closure#0}>>
[INFO] [stdout]                                at /rustc/dfb0accb7f508ae8be965d8629557221c889dd98/library/std/src/panicking.rs:544:19
[INFO] [stdout]   62:     0x62b1c3636362 - std[70759c8f55707aa4]::panic::catch_unwind::<core[df12db4294e9bfd3]::panic::unwind_safe::AssertUnwindSafe<std[70759c8f55707aa4]::thread::lifecycle::spawn_unchecked<test[9d35eded1c95d3be]::run_test::{closure#1}, ()>::{closure#1}::{closure#0}>, ()>
[INFO] [stdout]                                at /rustc/dfb0accb7f508ae8be965d8629557221c889dd98/library/std/src/panic.rs:359:14
[INFO] [stdout]   63:     0x62b1c3636362 - std[70759c8f55707aa4]::thread::lifecycle::spawn_unchecked::<test[9d35eded1c95d3be]::run_test::{closure#1}, ()>::{closure#1}
[INFO] [stdout]                                at /rustc/dfb0accb7f508ae8be965d8629557221c889dd98/library/std/src/thread/lifecycle.rs:68:26
[INFO] [stdout]   64:     0x62b1c3636362 - <std[70759c8f55707aa4]::thread::lifecycle::spawn_unchecked<test[9d35eded1c95d3be]::run_test::{closure#1}, ()>::{closure#1} as core[df12db4294e9bfd3]::ops::function::FnOnce<()>>::call_once::{shim:vtable#0}
[INFO] [stdout]                                at /rustc/dfb0accb7f508ae8be965d8629557221c889dd98/library/core/src/ops/function.rs:250:5
[INFO] [stdout]   65:     0x62b1c396e4f9 - <alloc[2182bb758b4b3781]::boxed::Box<dyn core[df12db4294e9bfd3]::ops::function::FnOnce<(), Output = ()> + core[df12db4294e9bfd3]::marker::Send> as core[df12db4294e9bfd3]::ops::function::FnOnce<()>>::call_once
[INFO] [stdout]                                at /rustc/dfb0accb7f508ae8be965d8629557221c889dd98/library/alloc/src/boxed.rs:2320:9
[INFO] [stdout]   66:     0x62b1c396e4f9 - <std[70759c8f55707aa4]::sys::thread::unix::Thread>::new::thread_start
[INFO] [stdout]                                at /rustc/dfb0accb7f508ae8be965d8629557221c889dd98/library/std/src/sys/thread/unix.rs:123:17
[INFO] [stdout]   67:     0x79f0aa2eadfa - <unknown>
[INFO] [stdout]   68:     0x79f0aa37e3d4 - clone
[INFO] [stdout]   69:                0x0 - <unknown>
[INFO] [stdout] 
[INFO] [stdout] ---- test_tab_navigation stdout ----
[INFO] [stdout] 
[INFO] [stdout] thread 'test_tab_navigation' (2855) panicked at /opt/rustwide/cargo-home/registry/src/index.crates.io-1949cf8c6b5b557f/reovim-testing-0.14.4/src/step_test.rs:208:14:
[INFO] [stdout] Failed to spawn server with env vars: Os { code: 30, kind: ReadOnlyFilesystem, message: "Read-only file system" }
[INFO] [stdout] stack backtrace:
[INFO] [stdout]    0:     0x62b1c396f851 - std[70759c8f55707aa4]::backtrace_rs::backtrace::libunwind::trace
[INFO] [stdout]                                at /rustc/dfb0accb7f508ae8be965d8629557221c889dd98/library/std/src/../../backtrace/src/backtrace/libunwind.rs:117:9
[INFO] [stdout]    1:     0x62b1c396f851 - std[70759c8f55707aa4]::backtrace_rs::backtrace::trace_unsynchronized::<std[70759c8f55707aa4]::sys::backtrace::_print_fmt::{closure#1}>
[INFO] [stdout]                                at /rustc/dfb0accb7f508ae8be965d8629557221c889dd98/library/std/src/../../backtrace/src/backtrace/mod.rs:66:14
[INFO] [stdout]    2:     0x62b1c396f851 - std[70759c8f55707aa4]::sys::backtrace::_print_fmt
[INFO] [stdout]                                at /rustc/dfb0accb7f508ae8be965d8629557221c889dd98/library/std/src/sys/backtrace.rs:74:9
[INFO] [stdout]    3:     0x62b1c396f851 - <<std[70759c8f55707aa4]::sys::backtrace::BacktraceLock>::print::DisplayBacktrace as core[df12db4294e9bfd3]::fmt::Display>::fmt
[INFO] [stdout]                                at /rustc/dfb0accb7f508ae8be965d8629557221c889dd98/library/std/src/sys/backtrace.rs:44:26
[INFO] [stdout]    4:     0x62b1c398603a - <core[df12db4294e9bfd3]::fmt::rt::Argument>::fmt
[INFO] [stdout]                                at /rustc/dfb0accb7f508ae8be965d8629557221c889dd98/library/core/src/fmt/rt.rs:152:76
[INFO] [stdout]    5:     0x62b1c398603a - core[df12db4294e9bfd3]::fmt::write
[INFO] [stdout]    6:     0x62b1c397459c - core[df12db4294e9bfd3]::io::write::default_write_fmt::<alloc[2182bb758b4b3781]::vec::Vec<u8>>
[INFO] [stdout]                                at /rustc/dfb0accb7f508ae8be965d8629557221c889dd98/library/core/src/io/write.rs:402:11
[INFO] [stdout]    7:     0x62b1c397459c - <alloc[2182bb758b4b3781]::vec::Vec<u8> as core[df12db4294e9bfd3]::io::write::Write>::write_fmt
[INFO] [stdout]                                at /rustc/dfb0accb7f508ae8be965d8629557221c889dd98/library/core/src/io/write.rs:335:13
[INFO] [stdout]    8:     0x62b1c3948df6 - <std[70759c8f55707aa4]::sys::backtrace::BacktraceLock>::print
[INFO] [stdout]                                at /rustc/dfb0accb7f508ae8be965d8629557221c889dd98/library/std/src/sys/backtrace.rs:47:9
[INFO] [stdout]    9:     0x62b1c3948df6 - std[70759c8f55707aa4]::panicking::default_hook::{closure#0}
[INFO] [stdout]                                at /rustc/dfb0accb7f508ae8be965d8629557221c889dd98/library/std/src/panicking.rs:292:27
[INFO] [stdout]   10:     0x62b1c3966639 - std[70759c8f55707aa4]::panicking::default_hook
[INFO] [stdout]                                at /rustc/dfb0accb7f508ae8be965d8629557221c889dd98/library/std/src/panicking.rs:316:9
[INFO] [stdout]   11:     0x62b1c36328b0 - <alloc[2182bb758b4b3781]::boxed::Box<dyn for<'a, 'b> core[df12db4294e9bfd3]::ops::function::Fn<(&'a std[70759c8f55707aa4]::panic::PanicHookInfo<'b>,), Output = ()> + core[df12db4294e9bfd3]::marker::Send + core[df12db4294e9bfd3]::marker::Sync> as core[df12db4294e9bfd3]::ops::function::Fn<(&std[70759c8f55707aa4]::panic::PanicHookInfo,)>>::call
[INFO] [stdout]                                at /rustc/dfb0accb7f508ae8be965d8629557221c889dd98/library/alloc/src/boxed.rs:2334:9
[INFO] [stdout]   12:     0x62b1c36328b0 - test[9d35eded1c95d3be]::test_main_inner::<test[9d35eded1c95d3be]::test_main_static::{closure#0}>::{closure#0}
[INFO] [stdout]                                at /rustc/dfb0accb7f508ae8be965d8629557221c889dd98/library/test/src/lib.rs:155:21
[INFO] [stdout]   13:     0x62b1c3966962 - <alloc[2182bb758b4b3781]::boxed::Box<dyn for<'a, 'b> core[df12db4294e9bfd3]::ops::function::Fn<(&'a std[70759c8f55707aa4]::panic::PanicHookInfo<'b>,), Output = ()> + core[df12db4294e9bfd3]::marker::Send + core[df12db4294e9bfd3]::marker::Sync> as core[df12db4294e9bfd3]::ops::function::Fn<(&std[70759c8f55707aa4]::panic::PanicHookInfo,)>>::call
[INFO] [stdout]                                at /rustc/dfb0accb7f508ae8be965d8629557221c889dd98/library/alloc/src/boxed.rs:2334:9
[INFO] [stdout]   14:     0x62b1c3966962 - std[70759c8f55707aa4]::panicking::panic_with_hook
[INFO] [stdout]                                at /rustc/dfb0accb7f508ae8be965d8629557221c889dd98/library/std/src/panicking.rs:823:13
[INFO] [stdout]   15:     0x62b1c3948ea2 - std[70759c8f55707aa4]::panicking::panic_handler::{closure#0}
[INFO] [stdout]                                at /rustc/dfb0accb7f508ae8be965d8629557221c889dd98/library/std/src/panicking.rs:688:13
[INFO] [stdout]   16:     0x62b1c3941899 - std[70759c8f55707aa4]::sys::backtrace::__rust_end_short_backtrace::<std[70759c8f55707aa4]::panicking::panic_handler::{closure#0}, !>
[INFO] [stdout]                                at /rustc/dfb0accb7f508ae8be965d8629557221c889dd98/library/std/src/sys/backtrace.rs:182:18
[INFO] [stdout]   17:     0x62b1c3949c8d - __rustc[8fa7c3cbc660c2b3]::rust_begin_unwind
[INFO] [stdout]                                at /rustc/dfb0accb7f508ae8be965d8629557221c889dd98/library/std/src/panicking.rs:679:5
[INFO] [stdout]   18:     0x62b1c398685c - core[df12db4294e9bfd3]::panicking::panic_fmt
[INFO] [stdout]                                at /rustc/dfb0accb7f508ae8be965d8629557221c889dd98/library/core/src/panicking.rs:80:14
[INFO] [stdout]   19:     0x62b1c39865b2 - core[df12db4294e9bfd3]::result::unwrap_failed
[INFO] [stdout]                                at /rustc/dfb0accb7f508ae8be965d8629557221c889dd98/library/core/src/result.rs:1871:5
[INFO] [stdout]   20:     0x62b1c35fdbde - <core[df12db4294e9bfd3]::result::Result<reovim_testing[cd57a68079fa52a4]::harness::TestServerHarness, alloc[2182bb758b4b3781]::boxed::Box<dyn core[df12db4294e9bfd3]::error::Error + core[df12db4294e9bfd3]::marker::Send + core[df12db4294e9bfd3]::marker::Sync>>>::expect
[INFO] [stdout]                                at /rustc/dfb0accb7f508ae8be965d8629557221c889dd98/library/core/src/result.rs:1184:23
[INFO] [stdout]   21:     0x62b1c35f621c - <reovim_testing[cd57a68079fa52a4]::step_test::StepTest>::with_env::{closure#0}
[INFO] [stdout]                                at /opt/rustwide/cargo-home/registry/src/index.crates.io-1949cf8c6b5b557f/reovim-testing-0.14.4/src/step_test.rs:208:14
[INFO] [stdout]   22:     0x62b1c360c275 - expansion[ceada7740d7354]::test_tab_navigation::{closure#0}
[INFO] [stdout]                                at /opt/rustwide/workdir/tests/expansion.rs:110:10
[INFO] [stdout]   23:     0x62b1c35ff642 - <core[df12db4294e9bfd3]::pin::Pin<&mut dyn core[df12db4294e9bfd3]::future::future::Future<Output = ()>> as core[df12db4294e9bfd3]::future::future::Future>::poll
[INFO] [stdout]                                at /rustc/dfb0accb7f508ae8be965d8629557221c889dd98/library/core/src/future/future.rs:133:9
[INFO] [stdout]   24:     0x62b1c35ff6bd - <core[df12db4294e9bfd3]::pin::Pin<&mut core[df12db4294e9bfd3]::pin::Pin<&mut dyn core[df12db4294e9bfd3]::future::future::Future<Output = ()>>> as core[df12db4294e9bfd3]::future::future::Future>::poll
[INFO] [stdout]                                at /rustc/dfb0accb7f508ae8be965d8629557221c889dd98/library/core/src/future/future.rs:133:9
[INFO] [stdout]   25:     0x62b1c35e13fd - <tokio[177a1f2c52b36787]::runtime::scheduler::current_thread::CoreGuard>::block_on::<core[df12db4294e9bfd3]::pin::Pin<&mut core[df12db4294e9bfd3]::pin::Pin<&mut dyn core[df12db4294e9bfd3]::future::future::Future<Output = ()>>>>::{closure#0}::{closure#0}::{closure#0}
[INFO] [stdout]                                at /opt/rustwide/cargo-home/registry/src/index.crates.io-1949cf8c6b5b557f/tokio-1.50.0/src/runtime/scheduler/current_thread/mod.rs:769:70
[INFO] [stdout]   26:     0x62b1c35e1325 - tokio[177a1f2c52b36787]::task::coop::with_budget::<core[df12db4294e9bfd3]::task::poll::Poll<()>, <tokio[177a1f2c52b36787]::runtime::scheduler::current_thread::CoreGuard>::block_on<core[df12db4294e9bfd3]::pin::Pin<&mut core[df12db4294e9bfd3]::pin::Pin<&mut dyn core[df12db4294e9bfd3]::future::future::Future<Output = ()>>>>::{closure#0}::{closure#0}::{closure#0}>
[INFO] [stdout]                                at /opt/rustwide/cargo-home/registry/src/index.crates.io-1949cf8c6b5b557f/tokio-1.50.0/src/task/coop/mod.rs:167:5
[INFO] [stdout]   27:     0x62b1c35e1325 - tokio[177a1f2c52b36787]::task::coop::budget::<core[df12db4294e9bfd3]::task::poll::Poll<()>, <tokio[177a1f2c52b36787]::runtime::scheduler::current_thread::CoreGuard>::block_on<core[df12db4294e9bfd3]::pin::Pin<&mut core[df12db4294e9bfd3]::pin::Pin<&mut dyn core[df12db4294e9bfd3]::future::future::Future<Output = ()>>>>::{closure#0}::{closure#0}::{closure#0}>
[INFO] [stdout]                                at /opt/rustwide/cargo-home/registry/src/index.crates.io-1949cf8c6b5b557f/tokio-1.50.0/src/task/coop/mod.rs:133:5
[INFO] [stdout]   28:     0x62b1c35e1325 - <tokio[177a1f2c52b36787]::runtime::scheduler::current_thread::CoreGuard>::block_on::<core[df12db4294e9bfd3]::pin::Pin<&mut core[df12db4294e9bfd3]::pin::Pin<&mut dyn core[df12db4294e9bfd3]::future::future::Future<Output = ()>>>>::{closure#0}::{closure#0}
[INFO] [stdout]                                at /opt/rustwide/cargo-home/registry/src/index.crates.io-1949cf8c6b5b557f/tokio-1.50.0/src/runtime/scheduler/current_thread/mod.rs:769:25
[INFO] [stdout]   29:     0x62b1c35dda72 - <tokio[177a1f2c52b36787]::runtime::scheduler::current_thread::Context>::enter::<core[df12db4294e9bfd3]::task::poll::Poll<()>, <tokio[177a1f2c52b36787]::runtime::scheduler::current_thread::CoreGuard>::block_on<core[df12db4294e9bfd3]::pin::Pin<&mut core[df12db4294e9bfd3]::pin::Pin<&mut dyn core[df12db4294e9bfd3]::future::future::Future<Output = ()>>>>::{closure#0}::{closure#0}>
[INFO] [stdout]                                at /opt/rustwide/cargo-home/registry/src/index.crates.io-1949cf8c6b5b557f/tokio-1.50.0/src/runtime/scheduler/current_thread/mod.rs:446:19
[INFO] [stdout]   30:     0x62b1c35e07dd - <tokio[177a1f2c52b36787]::runtime::scheduler::current_thread::CoreGuard>::block_on::<core[df12db4294e9bfd3]::pin::Pin<&mut core[df12db4294e9bfd3]::pin::Pin<&mut dyn core[df12db4294e9bfd3]::future::future::Future<Output = ()>>>>::{closure#0}
[INFO] [stdout]                                at /opt/rustwide/cargo-home/registry/src/index.crates.io-1949cf8c6b5b557f/tokio-1.50.0/src/runtime/scheduler/current_thread/mod.rs:768:44
[INFO] [stdout]   31:     0x62b1c35dfa84 - <tokio[177a1f2c52b36787]::runtime::scheduler::current_thread::CoreGuard>::enter::<<tokio[177a1f2c52b36787]::runtime::scheduler::current_thread::CoreGuard>::block_on<core[df12db4294e9bfd3]::pin::Pin<&mut core[df12db4294e9bfd3]::pin::Pin<&mut dyn core[df12db4294e9bfd3]::future::future::Future<Output = ()>>>>::{closure#0}, core[df12db4294e9bfd3]::option::Option<()>>::{closure#0}
[INFO] [stdout]                                at /opt/rustwide/cargo-home/registry/src/index.crates.io-1949cf8c6b5b557f/tokio-1.50.0/src/runtime/scheduler/current_thread/mod.rs:856:68
[INFO] [stdout]   32:     0x62b1c361260b - <tokio[177a1f2c52b36787]::runtime::context::scoped::Scoped<tokio[177a1f2c52b36787]::runtime::scheduler::Context>>::set::<<tokio[177a1f2c52b36787]::runtime::scheduler::current_thread::CoreGuard>::enter<<tokio[177a1f2c52b36787]::runtime::scheduler::current_thread::CoreGuard>::block_on<core[df12db4294e9bfd3]::pin::Pin<&mut core[df12db4294e9bfd3]::pin::Pin<&mut dyn core[df12db4294e9bfd3]::future::future::Future<Output = ()>>>>::{closure#0}, core[df12db4294e9bfd3]::option::Option<()>>::{closure#0}, (alloc[2182bb758b4b3781]::boxed::Box<tokio[177a1f2c52b36787]::runtime::scheduler::current_thread::Core>, core[df12db4294e9bfd3]::option::Option<()>)>
[INFO] [stdout]                                at /opt/rustwide/cargo-home/registry/src/index.crates.io-1949cf8c6b5b557f/tokio-1.50.0/src/runtime/context/scoped.rs:40:9
[INFO] [stdout]   33:     0x62b1c3614ee9 - tokio[177a1f2c52b36787]::runtime::context::set_scheduler::<(alloc[2182bb758b4b3781]::boxed::Box<tokio[177a1f2c52b36787]::runtime::scheduler::current_thread::Core>, core[df12db4294e9bfd3]::option::Option<()>), <tokio[177a1f2c52b36787]::runtime::scheduler::current_thread::CoreGuard>::enter<<tokio[177a1f2c52b36787]::runtime::scheduler::current_thread::CoreGuard>::block_on<core[df12db4294e9bfd3]::pin::Pin<&mut core[df12db4294e9bfd3]::pin::Pin<&mut dyn core[df12db4294e9bfd3]::future::future::Future<Output = ()>>>>::{closure#0}, core[df12db4294e9bfd3]::option::Option<()>>::{closure#0}>::{closure#0}
[INFO] [stdout]                                at /opt/rustwide/cargo-home/registry/src/index.crates.io-1949cf8c6b5b557f/tokio-1.50.0/src/runtime/context.rs:176:38
[INFO] [stdout]   34:     0x62b1c35f0a0f - <std[70759c8f55707aa4]::thread::local::LocalKey<tokio[177a1f2c52b36787]::runtime::context::Context>>::try_with::<tokio[177a1f2c52b36787]::runtime::context::set_scheduler<(alloc[2182bb758b4b3781]::boxed::Box<tokio[177a1f2c52b36787]::runtime::scheduler::current_thread::Core>, core[df12db4294e9bfd3]::option::Option<()>), <tokio[177a1f2c52b36787]::runtime::scheduler::current_thread::CoreGuard>::enter<<tokio[177a1f2c52b36787]::runtime::scheduler::current_thread::CoreGuard>::block_on<core[df12db4294e9bfd3]::pin::Pin<&mut core[df12db4294e9bfd3]::pin::Pin<&mut dyn core[df12db4294e9bfd3]::future::future::Future<Output = ()>>>>::{closure#0}, core[df12db4294e9bfd3]::option::Option<()>>::{closure#0}>::{closure#0}, (alloc[2182bb758b4b3781]::boxed::Box<tokio[177a1f2c52b36787]::runtime::scheduler::current_thread::Core>, core[df12db4294e9bfd3]::option::Option<()>)>
[INFO] [stdout]                                at /rustc/dfb0accb7f508ae8be965d8629557221c889dd98/library/std/src/thread/local.rs:463:12
[INFO] [stdout]   35:     0x62b1c35f05be - <std[70759c8f55707aa4]::thread::local::LocalKey<tokio[177a1f2c52b36787]::runtime::context::Context>>::with::<tokio[177a1f2c52b36787]::runtime::context::set_scheduler<(alloc[2182bb758b4b3781]::boxed::Box<tokio[177a1f2c52b36787]::runtime::scheduler::current_thread::Core>, core[df12db4294e9bfd3]::option::Option<()>), <tokio[177a1f2c52b36787]::runtime::scheduler::current_thread::CoreGuard>::enter<<tokio[177a1f2c52b36787]::runtime::scheduler::current_thread::CoreGuard>::block_on<core[df12db4294e9bfd3]::pin::Pin<&mut core[df12db4294e9bfd3]::pin::Pin<&mut dyn core[df12db4294e9bfd3]::future::future::Future<Output = ()>>>>::{closure#0}, core[df12db4294e9bfd3]::option::Option<()>>::{closure#0}>::{closure#0}, (alloc[2182bb758b4b3781]::boxed::Box<tokio[177a1f2c52b36787]::runtime::scheduler::current_thread::Core>, core[df12db4294e9bfd3]::option::Option<()>)>
[INFO] [stdout]                                at /rustc/dfb0accb7f508ae8be965d8629557221c889dd98/library/std/src/thread/local.rs:427:20
[INFO] [stdout]   36:     0x62b1c3613d0d - tokio[177a1f2c52b36787]::runtime::context::set_scheduler::<(alloc[2182bb758b4b3781]::boxed::Box<tokio[177a1f2c52b36787]::runtime::scheduler::current_thread::Core>, core[df12db4294e9bfd3]::option::Option<()>), <tokio[177a1f2c52b36787]::runtime::scheduler::current_thread::CoreGuard>::enter<<tokio[177a1f2c52b36787]::runtime::scheduler::current_thread::CoreGuard>::block_on<core[df12db4294e9bfd3]::pin::Pin<&mut core[df12db4294e9bfd3]::pin::Pin<&mut dyn core[df12db4294e9bfd3]::future::future::Future<Output = ()>>>>::{closure#0}, core[df12db4294e9bfd3]::option::Option<()>>::{closure#0}>
[INFO] [stdout]                                at /opt/rustwide/cargo-home/registry/src/index.crates.io-1949cf8c6b5b557f/tokio-1.50.0/src/runtime/context.rs:176:17
[INFO] [stdout]   37:     0x62b1c35deae0 - <tokio[177a1f2c52b36787]::runtime::scheduler::current_thread::CoreGuard>::enter::<<tokio[177a1f2c52b36787]::runtime::scheduler::current_thread::CoreGuard>::block_on<core[df12db4294e9bfd3]::pin::Pin<&mut core[df12db4294e9bfd3]::pin::Pin<&mut dyn core[df12db4294e9bfd3]::future::future::Future<Output = ()>>>>::{closure#0}, core[df12db4294e9bfd3]::option::Option<()>>
[INFO] [stdout]                                at /opt/rustwide/cargo-home/registry/src/index.crates.io-1949cf8c6b5b557f/tokio-1.50.0/src/runtime/scheduler/current_thread/mod.rs:856:27
[INFO] [stdout]   38:     0x62b1c35dedd6 - <tokio[177a1f2c52b36787]::runtime::scheduler::current_thread::CoreGuard>::block_on::<core[df12db4294e9bfd3]::pin::Pin<&mut core[df12db4294e9bfd3]::pin::Pin<&mut dyn core[df12db4294e9bfd3]::future::future::Future<Output = ()>>>>
[INFO] [stdout]                                at /opt/rustwide/cargo-home/registry/src/index.crates.io-1949cf8c6b5b557f/tokio-1.50.0/src/runtime/scheduler/current_thread/mod.rs:756:24
[INFO] [stdout]   39:     0x62b1c35df690 - <tokio[177a1f2c52b36787]::runtime::scheduler::current_thread::CurrentThread>::block_on::<core[df12db4294e9bfd3]::pin::Pin<&mut dyn core[df12db4294e9bfd3]::future::future::Future<Output = ()>>>::{closure#0}
[INFO] [stdout]                                at /opt/rustwide/cargo-home/registry/src/index.crates.io-1949cf8c6b5b557f/tokio-1.50.0/src/runtime/scheduler/current_thread/mod.rs:200:33
[INFO] [stdout]   40:     0x62b1c3614288 - tokio[177a1f2c52b36787]::runtime::context::runtime::enter_runtime::<<tokio[177a1f2c52b36787]::runtime::scheduler::current_thread::CurrentThread>::block_on<core[df12db4294e9bfd3]::pin::Pin<&mut dyn core[df12db4294e9bfd3]::future::future::Future<Output = ()>>>::{closure#0}, ()>
[INFO] [stdout]                                at /opt/rustwide/cargo-home/registry/src/index.crates.io-1949cf8c6b5b557f/tokio-1.50.0/src/runtime/context/runtime.rs:65:16
[INFO] [stdout]   41:     0x62b1c35dd634 - <tokio[177a1f2c52b36787]::runtime::scheduler::current_thread::CurrentThread>::block_on::<core[df12db4294e9bfd3]::pin::Pin<&mut dyn core[df12db4294e9bfd3]::future::future::Future<Output = ()>>>
[INFO] [stdout]                                at /opt/rustwide/cargo-home/registry/src/index.crates.io-1949cf8c6b5b557f/tokio-1.50.0/src/runtime/scheduler/current_thread/mod.rs:188:9
[INFO] [stdout]   42:     0x62b1c35e7f2f - <tokio[177a1f2c52b36787]::runtime::runtime::Runtime>::block_on_inner::<core[df12db4294e9bfd3]::pin::Pin<&mut dyn core[df12db4294e9bfd3]::future::future::Future<Output = ()>>>
[INFO] [stdout]                                at /opt/rustwide/cargo-home/registry/src/index.crates.io-1949cf8c6b5b557f/tokio-1.50.0/src/runtime/runtime.rs:371:52
[INFO] [stdout]   43:     0x62b1c35e807b - <tokio[177a1f2c52b36787]::runtime::runtime::Runtime>::block_on::<core[df12db4294e9bfd3]::pin::Pin<&mut dyn core[df12db4294e9bfd3]::future::future::Future<Output = ()>>>
[INFO] [stdout]                                at /opt/rustwide/cargo-home/registry/src/index.crates.io-1949cf8c6b5b557f/tokio-1.50.0/src/runtime/runtime.rs:345:18
[INFO] [stdout]   44:     0x62b1c360ee1e - expansion[ceada7740d7354]::test_tab_navigation
[INFO] [stdout]                                at /opt/rustwide/workdir/tests/expansion.rs:122:22
[INFO] [stdout]   45:     0x62b1c360beb7 - expansion[ceada7740d7354]::test_tab_navigation::{closure#0}
[INFO] [stdout]                                at /opt/rustwide/workdir/tests/expansion.rs:107:31
[INFO] [stdout]   46:     0x62b1c35dd0c6 - <expansion[ceada7740d7354]::test_tab_navigation::{closure#0} as core[df12db4294e9bfd3]::ops::function::FnOnce<()>>::call_once
[INFO] [stdout]                                at /rustc/dfb0accb7f508ae8be965d8629557221c889dd98/library/core/src/ops/function.rs:250:5
[INFO] [stdout]   47:     0x62b1c3625b9b - <fn() -> core[df12db4294e9bfd3]::result::Result<(), alloc[2182bb758b4b3781]::string::String> as core[df12db4294e9bfd3]::ops::function::FnOnce<()>>::call_once
[INFO] [stdout]                                at /rustc/dfb0accb7f508ae8be965d8629557221c889dd98/library/core/src/ops/function.rs:250:5
[INFO] [stdout]   48:     0x62b1c3625b9b - test[9d35eded1c95d3be]::__rust_begin_short_backtrace::<core[df12db4294e9bfd3]::result::Result<(), alloc[2182bb758b4b3781]::string::String>, fn() -> core[df12db4294e9bfd3]::result::Result<(), alloc[2182bb758b4b3781]::string::String>>
[INFO] [stdout]                                at /rustc/dfb0accb7f508ae8be965d8629557221c889dd98/library/test/src/lib.rs:733:18
[INFO] [stdout]   49:     0x62b1c3633205 - test[9d35eded1c95d3be]::run_test_in_process::{closure#0}
[INFO] [stdout]                                at /rustc/dfb0accb7f508ae8be965d8629557221c889dd98/library/test/src/lib.rs:756:74
[INFO] [stdout]   50:     0x62b1c3633205 - <core[df12db4294e9bfd3]::panic::unwind_safe::AssertUnwindSafe<test[9d35eded1c95d3be]::run_test_in_process::{closure#0}> as core[df12db4294e9bfd3]::ops::function::FnOnce<()>>::call_once
[INFO] [stdout]                                at /rustc/dfb0accb7f508ae8be965d8629557221c889dd98/library/core/src/panic/unwind_safe.rs:275:9
[INFO] [stdout]   51:     0x62b1c3633205 - std[70759c8f55707aa4]::panicking::catch_unwind::do_call::<core[df12db4294e9bfd3]::panic::unwind_safe::AssertUnwindSafe<test[9d35eded1c95d3be]::run_test_in_process::{closure#0}>, core[df12db4294e9bfd3]::result::Result<(), alloc[2182bb758b4b3781]::string::String>>
[INFO] [stdout]                                at /rustc/dfb0accb7f508ae8be965d8629557221c889dd98/library/std/src/panicking.rs:576:43
[INFO] [stdout]   52:     0x62b1c3633205 - std[70759c8f55707aa4]::panicking::catch_unwind::<core[df12db4294e9bfd3]::result::Result<(), alloc[2182bb758b4b3781]::string::String>, core[df12db4294e9bfd3]::panic::unwind_safe::AssertUnwindSafe<test[9d35eded1c95d3be]::run_test_in_process::{closure#0}>>
[INFO] [stdout]                                at /rustc/dfb0accb7f508ae8be965d8629557221c889dd98/library/std/src/panicking.rs:544:19
[INFO] [stdout]   53:     0x62b1c3633205 - std[70759c8f55707aa4]::panic::catch_unwind::<core[df12db4294e9bfd3]::panic::unwind_safe::AssertUnwindSafe<test[9d35eded1c95d3be]::run_test_in_process::{closure#0}>, core[df12db4294e9bfd3]::result::Result<(), alloc[2182bb758b4b3781]::string::String>>
[INFO] [stdout]                                at /rustc/dfb0accb7f508ae8be965d8629557221c889dd98/library/std/src/panic.rs:359:14
[INFO] [stdout]   54:     0x62b1c3633205 - test[9d35eded1c95d3be]::run_test_in_process
[INFO] [stdout]                                at /rustc/dfb0accb7f508ae8be965d8629557221c889dd98/library/test/src/lib.rs:756:27
[INFO] [stdout]   55:     0x62b1c3633205 - test[9d35eded1c95d3be]::run_test::{closure#0}
[INFO] [stdout]                                at /rustc/dfb0accb7f508ae8be965d8629557221c889dd98/library/test/src/lib.rs:677:43
[INFO] [stdout]   56:     0x62b1c362cac4 - test[9d35eded1c95d3be]::run_test::{closure#1}
[INFO] [stdout]                                at /rustc/dfb0accb7f508ae8be965d8629557221c889dd98/library/test/src/lib.rs:707:41
[INFO] [stdout]   57:     0x62b1c362cac4 - std[70759c8f55707aa4]::sys::backtrace::__rust_begin_short_backtrace::<test[9d35eded1c95d3be]::run_test::{closure#1}, ()>
[INFO] [stdout]                                at /rustc/dfb0accb7f508ae8be965d8629557221c889dd98/library/std/src/sys/backtrace.rs:166:18
[INFO] [stdout]   58:     0x62b1c3636362 - std[70759c8f55707aa4]::thread::lifecycle::spawn_unchecked::<test[9d35eded1c95d3be]::run_test::{closure#1}, ()>::{closure#1}::{closure#0}
[INFO] [stdout]                                at /rustc/dfb0accb7f508ae8be965d8629557221c889dd98/library/std/src/thread/lifecycle.rs:70:13
[INFO] [stdout]   59:     0x62b1c3636362 - <core[df12db4294e9bfd3]::panic::unwind_safe::AssertUnwindSafe<std[70759c8f55707aa4]::thread::lifecycle::spawn_unchecked<test[9d35eded1c95d3be]::run_test::{closure#1}, ()>::{closure#1}::{closure#0}> as core[df12db4294e9bfd3]::ops::function::FnOnce<()>>::call_once
[INFO] [stdout]                                at /rustc/dfb0accb7f508ae8be965d8629557221c889dd98/library/core/src/panic/unwind_safe.rs:275:9
[INFO] [stdout]   60:     0x62b1c3636362 - std[70759c8f55707aa4]::panicking::catch_unwind::do_call::<core[df12db4294e9bfd3]::panic::unwind_safe::AssertUnwindSafe<std[70759c8f55707aa4]::thread::lifecycle::spawn_unchecked<test[9d35eded1c95d3be]::run_test::{closure#1}, ()>::{closure#1}::{closure#0}>, ()>
[INFO] [stdout]                                at /rustc/dfb0accb7f508ae8be965d8629557221c889dd98/library/std/src/panicking.rs:576:43
[INFO] [stdout]   61:     0x62b1c3636362 - std[70759c8f55707aa4]::panicking::catch_unwind::<(), core[df12db4294e9bfd3]::panic::unwind_safe::AssertUnwindSafe<std[70759c8f55707aa4]::thread::lifecycle::spawn_unchecked<test[9d35eded1c95d3be]::run_test::{closure#1}, ()>::{closure#1}::{closure#0}>>
[INFO] [stdout]                                at /rustc/dfb0accb7f508ae8be965d8629557221c889dd98/library/std/src/panicking.rs:544:19
[INFO] [stdout]   62:     0x62b1c3636362 - std[70759c8f55707aa4]::panic::catch_unwind::<core[df12db4294e9bfd3]::panic::unwind_safe::AssertUnwindSafe<std[70759c8f55707aa4]::thread::lifecycle::spawn_unchecked<test[9d35eded1c95d3be]::run_test::{closure#1}, ()>::{closure#1}::{closure#0}>, ()>
[INFO] [stdout]                                at /rustc/dfb0accb7f508ae8be965d8629557221c889dd98/library/std/src/panic.rs:359:14
[INFO] [stdout]   63:     0x62b1c3636362 - std[70759c8f55707aa4]::thread::lifecycle::spawn_unchecked::<test[9d35eded1c95d3be]::run_test::{closure#1}, ()>::{closure#1}
[INFO] [stdout]                                at /rustc/dfb0accb7f508ae8be965d8629557221c889dd98/library/std/src/thread/lifecycle.rs:68:26
[INFO] [stdout]   64:     0x62b1c3636362 - <std[70759c8f55707aa4]::thread::lifecycle::spawn_unchecked<test[9d35eded1c95d3be]::run_test::{closure#1}, ()>::{closure#1} as core[df12db4294e9bfd3]::ops::function::FnOnce<()>>::call_once::{shim:vtable#0}
[INFO] [stdout]                                at /rustc/dfb0accb7f508ae8be965d8629557221c889dd98/library/core/src/ops/function.rs:250:5
[INFO] [stdout]   65:     0x62b1c396e4f9 - <alloc[2182bb758b4b3781]::boxed::Box<dyn core[df12db4294e9bfd3]::ops::function::FnOnce<(), Output = ()> + core[df12db4294e9bfd3]::marker::Send> as core[df12db4294e9bfd3]::ops::function::FnOnce<()>>::call_once
[INFO] [stdout]                                at /rustc/dfb0accb7f508ae8be965d8629557221c889dd98/library/alloc/src/boxed.rs:2320:9
[INFO] [stdout]   66:     0x62b1c396e4f9 - <std[70759c8f55707aa4]::sys::thread::unix::Thread>::new::thread_start
[INFO] [stdout]                                at /rustc/dfb0accb7f508ae8be965d8629557221c889dd98/library/std/src/sys/thread/unix.rs:123:17
[INFO] [stdout]   67:     0x79f0aa2eadfa - <unknown>
[INFO] [stdout]   68:     0x79f0aa37e3d4 - clone
[INFO] [stdout]   69:                0x0 - <unknown>
[INFO] [stdout] 
[INFO] [stdout] 
[INFO] [stdout] failures:
[INFO] [stdout]     test_escape_cancels_snippet
[INFO] [stdout]     test_expand_function_snippet
[INFO] [stdout]     test_expand_multiline_for_loop
[INFO] [stdout]     test_expand_no_match
[INFO] [stdout]     test_expand_simple_no_tabstops
[INFO] [stdout]     test_shift_tab_backward
[INFO] [stdout]     test_tab_navigation
[INFO] [stdout] 
[INFO] [stdout] test result: FAILED. 0 passed; 7 failed; 0 ignored; 0 measured; 0 filtered out; finished in 0.10s
[INFO] [stdout] 
[INFO] [stderr] error: test failed, to rerun pass `--test expansion`
[INFO] running `Command { std: "docker" "inspect" "3a8ba8b3539fe73fbdbe1c349bc6cbb646805d14bc19d4b83f8a870037693a6a", kill_on_drop: false }`
[INFO] running `Command { std: "docker" "rm" "-f" "3a8ba8b3539fe73fbdbe1c349bc6cbb646805d14bc19d4b83f8a870037693a6a", kill_on_drop: false }`
[INFO] [stdout] 3a8ba8b3539fe73fbdbe1c349bc6cbb646805d14bc19d4b83f8a870037693a6a
