[INFO] fetching crate reflow_actor 0.2.1...
[INFO] testing reflow_actor-0.2.1 against 1.100.0-beta.1 for beta-1.100-2
[INFO] extracting crate reflow_actor 0.2.1 into /workspace/builds/worker-6-tc2/source
[INFO] started tweaking crates.io crate reflow_actor 0.2.1
[INFO] finished tweaking crates.io crate reflow_actor 0.2.1
[INFO] tweaked toml for crates.io crate reflow_actor 0.2.1 written to /workspace/builds/worker-6-tc2/source/Cargo.toml
[INFO] validating manifest of crates.io crate reflow_actor 0.2.1 on toolchain 1.100.0-beta.1
[INFO] running `Command { std: CARGO_HOME="/workspace/cargo-home" RUSTUP_HOME="/workspace/rustup-home" "/workspace/cargo-home/bin/cargo" "+1.100.0-beta.1" "metadata" "--manifest-path" "Cargo.toml" "--no-deps", kill_on_drop: false }`
[INFO] crate crates.io crate reflow_actor 0.2.1 already has a lockfile, it will not be regenerated
[INFO] running `Command { std: CARGO_HOME="/workspace/cargo-home" RUSTUP_HOME="/workspace/rustup-home" "/workspace/cargo-home/bin/cargo" "+1.100.0-beta.1" "fetch" "--manifest-path" "Cargo.toml", kill_on_drop: false }`
[INFO] [stderr] warning: `package.homepage` is redundant with `package.repository`
[INFO] [stderr]   --> Cargo.toml:66:12
[INFO] [stderr]    |
[INFO] [stderr] 66 | homepage = "https://github.com/offbit-ai/reflow"
[INFO] [stderr]    |            ^^^^^^^^^^^^^^^^^^^^^^^^^^^^^^^^^^^^^
[INFO] [stderr] ...
[INFO] [stderr] 71 | repository = "https://github.com/offbit-ai/reflow"
[INFO] [stderr]    |              -------------------------------------
[INFO] [stderr]    |
[INFO] [stderr]    = note: `cargo::redundant_homepage` is set to `warn` by default
[INFO] [stderr] help: consider removing `package.homepage`
[INFO] [stderr] warning: `reflow_actor` (manifest) generated 1 warning
[INFO] running `Command { std: "docker" "create" "-v" "/var/lib/crater-agent-workspace/builds/worker-6-tc2/source:/opt/rustwide/workdir:ro,Z" "-v" "/var/lib/crater-agent-workspace/builds/worker-6-tc2/target:/opt/rustwide/target:rw,Z" "-v" "/var/lib/crater-agent-workspace/cargo-home:/opt/rustwide/cargo-home:ro,Z" "-v" "/var/lib/crater-agent-workspace/rustup-home:/opt/rustwide/rustup-home:ro,Z" "-m" "1610612736" "--network" "none" "ghcr.io/rust-lang/crates-build-env/linux@sha256:3111399a4047eeb3a02b7a90e478d715f38a8c6669b5c4b49d30a17385265909" "sleep" "infinity", kill_on_drop: false }`
[INFO] [stdout] 3db19d61a5c911f43407596935e3a58bb3ffea8f4d1686e322d410c056d3363c
[INFO] running `Command { std: "docker" "start" "3db19d61a5c911f43407596935e3a58bb3ffea8f4d1686e322d410c056d3363c", kill_on_drop: false }`
[INFO] running `Command { std: "docker" "inspect" "3db19d61a5c911f43407596935e3a58bb3ffea8f4d1686e322d410c056d3363c", kill_on_drop: false }`
[INFO] running `Command { std: "docker" "exec" "-e" "SOURCE_DIR=/opt/rustwide/workdir" "-e" "CARGO_HOME=/opt/rustwide/cargo-home" "-e" "RUSTUP_HOME=/opt/rustwide/rustup-home" "-e" "CARGO_TARGET_DIR=/opt/rustwide/target" "-w" "/opt/rustwide/workdir" "--user" "0:0" "3db19d61a5c911f43407596935e3a58bb3ffea8f4d1686e322d410c056d3363c" "/opt/rustwide/cargo-home/bin/cargo" "+1.100.0-beta.1" "metadata" "--no-deps" "--format-version=1", kill_on_drop: false }`
[INFO] running `Command { std: "docker" "inspect" "3db19d61a5c911f43407596935e3a58bb3ffea8f4d1686e322d410c056d3363c", kill_on_drop: false }`
[INFO] running `Command { std: "docker" "exec" "-e" "SOURCE_DIR=/opt/rustwide/workdir" "-e" "CARGO_HOME=/opt/rustwide/cargo-home" "-e" "RUSTUP_HOME=/opt/rustwide/rustup-home" "-e" "CARGO_TARGET_DIR=/opt/rustwide/target" "-e" "CARGO_INCREMENTAL=0" "-e" "RUST_BACKTRACE=full" "-e" "RUSTFLAGS=--cap-lints=warn" "-e" "RUSTDOCFLAGS=--cap-lints=warn" "-w" "/opt/rustwide/workdir" "--user" "0:0" "3db19d61a5c911f43407596935e3a58bb3ffea8f4d1686e322d410c056d3363c" "/opt/rustwide/cargo-home/bin/cargo" "+1.100.0-beta.1" "build" "--frozen" "--message-format=json", kill_on_drop: false }`
[INFO] [stderr] warning: `package.homepage` is redundant with `package.repository`
[INFO] [stderr]   --> Cargo.toml:66:12
[INFO] [stderr]    |
[INFO] [stderr] 66 | homepage = "https://github.com/offbit-ai/reflow"
[INFO] [stderr]    |            ^^^^^^^^^^^^^^^^^^^^^^^^^^^^^^^^^^^^^
[INFO] [stderr] ...
[INFO] [stderr] 71 | repository = "https://github.com/offbit-ai/reflow"
[INFO] [stderr]    |              -------------------------------------
[INFO] [stderr]    |
[INFO] [stderr]    = note: `cargo::redundant_homepage` is set to `warn` by default
[INFO] [stderr] help: consider removing `package.homepage`
[INFO] [stderr] warning: `reflow_actor` (manifest) generated 1 warning
[INFO] [stderr]    Compiling libc v0.2.174
[INFO] [stderr]    Compiling proc-macro2 v1.0.95
[INFO] [stderr]    Compiling unicode-ident v1.0.18
[INFO] [stderr]    Compiling cfg-if v1.0.1
[INFO] [stderr]    Compiling typenum v1.18.0
[INFO] [stderr]    Compiling getrandom v0.3.3
[INFO] [stderr]    Compiling zerocopy v0.8.26
[INFO] [stderr]    Compiling serde v1.0.219
[INFO] [stderr]    Compiling memchr v2.7.5
[INFO] [stderr]    Compiling lock_api v0.4.13
[INFO] [stderr]    Compiling num-traits v0.2.19
[INFO] [stderr]    Compiling crossbeam-utils v0.8.21
[INFO] [stderr]    Compiling thiserror v2.0.12
[INFO] [stderr]    Compiling parking_lot_core v0.9.11
[INFO] [stderr]    Compiling slab v0.4.10
[INFO] [stderr]    Compiling smallvec v1.15.1
[INFO] [stderr]    Compiling serde_json v1.0.140
[INFO] [stderr]    Compiling anyhow v1.0.98
[INFO] [stderr]    Compiling http v1.3.1
[INFO] [stderr]    Compiling iana-time-zone v0.1.63
[INFO] [stderr]    Compiling log v0.4.27
[INFO] [stderr]    Compiling once_cell v1.21.3
[INFO] [stderr]    Compiling data-encoding v2.9.0
[INFO] [stderr]    Compiling miniz_oxide v0.8.9
[INFO] [stderr]    Compiling tracing-core v0.1.34
[INFO] [stderr]    Compiling crc32fast v1.4.2
[INFO] [stderr]    Compiling spin v0.9.8
[INFO] [stderr]    Compiling either v1.15.0
[INFO] [stderr]    Compiling bytemuck v1.23.1
[INFO] [stderr]    Compiling jobserver v0.1.33
[INFO] [stderr]    Compiling mio v1.0.4
[INFO] [stderr]    Compiling socket2 v0.5.10
[INFO] [stderr]    Compiling signal-hook-registry v1.4.5
[INFO] [stderr]    Compiling getrandom v0.2.16
[INFO] [stderr]    Compiling quote v1.0.40
[INFO] [stderr]    Compiling generic-array v0.14.7
[INFO] [stderr]    Compiling rand_core v0.9.3
[INFO] [stderr]    Compiling parking_lot v0.12.4
[INFO] [stderr]    Compiling crossbeam-epoch v0.9.18
[INFO] [stderr]    Compiling syn v2.0.104
[INFO] [stderr]    Compiling cc v1.2.29
[INFO] [stderr]    Compiling nanorand v0.7.0
[INFO] [stderr]    Compiling ordered-float v5.0.0
[INFO] [stderr]    Compiling crossbeam-deque v0.8.6
[INFO] [stderr]    Compiling flume v0.11.1
[INFO] [stderr]    Compiling flate2 v1.1.2
[INFO] [stderr]    Compiling rayon-core v1.12.1
[INFO] [stderr]    Compiling rayon v1.10.0
[INFO] [stderr]    Compiling block-buffer v0.10.4
[INFO] [stderr]    Compiling crypto-common v0.1.6
[INFO] [stderr]    Compiling digest v0.10.7
[INFO] [stderr]    Compiling sha1 v0.10.6
[INFO] [stderr]    Compiling ppv-lite86 v0.2.21
[INFO] [stderr]    Compiling rand_chacha v0.9.0
[INFO] [stderr]    Compiling rand v0.9.1
[INFO] [stderr]    Compiling zstd-sys v2.0.15+zstd.1.5.7
[INFO] [stderr]    Compiling serde_derive v1.0.219
[INFO] [stderr]    Compiling futures-macro v0.3.31
[INFO] [stderr]    Compiling thiserror-impl v2.0.12
[INFO] [stderr]    Compiling tokio-macros v2.5.0
[INFO] [stderr]    Compiling tracing-attributes v0.1.30
[INFO] [stderr]    Compiling bitcode_derive v0.6.5
[INFO] [stderr]    Compiling derive_more v0.99.20
[INFO] [stderr]    Compiling reflow_actor_macro v0.2.1
[INFO] [stderr]    Compiling tokio v1.46.1
[INFO] [stderr]    Compiling futures-util v0.3.31
[INFO] [stderr]    Compiling zstd-safe v7.2.4
[INFO] [stderr]    Compiling zstd v0.13.3
[INFO] [stderr]    Compiling tungstenite v0.27.0
[INFO] [stderr]    Compiling tracing v0.1.41
[INFO] [stderr]    Compiling futures-executor v0.3.31
[INFO] [stderr]    Compiling futures v0.3.31
[INFO] [stderr]    Compiling chrono v0.4.41
[INFO] [stderr]    Compiling uuid v1.17.0
[INFO] [stderr]    Compiling bitcode v0.6.6
[INFO] [stderr]    Compiling tokio-tungstenite v0.27.0
[INFO] [stderr]    Compiling reflow_graph v0.2.1
[INFO] [stderr]    Compiling reflow_tracing_protocol v0.2.1
[INFO] [stderr]    Compiling reflow_actor v0.2.1 (/opt/rustwide/workdir)
[INFO] [stdout] warning: use of deprecated method `std::sync::atomic::Atomic::<usize>::fetch_update`: renamed to `try_update` for consistency
[INFO] [stdout]    --> src/lib.rs:438:14
[INFO] [stdout]     |
[INFO] [stdout] 438 |             .fetch_update(Ordering::Relaxed, Ordering::Relaxed, |v| {
[INFO] [stdout]     |              ^^^^^^^^^^^^
[INFO] [stdout]     |
[INFO] [stdout]     = note: `#[warn(deprecated)]` on by default
[INFO] [stdout] help: replace the use of the deprecated method
[INFO] [stdout]     |
[INFO] [stdout] 438 -             .fetch_update(Ordering::Relaxed, Ordering::Relaxed, |v| {
[INFO] [stdout] 438 +             .try_update(Ordering::Relaxed, Ordering::Relaxed, |v| {
[INFO] [stdout]     |
[INFO] [stdout] 
[INFO] [stdout] 
[INFO] [stderr] warning: unused dependency `ordered-float`
[INFO] [stderr]   --> Cargo.toml:24:15
[INFO] [stderr]    |
[INFO] [stderr] 24 | [dependencies.ordered-float]
[INFO] [stderr]    |               ^^^^^^^^^^^^^^
[INFO] [stderr]    |
[INFO] [stderr]    = note: `cargo::unused_dependencies` is set to `warn` by default
[INFO] [stderr] help: consider removing the dependency on `ordered-float`
[INFO] [stderr] warning: unused dependency `rayon`
[INFO] [stderr]   --> Cargo.toml:76:57
[INFO] [stderr]    |
[INFO] [stderr] 76 | [target.'cfg(not(target_arch = "wasm32"))'.dependencies.rayon]
[INFO] [stderr]    |                                                         ^^^^^^
[INFO] [stderr]    |
[INFO] [stderr] help: consider removing the dependency on `rayon`
[INFO] [stderr] warning: unused dependency `reflow_actor_macro`
[INFO] [stderr]   --> Cargo.toml:30:15
[INFO] [stderr]    |
[INFO] [stderr] 30 | [dependencies.reflow_actor_macro]
[INFO] [stderr]    |               ^^^^^^^^^^^^^^^^^^^
[INFO] [stderr]    |
[INFO] [stderr] help: consider removing the dependency on `reflow_actor_macro`
[INFO] [stderr] warning: `reflow_actor` (manifest) generated 3 warnings
[INFO] [stderr]     Finished `dev` profile [unoptimized + debuginfo] target(s) in 35.88s
[INFO] running `Command { std: "docker" "inspect" "3db19d61a5c911f43407596935e3a58bb3ffea8f4d1686e322d410c056d3363c", kill_on_drop: false }`
[INFO] running `Command { std: "docker" "exec" "-e" "SOURCE_DIR=/opt/rustwide/workdir" "-e" "CARGO_HOME=/opt/rustwide/cargo-home" "-e" "RUSTUP_HOME=/opt/rustwide/rustup-home" "-e" "CARGO_TARGET_DIR=/opt/rustwide/target" "-e" "CARGO_INCREMENTAL=0" "-e" "RUST_BACKTRACE=full" "-e" "RUSTFLAGS=--cap-lints=warn" "-e" "RUSTDOCFLAGS=--cap-lints=warn" "-w" "/opt/rustwide/workdir" "--user" "0:0" "3db19d61a5c911f43407596935e3a58bb3ffea8f4d1686e322d410c056d3363c" "/opt/rustwide/cargo-home/bin/cargo" "+1.100.0-beta.1" "test" "--frozen" "--no-run" "--message-format=json", kill_on_drop: false }`
[INFO] [stderr] warning: `package.homepage` is redundant with `package.repository`
[INFO] [stderr]   --> Cargo.toml:66:12
[INFO] [stderr]    |
[INFO] [stderr] 66 | homepage = "https://github.com/offbit-ai/reflow"
[INFO] [stderr]    |            ^^^^^^^^^^^^^^^^^^^^^^^^^^^^^^^^^^^^^
[INFO] [stderr] ...
[INFO] [stderr] 71 | repository = "https://github.com/offbit-ai/reflow"
[INFO] [stderr]    |              -------------------------------------
[INFO] [stderr]    |
[INFO] [stderr]    = note: `cargo::redundant_homepage` is set to `warn` by default
[INFO] [stderr] help: consider removing `package.homepage`
[INFO] [stderr] warning: `reflow_actor` (manifest) generated 1 warning
[INFO] [stdout] warning: use of deprecated method `std::sync::atomic::Atomic::<usize>::fetch_update`: renamed to `try_update` for consistency
[INFO] [stdout]    --> src/lib.rs:438:14
[INFO] [stdout]     |
[INFO] [stdout] 438 |             .fetch_update(Ordering::Relaxed, Ordering::Relaxed, |v| {
[INFO] [stdout]     |              ^^^^^^^^^^^^
[INFO] [stdout]     |
[INFO] [stdout]     = note: `#[warn(deprecated)]` on by default
[INFO] [stdout] help: replace the use of the deprecated method
[INFO] [stdout]     |
[INFO] [stdout] 438 -             .fetch_update(Ordering::Relaxed, Ordering::Relaxed, |v| {
[INFO] [stdout] 438 +             .try_update(Ordering::Relaxed, Ordering::Relaxed, |v| {
[INFO] [stdout]     |
[INFO] [stdout] 
[INFO] [stdout] 
[INFO] [stderr]    Compiling reflow_actor v0.2.1 (/opt/rustwide/workdir)
[INFO] [stdout] warning: use of deprecated method `std::sync::atomic::Atomic::<usize>::fetch_update`: renamed to `try_update` for consistency
[INFO] [stdout]    --> src/lib.rs:438:14
[INFO] [stdout]     |
[INFO] [stdout] 438 |             .fetch_update(Ordering::Relaxed, Ordering::Relaxed, |v| {
[INFO] [stdout]     |              ^^^^^^^^^^^^
[INFO] [stdout]     |
[INFO] [stdout]     = note: `#[warn(deprecated)]` on by default
[INFO] [stdout] help: replace the use of the deprecated method
[INFO] [stdout]     |
[INFO] [stdout] 438 -             .fetch_update(Ordering::Relaxed, Ordering::Relaxed, |v| {
[INFO] [stdout] 438 +             .try_update(Ordering::Relaxed, Ordering::Relaxed, |v| {
[INFO] [stdout]     |
[INFO] [stdout] 
[INFO] [stdout] 
[INFO] [stderr] warning: unused dependency `ordered-float`
[INFO] [stderr]   --> Cargo.toml:24:15
[INFO] [stderr]    |
[INFO] [stderr] 24 | [dependencies.ordered-float]
[INFO] [stderr]    |               ^^^^^^^^^^^^^^
[INFO] [stderr]    |
[INFO] [stderr]    = note: `cargo::unused_dependencies` is set to `warn` by default
[INFO] [stderr] help: consider removing the dependency on `ordered-float`
[INFO] [stderr] warning: unused dependency `rayon`
[INFO] [stderr]   --> Cargo.toml:76:57
[INFO] [stderr]    |
[INFO] [stderr] 76 | [target.'cfg(not(target_arch = "wasm32"))'.dependencies.rayon]
[INFO] [stderr]    |                                                         ^^^^^^
[INFO] [stderr]    |
[INFO] [stderr] help: consider removing the dependency on `rayon`
[INFO] [stderr] warning: unused dependency `reflow_actor_macro`
[INFO] [stderr]   --> Cargo.toml:30:15
[INFO] [stderr]    |
[INFO] [stderr] 30 | [dependencies.reflow_actor_macro]
[INFO] [stderr]    |               ^^^^^^^^^^^^^^^^^^^
[INFO] [stderr]    |
[INFO] [stderr] help: consider removing the dependency on `reflow_actor_macro`
[INFO] [stderr] warning: `reflow_actor` (manifest) generated 3 warnings
[INFO] [stderr]     Finished `test` profile [unoptimized + debuginfo] target(s) in 3.16s
[INFO] running `Command { std: "docker" "inspect" "3db19d61a5c911f43407596935e3a58bb3ffea8f4d1686e322d410c056d3363c", kill_on_drop: false }`
[INFO] running `Command { std: "docker" "exec" "-e" "SOURCE_DIR=/opt/rustwide/workdir" "-e" "CARGO_HOME=/opt/rustwide/cargo-home" "-e" "RUSTUP_HOME=/opt/rustwide/rustup-home" "-e" "CARGO_TARGET_DIR=/opt/rustwide/target" "-e" "CARGO_INCREMENTAL=0" "-e" "RUST_BACKTRACE=full" "-e" "RUSTFLAGS=--cap-lints=warn" "-e" "RUSTDOCFLAGS=--cap-lints=warn" "-w" "/opt/rustwide/workdir" "--user" "0:0" "3db19d61a5c911f43407596935e3a58bb3ffea8f4d1686e322d410c056d3363c" "/opt/rustwide/cargo-home/bin/cargo" "+1.100.0-beta.1" "test" "--frozen", kill_on_drop: false }`
[INFO] [stderr] warning: `package.homepage` is redundant with `package.repository`
[INFO] [stderr]   --> Cargo.toml:66:12
[INFO] [stderr]    |
[INFO] [stderr] 66 | homepage = "https://github.com/offbit-ai/reflow"
[INFO] [stderr]    |            ^^^^^^^^^^^^^^^^^^^^^^^^^^^^^^^^^^^^^
[INFO] [stderr] ...
[INFO] [stderr] 71 | repository = "https://github.com/offbit-ai/reflow"
[INFO] [stderr]    |              -------------------------------------
[INFO] [stderr]    |
[INFO] [stderr]    = note: `cargo::redundant_homepage` is set to `warn` by default
[INFO] [stderr] help: consider removing `package.homepage`
[INFO] [stderr] warning: `reflow_actor` (manifest) generated 1 warning
[INFO] [stderr] warning: use of deprecated method `std::sync::atomic::Atomic::<usize>::fetch_update`: renamed to `try_update` for consistency
[INFO] [stderr]    --> src/lib.rs:438:14
[INFO] [stderr]     |
[INFO] [stderr] 438 |             .fetch_update(Ordering::Relaxed, Ordering::Relaxed, |v| {
[INFO] [stderr]     |              ^^^^^^^^^^^^
[INFO] [stderr]     |
[INFO] [stderr]     = note: `#[warn(deprecated)]` on by default
[INFO] [stderr] help: replace the use of the deprecated method
[INFO] [stderr]     |
[INFO] [stderr] 438 -             .fetch_update(Ordering::Relaxed, Ordering::Relaxed, |v| {
[INFO] [stderr] 438 +             .try_update(Ordering::Relaxed, Ordering::Relaxed, |v| {
[INFO] [stderr]     |
[INFO] [stderr] 
[INFO] [stderr] warning: `reflow_actor` (lib) generated 1 warning (run `cargo fix --lib -p reflow_actor` to apply 1 suggestion)
[INFO] [stderr] warning: `reflow_actor` (lib test) generated 1 warning (1 duplicate)
[INFO] [stderr] warning: unused dependency `ordered-float`
[INFO] [stderr]   --> Cargo.toml:24:15
[INFO] [stderr]    |
[INFO] [stderr] 24 | [dependencies.ordered-float]
[INFO] [stderr]    |               ^^^^^^^^^^^^^^
[INFO] [stderr]    |
[INFO] [stderr]    = note: `cargo::unused_dependencies` is set to `warn` by default
[INFO] [stderr] help: consider removing the dependency on `ordered-float`
[INFO] [stderr] warning: unused dependency `rayon`
[INFO] [stderr]   --> Cargo.toml:76:57
[INFO] [stderr]    |
[INFO] [stderr] 76 | [target.'cfg(not(target_arch = "wasm32"))'.dependencies.rayon]
[INFO] [stderr]    |                                                         ^^^^^^
[INFO] [stderr]    |
[INFO] [stderr] help: consider removing the dependency on `rayon`
[INFO] [stderr] warning: unused dependency `reflow_actor_macro`
[INFO] [stderr]   --> Cargo.toml:30:15
[INFO] [stderr]    |
[INFO] [stderr] 30 | [dependencies.reflow_actor_macro]
[INFO] [stderr]    |               ^^^^^^^^^^^^^^^^^^^
[INFO] [stderr]    |
[INFO] [stderr] help: consider removing the dependency on `reflow_actor_macro`
[INFO] [stderr] warning: `reflow_actor` (manifest) generated 3 warnings
[INFO] [stderr]     Finished `test` profile [unoptimized + debuginfo] target(s) in 0.14s
[INFO] [stderr]      Running unittests src/lib.rs (/opt/rustwide/target/debug/build/reflow_actor/97e92cf7c8b0f22b/out/reflow_actor-97e92cf7c8b0f22b)
[INFO] [stdout] 
[INFO] [stdout] running 98 tests
[INFO] [stdout] test message_test::test_compress_data_empty ... ok
[INFO] [stdout] test message_test::test_compress_data_disabled ... ok
[INFO] [stdout] test message_test::test_compress_data_normal ... ok
[INFO] [stdout] test message_test::test_compress_data_streaming ... ok
[INFO] [stdout] test message_test::test_compression_config_default ... ok
[INFO] [stdout] test message_test::test_compression_config_default_strategies ... ok
[INFO] [stdout] test message_test::test_compression_config_deserialize_custom_values ... ok
[INFO] [stdout] test message_test::test_compression_config_deserialize_defaults ... ok
[INFO] [stdout] test message_test::test_compression_config_deserialize_invalid_types ... ok
[INFO] [stdout] test message_test::test_compress_streaming_small_data ... ok
[INFO] [stdout] test message_test::test_compress_streaming_empty ... ok
[INFO] [stdout] test message_test::test_compress_streaming_invalid_level ... ok
[INFO] [stdout] test message_test::test_compression_config_deserialize_invalid_strategy ... ok
[INFO] [stdout] test message_test::test_compress_streaming_large_data ... ok
[INFO] [stdout] test message_test::test_compress_streaming_chunk_boundaries ... ok
[INFO] [stdout] test message_test::test_compression_config_serialization ... ok
[INFO] [stdout] test message_test::test_compress_data_different_levels ... ok
[INFO] [stdout] test message_test::test_compression_config_strategy_access ... ok
[INFO] [stdout] test message_test::test_compression_config_strategy_updates ... ok
[INFO] [stdout] test message_test::test_compression_config_deserialize_partial_values ... ok
[INFO] [stdout] test message_test::test_compression_config_max_values ... ok
[INFO] [stdout] test message_test::test_compression_config_thread_safety ... ok
[INFO] [stdout] test message_test::test_compression_decision_stream ... ok
[INFO] [stdout] test message_test::test_compression_strategy_display ... ok
[INFO] [stdout] test message_test::test_compression_strategy_to_string ... ok
[INFO] [stdout] test message_test::test_decode_corrupted_message ... ok
[INFO] [stdout] test message_test::test_decode_empty ... ok
[INFO] [stdout] test message_test::test_decode_empty_message ... ok
[INFO] [stdout] test message_test::test_decode_integer ... ok
[INFO] [stdout] test message_test::test_decode_string ... ok
[INFO] [stdout] test message_test::test_compression_config_empty_strategies ... ok
[INFO] [stdout] test message_test::test_decode_invalid_data ... ok
[INFO] [stdout] test message_test::test_decode_with_config_empty_data ... ok
[INFO] [stdout] test message_test::test_decode_with_config_invalid_data ... ok
[INFO] [stdout] test message_test::test_decode_json ... ok
[INFO] [stdout] test message_test::test_deserialize_string_values ... ok
[INFO] [stdout] test message_test::test_encode_adaptive ... ok
[INFO] [stdout] test message_test::test_encode_array_message ... ok
[INFO] [stdout] test message_test::test_decode_with_config_no_compression ... ok
[INFO] [stdout] test message_test::test_decode_valid_message ... ok
[INFO] [stdout] test message_test::test_encode_any_message ... ok
[INFO] [stdout] test message_test::test_decode_with_config_zstd ... ok
[INFO] [stdout] test message_test::test_deserialize_invalid_types ... ok
[INFO] [stdout] test message_test::test_encode_always_compress ... ok
[INFO] [stdout] test message_test::test_deserialize_object_values ... ok
[INFO] [stdout] test message_test::test_encode_compression_disabled ... ok
[INFO] [stdout] test message_test::test_encode_encoded_message ... ok
[INFO] [stdout] test message_test::test_encode_float_message ... ok
[INFO] [stdout] test message_test::test_encode_integer_message ... ok
[INFO] [stdout] test message_test::test_encode_boolean_message ... ok
[INFO] [stdout] test message_test::test_encode_empty_message ... ok
[INFO] [stdout] test message_test::test_encode_string_message ... ok
[INFO] [stdout] test message_test::test_encode_never_compress ... ok
[INFO] [stdout] test message_test::test_encode_null_message ... ok
[INFO] [stdout] test message_test::test_encode_small_message ... ok
[INFO] [stdout] test message_test::test_encoded_size_array ... ok
[INFO] [stdout] test message_test::test_encode_special_characters ... ok
[INFO] [stdout] test message_test::test_encoded_size_null ... ok
[INFO] [stdout] test message_test::test_encoded_size_boolean ... ok
[INFO] [stdout] test message_test::test_encoded_size_object ... ok
[INFO] [stdout] test message_test::test_encoded_size_integer ... ok
[INFO] [stdout] test message_test::test_encode_custom_strategy ... ok
[INFO] [stdout] test message_test::test_serialize_adaptive ... ok
[INFO] [stdout] test message_test::test_encoded_size_string ... ok
[INFO] [stdout] test message_test::test_serialize_all_variants ... ok
[INFO] [stdout] test message_test::test_encoded_size_float ... ok
[INFO] [stdout] test message_test::test_serialize_always ... ok
[INFO] [stdout] test message_test::test_serialize_custom ... ok
[INFO] [stdout] test message_test::test_serialize_error_handling ... ok
[INFO] [stdout] test message_test::test_serialize_never ... ok
[INFO] [stdout] test message_test::test_serialize_size_threshold ... ok
[INFO] [stdout] test message_test::test_update_with_threshold_different_multipliers ... ok
[INFO] [stdout] test message_test::test_encode_json_values ... ok
[INFO] [stdout] test message_test::test_update_with_threshold_highly_compressible ... ok
[INFO] [stdout] test message_test::test_encoded_size_encoded ... ok
[INFO] [stdout] test message_test::test_update_with_threshold_multiple_updates ... ok
[INFO] [stdout] test message_test::test_update_with_threshold_small_data ... ok
[INFO] [stdout] test stream::tests::test_actor_to_actor_stream_via_context ... ok
[INFO] [stdout] test stream::tests::test_stream_collect ... ok
[INFO] [stdout] test message_test::test_encode_size_threshold ... ok
[INFO] [stdout] test stream::tests::test_stream_frame_is_terminal ... ok
[INFO] [stdout] test stream::tests::test_observer_rejected_after_take ... ok
[INFO] [stdout] test stream::tests::test_stream_backpressure ... ok
[INFO] [stdout] test stream::tests::test_stream_broadcaster_fan_out ... ok
[INFO] [stdout] test stream::tests::test_stream_collect_error ... ok
[INFO] [stdout] test stream::tests::test_stream_from_bytes ... ok
[INFO] [stdout] test message_test::test_update_with_threshold_large_data ... ok
[INFO] [stdout] test stream::tests::test_stream_handle_serialization_roundtrip ... ok
[INFO] [stdout] test stream::tests::test_stream_registry_create_and_take ... ok
[INFO] [stdout] test stream::tests::test_stream_registry_remove_and_close ... ok
[INFO] [stdout] test stream::tests::test_stream_transform ... ok
[INFO] [stdout] test message_test::test_compress_streaming_config_levels ... ok
[INFO] [stdout] test message_test::test_compress_streaming_different_levels ... ok
[INFO] [stdout] test message_test::test_encoded_size_large_data ... ok
[INFO] [stdout] test message_test::test_encode_large_message ... ok
[INFO] [stdout] test stream::tests::test_stream_observer_tap ... ok
[INFO] [stdout] test message_test::test_compression_decision_string ... FAILED
[INFO] [stdout] test message_test::test_decode_large_message ... ok
[INFO] [stdout] 
[INFO] [stdout] failures:
[INFO] [stdout] 
[INFO] [stdout] ---- message_test::test_compression_decision_string stdout ----
[INFO] [stdout] Data size: 800
[INFO] [stdout] Small Data size: 17
[INFO] [stdout] 
[INFO] [stdout] thread 'message_test::test_compression_decision_string' (1657) panicked at src/message_test.rs:1449:5:
[INFO] [stdout] assertion failed: !small_msg.should_compress_adaptive(&small_data)
[INFO] [stdout] stack backtrace:
[INFO] [stdout]    0:     0x61258fd33831 - std[617be2ca0a6fd877]::backtrace_rs::backtrace::libunwind::trace
[INFO] [stdout]                                at /rustc/e3feeb59cd1bdd011a2bfcc0747b55125d9b8527/library/std/src/../../backtrace/src/backtrace/libunwind.rs:117:9
[INFO] [stdout]    1:     0x61258fd33831 - std[617be2ca0a6fd877]::backtrace_rs::backtrace::trace_unsynchronized::<std[617be2ca0a6fd877]::sys::backtrace::_print_fmt::{closure#1}>
[INFO] [stdout]                                at /rustc/e3feeb59cd1bdd011a2bfcc0747b55125d9b8527/library/std/src/../../backtrace/src/backtrace/mod.rs:66:14
[INFO] [stdout]    2:     0x61258fd33831 - std[617be2ca0a6fd877]::sys::backtrace::_print_fmt
[INFO] [stdout]                                at /rustc/e3feeb59cd1bdd011a2bfcc0747b55125d9b8527/library/std/src/sys/backtrace.rs:74:9
[INFO] [stdout]    3:     0x61258fd33831 - <<std[617be2ca0a6fd877]::sys::backtrace::BacktraceLock>::print::DisplayBacktrace as core[a373ad73a504971]::fmt::Display>::fmt
[INFO] [stdout]                                at /rustc/e3feeb59cd1bdd011a2bfcc0747b55125d9b8527/library/std/src/sys/backtrace.rs:44:26
[INFO] [stdout]    4:     0x61258fd48cba - <core[a373ad73a504971]::fmt::rt::Argument>::fmt
[INFO] [stdout]                                at /rustc/e3feeb59cd1bdd011a2bfcc0747b55125d9b8527/library/core/src/fmt/rt.rs:152:76
[INFO] [stdout]    5:     0x61258fd48cba - core[a373ad73a504971]::fmt::write
[INFO] [stdout]    6:     0x61258fd37bec - core[a373ad73a504971]::io::write::default_write_fmt::<alloc[2e1b2a31b91974c5]::vec::Vec<u8>>
[INFO] [stdout]                                at /rustc/e3feeb59cd1bdd011a2bfcc0747b55125d9b8527/library/core/src/io/write.rs:402:11
[INFO] [stdout]    7:     0x61258fd37bec - <alloc[2e1b2a31b91974c5]::vec::Vec<u8> as core[a373ad73a504971]::io::write::Write>::write_fmt
[INFO] [stdout]                                at /rustc/e3feeb59cd1bdd011a2bfcc0747b55125d9b8527/library/core/src/io/write.rs:335:13
[INFO] [stdout]    8:     0x61258fd0f506 - <std[617be2ca0a6fd877]::sys::backtrace::BacktraceLock>::print
[INFO] [stdout]                                at /rustc/e3feeb59cd1bdd011a2bfcc0747b55125d9b8527/library/std/src/sys/backtrace.rs:47:9
[INFO] [stdout]    9:     0x61258fd0f506 - std[617be2ca0a6fd877]::panicking::default_hook::{closure#0}
[INFO] [stdout]                                at /rustc/e3feeb59cd1bdd011a2bfcc0747b55125d9b8527/library/std/src/panicking.rs:289:27
[INFO] [stdout]   10:     0x61258fd2ba49 - std[617be2ca0a6fd877]::panicking::default_hook
[INFO] [stdout]                                at /rustc/e3feeb59cd1bdd011a2bfcc0747b55125d9b8527/library/std/src/panicking.rs:313:9
[INFO] [stdout]   11:     0x61258fa3eb70 - <alloc[2e1b2a31b91974c5]::boxed::Box<dyn for<'a, 'b> core[a373ad73a504971]::ops::function::Fn<(&'a std[617be2ca0a6fd877]::panic::PanicHookInfo<'b>,), Output = ()> + core[a373ad73a504971]::marker::Sync + core[a373ad73a504971]::marker::Send> as core[a373ad73a504971]::ops::function::Fn<(&std[617be2ca0a6fd877]::panic::PanicHookInfo,)>>::call
[INFO] [stdout]                                at /rustc/e3feeb59cd1bdd011a2bfcc0747b55125d9b8527/library/alloc/src/boxed.rs:2328:9
[INFO] [stdout]   12:     0x61258fa3eb70 - test[aada8e7e76ba119b]::test_main_inner::{closure#0}
[INFO] [stdout]                                at /rustc/e3feeb59cd1bdd011a2bfcc0747b55125d9b8527/library/test/src/lib.rs:137:21
[INFO] [stdout]   13:     0x61258fd2bd72 - <alloc[2e1b2a31b91974c5]::boxed::Box<dyn for<'a, 'b> core[a373ad73a504971]::ops::function::Fn<(&'a std[617be2ca0a6fd877]::panic::PanicHookInfo<'b>,), Output = ()> + core[a373ad73a504971]::marker::Sync + core[a373ad73a504971]::marker::Send> as core[a373ad73a504971]::ops::function::Fn<(&std[617be2ca0a6fd877]::panic::PanicHookInfo,)>>::call
[INFO] [stdout]                                at /rustc/e3feeb59cd1bdd011a2bfcc0747b55125d9b8527/library/alloc/src/boxed.rs:2328:9
[INFO] [stdout]   14:     0x61258fd2bd72 - std[617be2ca0a6fd877]::panicking::panic_with_hook
[INFO] [stdout]                                at /rustc/e3feeb59cd1bdd011a2bfcc0747b55125d9b8527/library/std/src/panicking.rs:819:13
[INFO] [stdout]   15:     0x61258fd0f5e4 - std[617be2ca0a6fd877]::panicking::panic_handler::{closure#0}
[INFO] [stdout]                                at /rustc/e3feeb59cd1bdd011a2bfcc0747b55125d9b8527/library/std/src/panicking.rs:678:13
[INFO] [stdout]   16:     0x61258fd082c9 - std[617be2ca0a6fd877]::sys::backtrace::__rust_end_short_backtrace::<std[617be2ca0a6fd877]::panicking::panic_handler::{closure#0}, !>
[INFO] [stdout]                                at /rustc/e3feeb59cd1bdd011a2bfcc0747b55125d9b8527/library/std/src/sys/backtrace.rs:182:18
[INFO] [stdout]   17:     0x61258fd101bd - __rustc[ea4f61d10b84890b]::rust_begin_unwind
[INFO] [stdout]                                at /rustc/e3feeb59cd1bdd011a2bfcc0747b55125d9b8527/library/std/src/panicking.rs:676:5
[INFO] [stdout]   18:     0x61258fd4950c - core[a373ad73a504971]::panicking::panic_fmt
[INFO] [stdout]                                at /rustc/e3feeb59cd1bdd011a2bfcc0747b55125d9b8527/library/core/src/panicking.rs:80:14
[INFO] [stdout]   19:     0x61258fd494d2 - core[a373ad73a504971]::panicking::panic
[INFO] [stdout]                                at /rustc/e3feeb59cd1bdd011a2bfcc0747b55125d9b8527/library/core/src/panicking.rs:150:5
[INFO] [stdout]   20:     0x61258f952cc4 - reflow_actor[541076c020a64dd2]::message_test::test_compression_decision_string
[INFO] [stdout]                                at /opt/rustwide/workdir/src/message_test.rs:1449:5
[INFO] [stdout]   21:     0x61258f9400b7 - reflow_actor[541076c020a64dd2]::message_test::test_compression_decision_string::{closure#0}
[INFO] [stdout]                                at /opt/rustwide/workdir/src/message_test.rs:1433:38
[INFO] [stdout]   22:     0x61258fa066c6 - <reflow_actor[541076c020a64dd2]::message_test::test_compression_decision_string::{closure#0} as core[a373ad73a504971]::ops::function::FnOnce<()>>::call_once
[INFO] [stdout]                                at /rustc/e3feeb59cd1bdd011a2bfcc0747b55125d9b8527/library/core/src/ops/function.rs:250:5
[INFO] [stdout]   23:     0x61258fa31fbb - <fn() -> core[a373ad73a504971]::result::Result<(), alloc[2e1b2a31b91974c5]::string::String> as core[a373ad73a504971]::ops::function::FnOnce<()>>::call_once
[INFO] [stdout]                                at /rustc/e3feeb59cd1bdd011a2bfcc0747b55125d9b8527/library/core/src/ops/function.rs:250:5
[INFO] [stdout]   24:     0x61258fa31fbb - test[aada8e7e76ba119b]::__rust_begin_short_backtrace::<core[a373ad73a504971]::result::Result<(), alloc[2e1b2a31b91974c5]::string::String>, fn() -> core[a373ad73a504971]::result::Result<(), alloc[2e1b2a31b91974c5]::string::String>>
[INFO] [stdout]                                at /rustc/e3feeb59cd1bdd011a2bfcc0747b55125d9b8527/library/test/src/lib.rs:701:18
[INFO] [stdout]   25:     0x61258fa3f195 - test[aada8e7e76ba119b]::run_test_in_process::{closure#0}
[INFO] [stdout]                                at /rustc/e3feeb59cd1bdd011a2bfcc0747b55125d9b8527/library/test/src/lib.rs:724:74
[INFO] [stdout]   26:     0x61258fa3f195 - <core[a373ad73a504971]::panic::unwind_safe::AssertUnwindSafe<test[aada8e7e76ba119b]::run_test_in_process::{closure#0}> as core[a373ad73a504971]::ops::function::FnOnce<()>>::call_once
[INFO] [stdout]                                at /rustc/e3feeb59cd1bdd011a2bfcc0747b55125d9b8527/library/core/src/panic/unwind_safe.rs:275:9
[INFO] [stdout]   27:     0x61258fa3f195 - std[617be2ca0a6fd877]::panicking::catch_unwind::do_call::<core[a373ad73a504971]::panic::unwind_safe::AssertUnwindSafe<test[aada8e7e76ba119b]::run_test_in_process::{closure#0}>, core[a373ad73a504971]::result::Result<(), alloc[2e1b2a31b91974c5]::string::String>>
[INFO] [stdout]                                at /rustc/e3feeb59cd1bdd011a2bfcc0747b55125d9b8527/library/std/src/panicking.rs:573:43
[INFO] [stdout]   28:     0x61258fa3f195 - std[617be2ca0a6fd877]::panicking::catch_unwind::<core[a373ad73a504971]::result::Result<(), alloc[2e1b2a31b91974c5]::string::String>, core[a373ad73a504971]::panic::unwind_safe::AssertUnwindSafe<test[aada8e7e76ba119b]::run_test_in_process::{closure#0}>>
[INFO] [stdout]                                at /rustc/e3feeb59cd1bdd011a2bfcc0747b55125d9b8527/library/std/src/panicking.rs:541:19
[INFO] [stdout]   29:     0x61258fa3f195 - std[617be2ca0a6fd877]::panic::catch_unwind::<core[a373ad73a504971]::panic::unwind_safe::AssertUnwindSafe<test[aada8e7e76ba119b]::run_test_in_process::{closure#0}>, core[a373ad73a504971]::result::Result<(), alloc[2e1b2a31b91974c5]::string::String>>
[INFO] [stdout]                                at /rustc/e3feeb59cd1bdd011a2bfcc0747b55125d9b8527/library/std/src/panic.rs:359:14
[INFO] [stdout]   30:     0x61258fa3f195 - test[aada8e7e76ba119b]::run_test_in_process
[INFO] [stdout]                                at /rustc/e3feeb59cd1bdd011a2bfcc0747b55125d9b8527/library/test/src/lib.rs:724:27
[INFO] [stdout]   31:     0x61258fa3f195 - test[aada8e7e76ba119b]::run_test::{closure#0}
[INFO] [stdout]                                at /rustc/e3feeb59cd1bdd011a2bfcc0747b55125d9b8527/library/test/src/lib.rs:645:43
[INFO] [stdout]   32:     0x61258fa38a84 - test[aada8e7e76ba119b]::run_test::{closure#1}
[INFO] [stdout]                                at /rustc/e3feeb59cd1bdd011a2bfcc0747b55125d9b8527/library/test/src/lib.rs:675:41
[INFO] [stdout]   33:     0x61258fa38a84 - std[617be2ca0a6fd877]::sys::backtrace::__rust_begin_short_backtrace::<test[aada8e7e76ba119b]::run_test::{closure#1}, ()>
[INFO] [stdout]                                at /rustc/e3feeb59cd1bdd011a2bfcc0747b55125d9b8527/library/std/src/sys/backtrace.rs:166:18
[INFO] [stdout]   34:     0x61258fa42222 - std[617be2ca0a6fd877]::thread::lifecycle::spawn_unchecked::<test[aada8e7e76ba119b]::run_test::{closure#1}, ()>::{closure#1}::{closure#0}
[INFO] [stdout]                                at /rustc/e3feeb59cd1bdd011a2bfcc0747b55125d9b8527/library/std/src/thread/lifecycle.rs:70:13
[INFO] [stdout]   35:     0x61258fa42222 - <core[a373ad73a504971]::panic::unwind_safe::AssertUnwindSafe<std[617be2ca0a6fd877]::thread::lifecycle::spawn_unchecked<test[aada8e7e76ba119b]::run_test::{closure#1}, ()>::{closure#1}::{closure#0}> as core[a373ad73a504971]::ops::function::FnOnce<()>>::call_once
[INFO] [stdout]                                at /rustc/e3feeb59cd1bdd011a2bfcc0747b55125d9b8527/library/core/src/panic/unwind_safe.rs:275:9
[INFO] [stdout]   36:     0x61258fa42222 - std[617be2ca0a6fd877]::panicking::catch_unwind::do_call::<core[a373ad73a504971]::panic::unwind_safe::AssertUnwindSafe<std[617be2ca0a6fd877]::thread::lifecycle::spawn_unchecked<test[aada8e7e76ba119b]::run_test::{closure#1}, ()>::{closure#1}::{closure#0}>, ()>
[INFO] [stdout]                                at /rustc/e3feeb59cd1bdd011a2bfcc0747b55125d9b8527/library/std/src/panicking.rs:573:43
[INFO] [stdout]   37:     0x61258fa42222 - std[617be2ca0a6fd877]::panicking::catch_unwind::<(), core[a373ad73a504971]::panic::unwind_safe::AssertUnwindSafe<std[617be2ca0a6fd877]::thread::lifecycle::spawn_unchecked<test[aada8e7e76ba119b]::run_test::{closure#1}, ()>::{closure#1}::{closure#0}>>
[INFO] [stdout]                                at /rustc/e3feeb59cd1bdd011a2bfcc0747b55125d9b8527/library/std/src/panicking.rs:541:19
[INFO] [stdout]   38:     0x61258fa42222 - std[617be2ca0a6fd877]::panic::catch_unwind::<core[a373ad73a504971]::panic::unwind_safe::AssertUnwindSafe<std[617be2ca0a6fd877]::thread::lifecycle::spawn_unchecked<test[aada8e7e76ba119b]::run_test::{closure#1}, ()>::{closure#1}::{closure#0}>, ()>
[INFO] [stdout]                                at /rustc/e3feeb59cd1bdd011a2bfcc0747b55125d9b8527/library/std/src/panic.rs:359:14
[INFO] [stdout]   39:     0x61258fa42222 - std[617be2ca0a6fd877]::thread::lifecycle::spawn_unchecked::<test[aada8e7e76ba119b]::run_test::{closure#1}, ()>::{closure#1}
[INFO] [stdout]                                at /rustc/e3feeb59cd1bdd011a2bfcc0747b55125d9b8527/library/std/src/thread/lifecycle.rs:68:26
[INFO] [stdout]   40:     0x61258fa42222 - <std[617be2ca0a6fd877]::thread::lifecycle::spawn_unchecked<test[aada8e7e76ba119b]::run_test::{closure#1}, ()>::{closure#1} as core[a373ad73a504971]::ops::function::FnOnce<()>>::call_once::{shim:vtable#0}
[INFO] [stdout]                                at /rustc/e3feeb59cd1bdd011a2bfcc0747b55125d9b8527/library/core/src/ops/function.rs:250:5
[INFO] [stdout]   41:     0x61258fd3304f - <alloc[2e1b2a31b91974c5]::boxed::Box<dyn core[a373ad73a504971]::ops::function::FnOnce<(), Output = ()> + core[a373ad73a504971]::marker::Send> as core[a373ad73a504971]::ops::function::FnOnce<()>>::call_once
[INFO] [stdout]                                at /rustc/e3feeb59cd1bdd011a2bfcc0747b55125d9b8527/library/alloc/src/boxed.rs:2314:9
[INFO] [stdout]   42:     0x61258fd3304f - <std[617be2ca0a6fd877]::sys::thread::unix::Thread>::new::thread_start
[INFO] [stdout]                                at /rustc/e3feeb59cd1bdd011a2bfcc0747b55125d9b8527/library/std/src/sys/thread/unix.rs:127:17
[INFO] [stdout]   43:     0x751f04c3cdfa - <unknown>
[INFO] [stdout]   44:     0x751f04cd03d4 - clone
[INFO] [stdout]   45:                0x0 - <unknown>
[INFO] [stdout] 
[INFO] [stdout] 
[INFO] [stdout] failures:
[INFO] [stdout]     message_test::test_compression_decision_string
[INFO] [stdout] 
[INFO] [stdout] test result: FAILED. 97 passed; 1 failed; 0 ignored; 0 measured; 0 filtered out; finished in 0.11s
[INFO] [stdout] 
[INFO] [stderr] error: test failed, to rerun pass `--lib`
[INFO] running `Command { std: "docker" "inspect" "3db19d61a5c911f43407596935e3a58bb3ffea8f4d1686e322d410c056d3363c", kill_on_drop: false }`
[INFO] running `Command { std: "docker" "rm" "-f" "3db19d61a5c911f43407596935e3a58bb3ffea8f4d1686e322d410c056d3363c", kill_on_drop: false }`
[INFO] [stdout] 3db19d61a5c911f43407596935e3a58bb3ffea8f4d1686e322d410c056d3363c
