[INFO] fetching crate redseat-crypto 0.1.0...
[INFO] testing redseat-crypto-0.1.0 against 1.99.0-beta.8 for beta-1.100-2
[INFO] extracting crate redseat-crypto 0.1.0 into /workspace/builds/worker-3-tc1/source
[INFO] started tweaking crates.io crate redseat-crypto 0.1.0
[INFO] finished tweaking crates.io crate redseat-crypto 0.1.0
[INFO] tweaked toml for crates.io crate redseat-crypto 0.1.0 written to /workspace/builds/worker-3-tc1/source/Cargo.toml
[INFO] validating manifest of crates.io crate redseat-crypto 0.1.0 on toolchain 1.99.0-beta.8
[INFO] running `Command { std: CARGO_HOME="/workspace/cargo-home" RUSTUP_HOME="/workspace/rustup-home" "/workspace/cargo-home/bin/cargo" "+1.99.0-beta.8" "metadata" "--manifest-path" "Cargo.toml" "--no-deps", kill_on_drop: false }`
[INFO] running `Command { std: CARGO_HOME="/workspace/cargo-home" RUSTUP_HOME="/workspace/rustup-home" "/workspace/cargo-home/bin/cargo" "+1.99.0-beta.8" "generate-lockfile" "--manifest-path" "Cargo.toml", kill_on_drop: false }`
[INFO] [stderr]     Updating crates.io index
[INFO] [stderr]      Locking 33 packages to highest compatible versions
[INFO] [stderr]       Adding base64 v0.22.1 (available: v0.23.1)
[INFO] [stderr]       Adding rand v0.8.8 (available: v0.10.3)
[INFO] [stderr]       Adding wasi v0.10.0+wasi-snapshot-preview1 (available: v0.10.2+wasi-snapshot-preview1)
[INFO] running `Command { std: CARGO_HOME="/workspace/cargo-home" RUSTUP_HOME="/workspace/rustup-home" "/workspace/cargo-home/bin/cargo" "+1.99.0-beta.8" "fetch" "--manifest-path" "Cargo.toml", kill_on_drop: false }`
[INFO] [stderr]  Downloading crates ...
[INFO] [stderr]   Downloaded rustc-serialize v0.3.25
[INFO] [stderr]   Downloaded gcc v0.3.55
[INFO] [stderr]   Downloaded rust-crypto v0.2.36
[INFO] running `Command { std: "docker" "create" "-v" "/var/lib/crater-agent-workspace/builds/worker-3-tc1/source:/opt/rustwide/workdir:ro,Z" "-v" "/var/lib/crater-agent-workspace/builds/worker-3-tc1/target:/opt/rustwide/target:rw,Z" "-v" "/var/lib/crater-agent-workspace/cargo-home:/opt/rustwide/cargo-home:ro,Z" "-v" "/var/lib/crater-agent-workspace/rustup-home:/opt/rustwide/rustup-home:ro,Z" "-m" "1610612736" "--network" "none" "ghcr.io/rust-lang/crates-build-env/linux@sha256:3111399a4047eeb3a02b7a90e478d715f38a8c6669b5c4b49d30a17385265909" "sleep" "infinity", kill_on_drop: false }`
[INFO] [stdout] 15bdff8340f395f090d49e76f7a35e70aa63fbfd5e034fa7d3e896c2fefce4ab
[INFO] running `Command { std: "docker" "start" "15bdff8340f395f090d49e76f7a35e70aa63fbfd5e034fa7d3e896c2fefce4ab", kill_on_drop: false }`
[INFO] running `Command { std: "docker" "inspect" "15bdff8340f395f090d49e76f7a35e70aa63fbfd5e034fa7d3e896c2fefce4ab", kill_on_drop: false }`
[INFO] running `Command { std: "docker" "exec" "-e" "SOURCE_DIR=/opt/rustwide/workdir" "-e" "CARGO_HOME=/opt/rustwide/cargo-home" "-e" "RUSTUP_HOME=/opt/rustwide/rustup-home" "-e" "CARGO_TARGET_DIR=/opt/rustwide/target" "-w" "/opt/rustwide/workdir" "--user" "0:0" "15bdff8340f395f090d49e76f7a35e70aa63fbfd5e034fa7d3e896c2fefce4ab" "/opt/rustwide/cargo-home/bin/cargo" "+1.99.0-beta.8" "metadata" "--no-deps" "--format-version=1", kill_on_drop: false }`
[INFO] running `Command { std: "docker" "inspect" "15bdff8340f395f090d49e76f7a35e70aa63fbfd5e034fa7d3e896c2fefce4ab", kill_on_drop: false }`
[INFO] running `Command { std: "docker" "exec" "-e" "SOURCE_DIR=/opt/rustwide/workdir" "-e" "CARGO_HOME=/opt/rustwide/cargo-home" "-e" "RUSTUP_HOME=/opt/rustwide/rustup-home" "-e" "CARGO_TARGET_DIR=/opt/rustwide/target" "-e" "CARGO_INCREMENTAL=0" "-e" "RUST_BACKTRACE=full" "-e" "RUSTFLAGS=--cap-lints=warn" "-e" "RUSTDOCFLAGS=--cap-lints=warn" "-w" "/opt/rustwide/workdir" "--user" "0:0" "15bdff8340f395f090d49e76f7a35e70aa63fbfd5e034fa7d3e896c2fefce4ab" "/opt/rustwide/cargo-home/bin/cargo" "+1.99.0-beta.8" "build" "--frozen" "--message-format=json", kill_on_drop: false }`
[INFO] [stderr]    Compiling gcc v0.3.55
[INFO] [stderr]    Compiling rustc-serialize v0.3.25
[INFO] [stderr]    Compiling getrandom v0.2.17
[INFO] [stderr]    Compiling rand v0.4.6
[INFO] [stderr]    Compiling time v0.1.45
[INFO] [stderr]    Compiling rand_core v0.6.4
[INFO] [stderr]    Compiling rand_chacha v0.3.1
[INFO] [stderr]    Compiling rand v0.8.8
[INFO] [stderr]    Compiling rust-crypto v0.2.36
[INFO] [stderr]    Compiling rand v0.3.23
[INFO] [stderr]    Compiling redseat-crypto v0.1.0 (/opt/rustwide/workdir)
[INFO] [stderr]     Finished `dev` profile [unoptimized + debuginfo] target(s) in 7.72s
[INFO] running `Command { std: "docker" "inspect" "15bdff8340f395f090d49e76f7a35e70aa63fbfd5e034fa7d3e896c2fefce4ab", kill_on_drop: false }`
[INFO] running `Command { std: "docker" "exec" "-e" "SOURCE_DIR=/opt/rustwide/workdir" "-e" "CARGO_HOME=/opt/rustwide/cargo-home" "-e" "RUSTUP_HOME=/opt/rustwide/rustup-home" "-e" "CARGO_TARGET_DIR=/opt/rustwide/target" "-e" "CARGO_INCREMENTAL=0" "-e" "RUST_BACKTRACE=full" "-e" "RUSTFLAGS=--cap-lints=warn" "-e" "RUSTDOCFLAGS=--cap-lints=warn" "-w" "/opt/rustwide/workdir" "--user" "0:0" "15bdff8340f395f090d49e76f7a35e70aa63fbfd5e034fa7d3e896c2fefce4ab" "/opt/rustwide/cargo-home/bin/cargo" "+1.99.0-beta.8" "test" "--frozen" "--no-run" "--message-format=json", kill_on_drop: false }`
[INFO] [stderr]    Compiling redseat-crypto v0.1.0 (/opt/rustwide/workdir)
[INFO] [stdout] warning: unused import: `io::copy`
[INFO] [stdout]    --> src/lib.rs:580:40
[INFO] [stdout]     |
[INFO] [stdout] 580 |     use std::{fs::{remove_file, File}, io::copy, path::PathBuf, str::FromStr};
[INFO] [stdout]     |                                        ^^^^^^^^
[INFO] [stdout]     |
[INFO] [stdout]     = note: `#[warn(unused_imports)]` (part of `#[warn(unused)]`) on by default
[INFO] [stdout] 
[INFO] [stdout] 
[INFO] [stderr]     Finished `test` profile [unoptimized + debuginfo] target(s) in 0.81s
[INFO] running `Command { std: "docker" "inspect" "15bdff8340f395f090d49e76f7a35e70aa63fbfd5e034fa7d3e896c2fefce4ab", kill_on_drop: false }`
[INFO] running `Command { std: "docker" "exec" "-e" "SOURCE_DIR=/opt/rustwide/workdir" "-e" "CARGO_HOME=/opt/rustwide/cargo-home" "-e" "RUSTUP_HOME=/opt/rustwide/rustup-home" "-e" "CARGO_TARGET_DIR=/opt/rustwide/target" "-e" "CARGO_INCREMENTAL=0" "-e" "RUST_BACKTRACE=full" "-e" "RUSTFLAGS=--cap-lints=warn" "-e" "RUSTDOCFLAGS=--cap-lints=warn" "-w" "/opt/rustwide/workdir" "--user" "0:0" "15bdff8340f395f090d49e76f7a35e70aa63fbfd5e034fa7d3e896c2fefce4ab" "/opt/rustwide/cargo-home/bin/cargo" "+1.99.0-beta.8" "test" "--frozen", kill_on_drop: false }`
[INFO] [stderr] warning: unused import: `io::copy`
[INFO] [stderr]    --> src/lib.rs:580:40
[INFO] [stderr]     |
[INFO] [stderr] 580 |     use std::{fs::{remove_file, File}, io::copy, path::PathBuf, str::FromStr};
[INFO] [stderr]     |                                        ^^^^^^^^
[INFO] [stderr]     |
[INFO] [stderr]     = note: `#[warn(unused_imports)]` (part of `#[warn(unused)]`) on by default
[INFO] [stderr] 
[INFO] [stderr] warning: `redseat-crypto` (lib test) generated 1 warning (run `cargo fix --lib -p redseat-crypto --tests` to apply 1 suggestion)
[INFO] [stderr]     Finished `test` profile [unoptimized + debuginfo] target(s) in 0.07s
[INFO] [stderr]      Running unittests src/lib.rs (/opt/rustwide/target/debug/deps/redseat_crypto-4a68d3b4d2579797)
[INFO] [stdout] 
[INFO] [stdout] running 4 tests
[INFO] [stdout] test tests::encrypt_with_infos ... FAILED
[INFO] [stdout] test tests::encrypt ... FAILED
[INFO] [stdout] test tests::encrypted_size ... ok
[INFO] [stdout] test tests::encrypted_info ... ok
[INFO] [stdout] 
[INFO] [stdout] failures:
[INFO] [stdout] 
[INFO] [stdout] ---- tests::encrypt_with_infos stdout ----
[INFO] [stdout] Error: Os { code: 30, kind: ReadOnlyFilesystem, message: "Read-only file system" }
[INFO] [stdout] 
[INFO] [stdout] ---- tests::encrypt stdout ----
[INFO] [stdout] Error: Os { code: 30, kind: ReadOnlyFilesystem, message: "Read-only file system" }
[INFO] [stdout] 
[INFO] [stdout] 
[INFO] [stdout] failures:
[INFO] [stdout]     tests::encrypt
[INFO] [stdout]     tests::encrypt_with_infos
[INFO] [stdout] 
[INFO] [stdout] test result: FAILED. 2 passed; 2 failed; 0 ignored; 0 measured; 0 filtered out; finished in 0.01s
[INFO] [stdout] 
[INFO] [stderr] error: test failed, to rerun pass `--lib`
[INFO] running `Command { std: "docker" "inspect" "15bdff8340f395f090d49e76f7a35e70aa63fbfd5e034fa7d3e896c2fefce4ab", kill_on_drop: false }`
[INFO] running `Command { std: "docker" "rm" "-f" "15bdff8340f395f090d49e76f7a35e70aa63fbfd5e034fa7d3e896c2fefce4ab", kill_on_drop: false }`
[INFO] [stdout] 15bdff8340f395f090d49e76f7a35e70aa63fbfd5e034fa7d3e896c2fefce4ab
