[INFO] fetching crate redoubt-alloc 0.1.0-rc.18...
[INFO] testing redoubt-alloc-0.1.0-rc.18 against 1.100.0-beta.1 for beta-1.100-2
[INFO] extracting crate redoubt-alloc 0.1.0-rc.18 into /workspace/builds/worker-3-tc2/source
[INFO] started tweaking crates.io crate redoubt-alloc 0.1.0-rc.18
[INFO] removed 0 missing tests
[INFO] finished tweaking crates.io crate redoubt-alloc 0.1.0-rc.18
[INFO] tweaked toml for crates.io crate redoubt-alloc 0.1.0-rc.18 written to /workspace/builds/worker-3-tc2/source/Cargo.toml
[INFO] validating manifest of crates.io crate redoubt-alloc 0.1.0-rc.18 on toolchain 1.100.0-beta.1
[INFO] running `Command { std: CARGO_HOME="/workspace/cargo-home" RUSTUP_HOME="/workspace/rustup-home" "/workspace/cargo-home/bin/cargo" "+1.100.0-beta.1" "metadata" "--manifest-path" "Cargo.toml" "--no-deps", kill_on_drop: false }`
[INFO] crate crates.io crate redoubt-alloc 0.1.0-rc.18 already has a lockfile, it will not be regenerated
[INFO] running `Command { std: CARGO_HOME="/workspace/cargo-home" RUSTUP_HOME="/workspace/rustup-home" "/workspace/cargo-home/bin/cargo" "+1.100.0-beta.1" "fetch" "--manifest-path" "Cargo.toml", kill_on_drop: false }`
[INFO] running `Command { std: "docker" "create" "-v" "/var/lib/crater-agent-workspace/builds/worker-3-tc2/source:/opt/rustwide/workdir:ro,Z" "-v" "/var/lib/crater-agent-workspace/builds/worker-3-tc2/target:/opt/rustwide/target:rw,Z" "-v" "/var/lib/crater-agent-workspace/cargo-home:/opt/rustwide/cargo-home:ro,Z" "-v" "/var/lib/crater-agent-workspace/rustup-home:/opt/rustwide/rustup-home:ro,Z" "-m" "1610612736" "--network" "none" "ghcr.io/rust-lang/crates-build-env/linux@sha256:3111399a4047eeb3a02b7a90e478d715f38a8c6669b5c4b49d30a17385265909" "sleep" "infinity", kill_on_drop: false }`
[INFO] [stdout] e03fdb7a19355401ee2f1950b2b650a2c541b7142808fb526341b42666158dd4
[INFO] running `Command { std: "docker" "start" "e03fdb7a19355401ee2f1950b2b650a2c541b7142808fb526341b42666158dd4", kill_on_drop: false }`
[INFO] running `Command { std: "docker" "inspect" "e03fdb7a19355401ee2f1950b2b650a2c541b7142808fb526341b42666158dd4", kill_on_drop: false }`
[INFO] running `Command { std: "docker" "exec" "-e" "SOURCE_DIR=/opt/rustwide/workdir" "-e" "CARGO_HOME=/opt/rustwide/cargo-home" "-e" "RUSTUP_HOME=/opt/rustwide/rustup-home" "-e" "CARGO_TARGET_DIR=/opt/rustwide/target" "-w" "/opt/rustwide/workdir" "--user" "0:0" "e03fdb7a19355401ee2f1950b2b650a2c541b7142808fb526341b42666158dd4" "/opt/rustwide/cargo-home/bin/cargo" "+1.100.0-beta.1" "metadata" "--no-deps" "--format-version=1", kill_on_drop: false }`
[INFO] running `Command { std: "docker" "inspect" "e03fdb7a19355401ee2f1950b2b650a2c541b7142808fb526341b42666158dd4", kill_on_drop: false }`
[INFO] running `Command { std: "docker" "exec" "-e" "SOURCE_DIR=/opt/rustwide/workdir" "-e" "CARGO_HOME=/opt/rustwide/cargo-home" "-e" "RUSTUP_HOME=/opt/rustwide/rustup-home" "-e" "CARGO_TARGET_DIR=/opt/rustwide/target" "-e" "CARGO_INCREMENTAL=0" "-e" "RUST_BACKTRACE=full" "-e" "RUSTFLAGS=--cap-lints=warn" "-e" "RUSTDOCFLAGS=--cap-lints=warn" "-w" "/opt/rustwide/workdir" "--user" "0:0" "e03fdb7a19355401ee2f1950b2b650a2c541b7142808fb526341b42666158dd4" "/opt/rustwide/cargo-home/bin/cargo" "+1.100.0-beta.1" "build" "--frozen" "--message-format=json", kill_on_drop: false }`
[INFO] [stderr]    Compiling find-msvc-tools v0.1.6
[INFO] [stderr]    Compiling proc-macro2 v1.0.104
[INFO] [stderr]    Compiling quote v1.0.42
[INFO] [stderr]    Compiling redoubt-asm v0.1.0-rc.18
[INFO] [stderr]    Compiling toml_parser v1.0.6+spec-1.1.0
[INFO] [stderr]    Compiling thiserror v2.0.17
[INFO] [stderr]    Compiling indexmap v2.12.1
[INFO] [stderr]    Compiling cc v1.2.51
[INFO] [stderr]    Compiling toml_edit v0.23.10+spec-1.0.0
[INFO] [stderr]    Compiling syn v2.0.111
[INFO] [stderr]    Compiling redoubt-mem-core v0.1.0-rc.18
[INFO] [stderr]    Compiling redoubt-mem v0.1.0-rc.18
[INFO] [stderr]    Compiling redoubt-util v0.1.0-rc.18
[INFO] [stderr]    Compiling proc-macro-crate v3.4.0
[INFO] [stderr]    Compiling redoubt-zero-core v0.1.0-rc.18
[INFO] [stderr]    Compiling thiserror-impl v2.0.17
[INFO] [stderr]    Compiling redoubt-zero-derive v0.1.0-rc.18
[INFO] [stderr]    Compiling redoubt-zero v0.1.0-rc.18
[INFO] [stderr]    Compiling redoubt-alloc v0.1.0-rc.18 (/opt/rustwide/workdir)
[INFO] [stderr]     Finished `dev` profile [unoptimized + debuginfo] target(s) in 10.49s
[INFO] running `Command { std: "docker" "inspect" "e03fdb7a19355401ee2f1950b2b650a2c541b7142808fb526341b42666158dd4", kill_on_drop: false }`
[INFO] running `Command { std: "docker" "exec" "-e" "SOURCE_DIR=/opt/rustwide/workdir" "-e" "CARGO_HOME=/opt/rustwide/cargo-home" "-e" "RUSTUP_HOME=/opt/rustwide/rustup-home" "-e" "CARGO_TARGET_DIR=/opt/rustwide/target" "-e" "CARGO_INCREMENTAL=0" "-e" "RUST_BACKTRACE=full" "-e" "RUSTFLAGS=--cap-lints=warn" "-e" "RUSTDOCFLAGS=--cap-lints=warn" "-w" "/opt/rustwide/workdir" "--user" "0:0" "e03fdb7a19355401ee2f1950b2b650a2c541b7142808fb526341b42666158dd4" "/opt/rustwide/cargo-home/bin/cargo" "+1.100.0-beta.1" "test" "--frozen" "--no-run" "--message-format=json", kill_on_drop: false }`
[INFO] [stderr]    Compiling syn v2.0.111
[INFO] [stderr]    Compiling libc v0.2.178
[INFO] [stderr]    Compiling redoubt-forensics-core v0.1.0-rc.18
[INFO] [stderr]    Compiling quiesce v0.0.1
[INFO] [stderr]    Compiling redoubt-forensics-allocator v0.1.0-rc.18
[INFO] [stderr]    Compiling thiserror-impl v2.0.17
[INFO] [stderr]    Compiling redoubt-zero-derive v0.1.0-rc.18
[INFO] [stderr]    Compiling redoubt-forensics-macros v0.1.0-rc.18
[INFO] [stderr]    Compiling redoubt-forensics v0.1.0-rc.18
[INFO] [stderr]    Compiling redoubt-zero v0.1.0-rc.18
[INFO] [stderr]    Compiling thiserror v2.0.17
[INFO] [stderr]    Compiling redoubt-alloc v0.1.0-rc.18 (/opt/rustwide/workdir)
[INFO] [stderr]     Finished `test` profile [unoptimized + debuginfo] target(s) in 14.35s
[INFO] running `Command { std: "docker" "inspect" "e03fdb7a19355401ee2f1950b2b650a2c541b7142808fb526341b42666158dd4", kill_on_drop: false }`
[INFO] running `Command { std: "docker" "exec" "-e" "SOURCE_DIR=/opt/rustwide/workdir" "-e" "CARGO_HOME=/opt/rustwide/cargo-home" "-e" "RUSTUP_HOME=/opt/rustwide/rustup-home" "-e" "CARGO_TARGET_DIR=/opt/rustwide/target" "-e" "CARGO_INCREMENTAL=0" "-e" "RUST_BACKTRACE=full" "-e" "RUSTFLAGS=--cap-lints=warn" "-e" "RUSTDOCFLAGS=--cap-lints=warn" "-w" "/opt/rustwide/workdir" "--user" "0:0" "e03fdb7a19355401ee2f1950b2b650a2c541b7142808fb526341b42666158dd4" "/opt/rustwide/cargo-home/bin/cargo" "+1.100.0-beta.1" "test" "--frozen", kill_on_drop: false }`
[INFO] [stderr]     Finished `test` profile [unoptimized + debuginfo] target(s) in 0.11s
[INFO] [stderr]      Running unittests src/lib.rs (/opt/rustwide/target/debug/build/redoubt-alloc/57311637dd707362/out/redoubt_alloc-57311637dd707362)
[INFO] [stdout] 
[INFO] [stdout] running 146 tests
[INFO] [stdout] test tests::redoubt_array::test_as_array ... ok
[INFO] [stdout] test tests::redoubt_array::test_as_slice ... ok
[INFO] [stdout] test tests::redoubt_array::test_as_mut_slice ... ok
[INFO] [stdout] test tests::redoubt_array::test_as_mut_array_full_replacement ... ok
[INFO] [stdout] test tests::redoubt_array::test_debug_redacted ... ok
[INFO] [stdout] test tests::redoubt_array::test_len_and_is_empty ... ok
[INFO] [stdout] test tests::redoubt_array::test_new ... ok
[INFO] [stdout] test tests::redoubt_array::test_partial_eq_different_arrays ... ok
[INFO] [stdout] test tests::redoubt_array::test_default ... ok
[INFO] [stdout] test tests::redoubt_array::test_deref ... ok
[INFO] [stdout] test tests::redoubt_array::test_from_mut_array ... ok
[INFO] [stdout] test tests::redoubt_array::test_redoubt_array_zeroizes_on_drop ... ok
[INFO] [stdout] test tests::redoubt_array::test_replace_from_mut_array_pattern ... ok
[INFO] [stdout] test tests::redoubt_array::test_partial_eq_equal_arrays ... ok
[INFO] [stdout] test tests::redoubt_array::test_as_array_pattern_matching ... ok
[INFO] [stdout] test tests::redoubt_array::test_redoubt_array_is_zeroizable ... ok
[INFO] [stdout] test tests::redoubt_array::test_replace_from_mut_array ... ok
[INFO] [stdout] test tests::redoubt_array::test_replace_from_mut_array_replaces_existing ... ok
[INFO] [stdout] test tests::redoubt_option::test_redoubt_option_as_mut_option ... ok
[INFO] [stdout] test tests::redoubt_option::test_redoubt_option_as_mut_empty ... ok
[INFO] [stdout] test tests::redoubt_option::test_redoubt_option_as_option ... ok
[INFO] [stdout] test tests::redoubt_option::test_redoubt_option_is_none_by_default ... ok
[INFO] [stdout] test tests::redoubt_option::test_redoubt_option_as_mut ... ok
[INFO] [stdout] test tests::redoubt_option::test_redoubt_option_is_zeroizable ... ok
[INFO] [stdout] test tests::redoubt_string::test_as_mut_string ... ok
[INFO] [stdout] test tests::redoubt_option::test_redoubt_option_zeroizes_on_drop ... ok
[INFO] [stdout] test tests::redoubt_string::test_as_mut_str ... ok
[INFO] [stdout] test tests::redoubt_string::test_as_mut_string_drain ... ok
[INFO] [stdout] test tests::redoubt_option::test_redoubt_option_replace ... ok
[INFO] [stdout] test tests::redoubt_option::test_redoubt_option_replace_zeroizes_old_value ... ok
[INFO] [stdout] test tests::redoubt_string::test_as_string ... ok
[INFO] [stdout] test tests::redoubt_string::test_clear ... ok
[INFO] [stdout] test tests::redoubt_string::test_deref ... ok
[INFO] [stdout] test tests::redoubt_string::test_debug_redacted ... ok
[INFO] [stdout] test tests::redoubt_string::test_extend_from_mut_string ... ok
[INFO] [stdout] test tests::redoubt_string::test_default ... ok
[INFO] [stdout] test tests::redoubt_string::test_extend_from_mut_string_appends ... ok
[INFO] [stdout] test tests::redoubt_string::test_extend_from_mut_string_with_sufficient_capacity ... ok
[INFO] [stdout] test tests::redoubt_string::test_extend_from_mut_string_zeroizes_source ... ok
[INFO] [stdout] test tests::redoubt_string::test_extend_from_str ... ok
[INFO] [stdout] test tests::redoubt_string::test_extend_from_str_appends ... ok
[INFO] [stdout] test tests::redoubt_array::test_as_mut_array ... ok
[INFO] [stdout] test tests::redoubt_string::test_extend_from_str_grows_to_power_of_2 ... ok
[INFO] [stdout] test tests::redoubt_string::test_extend_from_str_redoubt_emoji ... ok
[INFO] [stdout] test tests::redoubt_string::test_extend_from_str_single_allocation ... ok
[INFO] [stdout] test tests::redoubt_string::test_extend_from_str_chars ... ok
[INFO] [stdout] test tests::redoubt_string::test_extend_from_str_emoji ... ok
[INFO] [stdout] test tests::redoubt_string::test_as_str ... ok
[INFO] [stdout] test tests::redoubt_string::test_from_mut_string ... ok
[INFO] [stdout] test tests::redoubt_string::test_extend_from_str_utf8_handling ... ok
[INFO] [stdout] test tests::redoubt_string::test_extend_from_str_grows_into_zeroized_capacity ... ok
[INFO] [stdout] test tests::redoubt_string::test_from_str ... ok
[INFO] [stdout] test tests::redoubt_string::test_new ... ok
[INFO] [stdout] test tests::redoubt_string::test_partial_eq_different_lengths ... ok
[INFO] [stdout] test tests::redoubt_string::test_partial_eq_different_strings ... ok
[INFO] [stdout] test tests::redoubt_string::test_partial_eq_empty_strings ... ok
[INFO] [stdout] test tests::redoubt_string::test_partial_eq_equal_strings ... ok
[INFO] [stdout] test tests::redoubt_string::test_redoubt_string_zeroizes_on_drop ... ok
[INFO] [stdout] test tests::redoubt_string::test_replace_from_mut_string ... ok
[INFO] [stdout] test tests::redoubt_string::test_with_capacity ... ok
[INFO] [stdout] test tests::redoubt_vec::test_as_mut_slice ... ok
[INFO] [stdout] test tests::redoubt_vec::test_as_vec ... ok
[INFO] [stdout] test tests::redoubt_string::test_partial_eq_with_unicode ... ok
[INFO] [stdout] test tests::redoubt_string::test_redoubt_string_is_zeroizable ... ok
[INFO] [stdout] test tests::redoubt_vec::test_as_mut_vec ... ok
[INFO] [stdout] test tests::redoubt_vec::test_as_slice ... ok
[INFO] [stdout] test tests::redoubt_vec::test_clear ... ok
[INFO] [stdout] test tests::redoubt_vec::test_debug_redacted ... ok
[INFO] [stdout] test tests::redoubt_vec::test_default ... ok
[INFO] [stdout] test tests::redoubt_vec::test_default_init_to_size_with_bulk_zeroizable ... ok
[INFO] [stdout] test tests::redoubt_vec::test_default_init_to_size_zero ... ok
[INFO] [stdout] test tests::redoubt_vec::test_default_init_to_size_large ... ok
[INFO] [stdout] test tests::redoubt_vec::test_default_init_to_size_clears_existing_data ... ok
[INFO] [stdout] test tests::redoubt_vec::test_drain_value_grows_to_power_of_2 ... ok
[INFO] [stdout] test tests::redoubt_vec::test_drain_value ... ok
[INFO] [stdout] test tests::redoubt_vec::test_drain_value_single ... ok
[INFO] [stdout] test tests::redoubt_vec::test_extend_from_mut_slice ... ok
[INFO] [stdout] test tests::redoubt_vec::test_extend_from_mut_slice_with_sufficient_capacity ... ok
[INFO] [stdout] test tests::redoubt_vec::test_extend_from_mut_slice_grows ... ok
[INFO] [stdout] test tests::redoubt_vec::test_extend_from_mut_slice_zeroizes_default_values ... ok
[INFO] [stdout] test tests::redoubt_vec::test_default_init_to_size_with_complex_type ... ok
[INFO] [stdout] test tests::redoubt_vec::test_deref ... ok
[INFO] [stdout] test tests::redoubt_vec::test_finalize_default_init_to_size_in_bulk ... ok
[INFO] [stdout] test tests::redoubt_vec::test_finalize_default_init_to_size_one_default_at_a_time ... ok
[INFO] [stdout] test tests::redoubt_vec::test_from_mut_slice ... ok
[INFO] [stdout] test tests::redoubt_vec::test_maybe_grow_to_single_allocation ... ok
[INFO] [stdout] test tests::redoubt_vec::test_new ... ok
[INFO] [stdout] test tests::redoubt_vec::test_partial_eq_empty_vecs ... ok
[INFO] [stdout] test tests::redoubt_vec::test_partial_eq_equal_vecs ... ok
[INFO] [stdout] test tests::redoubt_vec::test_partial_eq_different_lengths ... ok
[INFO] [stdout] test tests::redoubt_vec::test_redoubt_vec_is_zeroizable ... ok
[INFO] [stdout] test tests::redoubt_vec::test_partial_eq_different_vecs ... ok
[INFO] [stdout] test tests::redoubt_vec::test_redoubt_vec_zeroizes_on_drop ... ok
[INFO] [stdout] test tests::redoubt_vec::test_replace_from_mut_slice ... ok
[INFO] [stdout] test tests::redoubt_vec::test_with_capacity_is_zeroized ... ok
[INFO] [stdout] test tests::vec::allocked_vec::test_allocked_vec_as_capacity_mut_slice_allows_writing_beyond_len ... ok
[INFO] [stdout] test tests::vec::allocked_vec::test_allocked_vec_as_capacity_slice_returns_full_capacity ... ok
[INFO] [stdout] test tests::vec::allocked_vec::test_allocked_vec_as_slice_and_as_mut_slice ... ok
[INFO] [stdout] test tests::vec::allocked_vec::test_allocked_vec_behaviour_fail_at_drain_from ... ok
[INFO] [stdout] test tests::vec::allocked_vec::test_allocked_vec_behaviour_fail_at_push ... ok
[INFO] [stdout] test tests::vec::allocked_vec::test_allocked_vec_debug_redacted ... ok
[INFO] [stdout] test tests::vec::allocked_vec::test_allocked_vec_debug_snapshot ... ok
[INFO] [stdout] test tests::vec::allocked_vec::test_allocked_vec_deref_to_slice ... ok
[INFO] [stdout] test tests::vec::allocked_vec::test_allocked_vec_drain_from_carries_arrays_whole ... ok
[INFO] [stdout] test tests::vec::allocked_vec::test_allocked_vec_drain_from_carries_vecs_by_their_buffers ... ok
[INFO] [stdout] test tests::vec::allocked_vec::test_allocked_vec_drain_from_does_not_reallocate ... ok
[INFO] [stdout] test tests::vec::allocked_vec::test_allocked_vec_drain_from_exceeds_capacity ... ok
[INFO] [stdout] test tests::redoubt_vec::test_extend_from_mut_slice_grows_into_zeroized_capacity ... ok
[INFO] [stdout] test tests::vec::allocked_vec::test_allocked_vec_drain_from_partial_fill ... ok
[INFO] [stdout] test tests::vec::allocked_vec::test_allocked_vec_drain_from_success ... ok
[INFO] [stdout] test tests::vec::allocked_vec::test_allocked_vec_default ... ok
[INFO] [stdout] test tests::redoubt_vec::test_replace_from_mut_slice_zeroizes_old_content ... ok
[INFO] [stdout] test tests::vec::allocked_vec::test_allocked_vec_fill_with_default_empty_vec ... ok
[INFO] [stdout] test tests::redoubt_vec::test_with_capacity ... ok
[INFO] [stdout] test tests::vec::allocked_vec::test_allocked_vec_as_mut_ptr_write_single_byte ... ok
[INFO] [stdout] test tests::vec::allocked_vec::test_allocked_vec_fill_with_default_partial_vec ... ok
[INFO] [stdout] test tests::vec::allocked_vec::test_allocked_vec_is_zeroizable ... ok
[INFO] [stdout] test tests::vec::allocked_vec::test_allocked_vec_partial_eq_different_capacities ... ok
[INFO] [stdout] test tests::vec::allocked_vec::test_allocked_vec_push_carries_a_vec_by_its_buffer ... ok
[INFO] [stdout] test tests::vec::allocked_vec::test_allocked_vec_push_carries_an_array_whole ... ok
[INFO] [stdout] test tests::vec::allocked_vec::test_allocked_vec_push_does_not_reallocate ... ok
[INFO] [stdout] test tests::vec::allocked_vec::test_allocked_vec_push_empties_what_it_was_handed ... ok
[INFO] [stdout] test tests::vec::allocked_vec::test_allocked_vec_partial_eq_different_lengths ... ok
[INFO] [stdout] test tests::vec::allocked_vec::test_allocked_vec_push_exceeds_capacity ... ok
[INFO] [stdout] test tests::vec::allocked_vec::test_allocked_vec_partial_eq_equal_vecs ... ok
[INFO] [stdout] test tests::vec::allocked_vec::test_allocked_vec_partial_eq_empty_vecs ... ok
[INFO] [stdout] test tests::vec::allocked_vec::test_allocked_vec_fill_with_default_full_vec ... ok
[INFO] [stdout] test tests::vec::allocked_vec::test_allocked_vec_realloc_with_capacity_preserves_len ... ok
[INFO] [stdout] test tests::vec::allocked_vec::test_allocked_vec_push_within_capacity ... ok
[INFO] [stdout] test tests::vec::allocked_vec::test_allocked_vec_realloc_with_capacity_noop_when_sufficient ... ok
[INFO] [stdout] test tests::vec::allocked_vec::test_allocked_vec_realloc_with_zeroizes_old_allocation ... ok
[INFO] [stdout] test tests::vec::allocked_vec::test_allocked_vec_partial_eq_different_data ... ok
[INFO] [stdout] test tests::vec::allocked_vec::test_allocked_vec_set_len_can_grow_within_capacity ... ok
[INFO] [stdout] test tests::vec::allocked_vec::test_allocked_vec_set_len_can_shrink ... ok
[INFO] [stdout] test tests::vec::allocked_vec::test_allocked_vec_truncate_zeroizes_removed_elements ... ok
[INFO] [stdout] test tests::vec::allocked_vec::test_allocked_vec_reserve_exact_seals_vector ... ok
[INFO] [stdout] test tests::vec::allocked_vec::test_allocked_vec_with_capacity_seals_allocked_vec ... ok
[INFO] [stdout] test tests::vec::allocked_vec::test_allocked_vec_reserve_exact_zeroizes_the_block_the_allocator_hands_it ... ok
[INFO] [stdout] test tests::vec::allocked_vec::test_allocked_vec_zeroizes_on_drop ... ok
[INFO] [stdout] test tests::vec::allocked_vec::test_behaviour_default_returns_none ... ok
[INFO] [stdout] test tests::vec::allocked_vec::test_allocked_vec_realloc_with_capacity_ok ... ok
[INFO] [stdout] test tests::vec::behaviour::test_allocked_vec_behaviour ... ok
[INFO] [stdout] test tests::vec::allocked_vec::test_allocked_vec_realloc_with_noop_when_sufficient ... ok
[INFO] [stdout] test tests::redoubt_option::test_redoubt_option_as_ref_empty ... ok
[INFO] [stdout] test tests::redoubt_string::test_with_capacity_is_zeroized_over_its_whole_capacity ... ok
[INFO] [stdout] test tests::vec::allocked_vec::test_allocked_vec_set_len_refuses_a_length_past_the_capacity - should panic ... ok
[INFO] [stdout] 
[INFO] [stdout] test result: ok. 146 passed; 0 failed; 0 ignored; 0 measured; 0 filtered out; finished in 0.13s
[INFO] [stdout] 
[INFO] [stderr]      Running tests/forensics/main.rs (/opt/rustwide/target/debug/build/redoubt-alloc/5b620feb52d185bc/out/forensics-5b620feb52d185bc)
[INFO] [stdout] 
[INFO] [stdout] running 320 tests
[INFO] [stdout] test allocked_vec::test_a_default_allocked_vec_leaves_nothing ... ignored, Reads no secret: it makes an empty container.
[INFO] [stdout] test allocked_vec::test_an_allocked_vec_as_a_capacity_mut_slice_leaves_nothing ... ignored, Reads no secret: it hands back a reference and copies nothing.
[INFO] [stdout] test allocked_vec::test_an_allocked_vec_as_a_capacity_slice_leaves_nothing ... ignored, Reads no secret: it hands back a reference and copies nothing.
[INFO] [stdout] test allocked_vec::test_an_allocked_vec_as_a_mut_ptr_leaves_nothing ... ignored, Reads no secret: it hands back a pointer.
[INFO] [stdout] test allocked_vec::test_an_allocked_vec_as_a_mut_slice_leaves_nothing ... ignored, Reads no secret: it hands back a reference and copies nothing.
[INFO] [stdout] test allocked_vec::test_an_allocked_vec_as_a_slice_leaves_nothing ... ignored, Reads no secret: it hands back a reference and copies nothing.
[INFO] [stdout] test allocked_vec::test_an_allocked_vec_filled_with_defaults_leaves_nothing ... ignored, Reads no secret: it writes defaults.
[INFO] [stdout] test allocked_vec::test_an_allocked_vec_given_away_is_found_while_it_is_held ... ok
[INFO] [stdout] test allocked_vec::test_an_allocked_vec_of_1024_reallocated_leaves_nothing ... FAILED
[INFO] [stdout] test allocked_vec::test_an_allocked_vec_of_1024_truncated_leaves_nothing ... FAILED
[INFO] [stdout] test allocked_vec::test_an_allocked_vec_of_1024_given_away_leaves_nothing ... FAILED
[INFO] [stdout] test allocked_vec::test_an_allocked_vec_of_1024_dropped_leaves_nothing ... FAILED
[INFO] [stdout] test allocked_vec::test_an_allocked_vec_of_128_drained_into_leaves_nothing ... FAILED
[INFO] [stdout] test allocked_vec::test_an_allocked_vec_of_1024_pushed_into_leaves_nothing ... FAILED
[INFO] [stdout] test allocked_vec::test_an_allocked_vec_of_1024_drained_into_leaves_nothing ... FAILED
[INFO] [stdout] test allocked_vec::test_an_allocked_vec_of_128_dropped_leaves_nothing has been running for over 60 seconds
[INFO] [stdout] test allocked_vec::test_an_allocked_vec_of_128_given_away_leaves_nothing has been running for over 60 seconds
[INFO] [stdout] test allocked_vec::test_an_allocked_vec_of_128_pushed_into_leaves_nothing has been running for over 60 seconds
[INFO] [stdout] test allocked_vec::test_an_allocked_vec_of_128_reallocated_leaves_nothing has been running for over 60 seconds
[INFO] [stdout] test allocked_vec::test_an_allocked_vec_of_128_truncated_leaves_nothing has been running for over 60 seconds
[INFO] [stdout] test allocked_vec::test_an_allocked_vec_of_128_dropped_leaves_nothing ... FAILED
[INFO] [stdout] test allocked_vec::test_an_allocked_vec_of_16384_drained_into_leaves_nothing has been running for over 60 seconds
[INFO] [stdout] test allocked_vec::test_an_allocked_vec_of_16384_dropped_leaves_nothing has been running for over 60 seconds
[INFO] [stdout] test allocked_vec::test_an_allocked_vec_of_16384_given_away_leaves_nothing has been running for over 60 seconds
[INFO] [stdout] test allocked_vec::test_an_allocked_vec_of_128_truncated_leaves_nothing ... FAILED
[INFO] [stdout] test allocked_vec::test_an_allocked_vec_of_128_given_away_leaves_nothing ... FAILED
[INFO] [stdout] test allocked_vec::test_an_allocked_vec_of_128_pushed_into_leaves_nothing ... FAILED
[INFO] [stdout] test allocked_vec::test_an_allocked_vec_of_128_reallocated_leaves_nothing ... FAILED
[INFO] [stdout] test allocked_vec::test_an_allocked_vec_of_16384_dropped_leaves_nothing ... FAILED
[INFO] [stdout] test allocked_vec::test_an_allocked_vec_of_16384_drained_into_leaves_nothing ... FAILED
[INFO] [stdout] test allocked_vec::test_an_allocked_vec_of_16384_given_away_leaves_nothing ... FAILED
[INFO] [stdout] test allocked_vec::test_an_allocked_vec_of_16384_pushed_into_leaves_nothing has been running for over 60 seconds
[INFO] [stdout] test allocked_vec::test_an_allocked_vec_of_16384_reallocated_leaves_nothing has been running for over 60 seconds
[INFO] [stdout] test allocked_vec::test_an_allocked_vec_of_16384_truncated_leaves_nothing has been running for over 60 seconds
[INFO] [stdout] test allocked_vec::test_an_allocked_vec_of_32_drained_into_leaves_nothing has been running for over 60 seconds
[INFO] [stdout] test allocked_vec::test_an_allocked_vec_of_32_dropped_leaves_nothing has been running for over 60 seconds
[INFO] [stdout] test allocked_vec::test_an_allocked_vec_of_16384_pushed_into_leaves_nothing ... FAILED
[INFO] [stdout] test allocked_vec::test_an_allocked_vec_of_16384_truncated_leaves_nothing ... FAILED
[INFO] [stdout] test allocked_vec::test_an_allocked_vec_of_32_dropped_leaves_nothing ... FAILED
[INFO] [stdout] test allocked_vec::test_an_allocked_vec_of_32_given_away_leaves_nothing has been running for over 60 seconds
[INFO] [stdout] test allocked_vec::test_an_allocked_vec_of_32_drained_into_leaves_nothing ... FAILED
[INFO] [stdout] test allocked_vec::test_an_allocked_vec_of_32_pushed_into_leaves_nothing has been running for over 60 seconds
[INFO] [stdout] test allocked_vec::test_an_allocked_vec_of_16384_reallocated_leaves_nothing ... FAILED
[INFO] [stdout] test allocked_vec::test_an_allocked_vec_of_32_reallocated_leaves_nothing has been running for over 60 seconds
[INFO] [stdout] test allocked_vec::test_an_allocked_vec_of_32_reallocated_leaves_nothing ... FAILED
[INFO] [stdout] test allocked_vec::test_an_allocked_vec_of_32_pushed_into_leaves_nothing ... FAILED
[INFO] [stdout] test allocked_vec::test_an_allocked_vec_of_32_given_away_leaves_nothing ... FAILED
[INFO] [stdout] test allocked_vec::test_an_allocked_vec_of_32_truncated_leaves_nothing ... FAILED
[INFO] [stdout] test allocked_vec::test_an_allocked_vec_of_4096_drained_into_leaves_nothing ... FAILED
[INFO] [stdout] test allocked_vec::test_an_allocked_vec_of_4096_given_away_leaves_nothing ... FAILED
[INFO] [stdout] test allocked_vec::test_an_allocked_vec_of_4096_dropped_leaves_nothing ... FAILED
[INFO] [stdout] test allocked_vec::test_an_allocked_vec_of_4096_pushed_into_leaves_nothing ... FAILED
[INFO] [stdout] test allocked_vec::test_an_allocked_vec_of_4096_reallocated_leaves_nothing ... FAILED
[INFO] [stdout] test allocked_vec::test_an_allocked_vec_of_4096_truncated_leaves_nothing ... FAILED
[INFO] [stdout] test allocked_vec::test_an_allocked_vec_of_512_drained_into_leaves_nothing ... FAILED
[INFO] [stdout] test allocked_vec::test_an_allocked_vec_of_512_dropped_leaves_nothing ... FAILED
[INFO] [stdout] test allocked_vec::test_an_allocked_vec_of_512_given_away_leaves_nothing ... FAILED
[INFO] [stdout] test allocked_vec::test_an_allocked_vec_of_512_pushed_into_leaves_nothing ... FAILED
[INFO] [stdout] test allocked_vec::test_an_allocked_vec_of_512_reallocated_leaves_nothing ... FAILED
[INFO] [stdout] test allocked_vec::test_an_allocked_vec_of_512_truncated_leaves_nothing ... FAILED
[INFO] [stdout] test allocked_vec::test_an_allocked_vec_of_64_drained_into_leaves_nothing ... FAILED
[INFO] [stdout] test allocked_vec::test_an_allocked_vec_of_64_dropped_leaves_nothing ... FAILED
[INFO] [stdout] test allocked_vec::test_an_allocked_vec_of_64_given_away_leaves_nothing ... FAILED
[INFO] [stdout] test allocked_vec::test_an_allocked_vec_of_64_pushed_into_leaves_nothing ... FAILED
[INFO] [stdout] test allocked_vec::test_an_allocked_vec_of_64_reallocated_leaves_nothing ... FAILED
[INFO] [stdout] test allocked_vec::test_an_allocked_vec_reallocated_with_a_hook_leaves_nothing ... ignored, Covered transitively: `realloc_with_capacity` is what reaches it outside the crate, and its section measures it.
[INFO] [stdout] test allocked_vec::test_an_allocked_vec_reserved_leaves_nothing ... ignored, Reads no secret: it writes zeros over capacity nothing has filled.
[INFO] [stdout] test allocked_vec::test_dereferencing_an_allocked_vec_leaves_nothing ... ignored, Reads no secret: it hands back a reference and copies nothing.
[INFO] [stdout] test allocked_vec::test_formatting_an_allocked_vec_leaves_nothing ... ignored, Reads no secret: it prints the length and the capacity, and redacts the contents.
[INFO] [stdout] test allocked_vec::test_making_an_allocked_vec_leaves_nothing ... ignored, Reads no secret: it makes an empty container.
[INFO] [stdout] test allocked_vec::test_making_an_allocked_vec_with_capacity_leaves_nothing ... ignored, Reads no secret: it makes an empty container.
[INFO] [stdout] test allocked_vec::test_setting_the_length_of_an_allocked_vec_leaves_nothing ... ignored, Reads no secret: it writes a length.
[INFO] [stdout] test allocked_vec::test_the_capacity_of_an_allocked_vec_leaves_nothing ... ignored, Reads no secret: it reads a length.
[INFO] [stdout] test allocked_vec::test_the_length_of_an_allocked_vec_leaves_nothing ... ignored, Reads no secret: it reads a length.
[INFO] [stdout] test allocked_vec::test_an_allocked_vec_of_64_truncated_leaves_nothing ... FAILED
[INFO] [stdout] test allocked_vec::test_an_allocked_vec_of_65536_drained_into_leaves_nothing ... FAILED
[INFO] [stdout] test allocked_vec::test_an_allocked_vec_of_65536_dropped_leaves_nothing ... FAILED
[INFO] [stdout] test allocked_vec::test_an_allocked_vec_of_65536_given_away_leaves_nothing ... FAILED
[INFO] [stdout] test allocked_vec::test_whether_an_allocked_vec_is_empty_leaves_nothing ... ignored, Reads no secret: it reads a length.
[INFO] [stdout] test redoubt_array::test_a_default_redoubt_array_leaves_nothing ... ignored, Reads no secret: it writes defaults.
[INFO] [stdout] test redoubt_array::test_a_redoubt_array_as_a_mut_array_leaves_nothing ... ignored, Reads no secret: it hands back a reference and copies nothing.
[INFO] [stdout] test redoubt_array::test_a_redoubt_array_as_a_mut_slice_leaves_nothing ... ignored, Reads no secret: it hands back a reference and copies nothing.
[INFO] [stdout] test redoubt_array::test_a_redoubt_array_as_a_slice_leaves_nothing ... ignored, Reads no secret: it hands back a reference and copies nothing.
[INFO] [stdout] test redoubt_array::test_a_redoubt_array_as_an_array_leaves_nothing ... ignored, Reads no secret: it hands back a reference and copies nothing.
[INFO] [stdout] test allocked_vec::test_an_allocked_vec_of_65536_pushed_into_leaves_nothing ... FAILED
[INFO] [stdout] test allocked_vec::test_an_allocked_vec_of_65536_reallocated_leaves_nothing ... FAILED
[INFO] [stdout] test allocked_vec::test_what_a_truncation_keeps_is_found_while_the_allocked_vec_holds_it ... ok
[INFO] [stdout] test allocked_vec::test_what_was_carried_over_is_found_while_the_allocked_vec_holds_it ... ok
[INFO] [stdout] test allocked_vec::test_what_was_drained_is_found_while_the_allocked_vec_holds_it ... ok
[INFO] [stdout] test allocked_vec::test_what_was_pushed_is_found_while_the_allocked_vec_holds_it ... ok
[INFO] [stdout] test redoubt_array::test_a_redoubt_array_from_a_mut_array_is_found_while_it_is_held ... ok
[INFO] [stdout] test redoubt_array::test_dereferencing_a_redoubt_array_leaves_nothing ... ignored, Reads no secret: it hands back a reference and copies nothing.
[INFO] [stdout] test redoubt_array::test_formatting_a_redoubt_array_leaves_nothing ... ignored, Reads no secret: it prints the length, and redacts the contents.
[INFO] [stdout] test redoubt_array::test_making_a_redoubt_array_leaves_nothing ... ignored, Reads no secret: it writes defaults.
[INFO] [stdout] test redoubt_array::test_mutably_dereferencing_a_redoubt_array_leaves_nothing ... ignored, Reads no secret: it hands back a reference and copies nothing.
[INFO] [stdout] test redoubt_array::test_the_length_of_a_redoubt_array_leaves_nothing ... ignored, Reads no secret: it reads a length.
[INFO] [stdout] test redoubt_array::test_whether_a_redoubt_array_is_empty_leaves_nothing ... ignored, Reads no secret: it reads a length.
[INFO] [stdout] test redoubt_option::test_a_redoubt_option_as_a_mut_leaves_nothing ... ignored, Reads no secret: it hands back a reference and copies nothing.
[INFO] [stdout] test redoubt_option::test_a_redoubt_option_as_a_mut_option_leaves_nothing ... ignored, Reads no secret: it hands back a reference and copies nothing.
[INFO] [stdout] test redoubt_option::test_a_redoubt_option_as_a_ref_leaves_nothing ... ignored, Reads no secret: it hands back a reference and copies nothing.
[INFO] [stdout] test redoubt_option::test_a_redoubt_option_as_an_option_leaves_nothing ... ignored, Reads no secret: it hands back a reference and copies nothing.
[INFO] [stdout] test allocked_vec::test_an_allocked_vec_of_65536_truncated_leaves_nothing has been running for over 60 seconds
[INFO] [stdout] test allocked_vec::test_an_allocked_vec_of_65536_truncated_leaves_nothing ... FAILED
[INFO] [stdout] test redoubt_array::test_a_redoubt_array_given_away_is_found_while_it_is_held ... ok
[INFO] [stdout] test redoubt_array::test_a_redoubt_array_replaced_is_found_while_it_holds_it ... ok
[INFO] [stdout] test redoubt_array::test_a_redoubt_array_dropped_leaves_nothing has been running for over 60 seconds
[INFO] [stdout] test redoubt_array::test_a_redoubt_array_from_a_mut_array_leaves_nothing has been running for over 60 seconds
[INFO] [stdout] test redoubt_array::test_a_redoubt_array_dropped_leaves_nothing ... FAILED
[INFO] [stdout] test redoubt_array::test_a_redoubt_array_from_a_mut_array_leaves_nothing ... FAILED
[INFO] [stdout] test redoubt_array::test_a_redoubt_array_given_away_leaves_nothing has been running for over 60 seconds
[INFO] [stdout] test redoubt_array::test_a_redoubt_array_replaced_leaves_nothing has been running for over 60 seconds
[INFO] [stdout] test redoubt_array::test_a_redoubt_array_given_away_leaves_nothing ... FAILED
[INFO] [stdout] test redoubt_option::test_a_redoubt_option_dropped_of_1024_leaves_nothing has been running for over 60 seconds
[INFO] [stdout] test redoubt_array::test_a_redoubt_array_replaced_leaves_nothing ... FAILED
[INFO] [stdout] test redoubt_option::test_a_redoubt_option_dropped_of_128_leaves_nothing has been running for over 60 seconds
[INFO] [stdout] test redoubt_option::test_a_redoubt_option_dropped_of_16384_leaves_nothing has been running for over 60 seconds
[INFO] [stdout] test redoubt_option::test_a_redoubt_option_dropped_of_1024_leaves_nothing ... FAILED
[INFO] [stdout] test redoubt_option::test_a_redoubt_option_dropped_of_32768_leaves_nothing has been running for over 60 seconds
[INFO] [stdout] test redoubt_option::test_a_redoubt_option_dropped_of_128_leaves_nothing ... FAILED
[INFO] [stdout] test redoubt_option::test_a_redoubt_option_dropped_of_16384_leaves_nothing ... FAILED
[INFO] [stdout] test redoubt_option::test_a_redoubt_option_dropped_of_32_leaves_nothing has been running for over 60 seconds
[INFO] [stdout] test redoubt_option::test_a_redoubt_option_dropped_of_4096_leaves_nothing has been running for over 60 seconds
[INFO] [stdout] test redoubt_option::test_a_redoubt_option_dropped_of_32768_leaves_nothing ... FAILED
[INFO] [stdout] test redoubt_option::test_a_redoubt_option_dropped_of_32_leaves_nothing ... FAILED
[INFO] [stdout] test redoubt_option::test_a_redoubt_option_dropped_of_512_leaves_nothing has been running for over 60 seconds
[INFO] [stdout] test redoubt_option::test_a_redoubt_option_dropped_of_4096_leaves_nothing ... FAILED
[INFO] [stdout] test redoubt_option::test_a_redoubt_option_dropped_of_64_leaves_nothing has been running for over 60 seconds
[INFO] [stdout] test redoubt_option::test_a_redoubt_option_given_away_is_found_while_it_is_held ... ok
[INFO] [stdout] test redoubt_option::test_a_redoubt_option_dropped_of_65536_leaves_nothing has been running for over 60 seconds
[INFO] [stdout] test redoubt_option::test_a_redoubt_option_dropped_of_512_leaves_nothing ... FAILED
[INFO] [stdout] test redoubt_option::test_a_redoubt_option_dropped_of_8192_leaves_nothing has been running for over 60 seconds
[INFO] [stdout] test redoubt_option::test_a_redoubt_option_dropped_of_64_leaves_nothing ... FAILED
[INFO] [stdout] test redoubt_option::test_a_redoubt_option_given_away_of_1024_leaves_nothing has been running for over 60 seconds
[INFO] [stdout] test redoubt_option::test_a_redoubt_option_dropped_of_65536_leaves_nothing ... FAILED
[INFO] [stdout] test redoubt_option::test_a_redoubt_option_dropped_of_8192_leaves_nothing ... FAILED
[INFO] [stdout] test redoubt_option::test_a_redoubt_option_given_away_of_128_leaves_nothing has been running for over 60 seconds
[INFO] [stdout] test redoubt_option::test_a_redoubt_option_given_away_of_16384_leaves_nothing has been running for over 60 seconds
[INFO] [stdout] test redoubt_option::test_a_redoubt_option_given_away_of_1024_leaves_nothing ... FAILED
[INFO] [stdout] test redoubt_option::test_a_redoubt_option_given_away_of_32768_leaves_nothing has been running for over 60 seconds
[INFO] [stdout] test redoubt_option::test_a_redoubt_option_given_away_of_32_leaves_nothing has been running for over 60 seconds
[INFO] [stdout] test redoubt_option::test_a_redoubt_option_given_away_of_128_leaves_nothing ... FAILED
[INFO] [stdout] test redoubt_option::test_a_redoubt_option_given_away_of_4096_leaves_nothing has been running for over 60 seconds
[INFO] [stdout] test redoubt_option::test_a_redoubt_option_given_away_of_16384_leaves_nothing ... FAILED
[INFO] [stdout] test redoubt_option::test_a_redoubt_option_given_away_of_512_leaves_nothing has been running for over 60 seconds
[INFO] [stdout] test redoubt_option::test_a_redoubt_option_given_away_of_32768_leaves_nothing ... FAILED
[INFO] [stdout] test redoubt_option::test_a_redoubt_option_given_away_of_64_leaves_nothing has been running for over 60 seconds
[INFO] [stdout] test redoubt_option::test_a_redoubt_option_given_away_of_32_leaves_nothing ... FAILED
[INFO] [stdout] test redoubt_option::test_a_redoubt_option_given_away_of_4096_leaves_nothing ... FAILED
[INFO] [stdout] test redoubt_option::test_a_redoubt_option_given_away_of_65536_leaves_nothing has been running for over 60 seconds
[INFO] [stdout] test redoubt_option::test_a_redoubt_option_given_away_of_512_leaves_nothing ... FAILED
[INFO] [stdout] test redoubt_option::test_a_redoubt_option_of_a_block_replaced_is_found_while_it_holds_it ... ok
[INFO] [stdout] test redoubt_option::test_a_redoubt_option_given_away_of_8192_leaves_nothing has been running for over 60 seconds
[INFO] [stdout] test redoubt_option::test_a_redoubt_option_given_away_of_64_leaves_nothing ... FAILED
[INFO] [stdout] test redoubt_option::test_a_redoubt_option_replaced_is_found_while_it_holds_it ... ok
[INFO] [stdout] test redoubt_option::test_a_redoubt_option_of_a_block_replaced_leaves_nothing has been running for over 60 seconds
[INFO] [stdout] test redoubt_option::test_a_redoubt_option_given_away_of_65536_leaves_nothing ... FAILED
[INFO] [stdout] test redoubt_option::test_a_redoubt_option_given_away_of_8192_leaves_nothing ... FAILED
[INFO] [stdout] test redoubt_option::test_a_redoubt_option_replaced_of_1024_leaves_nothing has been running for over 60 seconds
[INFO] [stdout] test redoubt_option::test_a_redoubt_option_replaced_of_128_leaves_nothing has been running for over 60 seconds
[INFO] [stdout] test redoubt_option::test_a_redoubt_option_replaced_of_16384_leaves_nothing has been running for over 60 seconds
[INFO] [stdout] test redoubt_option::test_a_redoubt_option_replaced_of_32768_leaves_nothing has been running for over 60 seconds
[INFO] [stdout] test redoubt_option::test_a_redoubt_option_of_a_block_replaced_leaves_nothing ... FAILED
[INFO] [stdout] test redoubt_option::test_a_redoubt_option_replaced_of_32_leaves_nothing has been running for over 60 seconds
[INFO] [stdout] test redoubt_option::test_a_redoubt_option_replaced_of_4096_leaves_nothing has been running for over 60 seconds
[INFO] [stdout] test redoubt_option::test_a_redoubt_option_replaced_of_1024_leaves_nothing ... FAILED
[INFO] [stdout] test redoubt_option::test_a_redoubt_option_replaced_of_128_leaves_nothing ... FAILED
[INFO] [stdout] test redoubt_option::test_a_redoubt_option_replaced_of_512_leaves_nothing has been running for over 60 seconds
[INFO] [stdout] test redoubt_option::test_a_redoubt_option_replaced_of_16384_leaves_nothing ... FAILED
[INFO] [stdout] test redoubt_option::test_whether_a_redoubt_option_is_none_leaves_nothing ... ignored, Reads no secret: it reads whether there is a value.
[INFO] [stdout] test redoubt_option::test_whether_a_redoubt_option_is_some_leaves_nothing ... ignored, Reads no secret: it reads whether there is a value.
[INFO] [stdout] test redoubt_string::test_a_default_redoubt_string_leaves_nothing ... ignored, Reads no secret: it makes an empty container.
[INFO] [stdout] test redoubt_string::test_a_redoubt_string_as_a_mut_str_leaves_nothing ... ignored, Reads no secret: it hands back a reference and copies nothing.
[INFO] [stdout] test redoubt_string::test_a_redoubt_string_as_a_mut_string_leaves_nothing ... ignored, Reads no secret: it hands back a reference and copies nothing.
[INFO] [stdout] test redoubt_string::test_a_redoubt_string_as_a_str_leaves_nothing ... ignored, Reads no secret: it hands back a reference and copies nothing.
[INFO] [stdout] test redoubt_string::test_a_redoubt_string_as_a_string_leaves_nothing ... ignored, Reads no secret: it hands back a reference and copies nothing.
[INFO] [stdout] test redoubt_option::test_a_redoubt_option_replaced_of_32768_leaves_nothing ... FAILED
[INFO] [stdout] test redoubt_option::test_a_redoubt_option_replaced_of_64_leaves_nothing has been running for over 60 seconds
[INFO] [stdout] test redoubt_option::test_a_redoubt_option_replaced_of_32_leaves_nothing ... FAILED
[INFO] [stdout] test redoubt_option::test_a_redoubt_option_replaced_of_4096_leaves_nothing ... FAILED
[INFO] [stdout] test redoubt_option::test_a_redoubt_option_replaced_of_65536_leaves_nothing has been running for over 60 seconds
[INFO] [stdout] test redoubt_option::test_a_redoubt_option_replaced_of_512_leaves_nothing ... FAILED
[INFO] [stdout] test redoubt_option::test_a_redoubt_option_replaced_of_8192_leaves_nothing has been running for over 60 seconds
[INFO] [stdout] test redoubt_string::test_a_redoubt_string_extended_from_a_str_is_found_while_it_holds_it ... ok
[INFO] [stdout] test redoubt_string::test_a_redoubt_string_extended_from_a_str_of_1024_leaves_nothing has been running for over 60 seconds
[INFO] [stdout] test redoubt_option::test_a_redoubt_option_replaced_of_64_leaves_nothing ... FAILED
[INFO] [stdout] test redoubt_string::test_a_redoubt_string_extended_from_a_str_of_128_leaves_nothing has been running for over 60 seconds
[INFO] [stdout] test redoubt_string::test_a_redoubt_string_extended_from_a_str_of_16384_leaves_nothing has been running for over 60 seconds
[INFO] [stdout] test redoubt_option::test_a_redoubt_option_replaced_of_65536_leaves_nothing ... FAILED
[INFO] [stdout] test redoubt_string::test_a_redoubt_string_extended_from_a_str_of_32768_leaves_nothing has been running for over 60 seconds
[INFO] [stdout] test redoubt_option::test_a_redoubt_option_replaced_of_8192_leaves_nothing ... FAILED
[INFO] [stdout] test redoubt_string::test_a_redoubt_string_extended_from_a_str_of_32_leaves_nothing has been running for over 60 seconds
[INFO] [stdout] test redoubt_string::test_a_redoubt_string_extended_from_a_str_of_1024_leaves_nothing ... FAILED
[INFO] [stdout] test redoubt_string::test_a_redoubt_string_extended_from_a_str_of_4096_leaves_nothing has been running for over 60 seconds
[INFO] [stdout] test redoubt_string::test_a_redoubt_string_extended_from_a_str_of_128_leaves_nothing ... FAILED
[ERROR] error running command: command timed out after 900 seconds
[INFO] running `Command { std: "docker" "inspect" "e03fdb7a19355401ee2f1950b2b650a2c541b7142808fb526341b42666158dd4", kill_on_drop: false }`
[INFO] running `Command { std: "docker" "rm" "-f" "e03fdb7a19355401ee2f1950b2b650a2c541b7142808fb526341b42666158dd4", kill_on_drop: false }`
[INFO] [stdout] e03fdb7a19355401ee2f1950b2b650a2c541b7142808fb526341b42666158dd4
