[INFO] fetching crate redoubt-aead-aegis128l 0.1.0-rc.18...
[INFO] testing redoubt-aead-aegis128l-0.1.0-rc.18 against 1.100.0-beta.1 for beta-1.100-2
[INFO] extracting crate redoubt-aead-aegis128l 0.1.0-rc.18 into /workspace/builds/worker-4-tc2/source
[INFO] started tweaking crates.io crate redoubt-aead-aegis128l 0.1.0-rc.18
[INFO] finished tweaking crates.io crate redoubt-aead-aegis128l 0.1.0-rc.18
[INFO] tweaked toml for crates.io crate redoubt-aead-aegis128l 0.1.0-rc.18 written to /workspace/builds/worker-4-tc2/source/Cargo.toml
[INFO] validating manifest of crates.io crate redoubt-aead-aegis128l 0.1.0-rc.18 on toolchain 1.100.0-beta.1
[INFO] running `Command { std: CARGO_HOME="/workspace/cargo-home" RUSTUP_HOME="/workspace/rustup-home" "/workspace/cargo-home/bin/cargo" "+1.100.0-beta.1" "metadata" "--manifest-path" "Cargo.toml" "--no-deps", kill_on_drop: false }`
[INFO] crate crates.io crate redoubt-aead-aegis128l 0.1.0-rc.18 already has a lockfile, it will not be regenerated
[INFO] running `Command { std: CARGO_HOME="/workspace/cargo-home" RUSTUP_HOME="/workspace/rustup-home" "/workspace/cargo-home/bin/cargo" "+1.100.0-beta.1" "fetch" "--manifest-path" "Cargo.toml", kill_on_drop: false }`
[INFO] running `Command { std: "docker" "create" "-v" "/var/lib/crater-agent-workspace/builds/worker-4-tc2/source:/opt/rustwide/workdir:ro,Z" "-v" "/var/lib/crater-agent-workspace/builds/worker-4-tc2/target:/opt/rustwide/target:rw,Z" "-v" "/var/lib/crater-agent-workspace/cargo-home:/opt/rustwide/cargo-home:ro,Z" "-v" "/var/lib/crater-agent-workspace/rustup-home:/opt/rustwide/rustup-home:ro,Z" "-m" "1610612736" "--network" "none" "ghcr.io/rust-lang/crates-build-env/linux@sha256:3111399a4047eeb3a02b7a90e478d715f38a8c6669b5c4b49d30a17385265909" "sleep" "infinity", kill_on_drop: false }`
[INFO] [stdout] 991e56f974c6ebf355c5be73c39b23d483a9885cf058dece3225b293b1f55430
[INFO] running `Command { std: "docker" "start" "991e56f974c6ebf355c5be73c39b23d483a9885cf058dece3225b293b1f55430", kill_on_drop: false }`
[INFO] running `Command { std: "docker" "inspect" "991e56f974c6ebf355c5be73c39b23d483a9885cf058dece3225b293b1f55430", kill_on_drop: false }`
[INFO] running `Command { std: "docker" "exec" "-e" "SOURCE_DIR=/opt/rustwide/workdir" "-e" "CARGO_HOME=/opt/rustwide/cargo-home" "-e" "RUSTUP_HOME=/opt/rustwide/rustup-home" "-e" "CARGO_TARGET_DIR=/opt/rustwide/target" "-w" "/opt/rustwide/workdir" "--user" "0:0" "991e56f974c6ebf355c5be73c39b23d483a9885cf058dece3225b293b1f55430" "/opt/rustwide/cargo-home/bin/cargo" "+1.100.0-beta.1" "metadata" "--no-deps" "--format-version=1", kill_on_drop: false }`
[INFO] running `Command { std: "docker" "inspect" "991e56f974c6ebf355c5be73c39b23d483a9885cf058dece3225b293b1f55430", kill_on_drop: false }`
[INFO] running `Command { std: "docker" "exec" "-e" "SOURCE_DIR=/opt/rustwide/workdir" "-e" "CARGO_HOME=/opt/rustwide/cargo-home" "-e" "RUSTUP_HOME=/opt/rustwide/rustup-home" "-e" "CARGO_TARGET_DIR=/opt/rustwide/target" "-e" "CARGO_INCREMENTAL=0" "-e" "RUST_BACKTRACE=full" "-e" "RUSTFLAGS=--cap-lints=warn" "-e" "RUSTDOCFLAGS=--cap-lints=warn" "-w" "/opt/rustwide/workdir" "--user" "0:0" "991e56f974c6ebf355c5be73c39b23d483a9885cf058dece3225b293b1f55430" "/opt/rustwide/cargo-home/bin/cargo" "+1.100.0-beta.1" "build" "--frozen" "--message-format=json", kill_on_drop: false }`
[INFO] [stderr]    Compiling find-msvc-tools v0.1.6
[INFO] [stderr]    Compiling proc-macro2 v1.0.104
[INFO] [stderr]    Compiling redoubt-asm v0.1.0-rc.18
[INFO] [stderr]    Compiling winnow v0.7.14
[INFO] [stderr]    Compiling equivalent v1.0.2
[INFO] [stderr]    Compiling hashbrown v0.16.1
[INFO] [stderr]    Compiling toml_datetime v0.7.5+spec-1.1.0
[INFO] [stderr]    Compiling cc v1.2.51
[INFO] [stderr]    Compiling quote v1.0.42
[INFO] [stderr]    Compiling indexmap v2.12.1
[INFO] [stderr]    Compiling syn v2.0.111
[INFO] [stderr]    Compiling redoubt-mem-core v0.1.0-rc.18
[INFO] [stderr]    Compiling redoubt-eq v0.1.0-rc.18
[INFO] [stderr]    Compiling redoubt-aead-aegis128l v0.1.0-rc.18 (/opt/rustwide/workdir)
[INFO] [stderr]    Compiling redoubt-mem v0.1.0-rc.18
[INFO] [stderr]    Compiling redoubt-util v0.1.0-rc.18
[INFO] [stderr]    Compiling redoubt-zero-core v0.1.0-rc.18
[INFO] [stderr]    Compiling toml_parser v1.0.6+spec-1.1.0
[INFO] [stderr]    Compiling toml_edit v0.23.10+spec-1.0.0
[INFO] [stderr]    Compiling thiserror-impl v2.0.17
[INFO] [stderr]    Compiling proc-macro-crate v3.4.0
[INFO] [stderr]    Compiling redoubt-zero-derive v0.1.0-rc.18
[INFO] [stderr]    Compiling thiserror v2.0.17
[INFO] [stderr]    Compiling redoubt-zero v0.1.0-rc.18
[INFO] [stderr]    Compiling redoubt-aead-core v0.1.0-rc.18
[INFO] [stderr]     Finished `dev` profile [unoptimized + debuginfo] target(s) in 8.30s
[INFO] running `Command { std: "docker" "inspect" "991e56f974c6ebf355c5be73c39b23d483a9885cf058dece3225b293b1f55430", kill_on_drop: false }`
[INFO] running `Command { std: "docker" "exec" "-e" "SOURCE_DIR=/opt/rustwide/workdir" "-e" "CARGO_HOME=/opt/rustwide/cargo-home" "-e" "RUSTUP_HOME=/opt/rustwide/rustup-home" "-e" "CARGO_TARGET_DIR=/opt/rustwide/target" "-e" "CARGO_INCREMENTAL=0" "-e" "RUST_BACKTRACE=full" "-e" "RUSTFLAGS=--cap-lints=warn" "-e" "RUSTDOCFLAGS=--cap-lints=warn" "-w" "/opt/rustwide/workdir" "--user" "0:0" "991e56f974c6ebf355c5be73c39b23d483a9885cf058dece3225b293b1f55430" "/opt/rustwide/cargo-home/bin/cargo" "+1.100.0-beta.1" "test" "--frozen" "--no-run" "--message-format=json", kill_on_drop: false }`
[INFO] [stderr]    Compiling libc v0.2.178
[INFO] [stderr]    Compiling syn v2.0.111
[INFO] [stderr]    Compiling rustix v1.1.3
[INFO] [stderr]    Compiling zerocopy v0.8.31
[INFO] [stderr]    Compiling regex-syntax v0.8.8
[INFO] [stderr]    Compiling memchr v2.7.6
[INFO] [stderr]    Compiling redoubt-util v0.1.0-rc.18
[INFO] [stderr]    Compiling bitflags v2.10.0
[INFO] [stderr]    Compiling linux-raw-sys v0.11.0
[INFO] [stderr]    Compiling rstest_macros v0.27.0
[INFO] [stderr]    Compiling redoubt-forensics-core v0.1.0-rc.18
[INFO] [stderr]    Compiling redoubt-hkdf v0.1.0-rc.18
[INFO] [stderr]    Compiling bit-vec v0.8.0
[INFO] [stderr]    Compiling futures-task v0.3.31
[INFO] [stderr]    Compiling relative-path v1.9.3
[INFO] [stderr]    Compiling redoubt-zero-core v0.1.0-rc.18
[INFO] [stderr]    Compiling glob v0.3.3
[INFO] [stderr]    Compiling quiesce v0.0.1
[INFO] [stderr]    Compiling quick-error v1.2.3
[INFO] [stderr]    Compiling futures-core v0.3.31
[INFO] [stderr]    Compiling redoubt-forensics-allocator v0.1.0-rc.18
[INFO] [stderr]    Compiling unarray v0.1.4
[INFO] [stderr]    Compiling futures-timer v3.0.4
[INFO] [stderr]    Compiling bit-set v0.8.0
[INFO] [stderr]    Compiling futures-util v0.3.31
[INFO] [stderr]    Compiling aho-corasick v1.1.4
[INFO] [stderr]    Compiling getrandom v0.3.4
[INFO] [stderr]    Compiling wait-timeout v0.2.1
[INFO] [stderr]    Compiling rand_core v0.9.3
[INFO] [stderr]    Compiling tempfile v3.24.0
[INFO] [stderr]    Compiling rand_xorshift v0.4.0
[INFO] [stderr]    Compiling rand v0.9.5
[INFO] [stderr]    Compiling rusty-fork v0.3.1
[INFO] [stderr]    Compiling ppv-lite86 v0.2.21
[INFO] [stderr]    Compiling regex-automata v0.4.13
[INFO] [stderr]    Compiling rand_chacha v0.9.0
[INFO] [stderr]    Compiling proptest v1.9.0
[INFO] [stderr]    Compiling thiserror-impl v2.0.17
[INFO] [stderr]    Compiling redoubt-zero-derive v0.1.0-rc.18
[INFO] [stderr]    Compiling redoubt-forensics-macros v0.1.0-rc.18
[INFO] [stderr]    Compiling regex v1.12.2
[INFO] [stderr]    Compiling redoubt-forensics v0.1.0-rc.18
[INFO] [stderr]    Compiling redoubt-zero v0.1.0-rc.18
[INFO] [stderr]    Compiling thiserror v2.0.17
[INFO] [stderr]    Compiling redoubt-aead-core v0.1.0-rc.18
[INFO] [stderr]    Compiling redoubt-alloc v0.1.0-rc.18
[INFO] [stderr]    Compiling redoubt-aead-aegis128l v0.1.0-rc.18 (/opt/rustwide/workdir)
[INFO] [stderr]    Compiling rstest v0.27.0
[INFO] [stderr]     Finished `test` profile [unoptimized + debuginfo] target(s) in 23.87s
[INFO] running `Command { std: "docker" "inspect" "991e56f974c6ebf355c5be73c39b23d483a9885cf058dece3225b293b1f55430", kill_on_drop: false }`
[INFO] running `Command { std: "docker" "exec" "-e" "SOURCE_DIR=/opt/rustwide/workdir" "-e" "CARGO_HOME=/opt/rustwide/cargo-home" "-e" "RUSTUP_HOME=/opt/rustwide/rustup-home" "-e" "CARGO_TARGET_DIR=/opt/rustwide/target" "-e" "CARGO_INCREMENTAL=0" "-e" "RUST_BACKTRACE=full" "-e" "RUSTFLAGS=--cap-lints=warn" "-e" "RUSTDOCFLAGS=--cap-lints=warn" "-w" "/opt/rustwide/workdir" "--user" "0:0" "991e56f974c6ebf355c5be73c39b23d483a9885cf058dece3225b293b1f55430" "/opt/rustwide/cargo-home/bin/cargo" "+1.100.0-beta.1" "test" "--frozen", kill_on_drop: false }`
[INFO] [stderr]     Finished `test` profile [unoptimized + debuginfo] target(s) in 0.11s
[INFO] [stderr]      Running unittests src/lib.rs (/opt/rustwide/target/debug/build/redoubt-aead-aegis128l/d6d08a879b2dd67f/out/redoubt_aead_aegis128l-d6d08a879b2dd67f)
[INFO] [stdout] 
[INFO] [stdout] running 119 tests
[INFO] [stdout] test tests::aegis128l::test_decrypt_empties_the_buffer_when_the_tag_does_not_match ... ok
[INFO] [stdout] test tests::aegis128l::test_decrypt_leaves_the_associated_data_when_it_refuses ... ok
[INFO] [stdout] test tests::forensics::aegis128l::test_making_one_leaves_nothing ... ignored, Reads no secret: it holds nothing.
[INFO] [stdout] test tests::aegis128l::test_decrypt_leaves_the_plaintext_when_the_tag_matches ... ok
[INFO] [stdout] test tests::libaegis::test_a_length_does_not_prefix_a_longer_one ... ok
[INFO] [stdout] test tests::libaegis::test_a_row_with_one_tag_bit_turned_over_disagrees_with_libaegis ... ok
[INFO] [stdout] test tests::libaegis::test_a_row_with_one_ciphertext_bit_turned_over_disagrees_with_libaegis ... ok
[INFO] [stdout] test tests::libaegis::test_every_length_agrees_with_libaegis::shard_3_2 ... ok
[INFO] [stdout] test tests::libaegis::test_the_aad_lengths_are_the_ones_the_file_was_generated_from ... ok
[INFO] [stdout] test tests::libaegis::test_the_file_covers_the_lengths_the_walk_reaches ... ok
[INFO] [stdout] test tests::libaegis::test_the_material_differs_between_cells ... ok
[INFO] [stdout] test tests::libaegis::test_the_material_differs_between_fields ... ok
[INFO] [stdout] test tests::libaegis::test_every_length_agrees_with_libaegis::shard_1_0 ... ok
[INFO] [stdout] test tests::libaegis::test_the_message_lengths_are_the_ones_the_file_was_generated_from ... ok
[INFO] [stdout] test tests::libaegis::test_the_samples_are_the_ones_the_file_was_generated_from ... ok
[INFO] [stdout] test tests::libaegis::test_the_material_differs_between_samples ... ok
[INFO] [stdout] test tests::probes::every_register::test_r10_is_seen ... ok
[INFO] [stdout] test tests::probes::every_register::test_r11_is_seen ... ok
[INFO] [stdout] test tests::probes::every_register::test_r8_is_seen ... ok
[INFO] [stdout] test tests::probes::every_register::test_r9_is_seen ... ok
[INFO] [stdout] test tests::probes::every_register::test_rax_is_seen ... ok
[INFO] [stdout] test tests::probes::every_register::test_rcx_is_seen ... ok
[INFO] [stdout] test tests::probes::every_register::test_rdi_is_seen ... ok
[INFO] [stdout] test tests::probes::every_register::test_rdx_is_seen ... ok
[INFO] [stdout] test tests::probes::every_register::test_rsi_is_seen ... ok
[INFO] [stdout] test tests::probes::every_register::test_xmm0_high_is_seen ... ok
[INFO] [stdout] test tests::libaegis::test_the_seeds_are_the_ones_the_file_was_generated_from ... ok
[INFO] [stdout] test tests::probes::every_register::test_xmm0_low_is_seen ... ok
[INFO] [stdout] test tests::probes::every_register::test_xmm10_high_is_seen ... ok
[INFO] [stdout] test tests::probes::every_register::test_xmm10_low_is_seen ... ok
[INFO] [stdout] test tests::probes::every_register::test_xmm11_high_is_seen ... ok
[INFO] [stdout] test tests::probes::every_register::test_xmm12_high_is_seen ... ok
[INFO] [stdout] test tests::probes::every_register::test_xmm11_low_is_seen ... ok
[INFO] [stdout] test tests::probes::every_register::test_xmm12_low_is_seen ... ok
[INFO] [stdout] test tests::probes::every_register::test_xmm13_low_is_seen ... ok
[INFO] [stdout] test tests::probes::every_register::test_xmm13_high_is_seen ... ok
[INFO] [stdout] test tests::probes::every_register::test_xmm14_low_is_seen ... ok
[INFO] [stdout] test tests::probes::every_register::test_xmm15_high_is_seen ... ok
[INFO] [stdout] test tests::probes::every_register::test_xmm15_low_is_seen ... ok
[INFO] [stdout] test tests::probes::every_register::test_xmm1_high_is_seen ... ok
[INFO] [stdout] test tests::probes::every_register::test_xmm1_low_is_seen ... ok
[INFO] [stdout] test tests::probes::every_register::test_xmm2_high_is_seen ... ok
[INFO] [stdout] test tests::libaegis::test_every_length_agrees_with_libaegis::shard_4_3 ... ok
[INFO] [stdout] test tests::probes::every_register::test_xmm3_high_is_seen ... ok
[INFO] [stdout] test tests::probes::every_register::test_xmm3_low_is_seen ... ok
[INFO] [stdout] test tests::probes::every_register::test_xmm14_high_is_seen ... ok
[INFO] [stdout] test tests::probes::every_register::test_xmm4_low_is_seen ... ok
[INFO] [stdout] test tests::probes::every_register::test_xmm5_high_is_seen ... ok
[INFO] [stdout] test tests::probes::every_register::test_xmm4_high_is_seen ... ok
[INFO] [stdout] test tests::probes::every_register::test_xmm5_low_is_seen ... ok
[INFO] [stdout] test tests::probes::every_register::test_xmm6_low_is_seen ... ok
[INFO] [stdout] test tests::probes::every_register::test_xmm6_high_is_seen ... ok
[INFO] [stdout] test tests::probes::every_register::test_xmm7_low_is_seen ... ok
[INFO] [stdout] test tests::probes::every_register::test_xmm7_high_is_seen ... ok
[INFO] [stdout] test tests::probes::every_register::test_xmm8_low_is_seen ... ok
[INFO] [stdout] test tests::probes::every_register::test_xmm9_high_is_seen ... ok
[INFO] [stdout] test tests::probes::every_register::test_xmm8_high_is_seen ... ok
[INFO] [stdout] test tests::probes::every_register::test_xmm9_low_is_seen ... ok
[INFO] [stdout] test tests::probes::test_a_byte_left_anywhere_in_the_frame_is_seen ... ok
[INFO] [stdout] test tests::probes::test_a_frame_written_and_emptied_reads_as_empty ... ok
[INFO] [stdout] test tests::probes::test_an_empty_register_file_reads_as_empty ... ok
[INFO] [stdout] test tests::probes::test_decrypt_leaves_the_residue_its_case_declares::case_1_registers_left_full ... ok
[INFO] [stdout] test tests::probes::every_register::test_xmm2_low_is_seen ... ok
[INFO] [stdout] test tests::probes::test_decrypt_leaves_the_residue_its_case_declares::case_3_high_left_full ... ok
[INFO] [stdout] test tests::probes::test_decrypt_leaves_the_residue_its_case_declares::case_4_frame_left_full ... ok
[INFO] [stdout] test tests::probes::test_decrypt_leaves_the_residue_its_case_declares::case_6_real ... ok
[INFO] [stdout] test tests::probes::test_decrypt_leaves_the_residue_its_case_declares::case_5_nothing_ran ... ok
[INFO] [stdout] test tests::probes::test_dirty_registers_fills_every_general_register_in_the_budget ... ok
[INFO] [stdout] test tests::probes::test_dirty_registers_fills_every_vector_register_in_the_budget ... ok
[INFO] [stdout] test tests::probes::test_dirty_frame_clears_every_byte_except_the_requested_one ... ok
[INFO] [stdout] test tests::probes::test_dirty_vector_high_empties_every_general_register_in_the_budget ... ok
[INFO] [stdout] test tests::probes::test_dirty_vector_high_fills_only_the_high_half_of_every_vector_register ... ok
[INFO] [stdout] test tests::libaegis::test_every_length_agrees_with_libaegis::shard_2_1 ... ok
[INFO] [stdout] test tests::probes::test_dirty_vector_low_fills_only_the_low_half_of_every_vector_register ... ok
[INFO] [stdout] test tests::probes::test_dirty_vector_low_empties_every_general_register_in_the_budget ... ok
[INFO] [stdout] test tests::probes::test_encrypt_leaves_the_residue_its_case_declares::case_3_high_left_full ... ok
[INFO] [stdout] test tests::probes::test_encrypt_leaves_the_residue_its_case_declares::case_4_frame_left_full ... ok
[INFO] [stdout] test tests::probes::test_encrypt_leaves_the_residue_its_case_declares::case_1_registers_left_full ... ok
[INFO] [stdout] test tests::probes::test_encrypt_leaves_the_residue_its_case_declares::case_2_low_left_full ... ok
[INFO] [stdout] test tests::probes::test_no_offset_expects_an_empty_window ... ok
[INFO] [stdout] test tests::probes::test_the_lists_name_as_many_registers_as_there_are_tests ... ok
[INFO] [stdout] test tests::probes::test_encrypt_leaves_the_residue_its_case_declares::case_5_nothing_ran ... ok
[INFO] [stdout] test tests::probes::test_the_measurement_of_decrypt_reads_the_window_the_writer_filled ... ok
[INFO] [stdout] test tests::probes::test_the_measurement_of_encrypt_reads_the_window_the_writer_filled ... ok
[INFO] [stdout] test tests::rfc::test_decrypt_rejects_what_the_draft_says_it_must::case_1_exchanged_key_and_nonce ... ok
[INFO] [stdout] test tests::rfc::test_decrypt_rejects_what_the_draft_says_it_must::case_3_moved_associated_data ... ok
[INFO] [stdout] test tests::rfc::test_decrypt_rejects_what_the_draft_says_it_must::case_4_moved_tag ... ok
[INFO] [stdout] test tests::rfc::test_decrypt_returns_the_published_plaintext::case_1_vector_1 ... ok
[INFO] [stdout] test tests::rfc::test_decrypt_returns_the_published_plaintext::case_2_vector_2 ... ok
[INFO] [stdout] test tests::rfc::test_decrypt_returns_the_published_plaintext::case_3_vector_3 ... ok
[INFO] [stdout] test tests::rfc::test_decrypt_returns_the_published_plaintext::case_4_vector_4 ... ok
[INFO] [stdout] test tests::rfc::test_decrypt_returns_the_published_plaintext::case_5_vector_5 ... ok
[INFO] [stdout] test tests::rfc::test_encrypt_returns_the_published_ciphertext_and_tag::case_1_vector_1 ... ok
[INFO] [stdout] test tests::rfc::test_encrypt_returns_the_published_ciphertext_and_tag::case_2_vector_2 ... ok
[INFO] [stdout] test tests::rfc::test_decrypt_rejects_what_the_draft_says_it_must::case_2_moved_ciphertext ... ok
[INFO] [stdout] test tests::rfc::test_encrypt_returns_the_published_ciphertext_and_tag::case_3_vector_3 ... ok
[INFO] [stdout] test tests::probes::test_decrypt_leaves_the_residue_its_case_declares::case_2_low_left_full ... ok
[INFO] [stdout] test tests::probes::test_encrypt_leaves_the_residue_its_case_declares::case_6_real ... ok
[INFO] [stdout] test tests::rfc::test_encrypt_returns_the_published_ciphertext_and_tag::case_4_vector_4 ... ok
[INFO] [stdout] test tests::rfc::test_encrypt_returns_the_published_ciphertext_and_tag::case_5_vector_5 ... ok
[INFO] [stdout] test tests::wycheproof::test_decrypt_refuses_what_the_corpus_calls_invalid ... ok
[INFO] [stdout] test tests::wycheproof::test_decrypt_empties_the_buffer_of_what_the_corpus_refuses ... ok
[INFO] [stdout] test tests::wycheproof::test_decrypt_accepts_what_the_corpus_calls_valid ... ok
[INFO] [stdout] test tests::wycheproof::test_every_vector_has_the_widths_this_crate_takes ... ok
[INFO] [stdout] test tests::wycheproof::test_decrypt_then_encrypt_returns_the_corpus_to_itself ... ok
[INFO] [stdout] test tests::wycheproof::test_encrypt_returns_the_ciphertext_and_tag_the_corpus_publishes ... ok
[INFO] [stdout] test tests::wycheproof::test_decrypt_refuses_a_tag_with_one_bit_turned_over ... ok
[INFO] [stdout] test tests::libaegis::test_every_length_agrees_with_libaegis::shard_5_4 ... ok
[INFO] [stdout] test tests::libaegis::test_every_length_agrees_with_libaegis::shard_8_7 ... ok
[INFO] [stdout] test tests::libaegis::test_every_length_agrees_with_libaegis::shard_7_6 ... ok
[INFO] [stdout] test tests::libaegis::test_every_length_agrees_with_libaegis::shard_6_5 ... ok
[INFO] [stdout] test tests::forensics::aegis128l::test_the_tag_encrypting_wrote_is_found_while_the_caller_holds_it ... ok
[INFO] [stdout] test tests::forensics::aegis128l::test_what_encrypting_wrote_is_found_while_the_buffer_holds_it ... ok
[INFO] [stdout] test tests::forensics::aegis128l::test_what_decrypting_wrote_is_found_while_the_buffer_holds_it ... ok
[INFO] [stdout] test tests::aegis128l::test_decrypt_returns_what_encrypt_was_given ... ok
[INFO] [stdout] test tests::aegis128l::test_decrypt_refuses_a_tag_with_any_bit_turned_over ... ok
[INFO] [stdout] test tests::forensics::aegis128l::test_decrypting_leaves_nothing has been running for over 60 seconds
[INFO] [stdout] test tests::forensics::aegis128l::test_decrypting_under_a_wrong_tag_leaves_nothing has been running for over 60 seconds
[INFO] [stdout] test tests::forensics::aegis128l::test_encrypting_leaves_nothing has been running for over 60 seconds
[INFO] [stdout] test tests::forensics::aegis128l::test_decrypting_leaves_nothing ... FAILED
[INFO] [stdout] test tests::forensics::aegis128l::test_encrypting_leaves_nothing ... FAILED
[INFO] [stdout] test tests::forensics::aegis128l::test_decrypting_under_a_wrong_tag_leaves_nothing ... FAILED
[INFO] [stdout] 
[INFO] [stdout] failures:
[INFO] [stdout] 
[INFO] [stdout] ---- tests::forensics::aegis128l::test_decrypting_leaves_nothing stdout ----
[INFO] [stdout] 
[INFO] [stdout]   nothing held yet             score            0  widest     2  runs           3108  swept       1107808  whole no
[INFO] [stdout]   decrypting, of the key       score            0  widest     3  runs       12650981  swept     257762848  whole no
[INFO] [stdout]                                score            +0  widest     +1  runs       +12647873  swept     +256655040
[INFO] [stdout] 
[INFO] [stdout] 
[INFO] [stdout]   nothing held yet             score            0  widest     3  runs        1106142  swept       1107808  whole no
[INFO] [stdout]   decrypting, of the plaintext score         6084  widest  1024  runs      249739826  swept     257762848  whole yes
[INFO] [stdout]                                score         +6084  widest  +1021  runs      +248633684  swept     +256655040  and the whole secret surfaced
[INFO] [stdout] 
[INFO] [stdout] 
[INFO] [stdout] thread 'tests::forensics::aegis128l::test_decrypting_leaves_nothing' (1310) panicked at /opt/rustwide/cargo-home/registry/src/index.crates.io-1949cf8c6b5b557f/redoubt-forensics-core-0.1.0-rc.18/src/verdicts.rs:55:5:
[INFO] [stdout] the whole secret was left behind by decrypting, of the plaintext: score         6084  widest  1024  runs      249739826  swept     257762848  whole yes
[INFO] [stdout] stack backtrace:
[INFO] [stdout]    0:     0x58fce7e8e221 - std[617be2ca0a6fd877]::backtrace_rs::backtrace::libunwind::trace
[INFO] [stdout]                                at /rustc/e3feeb59cd1bdd011a2bfcc0747b55125d9b8527/library/std/src/../../backtrace/src/backtrace/libunwind.rs:117:9
[INFO] [stdout]    1:     0x58fce7e8e221 - std[617be2ca0a6fd877]::backtrace_rs::backtrace::trace_unsynchronized::<std[617be2ca0a6fd877]::sys::backtrace::_print_fmt::{closure#1}>
[INFO] [stdout]                                at /rustc/e3feeb59cd1bdd011a2bfcc0747b55125d9b8527/library/std/src/../../backtrace/src/backtrace/mod.rs:66:14
[INFO] [stdout]    2:     0x58fce7e8e221 - std[617be2ca0a6fd877]::sys::backtrace::_print_fmt
[INFO] [stdout]                                at /rustc/e3feeb59cd1bdd011a2bfcc0747b55125d9b8527/library/std/src/sys/backtrace.rs:74:9
[INFO] [stdout]    3:     0x58fce7e8e221 - <<std[617be2ca0a6fd877]::sys::backtrace::BacktraceLock>::print::DisplayBacktrace as core[a373ad73a504971]::fmt::Display>::fmt
[INFO] [stdout]                                at /rustc/e3feeb59cd1bdd011a2bfcc0747b55125d9b8527/library/std/src/sys/backtrace.rs:44:26
[INFO] [stdout]    4:     0x58fce7ea3b5a - <core[a373ad73a504971]::fmt::rt::Argument>::fmt
[INFO] [stdout]                                at /rustc/e3feeb59cd1bdd011a2bfcc0747b55125d9b8527/library/core/src/fmt/rt.rs:152:76
[INFO] [stdout]    5:     0x58fce7ea3b5a - core[a373ad73a504971]::fmt::write
[INFO] [stdout]    6:     0x58fce7e9289c - core[a373ad73a504971]::io::write::default_write_fmt::<alloc[2e1b2a31b91974c5]::vec::Vec<u8>>
[INFO] [stdout]                                at /rustc/e3feeb59cd1bdd011a2bfcc0747b55125d9b8527/library/core/src/io/write.rs:402:11
[INFO] [stdout]    7:     0x58fce7e9289c - <alloc[2e1b2a31b91974c5]::vec::Vec<u8> as core[a373ad73a504971]::io::write::Write>::write_fmt
[INFO] [stdout]                                at /rustc/e3feeb59cd1bdd011a2bfcc0747b55125d9b8527/library/core/src/io/write.rs:335:13
[INFO] [stdout]    8:     0x58fce7e691e6 - <std[617be2ca0a6fd877]::sys::backtrace::BacktraceLock>::print
[INFO] [stdout]                                at /rustc/e3feeb59cd1bdd011a2bfcc0747b55125d9b8527/library/std/src/sys/backtrace.rs:47:9
[INFO] [stdout]    9:     0x58fce7e691e6 - std[617be2ca0a6fd877]::panicking::default_hook::{closure#0}
[INFO] [stdout]                                at /rustc/e3feeb59cd1bdd011a2bfcc0747b55125d9b8527/library/std/src/panicking.rs:289:27
[INFO] [stdout]   10:     0x58fce7e865e9 - std[617be2ca0a6fd877]::panicking::default_hook
[INFO] [stdout]                                at /rustc/e3feeb59cd1bdd011a2bfcc0747b55125d9b8527/library/std/src/panicking.rs:313:9
[INFO] [stdout]   11:     0x58fce7da3920 - <alloc[2e1b2a31b91974c5]::boxed::Box<dyn for<'a, 'b> core[a373ad73a504971]::ops::function::Fn<(&'a std[617be2ca0a6fd877]::panic::PanicHookInfo<'b>,), Output = ()> + core[a373ad73a504971]::marker::Sync + core[a373ad73a504971]::marker::Send> as core[a373ad73a504971]::ops::function::Fn<(&std[617be2ca0a6fd877]::panic::PanicHookInfo,)>>::call
[INFO] [stdout]                                at /rustc/e3feeb59cd1bdd011a2bfcc0747b55125d9b8527/library/alloc/src/boxed.rs:2328:9
[INFO] [stdout]   12:     0x58fce7da3920 - test[aada8e7e76ba119b]::test_main_inner::{closure#0}
[INFO] [stdout]                                at /rustc/e3feeb59cd1bdd011a2bfcc0747b55125d9b8527/library/test/src/lib.rs:137:21
[INFO] [stdout]   13:     0x58fce7e867a2 - <alloc[2e1b2a31b91974c5]::boxed::Box<dyn for<'a, 'b> core[a373ad73a504971]::ops::function::Fn<(&'a std[617be2ca0a6fd877]::panic::PanicHookInfo<'b>,), Output = ()> + core[a373ad73a504971]::marker::Sync + core[a373ad73a504971]::marker::Send> as core[a373ad73a504971]::ops::function::Fn<(&std[617be2ca0a6fd877]::panic::PanicHookInfo,)>>::call
[INFO] [stdout]                                at /rustc/e3feeb59cd1bdd011a2bfcc0747b55125d9b8527/library/alloc/src/boxed.rs:2328:9
[INFO] [stdout]   14:     0x58fce7e867a2 - std[617be2ca0a6fd877]::panicking::panic_with_hook
[INFO] [stdout]                                at /rustc/e3feeb59cd1bdd011a2bfcc0747b55125d9b8527/library/std/src/panicking.rs:819:13
[INFO] [stdout]   15:     0x58fce7e69292 - std[617be2ca0a6fd877]::panicking::panic_handler::{closure#0}
[INFO] [stdout]                                at /rustc/e3feeb59cd1bdd011a2bfcc0747b55125d9b8527/library/std/src/panicking.rs:685:13
[INFO] [stdout]   16:     0x58fce7e61e59 - std[617be2ca0a6fd877]::sys::backtrace::__rust_end_short_backtrace::<std[617be2ca0a6fd877]::panicking::panic_handler::{closure#0}, !>
[INFO] [stdout]                                at /rustc/e3feeb59cd1bdd011a2bfcc0747b55125d9b8527/library/std/src/sys/backtrace.rs:182:18
[INFO] [stdout]   17:     0x58fce7e69d7d - __rustc[ea4f61d10b84890b]::rust_begin_unwind
[INFO] [stdout]                                at /rustc/e3feeb59cd1bdd011a2bfcc0747b55125d9b8527/library/std/src/panicking.rs:676:5
[INFO] [stdout]   18:     0x58fce7ea437c - core[a373ad73a504971]::panicking::panic_fmt
[INFO] [stdout]                                at /rustc/e3feeb59cd1bdd011a2bfcc0747b55125d9b8527/library/core/src/panicking.rs:80:14
[INFO] [stdout]   19:     0x58fce7e4c9e6 - redoubt_forensics_core[7c65acdcb6b7c7f9]::verdicts::no_copy
[INFO] [stdout]                                at /opt/rustwide/cargo-home/registry/src/index.crates.io-1949cf8c6b5b557f/redoubt-forensics-core-0.1.0-rc.18/src/verdicts.rs:55:5
[INFO] [stdout]   20:     0x58fce7e4c857 - redoubt_forensics_core[7c65acdcb6b7c7f9]::verdicts::leaves_nothing
[INFO] [stdout]                                at /opt/rustwide/cargo-home/registry/src/index.crates.io-1949cf8c6b5b557f/redoubt-forensics-core-0.1.0-rc.18/src/verdicts.rs:42:5
[INFO] [stdout]   21:     0x58fce7e4bb96 - <redoubt_forensics_core[7c65acdcb6b7c7f9]::watching::Watching>::none_left
[INFO] [stdout]                                at /opt/rustwide/cargo-home/registry/src/index.crates.io-1949cf8c6b5b557f/redoubt-forensics-core-0.1.0-rc.18/src/watching.rs:55:13
[INFO] [stdout]   22:     0x58fce7d905ac - redoubt_aead_aegis128l[a0db7fd193e58d64]::tests::forensics::aegis128l::test_decrypting_leaves_nothing
[INFO] [stdout]                                at /opt/rustwide/workdir/src/tests/forensics/aegis128l.rs:363:14
[INFO] [stdout]   23:     0x58fce7d8ea97 - redoubt_aead_aegis128l[a0db7fd193e58d64]::tests::forensics::aegis128l::test_decrypting_leaves_nothing::{closure#0}
[INFO] [stdout]                                at /opt/rustwide/workdir/src/tests/forensics/aegis128l.rs:335:40
[INFO] [stdout]   24:     0x58fce7d78bd6 - <redoubt_aead_aegis128l[a0db7fd193e58d64]::tests::forensics::aegis128l::test_decrypting_leaves_nothing::{closure#0} as core[a373ad73a504971]::ops::function::FnOnce<()>>::call_once
[INFO] [stdout]                                at /rustc/e3feeb59cd1bdd011a2bfcc0747b55125d9b8527/library/core/src/ops/function.rs:250:5
[INFO] [stdout]   25:     0x58fce7d96d6b - <fn() -> core[a373ad73a504971]::result::Result<(), alloc[2e1b2a31b91974c5]::string::String> as core[a373ad73a504971]::ops::function::FnOnce<()>>::call_once
[INFO] [stdout]                                at /rustc/e3feeb59cd1bdd011a2bfcc0747b55125d9b8527/library/core/src/ops/function.rs:250:5
[INFO] [stdout]   26:     0x58fce7d96d6b - test[aada8e7e76ba119b]::__rust_begin_short_backtrace::<core[a373ad73a504971]::result::Result<(), alloc[2e1b2a31b91974c5]::string::String>, fn() -> core[a373ad73a504971]::result::Result<(), alloc[2e1b2a31b91974c5]::string::String>>
[INFO] [stdout]                                at /rustc/e3feeb59cd1bdd011a2bfcc0747b55125d9b8527/library/test/src/lib.rs:701:18
[INFO] [stdout]   27:     0x58fce7da3f45 - test[aada8e7e76ba119b]::run_test_in_process::{closure#0}
[INFO] [stdout]                                at /rustc/e3feeb59cd1bdd011a2bfcc0747b55125d9b8527/library/test/src/lib.rs:724:74
[INFO] [stdout]   28:     0x58fce7da3f45 - <core[a373ad73a504971]::panic::unwind_safe::AssertUnwindSafe<test[aada8e7e76ba119b]::run_test_in_process::{closure#0}> as core[a373ad73a504971]::ops::function::FnOnce<()>>::call_once
[INFO] [stdout]                                at /rustc/e3feeb59cd1bdd011a2bfcc0747b55125d9b8527/library/core/src/panic/unwind_safe.rs:275:9
[INFO] [stdout]   29:     0x58fce7da3f45 - std[617be2ca0a6fd877]::panicking::catch_unwind::do_call::<core[a373ad73a504971]::panic::unwind_safe::AssertUnwindSafe<test[aada8e7e76ba119b]::run_test_in_process::{closure#0}>, core[a373ad73a504971]::result::Result<(), alloc[2e1b2a31b91974c5]::string::String>>
[INFO] [stdout]                                at /rustc/e3feeb59cd1bdd011a2bfcc0747b55125d9b8527/library/std/src/panicking.rs:573:43
[INFO] [stdout]   30:     0x58fce7da3f45 - std[617be2ca0a6fd877]::panicking::catch_unwind::<core[a373ad73a504971]::result::Result<(), alloc[2e1b2a31b91974c5]::string::String>, core[a373ad73a504971]::panic::unwind_safe::AssertUnwindSafe<test[aada8e7e76ba119b]::run_test_in_process::{closure#0}>>
[INFO] [stdout]                                at /rustc/e3feeb59cd1bdd011a2bfcc0747b55125d9b8527/library/std/src/panicking.rs:541:19
[INFO] [stdout]   31:     0x58fce7da3f45 - std[617be2ca0a6fd877]::panic::catch_unwind::<core[a373ad73a504971]::panic::unwind_safe::AssertUnwindSafe<test[aada8e7e76ba119b]::run_test_in_process::{closure#0}>, core[a373ad73a504971]::result::Result<(), alloc[2e1b2a31b91974c5]::string::String>>
[INFO] [stdout]                                at /rustc/e3feeb59cd1bdd011a2bfcc0747b55125d9b8527/library/std/src/panic.rs:359:14
[INFO] [stdout]   32:     0x58fce7da3f45 - test[aada8e7e76ba119b]::run_test_in_process
[INFO] [stdout]                                at /rustc/e3feeb59cd1bdd011a2bfcc0747b55125d9b8527/library/test/src/lib.rs:724:27
[INFO] [stdout]   33:     0x58fce7da3f45 - test[aada8e7e76ba119b]::run_test::{closure#0}
[INFO] [stdout]                                at /rustc/e3feeb59cd1bdd011a2bfcc0747b55125d9b8527/library/test/src/lib.rs:645:43
[INFO] [stdout]   34:     0x58fce7d9d834 - test[aada8e7e76ba119b]::run_test::{closure#1}
[INFO] [stdout]                                at /rustc/e3feeb59cd1bdd011a2bfcc0747b55125d9b8527/library/test/src/lib.rs:675:41
[INFO] [stdout]   35:     0x58fce7d9d834 - std[617be2ca0a6fd877]::sys::backtrace::__rust_begin_short_backtrace::<test[aada8e7e76ba119b]::run_test::{closure#1}, ()>
[INFO] [stdout]                                at /rustc/e3feeb59cd1bdd011a2bfcc0747b55125d9b8527/library/std/src/sys/backtrace.rs:166:18
[INFO] [stdout]   36:     0x58fce7da6fd2 - std[617be2ca0a6fd877]::thread::lifecycle::spawn_unchecked::<test[aada8e7e76ba119b]::run_test::{closure#1}, ()>::{closure#1}::{closure#0}
[INFO] [stdout]                                at /rustc/e3feeb59cd1bdd011a2bfcc0747b55125d9b8527/library/std/src/thread/lifecycle.rs:70:13
[INFO] [stdout]   37:     0x58fce7da6fd2 - <core[a373ad73a504971]::panic::unwind_safe::AssertUnwindSafe<std[617be2ca0a6fd877]::thread::lifecycle::spawn_unchecked<test[aada8e7e76ba119b]::run_test::{closure#1}, ()>::{closure#1}::{closure#0}> as core[a373ad73a504971]::ops::function::FnOnce<()>>::call_once
[INFO] [stdout]                                at /rustc/e3feeb59cd1bdd011a2bfcc0747b55125d9b8527/library/core/src/panic/unwind_safe.rs:275:9
[INFO] [stdout]   38:     0x58fce7da6fd2 - std[617be2ca0a6fd877]::panicking::catch_unwind::do_call::<core[a373ad73a504971]::panic::unwind_safe::AssertUnwindSafe<std[617be2ca0a6fd877]::thread::lifecycle::spawn_unchecked<test[aada8e7e76ba119b]::run_test::{closure#1}, ()>::{closure#1}::{closure#0}>, ()>
[INFO] [stdout]                                at /rustc/e3feeb59cd1bdd011a2bfcc0747b55125d9b8527/library/std/src/panicking.rs:573:43
[INFO] [stdout]   39:     0x58fce7da6fd2 - std[617be2ca0a6fd877]::panicking::catch_unwind::<(), core[a373ad73a504971]::panic::unwind_safe::AssertUnwindSafe<std[617be2ca0a6fd877]::thread::lifecycle::spawn_unchecked<test[aada8e7e76ba119b]::run_test::{closure#1}, ()>::{closure#1}::{closure#0}>>
[INFO] [stdout]                                at /rustc/e3feeb59cd1bdd011a2bfcc0747b55125d9b8527/library/std/src/panicking.rs:541:19
[INFO] [stdout]   40:     0x58fce7da6fd2 - std[617be2ca0a6fd877]::panic::catch_unwind::<core[a373ad73a504971]::panic::unwind_safe::AssertUnwindSafe<std[617be2ca0a6fd877]::thread::lifecycle::spawn_unchecked<test[aada8e7e76ba119b]::run_test::{closure#1}, ()>::{closure#1}::{closure#0}>, ()>
[INFO] [stdout]                                at /rustc/e3feeb59cd1bdd011a2bfcc0747b55125d9b8527/library/std/src/panic.rs:359:14
[INFO] [stdout]   41:     0x58fce7da6fd2 - std[617be2ca0a6fd877]::thread::lifecycle::spawn_unchecked::<test[aada8e7e76ba119b]::run_test::{closure#1}, ()>::{closure#1}
[INFO] [stdout]                                at /rustc/e3feeb59cd1bdd011a2bfcc0747b55125d9b8527/library/std/src/thread/lifecycle.rs:68:26
[INFO] [stdout]   42:     0x58fce7da6fd2 - <std[617be2ca0a6fd877]::thread::lifecycle::spawn_unchecked<test[aada8e7e76ba119b]::run_test::{closure#1}, ()>::{closure#1} as core[a373ad73a504971]::ops::function::FnOnce<()>>::call_once::{shim:vtable#0}
[INFO] [stdout]                                at /rustc/e3feeb59cd1bdd011a2bfcc0747b55125d9b8527/library/core/src/ops/function.rs:250:5
[INFO] [stdout]   43:     0x58fce7e8da7f - <alloc[2e1b2a31b91974c5]::boxed::Box<dyn core[a373ad73a504971]::ops::function::FnOnce<(), Output = ()> + core[a373ad73a504971]::marker::Send> as core[a373ad73a504971]::ops::function::FnOnce<()>>::call_once
[INFO] [stdout]                                at /rustc/e3feeb59cd1bdd011a2bfcc0747b55125d9b8527/library/alloc/src/boxed.rs:2314:9
[INFO] [stdout]   44:     0x58fce7e8da7f - <std[617be2ca0a6fd877]::sys::thread::unix::Thread>::new::thread_start
[INFO] [stdout]                                at /rustc/e3feeb59cd1bdd011a2bfcc0747b55125d9b8527/library/std/src/sys/thread/unix.rs:127:17
[INFO] [stdout]   45:     0x7addf724cdfa - <unknown>
[INFO] [stdout]   46:     0x7addf72e03d4 - clone
[INFO] [stdout]   47:                0x0 - <unknown>
[INFO] [stdout] 
[INFO] [stdout] ---- tests::forensics::aegis128l::test_encrypting_leaves_nothing stdout ----
[INFO] [stdout] 
[INFO] [stdout]   nothing held yet             score            0  widest     3  runs         405734  swept      16827936  whole no
[INFO] [stdout]   encrypting, of the key       score            0  widest     3  runs       19083987  swept     420926224  whole no
[INFO] [stdout]                                score            +0  widest     +0  runs       +18678253  swept     +404098288
[INFO] [stdout] 
[INFO] [stdout] 
[INFO] [stdout]   nothing held yet             score         6088  widest  1024  runs       16621615  swept      16827936  whole yes
[INFO] [stdout]   encrypting, of the plaintext score         6083  widest  1024  runs      408881236  swept     420926224  whole yes
[INFO] [stdout]                                score            -5  widest     +0  runs      +392259621  swept     +404098288
[INFO] [stdout] 
[INFO] [stdout] 
[INFO] [stdout] thread 'tests::forensics::aegis128l::test_encrypting_leaves_nothing' (1315) panicked at /opt/rustwide/cargo-home/registry/src/index.crates.io-1949cf8c6b5b557f/redoubt-forensics-core-0.1.0-rc.18/src/verdicts.rs:55:5:
[INFO] [stdout] the whole secret was left behind by encrypting, of the plaintext: score         6083  widest  1024  runs      408881236  swept     420926224  whole yes
[INFO] [stdout] stack backtrace:
[INFO] [stdout]    0:     0x58fce7e8e221 - std[617be2ca0a6fd877]::backtrace_rs::backtrace::libunwind::trace
[INFO] [stdout]                                at /rustc/e3feeb59cd1bdd011a2bfcc0747b55125d9b8527/library/std/src/../../backtrace/src/backtrace/libunwind.rs:117:9
[INFO] [stdout]    1:     0x58fce7e8e221 - std[617be2ca0a6fd877]::backtrace_rs::backtrace::trace_unsynchronized::<std[617be2ca0a6fd877]::sys::backtrace::_print_fmt::{closure#1}>
[INFO] [stdout]                                at /rustc/e3feeb59cd1bdd011a2bfcc0747b55125d9b8527/library/std/src/../../backtrace/src/backtrace/mod.rs:66:14
[INFO] [stdout]    2:     0x58fce7e8e221 - std[617be2ca0a6fd877]::sys::backtrace::_print_fmt
[INFO] [stdout]                                at /rustc/e3feeb59cd1bdd011a2bfcc0747b55125d9b8527/library/std/src/sys/backtrace.rs:74:9
[INFO] [stdout]    3:     0x58fce7e8e221 - <<std[617be2ca0a6fd877]::sys::backtrace::BacktraceLock>::print::DisplayBacktrace as core[a373ad73a504971]::fmt::Display>::fmt
[INFO] [stdout]                                at /rustc/e3feeb59cd1bdd011a2bfcc0747b55125d9b8527/library/std/src/sys/backtrace.rs:44:26
[INFO] [stdout]    4:     0x58fce7ea3b5a - <core[a373ad73a504971]::fmt::rt::Argument>::fmt
[INFO] [stdout]                                at /rustc/e3feeb59cd1bdd011a2bfcc0747b55125d9b8527/library/core/src/fmt/rt.rs:152:76
[INFO] [stdout]    5:     0x58fce7ea3b5a - core[a373ad73a504971]::fmt::write
[INFO] [stdout]    6:     0x58fce7e9289c - core[a373ad73a504971]::io::write::default_write_fmt::<alloc[2e1b2a31b91974c5]::vec::Vec<u8>>
[INFO] [stdout]                                at /rustc/e3feeb59cd1bdd011a2bfcc0747b55125d9b8527/library/core/src/io/write.rs:402:11
[INFO] [stdout]    7:     0x58fce7e9289c - <alloc[2e1b2a31b91974c5]::vec::Vec<u8> as core[a373ad73a504971]::io::write::Write>::write_fmt
[INFO] [stdout]                                at /rustc/e3feeb59cd1bdd011a2bfcc0747b55125d9b8527/library/core/src/io/write.rs:335:13
[INFO] [stdout]    8:     0x58fce7e691e6 - <std[617be2ca0a6fd877]::sys::backtrace::BacktraceLock>::print
[INFO] [stdout]                                at /rustc/e3feeb59cd1bdd011a2bfcc0747b55125d9b8527/library/std/src/sys/backtrace.rs:47:9
[INFO] [stdout]    9:     0x58fce7e691e6 - std[617be2ca0a6fd877]::panicking::default_hook::{closure#0}
[INFO] [stdout]                                at /rustc/e3feeb59cd1bdd011a2bfcc0747b55125d9b8527/library/std/src/panicking.rs:289:27
[INFO] [stdout]   10:     0x58fce7e865e9 - std[617be2ca0a6fd877]::panicking::default_hook
[INFO] [stdout]                                at /rustc/e3feeb59cd1bdd011a2bfcc0747b55125d9b8527/library/std/src/panicking.rs:313:9
[INFO] [stdout]   11:     0x58fce7da3920 - <alloc[2e1b2a31b91974c5]::boxed::Box<dyn for<'a, 'b> core[a373ad73a504971]::ops::function::Fn<(&'a std[617be2ca0a6fd877]::panic::PanicHookInfo<'b>,), Output = ()> + core[a373ad73a504971]::marker::Sync + core[a373ad73a504971]::marker::Send> as core[a373ad73a504971]::ops::function::Fn<(&std[617be2ca0a6fd877]::panic::PanicHookInfo,)>>::call
[INFO] [stdout]                                at /rustc/e3feeb59cd1bdd011a2bfcc0747b55125d9b8527/library/alloc/src/boxed.rs:2328:9
[INFO] [stdout]   12:     0x58fce7da3920 - test[aada8e7e76ba119b]::test_main_inner::{closure#0}
[INFO] [stdout]                                at /rustc/e3feeb59cd1bdd011a2bfcc0747b55125d9b8527/library/test/src/lib.rs:137:21
[INFO] [stdout]   13:     0x58fce7e867a2 - <alloc[2e1b2a31b91974c5]::boxed::Box<dyn for<'a, 'b> core[a373ad73a504971]::ops::function::Fn<(&'a std[617be2ca0a6fd877]::panic::PanicHookInfo<'b>,), Output = ()> + core[a373ad73a504971]::marker::Sync + core[a373ad73a504971]::marker::Send> as core[a373ad73a504971]::ops::function::Fn<(&std[617be2ca0a6fd877]::panic::PanicHookInfo,)>>::call
[INFO] [stdout]                                at /rustc/e3feeb59cd1bdd011a2bfcc0747b55125d9b8527/library/alloc/src/boxed.rs:2328:9
[INFO] [stdout]   14:     0x58fce7e867a2 - std[617be2ca0a6fd877]::panicking::panic_with_hook
[INFO] [stdout]                                at /rustc/e3feeb59cd1bdd011a2bfcc0747b55125d9b8527/library/std/src/panicking.rs:819:13
[INFO] [stdout]   15:     0x58fce7e69292 - std[617be2ca0a6fd877]::panicking::panic_handler::{closure#0}
[INFO] [stdout]                                at /rustc/e3feeb59cd1bdd011a2bfcc0747b55125d9b8527/library/std/src/panicking.rs:685:13
[INFO] [stdout]   16:     0x58fce7e61e59 - std[617be2ca0a6fd877]::sys::backtrace::__rust_end_short_backtrace::<std[617be2ca0a6fd877]::panicking::panic_handler::{closure#0}, !>
[INFO] [stdout]                                at /rustc/e3feeb59cd1bdd011a2bfcc0747b55125d9b8527/library/std/src/sys/backtrace.rs:182:18
[INFO] [stdout]   17:     0x58fce7e69d7d - __rustc[ea4f61d10b84890b]::rust_begin_unwind
[INFO] [stdout]                                at /rustc/e3feeb59cd1bdd011a2bfcc0747b55125d9b8527/library/std/src/panicking.rs:676:5
[INFO] [stdout]   18:     0x58fce7ea437c - core[a373ad73a504971]::panicking::panic_fmt
[INFO] [stdout]                                at /rustc/e3feeb59cd1bdd011a2bfcc0747b55125d9b8527/library/core/src/panicking.rs:80:14
[INFO] [stdout]   19:     0x58fce7e4c9e6 - redoubt_forensics_core[7c65acdcb6b7c7f9]::verdicts::no_copy
[INFO] [stdout]                                at /opt/rustwide/cargo-home/registry/src/index.crates.io-1949cf8c6b5b557f/redoubt-forensics-core-0.1.0-rc.18/src/verdicts.rs:55:5
[INFO] [stdout]   20:     0x58fce7e4c857 - redoubt_forensics_core[7c65acdcb6b7c7f9]::verdicts::leaves_nothing
[INFO] [stdout]                                at /opt/rustwide/cargo-home/registry/src/index.crates.io-1949cf8c6b5b557f/redoubt-forensics-core-0.1.0-rc.18/src/verdicts.rs:42:5
[INFO] [stdout]   21:     0x58fce7e4bb96 - <redoubt_forensics_core[7c65acdcb6b7c7f9]::watching::Watching>::none_left
[INFO] [stdout]                                at /opt/rustwide/cargo-home/registry/src/index.crates.io-1949cf8c6b5b557f/redoubt-forensics-core-0.1.0-rc.18/src/watching.rs:55:13
[INFO] [stdout]   22:     0x58fce7d90c77 - redoubt_aead_aegis128l[a0db7fd193e58d64]::tests::forensics::aegis128l::test_encrypting_leaves_nothing
[INFO] [stdout]                                at /opt/rustwide/workdir/src/tests/forensics/aegis128l.rs:298:14
[INFO] [stdout]   23:     0x58fce7d8eac7 - redoubt_aead_aegis128l[a0db7fd193e58d64]::tests::forensics::aegis128l::test_encrypting_leaves_nothing::{closure#0}
[INFO] [stdout]                                at /opt/rustwide/workdir/src/tests/forensics/aegis128l.rs:277:40
[INFO] [stdout]   24:     0x58fce7d78bf6 - <redoubt_aead_aegis128l[a0db7fd193e58d64]::tests::forensics::aegis128l::test_encrypting_leaves_nothing::{closure#0} as core[a373ad73a504971]::ops::function::FnOnce<()>>::call_once
[INFO] [stdout]                                at /rustc/e3feeb59cd1bdd011a2bfcc0747b55125d9b8527/library/core/src/ops/function.rs:250:5
[INFO] [stdout]   25:     0x58fce7d96d6b - <fn() -> core[a373ad73a504971]::result::Result<(), alloc[2e1b2a31b91974c5]::string::String> as core[a373ad73a504971]::ops::function::FnOnce<()>>::call_once
[INFO] [stdout]                                at /rustc/e3feeb59cd1bdd011a2bfcc0747b55125d9b8527/library/core/src/ops/function.rs:250:5
[INFO] [stdout]   26:     0x58fce7d96d6b - test[aada8e7e76ba119b]::__rust_begin_short_backtrace::<core[a373ad73a504971]::result::Result<(), alloc[2e1b2a31b91974c5]::string::String>, fn() -> core[a373ad73a504971]::result::Result<(), alloc[2e1b2a31b91974c5]::string::String>>
[INFO] [stdout]                                at /rustc/e3feeb59cd1bdd011a2bfcc0747b55125d9b8527/library/test/src/lib.rs:701:18
[INFO] [stdout]   27:     0x58fce7da3f45 - test[aada8e7e76ba119b]::run_test_in_process::{closure#0}
[INFO] [stdout]                                at /rustc/e3feeb59cd1bdd011a2bfcc0747b55125d9b8527/library/test/src/lib.rs:724:74
[INFO] [stdout]   28:     0x58fce7da3f45 - <core[a373ad73a504971]::panic::unwind_safe::AssertUnwindSafe<test[aada8e7e76ba119b]::run_test_in_process::{closure#0}> as core[a373ad73a504971]::ops::function::FnOnce<()>>::call_once
[INFO] [stdout]                                at /rustc/e3feeb59cd1bdd011a2bfcc0747b55125d9b8527/library/core/src/panic/unwind_safe.rs:275:9
[INFO] [stdout]   29:     0x58fce7da3f45 - std[617be2ca0a6fd877]::panicking::catch_unwind::do_call::<core[a373ad73a504971]::panic::unwind_safe::AssertUnwindSafe<test[aada8e7e76ba119b]::run_test_in_process::{closure#0}>, core[a373ad73a504971]::result::Result<(), alloc[2e1b2a31b91974c5]::string::String>>
[INFO] [stdout]                                at /rustc/e3feeb59cd1bdd011a2bfcc0747b55125d9b8527/library/std/src/panicking.rs:573:43
[INFO] [stdout]   30:     0x58fce7da3f45 - std[617be2ca0a6fd877]::panicking::catch_unwind::<core[a373ad73a504971]::result::Result<(), alloc[2e1b2a31b91974c5]::string::String>, core[a373ad73a504971]::panic::unwind_safe::AssertUnwindSafe<test[aada8e7e76ba119b]::run_test_in_process::{closure#0}>>
[INFO] [stdout]                                at /rustc/e3feeb59cd1bdd011a2bfcc0747b55125d9b8527/library/std/src/panicking.rs:541:19
[INFO] [stdout]   31:     0x58fce7da3f45 - std[617be2ca0a6fd877]::panic::catch_unwind::<core[a373ad73a504971]::panic::unwind_safe::AssertUnwindSafe<test[aada8e7e76ba119b]::run_test_in_process::{closure#0}>, core[a373ad73a504971]::result::Result<(), alloc[2e1b2a31b91974c5]::string::String>>
[INFO] [stdout]                                at /rustc/e3feeb59cd1bdd011a2bfcc0747b55125d9b8527/library/std/src/panic.rs:359:14
[INFO] [stdout]   32:     0x58fce7da3f45 - test[aada8e7e76ba119b]::run_test_in_process
[INFO] [stdout]                                at /rustc/e3feeb59cd1bdd011a2bfcc0747b55125d9b8527/library/test/src/lib.rs:724:27
[INFO] [stdout]   33:     0x58fce7da3f45 - test[aada8e7e76ba119b]::run_test::{closure#0}
[INFO] [stdout]                                at /rustc/e3feeb59cd1bdd011a2bfcc0747b55125d9b8527/library/test/src/lib.rs:645:43
[INFO] [stdout]   34:     0x58fce7d9d834 - test[aada8e7e76ba119b]::run_test::{closure#1}
[INFO] [stdout]                                at /rustc/e3feeb59cd1bdd011a2bfcc0747b55125d9b8527/library/test/src/lib.rs:675:41
[INFO] [stdout]   35:     0x58fce7d9d834 - std[617be2ca0a6fd877]::sys::backtrace::__rust_begin_short_backtrace::<test[aada8e7e76ba119b]::run_test::{closure#1}, ()>
[INFO] [stdout]                                at /rustc/e3feeb59cd1bdd011a2bfcc0747b55125d9b8527/library/std/src/sys/backtrace.rs:166:18
[INFO] [stdout]   36:     0x58fce7da6fd2 - std[617be2ca0a6fd877]::thread::lifecycle::spawn_unchecked::<test[aada8e7e76ba119b]::run_test::{closure#1}, ()>::{closure#1}::{closure#0}
[INFO] [stdout]                                at /rustc/e3feeb59cd1bdd011a2bfcc0747b55125d9b8527/library/std/src/thread/lifecycle.rs:70:13
[INFO] [stdout]   37:     0x58fce7da6fd2 - <core[a373ad73a504971]::panic::unwind_safe::AssertUnwindSafe<std[617be2ca0a6fd877]::thread::lifecycle::spawn_unchecked<test[aada8e7e76ba119b]::run_test::{closure#1}, ()>::{closure#1}::{closure#0}> as core[a373ad73a504971]::ops::function::FnOnce<()>>::call_once
[INFO] [stdout]                                at /rustc/e3feeb59cd1bdd011a2bfcc0747b55125d9b8527/library/core/src/panic/unwind_safe.rs:275:9
[INFO] [stdout]   38:     0x58fce7da6fd2 - std[617be2ca0a6fd877]::panicking::catch_unwind::do_call::<core[a373ad73a504971]::panic::unwind_safe::AssertUnwindSafe<std[617be2ca0a6fd877]::thread::lifecycle::spawn_unchecked<test[aada8e7e76ba119b]::run_test::{closure#1}, ()>::{closure#1}::{closure#0}>, ()>
[INFO] [stdout]                                at /rustc/e3feeb59cd1bdd011a2bfcc0747b55125d9b8527/library/std/src/panicking.rs:573:43
[INFO] [stdout]   39:     0x58fce7da6fd2 - std[617be2ca0a6fd877]::panicking::catch_unwind::<(), core[a373ad73a504971]::panic::unwind_safe::AssertUnwindSafe<std[617be2ca0a6fd877]::thread::lifecycle::spawn_unchecked<test[aada8e7e76ba119b]::run_test::{closure#1}, ()>::{closure#1}::{closure#0}>>
[INFO] [stdout]                                at /rustc/e3feeb59cd1bdd011a2bfcc0747b55125d9b8527/library/std/src/panicking.rs:541:19
[INFO] [stdout]   40:     0x58fce7da6fd2 - std[617be2ca0a6fd877]::panic::catch_unwind::<core[a373ad73a504971]::panic::unwind_safe::AssertUnwindSafe<std[617be2ca0a6fd877]::thread::lifecycle::spawn_unchecked<test[aada8e7e76ba119b]::run_test::{closure#1}, ()>::{closure#1}::{closure#0}>, ()>
[INFO] [stdout]                                at /rustc/e3feeb59cd1bdd011a2bfcc0747b55125d9b8527/library/std/src/panic.rs:359:14
[INFO] [stdout]   41:     0x58fce7da6fd2 - std[617be2ca0a6fd877]::thread::lifecycle::spawn_unchecked::<test[aada8e7e76ba119b]::run_test::{closure#1}, ()>::{closure#1}
[INFO] [stdout]                                at /rustc/e3feeb59cd1bdd011a2bfcc0747b55125d9b8527/library/std/src/thread/lifecycle.rs:68:26
[INFO] [stdout]   42:     0x58fce7da6fd2 - <std[617be2ca0a6fd877]::thread::lifecycle::spawn_unchecked<test[aada8e7e76ba119b]::run_test::{closure#1}, ()>::{closure#1} as core[a373ad73a504971]::ops::function::FnOnce<()>>::call_once::{shim:vtable#0}
[INFO] [stdout]                                at /rustc/e3feeb59cd1bdd011a2bfcc0747b55125d9b8527/library/core/src/ops/function.rs:250:5
[INFO] [stdout]   43:     0x58fce7e8da7f - <alloc[2e1b2a31b91974c5]::boxed::Box<dyn core[a373ad73a504971]::ops::function::FnOnce<(), Output = ()> + core[a373ad73a504971]::marker::Send> as core[a373ad73a504971]::ops::function::FnOnce<()>>::call_once
[INFO] [stdout]                                at /rustc/e3feeb59cd1bdd011a2bfcc0747b55125d9b8527/library/alloc/src/boxed.rs:2314:9
[INFO] [stdout]   44:     0x58fce7e8da7f - <std[617be2ca0a6fd877]::sys::thread::unix::Thread>::new::thread_start
[INFO] [stdout]                                at /rustc/e3feeb59cd1bdd011a2bfcc0747b55125d9b8527/library/std/src/sys/thread/unix.rs:127:17
[INFO] [stdout]   45:     0x7addf724cdfa - <unknown>
[INFO] [stdout]   46:     0x7addf72e03d4 - clone
[INFO] [stdout]   47:                0x0 - <unknown>
[INFO] [stdout] 
[INFO] [stdout] ---- tests::forensics::aegis128l::test_decrypting_under_a_wrong_tag_leaves_nothing stdout ----
[INFO] [stdout] 
[INFO] [stdout]   nothing held yet             score            0  widest     2  runs           3103  swept       2657200  whole no
[INFO] [stdout]   decrypting under a wrong tag, of the key score            0  widest     3  runs       16435067  swept     345687584  whole no
[INFO] [stdout]                                score            +0  widest     +1  runs       +16431964  swept     +343030384
[INFO] [stdout] 
[INFO] [stdout] 
[INFO] [stdout]   nothing held yet             score            0  widest     3  runs        2655538  swept       2657200  whole no
[INFO] [stdout]   decrypting under a wrong tag, of the plaintext score         6083  widest  1024  runs      335287224  swept     345687584  whole yes
[INFO] [stdout]                                score         +6083  widest  +1021  runs      +332631686  swept     +343030384  and the whole secret surfaced
[INFO] [stdout] 
[INFO] [stdout] 
[INFO] [stdout] thread 'tests::forensics::aegis128l::test_decrypting_under_a_wrong_tag_leaves_nothing' (1311) panicked at /opt/rustwide/cargo-home/registry/src/index.crates.io-1949cf8c6b5b557f/redoubt-forensics-core-0.1.0-rc.18/src/verdicts.rs:55:5:
[INFO] [stdout] the whole secret was left behind by decrypting under a wrong tag, of the plaintext: score         6083  widest  1024  runs      335287224  swept     345687584  whole yes
[INFO] [stdout] stack backtrace:
[INFO] [stdout]    0:     0x58fce7e8e221 - std[617be2ca0a6fd877]::backtrace_rs::backtrace::libunwind::trace
[INFO] [stdout]                                at /rustc/e3feeb59cd1bdd011a2bfcc0747b55125d9b8527/library/std/src/../../backtrace/src/backtrace/libunwind.rs:117:9
[INFO] [stdout]    1:     0x58fce7e8e221 - std[617be2ca0a6fd877]::backtrace_rs::backtrace::trace_unsynchronized::<std[617be2ca0a6fd877]::sys::backtrace::_print_fmt::{closure#1}>
[INFO] [stdout]                                at /rustc/e3feeb59cd1bdd011a2bfcc0747b55125d9b8527/library/std/src/../../backtrace/src/backtrace/mod.rs:66:14
[INFO] [stdout]    2:     0x58fce7e8e221 - std[617be2ca0a6fd877]::sys::backtrace::_print_fmt
[INFO] [stdout]                                at /rustc/e3feeb59cd1bdd011a2bfcc0747b55125d9b8527/library/std/src/sys/backtrace.rs:74:9
[INFO] [stdout]    3:     0x58fce7e8e221 - <<std[617be2ca0a6fd877]::sys::backtrace::BacktraceLock>::print::DisplayBacktrace as core[a373ad73a504971]::fmt::Display>::fmt
[INFO] [stdout]                                at /rustc/e3feeb59cd1bdd011a2bfcc0747b55125d9b8527/library/std/src/sys/backtrace.rs:44:26
[INFO] [stdout]    4:     0x58fce7ea3b5a - <core[a373ad73a504971]::fmt::rt::Argument>::fmt
[INFO] [stdout]                                at /rustc/e3feeb59cd1bdd011a2bfcc0747b55125d9b8527/library/core/src/fmt/rt.rs:152:76
[INFO] [stdout]    5:     0x58fce7ea3b5a - core[a373ad73a504971]::fmt::write
[INFO] [stdout]    6:     0x58fce7e9289c - core[a373ad73a504971]::io::write::default_write_fmt::<alloc[2e1b2a31b91974c5]::vec::Vec<u8>>
[INFO] [stdout]                                at /rustc/e3feeb59cd1bdd011a2bfcc0747b55125d9b8527/library/core/src/io/write.rs:402:11
[INFO] [stdout]    7:     0x58fce7e9289c - <alloc[2e1b2a31b91974c5]::vec::Vec<u8> as core[a373ad73a504971]::io::write::Write>::write_fmt
[INFO] [stdout]                                at /rustc/e3feeb59cd1bdd011a2bfcc0747b55125d9b8527/library/core/src/io/write.rs:335:13
[INFO] [stdout]    8:     0x58fce7e691e6 - <std[617be2ca0a6fd877]::sys::backtrace::BacktraceLock>::print
[INFO] [stdout]                                at /rustc/e3feeb59cd1bdd011a2bfcc0747b55125d9b8527/library/std/src/sys/backtrace.rs:47:9
[INFO] [stdout]    9:     0x58fce7e691e6 - std[617be2ca0a6fd877]::panicking::default_hook::{closure#0}
[INFO] [stdout]                                at /rustc/e3feeb59cd1bdd011a2bfcc0747b55125d9b8527/library/std/src/panicking.rs:289:27
[INFO] [stdout]   10:     0x58fce7e865e9 - std[617be2ca0a6fd877]::panicking::default_hook
[INFO] [stdout]                                at /rustc/e3feeb59cd1bdd011a2bfcc0747b55125d9b8527/library/std/src/panicking.rs:313:9
[INFO] [stdout]   11:     0x58fce7da3920 - <alloc[2e1b2a31b91974c5]::boxed::Box<dyn for<'a, 'b> core[a373ad73a504971]::ops::function::Fn<(&'a std[617be2ca0a6fd877]::panic::PanicHookInfo<'b>,), Output = ()> + core[a373ad73a504971]::marker::Sync + core[a373ad73a504971]::marker::Send> as core[a373ad73a504971]::ops::function::Fn<(&std[617be2ca0a6fd877]::panic::PanicHookInfo,)>>::call
[INFO] [stdout]                                at /rustc/e3feeb59cd1bdd011a2bfcc0747b55125d9b8527/library/alloc/src/boxed.rs:2328:9
[INFO] [stdout]   12:     0x58fce7da3920 - test[aada8e7e76ba119b]::test_main_inner::{closure#0}
[INFO] [stdout]                                at /rustc/e3feeb59cd1bdd011a2bfcc0747b55125d9b8527/library/test/src/lib.rs:137:21
[INFO] [stdout]   13:     0x58fce7e867a2 - <alloc[2e1b2a31b91974c5]::boxed::Box<dyn for<'a, 'b> core[a373ad73a504971]::ops::function::Fn<(&'a std[617be2ca0a6fd877]::panic::PanicHookInfo<'b>,), Output = ()> + core[a373ad73a504971]::marker::Sync + core[a373ad73a504971]::marker::Send> as core[a373ad73a504971]::ops::function::Fn<(&std[617be2ca0a6fd877]::panic::PanicHookInfo,)>>::call
[INFO] [stdout]                                at /rustc/e3feeb59cd1bdd011a2bfcc0747b55125d9b8527/library/alloc/src/boxed.rs:2328:9
[INFO] [stdout]   14:     0x58fce7e867a2 - std[617be2ca0a6fd877]::panicking::panic_with_hook
[INFO] [stdout]                                at /rustc/e3feeb59cd1bdd011a2bfcc0747b55125d9b8527/library/std/src/panicking.rs:819:13
[INFO] [stdout]   15:     0x58fce7e69292 - std[617be2ca0a6fd877]::panicking::panic_handler::{closure#0}
[INFO] [stdout]                                at /rustc/e3feeb59cd1bdd011a2bfcc0747b55125d9b8527/library/std/src/panicking.rs:685:13
[INFO] [stdout]   16:     0x58fce7e61e59 - std[617be2ca0a6fd877]::sys::backtrace::__rust_end_short_backtrace::<std[617be2ca0a6fd877]::panicking::panic_handler::{closure#0}, !>
[INFO] [stdout]                                at /rustc/e3feeb59cd1bdd011a2bfcc0747b55125d9b8527/library/std/src/sys/backtrace.rs:182:18
[INFO] [stdout]   17:     0x58fce7e69d7d - __rustc[ea4f61d10b84890b]::rust_begin_unwind
[INFO] [stdout]                                at /rustc/e3feeb59cd1bdd011a2bfcc0747b55125d9b8527/library/std/src/panicking.rs:676:5
[INFO] [stdout]   18:     0x58fce7ea437c - core[a373ad73a504971]::panicking::panic_fmt
[INFO] [stdout]                                at /rustc/e3feeb59cd1bdd011a2bfcc0747b55125d9b8527/library/core/src/panicking.rs:80:14
[INFO] [stdout]   19:     0x58fce7e4c9e6 - redoubt_forensics_core[7c65acdcb6b7c7f9]::verdicts::no_copy
[INFO] [stdout]                                at /opt/rustwide/cargo-home/registry/src/index.crates.io-1949cf8c6b5b557f/redoubt-forensics-core-0.1.0-rc.18/src/verdicts.rs:55:5
[INFO] [stdout]   20:     0x58fce7e4c857 - redoubt_forensics_core[7c65acdcb6b7c7f9]::verdicts::leaves_nothing
[INFO] [stdout]                                at /opt/rustwide/cargo-home/registry/src/index.crates.io-1949cf8c6b5b557f/redoubt-forensics-core-0.1.0-rc.18/src/verdicts.rs:42:5
[INFO] [stdout]   21:     0x58fce7e4bb96 - <redoubt_forensics_core[7c65acdcb6b7c7f9]::watching::Watching>::none_left
[INFO] [stdout]                                at /opt/rustwide/cargo-home/registry/src/index.crates.io-1949cf8c6b5b557f/redoubt-forensics-core-0.1.0-rc.18/src/watching.rs:55:13
[INFO] [stdout]   22:     0x58fce7d91442 - redoubt_aead_aegis128l[a0db7fd193e58d64]::tests::forensics::aegis128l::test_decrypting_under_a_wrong_tag_leaves_nothing
[INFO] [stdout]                                at /opt/rustwide/workdir/src/tests/forensics/aegis128l.rs:395:14
[INFO] [stdout]   23:     0x58fce7d8eb27 - redoubt_aead_aegis128l[a0db7fd193e58d64]::tests::forensics::aegis128l::test_decrypting_under_a_wrong_tag_leaves_nothing::{closure#0}
[INFO] [stdout]                                at /opt/rustwide/workdir/src/tests/forensics/aegis128l.rs:369:58
[INFO] [stdout]   24:     0x58fce7d78c36 - <redoubt_aead_aegis128l[a0db7fd193e58d64]::tests::forensics::aegis128l::test_decrypting_under_a_wrong_tag_leaves_nothing::{closure#0} as core[a373ad73a504971]::ops::function::FnOnce<()>>::call_once
[INFO] [stdout]                                at /rustc/e3feeb59cd1bdd011a2bfcc0747b55125d9b8527/library/core/src/ops/function.rs:250:5
[INFO] [stdout]   25:     0x58fce7d96d6b - <fn() -> core[a373ad73a504971]::result::Result<(), alloc[2e1b2a31b91974c5]::string::String> as core[a373ad73a504971]::ops::function::FnOnce<()>>::call_once
[INFO] [stdout]                                at /rustc/e3feeb59cd1bdd011a2bfcc0747b55125d9b8527/library/core/src/ops/function.rs:250:5
[INFO] [stdout]   26:     0x58fce7d96d6b - test[aada8e7e76ba119b]::__rust_begin_short_backtrace::<core[a373ad73a504971]::result::Result<(), alloc[2e1b2a31b91974c5]::string::String>, fn() -> core[a373ad73a504971]::result::Result<(), alloc[2e1b2a31b91974c5]::string::String>>
[INFO] [stdout]                                at /rustc/e3feeb59cd1bdd011a2bfcc0747b55125d9b8527/library/test/src/lib.rs:701:18
[INFO] [stdout]   27:     0x58fce7da3f45 - test[aada8e7e76ba119b]::run_test_in_process::{closure#0}
[INFO] [stdout]                                at /rustc/e3feeb59cd1bdd011a2bfcc0747b55125d9b8527/library/test/src/lib.rs:724:74
[INFO] [stdout]   28:     0x58fce7da3f45 - <core[a373ad73a504971]::panic::unwind_safe::AssertUnwindSafe<test[aada8e7e76ba119b]::run_test_in_process::{closure#0}> as core[a373ad73a504971]::ops::function::FnOnce<()>>::call_once
[INFO] [stdout]                                at /rustc/e3feeb59cd1bdd011a2bfcc0747b55125d9b8527/library/core/src/panic/unwind_safe.rs:275:9
[INFO] [stdout]   29:     0x58fce7da3f45 - std[617be2ca0a6fd877]::panicking::catch_unwind::do_call::<core[a373ad73a504971]::panic::unwind_safe::AssertUnwindSafe<test[aada8e7e76ba119b]::run_test_in_process::{closure#0}>, core[a373ad73a504971]::result::Result<(), alloc[2e1b2a31b91974c5]::string::String>>
[INFO] [stdout]                                at /rustc/e3feeb59cd1bdd011a2bfcc0747b55125d9b8527/library/std/src/panicking.rs:573:43
[INFO] [stdout]   30:     0x58fce7da3f45 - std[617be2ca0a6fd877]::panicking::catch_unwind::<core[a373ad73a504971]::result::Result<(), alloc[2e1b2a31b91974c5]::string::String>, core[a373ad73a504971]::panic::unwind_safe::AssertUnwindSafe<test[aada8e7e76ba119b]::run_test_in_process::{closure#0}>>
[INFO] [stdout]                                at /rustc/e3feeb59cd1bdd011a2bfcc0747b55125d9b8527/library/std/src/panicking.rs:541:19
[INFO] [stdout]   31:     0x58fce7da3f45 - std[617be2ca0a6fd877]::panic::catch_unwind::<core[a373ad73a504971]::panic::unwind_safe::AssertUnwindSafe<test[aada8e7e76ba119b]::run_test_in_process::{closure#0}>, core[a373ad73a504971]::result::Result<(), alloc[2e1b2a31b91974c5]::string::String>>
[INFO] [stdout]                                at /rustc/e3feeb59cd1bdd011a2bfcc0747b55125d9b8527/library/std/src/panic.rs:359:14
[INFO] [stdout]   32:     0x58fce7da3f45 - test[aada8e7e76ba119b]::run_test_in_process
[INFO] [stdout]                                at /rustc/e3feeb59cd1bdd011a2bfcc0747b55125d9b8527/library/test/src/lib.rs:724:27
[INFO] [stdout]   33:     0x58fce7da3f45 - test[aada8e7e76ba119b]::run_test::{closure#0}
[INFO] [stdout]                                at /rustc/e3feeb59cd1bdd011a2bfcc0747b55125d9b8527/library/test/src/lib.rs:645:43
[INFO] [stdout]   34:     0x58fce7d9d834 - test[aada8e7e76ba119b]::run_test::{closure#1}
[INFO] [stdout]                                at /rustc/e3feeb59cd1bdd011a2bfcc0747b55125d9b8527/library/test/src/lib.rs:675:41
[INFO] [stdout]   35:     0x58fce7d9d834 - std[617be2ca0a6fd877]::sys::backtrace::__rust_begin_short_backtrace::<test[aada8e7e76ba119b]::run_test::{closure#1}, ()>
[INFO] [stdout]                                at /rustc/e3feeb59cd1bdd011a2bfcc0747b55125d9b8527/library/std/src/sys/backtrace.rs:166:18
[INFO] [stdout]   36:     0x58fce7da6fd2 - std[617be2ca0a6fd877]::thread::lifecycle::spawn_unchecked::<test[aada8e7e76ba119b]::run_test::{closure#1}, ()>::{closure#1}::{closure#0}
[INFO] [stdout]                                at /rustc/e3feeb59cd1bdd011a2bfcc0747b55125d9b8527/library/std/src/thread/lifecycle.rs:70:13
[INFO] [stdout]   37:     0x58fce7da6fd2 - <core[a373ad73a504971]::panic::unwind_safe::AssertUnwindSafe<std[617be2ca0a6fd877]::thread::lifecycle::spawn_unchecked<test[aada8e7e76ba119b]::run_test::{closure#1}, ()>::{closure#1}::{closure#0}> as core[a373ad73a504971]::ops::function::FnOnce<()>>::call_once
[INFO] [stdout]                                at /rustc/e3feeb59cd1bdd011a2bfcc0747b55125d9b8527/library/core/src/panic/unwind_safe.rs:275:9
[INFO] [stdout]   38:     0x58fce7da6fd2 - std[617be2ca0a6fd877]::panicking::catch_unwind::do_call::<core[a373ad73a504971]::panic::unwind_safe::AssertUnwindSafe<std[617be2ca0a6fd877]::thread::lifecycle::spawn_unchecked<test[aada8e7e76ba119b]::run_test::{closure#1}, ()>::{closure#1}::{closure#0}>, ()>
[INFO] [stdout]                                at /rustc/e3feeb59cd1bdd011a2bfcc0747b55125d9b8527/library/std/src/panicking.rs:573:43
[INFO] [stdout]   39:     0x58fce7da6fd2 - std[617be2ca0a6fd877]::panicking::catch_unwind::<(), core[a373ad73a504971]::panic::unwind_safe::AssertUnwindSafe<std[617be2ca0a6fd877]::thread::lifecycle::spawn_unchecked<test[aada8e7e76ba119b]::run_test::{closure#1}, ()>::{closure#1}::{closure#0}>>
[INFO] [stdout]                                at /rustc/e3feeb59cd1bdd011a2bfcc0747b55125d9b8527/library/std/src/panicking.rs:541:19
[INFO] [stdout]   40:     0x58fce7da6fd2 - std[617be2ca0a6fd877]::panic::catch_unwind::<core[a373ad73a504971]::panic::unwind_safe::AssertUnwindSafe<std[617be2ca0a6fd877]::thread::lifecycle::spawn_unchecked<test[aada8e7e76ba119b]::run_test::{closure#1}, ()>::{closure#1}::{closure#0}>, ()>
[INFO] [stdout]                                at /rustc/e3feeb59cd1bdd011a2bfcc0747b55125d9b8527/library/std/src/panic.rs:359:14
[INFO] [stdout]   41:     0x58fce7da6fd2 - std[617be2ca0a6fd877]::thread::lifecycle::spawn_unchecked::<test[aada8e7e76ba119b]::run_test::{closure#1}, ()>::{closure#1}
[INFO] [stdout]                                at /rustc/e3feeb59cd1bdd011a2bfcc0747b55125d9b8527/library/std/src/thread/lifecycle.rs:68:26
[INFO] [stdout]   42:     0x58fce7da6fd2 - <std[617be2ca0a6fd877]::thread::lifecycle::spawn_unchecked<test[aada8e7e76ba119b]::run_test::{closure#1}, ()>::{closure#1} as core[a373ad73a504971]::ops::function::FnOnce<()>>::call_once::{shim:vtable#0}
[INFO] [stdout]                                at /rustc/e3feeb59cd1bdd011a2bfcc0747b55125d9b8527/library/core/src/ops/function.rs:250:5
[INFO] [stdout]   43:     0x58fce7e8da7f - <alloc[2e1b2a31b91974c5]::boxed::Box<dyn core[a373ad73a504971]::ops::function::FnOnce<(), Output = ()> + core[a373ad73a504971]::marker::Send> as core[a373ad73a504971]::ops::function::FnOnce<()>>::call_once
[INFO] [stdout]                                at /rustc/e3feeb59cd1bdd011a2bfcc0747b55125d9b8527/library/alloc/src/boxed.rs:2314:9
[INFO] [stdout]   44:     0x58fce7e8da7f - <std[617be2ca0a6fd877]::sys::thread::unix::Thread>::new::thread_start
[INFO] [stdout]                                at /rustc/e3feeb59cd1bdd011a2bfcc0747b55125d9b8527/library/std/src/sys/thread/unix.rs:127:17
[INFO] [stdout]   45:     0x7addf724cdfa - <unknown>
[INFO] [stdout]   46:     0x7addf72e03d4 - clone
[INFO] [stdout]   47:                0x0 - <unknown>
[INFO] [stdout] 
[INFO] [stdout] 
[INFO] [stdout] failures:
[INFO] [stdout]     tests::forensics::aegis128l::test_decrypting_leaves_nothing
[INFO] [stdout]     tests::forensics::aegis128l::test_decrypting_under_a_wrong_tag_leaves_nothing
[INFO] [stdout]     tests::forensics::aegis128l::test_encrypting_leaves_nothing
[INFO] [stdout] 
[INFO] [stdout] test result: FAILED. 115 passed; 3 failed; 1 ignored; 0 measured; 0 filtered out; finished in 198.53s
[INFO] [stdout] 
[INFO] [stderr] error: test failed, to rerun pass `--lib`
[INFO] running `Command { std: "docker" "inspect" "991e56f974c6ebf355c5be73c39b23d483a9885cf058dece3225b293b1f55430", kill_on_drop: false }`
[INFO] running `Command { std: "docker" "rm" "-f" "991e56f974c6ebf355c5be73c39b23d483a9885cf058dece3225b293b1f55430", kill_on_drop: false }`
[INFO] [stdout] 991e56f974c6ebf355c5be73c39b23d483a9885cf058dece3225b293b1f55430
