[INFO] fetching crate rebound-rs 4.6.0-alpha.1...
[INFO] testing rebound-rs-4.6.0-alpha.1 against 1.99.0-beta.8 for beta-1.100-2
[INFO] extracting crate rebound-rs 4.6.0-alpha.1 into /workspace/builds/worker-5-tc1/source
[INFO] started tweaking crates.io crate rebound-rs 4.6.0-alpha.1
[INFO] removed 0 missing examples
[INFO] finished tweaking crates.io crate rebound-rs 4.6.0-alpha.1
[INFO] tweaked toml for crates.io crate rebound-rs 4.6.0-alpha.1 written to /workspace/builds/worker-5-tc1/source/Cargo.toml
[INFO] validating manifest of crates.io crate rebound-rs 4.6.0-alpha.1 on toolchain 1.99.0-beta.8
[INFO] running `Command { std: CARGO_HOME="/workspace/cargo-home" RUSTUP_HOME="/workspace/rustup-home" "/workspace/cargo-home/bin/cargo" "+1.99.0-beta.8" "metadata" "--manifest-path" "Cargo.toml" "--no-deps", kill_on_drop: false }`
[INFO] crate crates.io crate rebound-rs 4.6.0-alpha.1 already has a lockfile, it will not be regenerated
[INFO] running `Command { std: CARGO_HOME="/workspace/cargo-home" RUSTUP_HOME="/workspace/rustup-home" "/workspace/cargo-home/bin/cargo" "+1.99.0-beta.8" "fetch" "--manifest-path" "Cargo.toml", kill_on_drop: false }`
[INFO] [stderr]     Updating crates.io index
[INFO] [stderr]  Downloading crates ...
[INFO] [stderr]   Downloaded rebound-bind v4.6.0
[INFO] running `Command { std: "docker" "create" "-v" "/var/lib/crater-agent-workspace/builds/worker-5-tc1/source:/opt/rustwide/workdir:ro,Z" "-v" "/var/lib/crater-agent-workspace/builds/worker-5-tc1/target:/opt/rustwide/target:rw,Z" "-v" "/var/lib/crater-agent-workspace/cargo-home:/opt/rustwide/cargo-home:ro,Z" "-v" "/var/lib/crater-agent-workspace/rustup-home:/opt/rustwide/rustup-home:ro,Z" "-m" "1610612736" "--network" "none" "ghcr.io/rust-lang/crates-build-env/linux@sha256:3111399a4047eeb3a02b7a90e478d715f38a8c6669b5c4b49d30a17385265909" "sleep" "infinity", kill_on_drop: false }`
[INFO] [stdout] 2b3a2b157d7ba941d966309e3ad3cfdcd1ef9bc109e0ea3bc55cc20e538e065e
[INFO] running `Command { std: "docker" "start" "2b3a2b157d7ba941d966309e3ad3cfdcd1ef9bc109e0ea3bc55cc20e538e065e", kill_on_drop: false }`
[INFO] running `Command { std: "docker" "inspect" "2b3a2b157d7ba941d966309e3ad3cfdcd1ef9bc109e0ea3bc55cc20e538e065e", kill_on_drop: false }`
[INFO] running `Command { std: "docker" "exec" "-e" "SOURCE_DIR=/opt/rustwide/workdir" "-e" "CARGO_HOME=/opt/rustwide/cargo-home" "-e" "RUSTUP_HOME=/opt/rustwide/rustup-home" "-e" "CARGO_TARGET_DIR=/opt/rustwide/target" "-w" "/opt/rustwide/workdir" "--user" "0:0" "2b3a2b157d7ba941d966309e3ad3cfdcd1ef9bc109e0ea3bc55cc20e538e065e" "/opt/rustwide/cargo-home/bin/cargo" "+1.99.0-beta.8" "metadata" "--no-deps" "--format-version=1", kill_on_drop: false }`
[INFO] running `Command { std: "docker" "inspect" "2b3a2b157d7ba941d966309e3ad3cfdcd1ef9bc109e0ea3bc55cc20e538e065e", kill_on_drop: false }`
[INFO] running `Command { std: "docker" "exec" "-e" "SOURCE_DIR=/opt/rustwide/workdir" "-e" "CARGO_HOME=/opt/rustwide/cargo-home" "-e" "RUSTUP_HOME=/opt/rustwide/rustup-home" "-e" "CARGO_TARGET_DIR=/opt/rustwide/target" "-e" "CARGO_INCREMENTAL=0" "-e" "RUST_BACKTRACE=full" "-e" "RUSTFLAGS=--cap-lints=warn" "-e" "RUSTDOCFLAGS=--cap-lints=warn" "-w" "/opt/rustwide/workdir" "--user" "0:0" "2b3a2b157d7ba941d966309e3ad3cfdcd1ef9bc109e0ea3bc55cc20e538e065e" "/opt/rustwide/cargo-home/bin/cargo" "+1.99.0-beta.8" "build" "--frozen" "--message-format=json", kill_on_drop: false }`
[INFO] [stderr]    Compiling glob v0.3.3
[INFO] [stderr]    Compiling prettyplease v0.2.37
[INFO] [stderr]    Compiling libc v0.2.183
[INFO] [stderr]    Compiling regex-syntax v0.8.10
[INFO] [stderr]    Compiling memchr v2.8.0
[INFO] [stderr]    Compiling cfg-if v1.0.4
[INFO] [stderr]    Compiling minimal-lexical v0.2.1
[INFO] [stderr]    Compiling either v1.15.0
[INFO] [stderr]    Compiling libloading v0.8.9
[INFO] [stderr]    Compiling bindgen v0.72.1
[INFO] [stderr]    Compiling itertools v0.13.0
[INFO] [stderr]    Compiling rustc-hash v2.1.1
[INFO] [stderr]    Compiling clang-sys v1.8.1
[INFO] [stderr]    Compiling log v0.4.29
[INFO] [stderr]    Compiling bitflags v2.11.0
[INFO] [stderr]    Compiling cc v1.2.58
[INFO] [stderr]    Compiling nom v7.1.3
[INFO] [stderr]    Compiling thiserror-impl v2.0.18
[INFO] [stderr]    Compiling thiserror v2.0.18
[INFO] [stderr]    Compiling regex-automata v0.4.14
[INFO] [stderr]    Compiling cexpr v0.6.0
[INFO] [stderr]    Compiling regex v1.12.3
[INFO] [stderr]    Compiling rebound-bind v4.6.0
[INFO] [stderr]    Compiling rebound-rs v4.6.0-alpha.1 (/opt/rustwide/workdir)
[INFO] [stderr]     Finished `dev` profile [unoptimized + debuginfo] target(s) in 37.13s
[INFO] running `Command { std: "docker" "inspect" "2b3a2b157d7ba941d966309e3ad3cfdcd1ef9bc109e0ea3bc55cc20e538e065e", kill_on_drop: false }`
[INFO] running `Command { std: "docker" "exec" "-e" "SOURCE_DIR=/opt/rustwide/workdir" "-e" "CARGO_HOME=/opt/rustwide/cargo-home" "-e" "RUSTUP_HOME=/opt/rustwide/rustup-home" "-e" "CARGO_TARGET_DIR=/opt/rustwide/target" "-e" "CARGO_INCREMENTAL=0" "-e" "RUST_BACKTRACE=full" "-e" "RUSTFLAGS=--cap-lints=warn" "-e" "RUSTDOCFLAGS=--cap-lints=warn" "-w" "/opt/rustwide/workdir" "--user" "0:0" "2b3a2b157d7ba941d966309e3ad3cfdcd1ef9bc109e0ea3bc55cc20e538e065e" "/opt/rustwide/cargo-home/bin/cargo" "+1.99.0-beta.8" "test" "--frozen" "--no-run" "--message-format=json", kill_on_drop: false }`
[INFO] [stderr]    Compiling rebound-rs v4.6.0-alpha.1 (/opt/rustwide/workdir)
[INFO] [stderr]     Finished `test` profile [unoptimized + debuginfo] target(s) in 1.16s
[INFO] running `Command { std: "docker" "inspect" "2b3a2b157d7ba941d966309e3ad3cfdcd1ef9bc109e0ea3bc55cc20e538e065e", kill_on_drop: false }`
[INFO] running `Command { std: "docker" "exec" "-e" "SOURCE_DIR=/opt/rustwide/workdir" "-e" "CARGO_HOME=/opt/rustwide/cargo-home" "-e" "RUSTUP_HOME=/opt/rustwide/rustup-home" "-e" "CARGO_TARGET_DIR=/opt/rustwide/target" "-e" "CARGO_INCREMENTAL=0" "-e" "RUST_BACKTRACE=full" "-e" "RUSTFLAGS=--cap-lints=warn" "-e" "RUSTDOCFLAGS=--cap-lints=warn" "-w" "/opt/rustwide/workdir" "--user" "0:0" "2b3a2b157d7ba941d966309e3ad3cfdcd1ef9bc109e0ea3bc55cc20e538e065e" "/opt/rustwide/cargo-home/bin/cargo" "+1.99.0-beta.8" "test" "--frozen", kill_on_drop: false }`
[INFO] [stderr]     Finished `test` profile [unoptimized + debuginfo] target(s) in 0.07s
[INFO] [stderr]      Running unittests src/lib.rs (/opt/rustwide/target/debug/deps/rebound_rs-4d545831eea3d029)
[INFO] [stdout] 
[INFO] [stdout] running 13 tests
[INFO] [stdout] test particles::builder::tests::macro_test ... ok
[INFO] [stdout] test particles::builder::tests::particle_vec3d_setters_update_vector_fields ... ok
[INFO] [stdout] test particles::builder::tests::macro_accepts_acceleration_components ... ok
[INFO] [stdout] test particles::orbit::tests::try_from_particles_accepts_owned_particles ... ok
[INFO] [stdout] test particles::builder::tests::macro_accepts_vec3d_cartesian_fields ... ok
[INFO] [stdout] test particles::builder::tests::particle_orbit_accepts_owned_primary ... ok
[INFO] [stdout] test particles::orbit::tests::try_from_particles_accepts_particle_refs ... ok
[INFO] [stdout] test particles::write::tests::particle_write_updates_owned_particle ... ok
[INFO] [stdout] test simulation::settings::tests::simulation_setting_roundtrips_use_raw_bindgen_types ... ok
[INFO] [stdout] test utils::hash::tests::test_hash_with_nul ... ok
[INFO] [stdout] test particles::orbit::tests::from_particles_returns_option_for_owned_particles ... ok
[INFO] [stdout] test particles::builder::tests::orbital_builders_return_particles_with_default_acceleration ... ok
[INFO] [stderr]    Doc-tests rebound_rs
[INFO] [stdout] test particles::reference::tests::setters_update_particle_fields ... ok
[INFO] [stdout] 
[INFO] [stdout] test result: ok. 13 passed; 0 failed; 0 ignored; 0 measured; 0 filtered out; finished in 0.01s
[INFO] [stdout] 
[INFO] [stdout] 
[INFO] [stdout] running 1 test
[INFO] [stdout] test src/utils/hash.rs - utils::hash::hash (line 23) ... FAILED
[INFO] [stderr] error: doctest failed, to rerun pass `--doc`
[INFO] [stdout] 
[INFO] [stdout] failures:
[INFO] [stdout] 
[INFO] [stdout] ---- src/utils/hash.rs - utils::hash::hash (line 23) stdout ----
[INFO] [stdout] error[E0433]: cannot find module or crate `rebound` in this scope
[INFO] [stdout]   --> src/utils/hash.rs:24:12
[INFO] [stdout]    |
[INFO] [stdout] 24 | assert_eq!(rebound::utils::hash("earth\0ignored"), rebound::utils::hash("earth"));
[INFO] [stdout]    |            ^^^^^^^ use of unresolved module or unlinked crate `rebound`
[INFO] [stdout]    |
[INFO] [stdout]    = help: if you wanted to use a crate named `rebound`, use `cargo add rebound` to add it to your `Cargo.toml`
[INFO] [stdout] 
[INFO] [stdout] error[E0433]: cannot find module or crate `rebound` in this scope
[INFO] [stdout]   --> src/utils/hash.rs:24:52
[INFO] [stdout]    |
[INFO] [stdout] 24 | assert_eq!(rebound::utils::hash("earth\0ignored"), rebound::utils::hash("earth"));
[INFO] [stdout]    |                                                    ^^^^^^^ use of unresolved module or unlinked crate `rebound`
[INFO] [stdout]    |
[INFO] [stdout]    = help: if you wanted to use a crate named `rebound`, use `cargo add rebound` to add it to your `Cargo.toml`
[INFO] [stdout] 
[INFO] [stdout] error: aborting due to 2 previous errors
[INFO] [stdout] 
[INFO] [stdout] For more information about this error, try `rustc --explain E0433`.
[INFO] [stdout] Couldn't compile the test.
[INFO] [stdout] 
[INFO] [stdout] failures:
[INFO] [stdout]     src/utils/hash.rs - utils::hash::hash (line 23)
[INFO] [stdout] 
[INFO] [stdout] test result: FAILED. 0 passed; 1 failed; 0 ignored; 0 measured; 0 filtered out; finished in 0.11s
[INFO] [stdout] 
[INFO] [stdout] all doctests ran in 0.17s; merged doctests compilation took 0.06s
[INFO] running `Command { std: "docker" "inspect" "2b3a2b157d7ba941d966309e3ad3cfdcd1ef9bc109e0ea3bc55cc20e538e065e", kill_on_drop: false }`
[INFO] running `Command { std: "docker" "rm" "-f" "2b3a2b157d7ba941d966309e3ad3cfdcd1ef9bc109e0ea3bc55cc20e538e065e", kill_on_drop: false }`
[INFO] [stdout] 2b3a2b157d7ba941d966309e3ad3cfdcd1ef9bc109e0ea3bc55cc20e538e065e
