[INFO] fetching crate readcon-db 0.1.6...
[INFO] testing readcon-db-0.1.6 against 1.99.0-beta.8 for beta-1.100-2
[INFO] extracting crate readcon-db 0.1.6 into /workspace/builds/worker-5-tc1/source
[INFO] started tweaking crates.io crate readcon-db 0.1.6
[INFO] removed 0 missing examples
[INFO] removed 0 missing tests
[INFO] finished tweaking crates.io crate readcon-db 0.1.6
[INFO] tweaked toml for crates.io crate readcon-db 0.1.6 written to /workspace/builds/worker-5-tc1/source/Cargo.toml
[INFO] validating manifest of crates.io crate readcon-db 0.1.6 on toolchain 1.99.0-beta.8
[INFO] running `Command { std: CARGO_HOME="/workspace/cargo-home" RUSTUP_HOME="/workspace/rustup-home" "/workspace/cargo-home/bin/cargo" "+1.99.0-beta.8" "metadata" "--manifest-path" "Cargo.toml" "--no-deps", kill_on_drop: false }`
[INFO] crate crates.io crate readcon-db 0.1.6 already has a lockfile, it will not be regenerated
[INFO] running `Command { std: CARGO_HOME="/workspace/cargo-home" RUSTUP_HOME="/workspace/rustup-home" "/workspace/cargo-home/bin/cargo" "+1.99.0-beta.8" "fetch" "--manifest-path" "Cargo.toml", kill_on_drop: false }`
[INFO] [stderr]     Updating crates.io index
[INFO] [stderr]  Downloading crates ...
[INFO] [stderr]   Downloaded pyo3-macros v0.28.3
[INFO] [stderr]   Downloaded doxygen-rs v0.4.2
[INFO] [stderr]   Downloaded synchronoise v1.0.1
[INFO] [stderr]   Downloaded heed-traits v0.20.0
[INFO] [stderr]   Downloaded heed-types v0.21.0
[INFO] [stderr]   Downloaded pyo3-build-config v0.28.3
[INFO] [stderr]   Downloaded dlpk v0.1.5
[INFO] [stderr]   Downloaded heed v0.21.0
[INFO] [stderr]   Downloaded ndarray v0.17.2
[INFO] [stderr]   Downloaded pyo3-macros-backend v0.28.3
[INFO] [stderr]   Downloaded pyo3-ffi v0.28.3
[INFO] [stderr]   Downloaded lmdb-master-sys v0.2.6
[INFO] [stderr]   Downloaded readcon-core v0.14.8
[INFO] [stderr]   Downloaded pyo3 v0.28.3
[INFO] running `Command { std: "docker" "create" "-v" "/var/lib/crater-agent-workspace/builds/worker-5-tc1/source:/opt/rustwide/workdir:ro,Z" "-v" "/var/lib/crater-agent-workspace/builds/worker-5-tc1/target:/opt/rustwide/target:rw,Z" "-v" "/var/lib/crater-agent-workspace/cargo-home:/opt/rustwide/cargo-home:ro,Z" "-v" "/var/lib/crater-agent-workspace/rustup-home:/opt/rustwide/rustup-home:ro,Z" "-m" "1610612736" "--network" "none" "ghcr.io/rust-lang/crates-build-env/linux@sha256:3111399a4047eeb3a02b7a90e478d715f38a8c6669b5c4b49d30a17385265909" "sleep" "infinity", kill_on_drop: false }`
[INFO] [stdout] 885880d37a6de669a09a902d24b1c9de631a7e02d3cc8b84543011990101da3c
[INFO] running `Command { std: "docker" "start" "885880d37a6de669a09a902d24b1c9de631a7e02d3cc8b84543011990101da3c", kill_on_drop: false }`
[INFO] running `Command { std: "docker" "inspect" "885880d37a6de669a09a902d24b1c9de631a7e02d3cc8b84543011990101da3c", kill_on_drop: false }`
[INFO] running `Command { std: "docker" "exec" "-e" "SOURCE_DIR=/opt/rustwide/workdir" "-e" "CARGO_HOME=/opt/rustwide/cargo-home" "-e" "RUSTUP_HOME=/opt/rustwide/rustup-home" "-e" "CARGO_TARGET_DIR=/opt/rustwide/target" "-w" "/opt/rustwide/workdir" "--user" "0:0" "885880d37a6de669a09a902d24b1c9de631a7e02d3cc8b84543011990101da3c" "/opt/rustwide/cargo-home/bin/cargo" "+1.99.0-beta.8" "metadata" "--no-deps" "--format-version=1", kill_on_drop: false }`
[INFO] running `Command { std: "docker" "inspect" "885880d37a6de669a09a902d24b1c9de631a7e02d3cc8b84543011990101da3c", kill_on_drop: false }`
[INFO] running `Command { std: "docker" "exec" "-e" "SOURCE_DIR=/opt/rustwide/workdir" "-e" "CARGO_HOME=/opt/rustwide/cargo-home" "-e" "RUSTUP_HOME=/opt/rustwide/rustup-home" "-e" "CARGO_TARGET_DIR=/opt/rustwide/target" "-e" "CARGO_INCREMENTAL=0" "-e" "RUST_BACKTRACE=full" "-e" "RUSTFLAGS=--cap-lints=warn" "-e" "RUSTDOCFLAGS=--cap-lints=warn" "-w" "/opt/rustwide/workdir" "--user" "0:0" "885880d37a6de669a09a902d24b1c9de631a7e02d3cc8b84543011990101da3c" "/opt/rustwide/cargo-home/bin/cargo" "+1.99.0-beta.8" "build" "--frozen" "--message-format=json", kill_on_drop: false }`
[INFO] [stderr]    Compiling quote v1.0.46
[INFO] [stderr]    Compiling siphasher v1.0.3
[INFO] [stderr]    Compiling rand_core v0.6.4
[INFO] [stderr]    Compiling num-traits v0.2.19
[INFO] [stderr]    Compiling matrixmultiply v0.3.10
[INFO] [stderr]    Compiling shlex v2.0.1
[INFO] [stderr]    Compiling crc32fast v1.5.0
[INFO] [stderr]    Compiling memchr v2.8.2
[INFO] [stderr]    Compiling rawpointer v0.2.1
[INFO] [stderr]    Compiling rand v0.8.6
[INFO] [stderr]    Compiling cc v1.2.65
[INFO] [stderr]    Compiling phf_shared v0.11.3
[INFO] [stderr]    Compiling simd-adler32 v0.3.9
[INFO] [stderr]    Compiling adler2 v2.0.1
[INFO] [stderr]    Compiling syn v2.0.118
[INFO] [stderr]    Compiling miniz_oxide v0.8.9
[INFO] [stderr]    Compiling half v2.4.1
[INFO] [stderr]    Compiling phf_generator v0.11.3
[INFO] [stderr]    Compiling serde_json v1.0.150
[INFO] [stderr]    Compiling readcon-core v0.14.8
[INFO] [stderr]    Compiling heed-traits v0.20.0
[INFO] [stderr]    Compiling heed v0.21.0
[INFO] [stderr]    Compiling flate2 v1.1.9
[INFO] [stderr]    Compiling synchronoise v1.0.1
[INFO] [stderr]    Compiling num-integer v0.1.46
[INFO] [stderr]    Compiling num-complex v0.4.6
[INFO] [stderr]    Compiling memmap2 v0.9.11
[INFO] [stderr]    Compiling bitflags v2.13.0
[INFO] [stderr]    Compiling page_size v0.6.0
[INFO] [stderr]    Compiling half v1.8.3
[INFO] [stderr]    Compiling fast-float2 v0.2.3
[INFO] [stderr]    Compiling rustc-hash v2.1.2
[INFO] [stderr]    Compiling xxhash-rust v0.8.15
[INFO] [stderr]    Compiling ndarray v0.17.2
[INFO] [stderr]    Compiling phf_macros v0.11.3
[INFO] [stderr]    Compiling serde_derive v1.0.228
[INFO] [stderr]    Compiling thiserror-impl v2.0.18
[INFO] [stderr]    Compiling phf v0.11.3
[INFO] [stderr]    Compiling doxygen-rs v0.4.2
[INFO] [stderr]    Compiling lmdb-master-sys v0.2.6
[INFO] [stderr]    Compiling thiserror v2.0.18
[INFO] [stderr]    Compiling serde v1.0.228
[INFO] [stderr]    Compiling dlpk v0.1.5
[INFO] [stderr]    Compiling bincode v1.3.3
[INFO] [stderr]    Compiling heed-types v0.21.0
[INFO] [stderr]    Compiling readcon-db v0.1.6 (/opt/rustwide/workdir)
[INFO] [stdout] warning: unused imports: `FrameIndexProjection as CoreFrameIndexProjection`, `SECTIONS_MASK_ENERGIES`, `SECTIONS_MASK_FORCES`, `SECTIONS_MASK_VELOCITIES`, `finite_energy`, `frame_composition_formula`, `frame_fmax`, and `sections_present_mask`
[INFO] [stdout]   --> src/frame_scalars.rs:8:5
[INFO] [stdout]    |
[INFO] [stdout]  8 |     finite_energy, frame_cell_volume, frame_composition_formula, frame_fmax, frame_total_mass,
[INFO] [stdout]    |     ^^^^^^^^^^^^^                     ^^^^^^^^^^^^^^^^^^^^^^^^^  ^^^^^^^^^^
[INFO] [stdout]  9 |     sections_present_mask, FrameIndexProjection as CoreFrameIndexProjection, SECTIONS_MASK_ENERGIES,
[INFO] [stdout]    |     ^^^^^^^^^^^^^^^^^^^^^  ^^^^^^^^^^^^^^^^^^^^^^^^^^^^^^^^^^^^^^^^^^^^^^^^  ^^^^^^^^^^^^^^^^^^^^^^
[INFO] [stdout] 10 |     SECTIONS_MASK_FORCES, SECTIONS_MASK_VELOCITIES,
[INFO] [stdout]    |     ^^^^^^^^^^^^^^^^^^^^  ^^^^^^^^^^^^^^^^^^^^^^^^
[INFO] [stdout]    |
[INFO] [stdout]    = note: `#[warn(unused_imports)]` (part of `#[warn(unused)]`) on by default
[INFO] [stdout] 
[INFO] [stdout] 
[INFO] [stdout] warning: method `index_frame` is never used
[INFO] [stdout]    --> src/corpus.rs:554:8
[INFO] [stdout]     |
[INFO] [stdout] 148 | impl ConCorpus {
[INFO] [stdout]     | -------------- method in this implementation
[INFO] [stdout] ...
[INFO] [stdout] 554 |     fn index_frame(
[INFO] [stdout]     |        ^^^^^^^^^^^
[INFO] [stdout]     |
[INFO] [stdout]     = note: `#[warn(dead_code)]` (part of `#[warn(unused)]`) on by default
[INFO] [stdout] 
[INFO] [stdout] 
[INFO] [stdout] warning: function `meta_channel_prefix` is never used
[INFO] [stdout]    --> src/keys.rs:248:15
[INFO] [stdout]     |
[INFO] [stdout] 248 | pub(crate) fn meta_channel_prefix(channel: u8) -> [u8; 1] {
[INFO] [stdout]     |               ^^^^^^^^^^^^^^^^^^^
[INFO] [stdout] 
[INFO] [stdout] 
[INFO] [stderr]     Finished `dev` profile [unoptimized + debuginfo] target(s) in 38.31s
[INFO] running `Command { std: "docker" "inspect" "885880d37a6de669a09a902d24b1c9de631a7e02d3cc8b84543011990101da3c", kill_on_drop: false }`
[INFO] running `Command { std: "docker" "exec" "-e" "SOURCE_DIR=/opt/rustwide/workdir" "-e" "CARGO_HOME=/opt/rustwide/cargo-home" "-e" "RUSTUP_HOME=/opt/rustwide/rustup-home" "-e" "CARGO_TARGET_DIR=/opt/rustwide/target" "-e" "CARGO_INCREMENTAL=0" "-e" "RUST_BACKTRACE=full" "-e" "RUSTFLAGS=--cap-lints=warn" "-e" "RUSTDOCFLAGS=--cap-lints=warn" "-w" "/opt/rustwide/workdir" "--user" "0:0" "885880d37a6de669a09a902d24b1c9de631a7e02d3cc8b84543011990101da3c" "/opt/rustwide/cargo-home/bin/cargo" "+1.99.0-beta.8" "test" "--frozen" "--no-run" "--message-format=json", kill_on_drop: false }`
[INFO] [stderr]    Compiling bitflags v2.13.0
[INFO] [stderr]    Compiling rustix v1.1.4
[INFO] [stderr]    Compiling getrandom v0.4.3
[INFO] [stderr]    Compiling fastrand v2.4.1
[INFO] [stderr]    Compiling heed v0.21.0
[INFO] [stderr]    Compiling readcon-db v0.1.6 (/opt/rustwide/workdir)
[INFO] [stdout] warning: unused imports: `FrameIndexProjection as CoreFrameIndexProjection`, `SECTIONS_MASK_ENERGIES`, `SECTIONS_MASK_FORCES`, `SECTIONS_MASK_VELOCITIES`, `finite_energy`, `frame_composition_formula`, `frame_fmax`, and `sections_present_mask`
[INFO] [stdout]   --> src/frame_scalars.rs:8:5
[INFO] [stdout]    |
[INFO] [stdout]  8 |     finite_energy, frame_cell_volume, frame_composition_formula, frame_fmax, frame_total_mass,
[INFO] [stdout]    |     ^^^^^^^^^^^^^                     ^^^^^^^^^^^^^^^^^^^^^^^^^  ^^^^^^^^^^
[INFO] [stdout]  9 |     sections_present_mask, FrameIndexProjection as CoreFrameIndexProjection, SECTIONS_MASK_ENERGIES,
[INFO] [stdout]    |     ^^^^^^^^^^^^^^^^^^^^^  ^^^^^^^^^^^^^^^^^^^^^^^^^^^^^^^^^^^^^^^^^^^^^^^^  ^^^^^^^^^^^^^^^^^^^^^^
[INFO] [stdout] 10 |     SECTIONS_MASK_FORCES, SECTIONS_MASK_VELOCITIES,
[INFO] [stdout]    |     ^^^^^^^^^^^^^^^^^^^^  ^^^^^^^^^^^^^^^^^^^^^^^^
[INFO] [stdout]    |
[INFO] [stdout]    = note: `#[warn(unused_imports)]` (part of `#[warn(unused)]`) on by default
[INFO] [stdout] 
[INFO] [stdout] 
[INFO] [stderr]    Compiling tempfile v3.27.0
[INFO] [stdout] warning: method `index_frame` is never used
[INFO] [stdout]    --> src/corpus.rs:554:8
[INFO] [stdout]     |
[INFO] [stdout] 148 | impl ConCorpus {
[INFO] [stdout]     | -------------- method in this implementation
[INFO] [stdout] ...
[INFO] [stdout] 554 |     fn index_frame(
[INFO] [stdout]     |        ^^^^^^^^^^^
[INFO] [stdout]     |
[INFO] [stdout]     = note: `#[warn(dead_code)]` (part of `#[warn(unused)]`) on by default
[INFO] [stdout] 
[INFO] [stdout] 
[INFO] [stdout] warning: function `meta_channel_prefix` is never used
[INFO] [stdout]    --> src/keys.rs:248:15
[INFO] [stdout]     |
[INFO] [stdout] 248 | pub(crate) fn meta_channel_prefix(channel: u8) -> [u8; 1] {
[INFO] [stdout]     |               ^^^^^^^^^^^^^^^^^^^
[INFO] [stdout] 
[INFO] [stdout] 
[INFO] [stdout] warning: unused import: `readcon_core::types::ConFrameBuilder`
[INFO] [stdout]     --> src/corpus.rs:2449:13
[INFO] [stdout]      |
[INFO] [stdout] 2449 |         use readcon_core::types::ConFrameBuilder;
[INFO] [stdout]      |             ^^^^^^^^^^^^^^^^^^^^^^^^^^^^^^^^^^^^
[INFO] [stdout]      |
[INFO] [stdout]      = note: `#[warn(unused_imports)]` (part of `#[warn(unused)]`) on by default
[INFO] [stdout] 
[INFO] [stdout] 
[INFO] [stdout] warning: unused imports: `FrameIndexProjection as CoreFrameIndexProjection`, `SECTIONS_MASK_ENERGIES`, `SECTIONS_MASK_FORCES`, `SECTIONS_MASK_VELOCITIES`, `finite_energy`, `frame_composition_formula`, `frame_fmax`, and `sections_present_mask`
[INFO] [stdout]   --> src/frame_scalars.rs:8:5
[INFO] [stdout]    |
[INFO] [stdout]  8 |     finite_energy, frame_cell_volume, frame_composition_formula, frame_fmax, frame_total_mass,
[INFO] [stdout]    |     ^^^^^^^^^^^^^                     ^^^^^^^^^^^^^^^^^^^^^^^^^  ^^^^^^^^^^
[INFO] [stdout]  9 |     sections_present_mask, FrameIndexProjection as CoreFrameIndexProjection, SECTIONS_MASK_ENERGIES,
[INFO] [stdout]    |     ^^^^^^^^^^^^^^^^^^^^^  ^^^^^^^^^^^^^^^^^^^^^^^^^^^^^^^^^^^^^^^^^^^^^^^^  ^^^^^^^^^^^^^^^^^^^^^^
[INFO] [stdout] 10 |     SECTIONS_MASK_FORCES, SECTIONS_MASK_VELOCITIES,
[INFO] [stdout]    |     ^^^^^^^^^^^^^^^^^^^^  ^^^^^^^^^^^^^^^^^^^^^^^^
[INFO] [stdout] 
[INFO] [stdout] 
[INFO] [stdout] warning: variable `extract_sum` is assigned to, but never used
[INFO] [stdout]   --> examples/bench_corpus_ops.rs:43:13
[INFO] [stdout]    |
[INFO] [stdout] 43 |         let mut extract_sum = 0.0;
[INFO] [stdout]    |             ^^^^^^^^^^^^^^^
[INFO] [stdout]    |
[INFO] [stdout]    = note: consider using `_extract_sum` instead
[INFO] [stdout]    = note: `#[warn(unused_variables)]` (part of `#[warn(unused)]`) on by default
[INFO] [stdout] 
[INFO] [stdout] 
[INFO] [stdout] warning: value assigned to `extract_sum` is never read
[INFO] [stdout]   --> examples/bench_corpus_ops.rs:51:17
[INFO] [stdout]    |
[INFO] [stdout] 51 |                 extract_sum += fr.atom_data.len() as f64; // touch
[INFO] [stdout]    |                 ^^^^^^^^^^^^^^^^^^^^^^^^^^^^^^^^^^^^^^^^
[INFO] [stdout]    |
[INFO] [stdout]    = help: maybe it is overwritten before being read?
[INFO] [stdout]    = note: `#[warn(unused_assignments)]` (part of `#[warn(unused)]`) on by default
[INFO] [stdout] 
[INFO] [stdout] 
[INFO] [stdout] warning: method `index_frame` is never used
[INFO] [stdout]    --> src/corpus.rs:554:8
[INFO] [stdout]     |
[INFO] [stdout] 148 | impl ConCorpus {
[INFO] [stdout]     | -------------- method in this implementation
[INFO] [stdout] ...
[INFO] [stdout] 554 |     fn index_frame(
[INFO] [stdout]     |        ^^^^^^^^^^^
[INFO] [stdout]     |
[INFO] [stdout]     = note: `#[warn(dead_code)]` (part of `#[warn(unused)]`) on by default
[INFO] [stdout] 
[INFO] [stdout] 
[INFO] [stdout] warning: function `meta_channel_prefix` is never used
[INFO] [stdout]    --> src/keys.rs:248:15
[INFO] [stdout]     |
[INFO] [stdout] 248 | pub(crate) fn meta_channel_prefix(channel: u8) -> [u8; 1] {
[INFO] [stdout]     |               ^^^^^^^^^^^^^^^^^^^
[INFO] [stdout] 
[INFO] [stdout] 
[INFO] [stderr]     Finished `test` profile [unoptimized + debuginfo] target(s) in 14.67s
[INFO] running `Command { std: "docker" "inspect" "885880d37a6de669a09a902d24b1c9de631a7e02d3cc8b84543011990101da3c", kill_on_drop: false }`
[INFO] running `Command { std: "docker" "exec" "-e" "SOURCE_DIR=/opt/rustwide/workdir" "-e" "CARGO_HOME=/opt/rustwide/cargo-home" "-e" "RUSTUP_HOME=/opt/rustwide/rustup-home" "-e" "CARGO_TARGET_DIR=/opt/rustwide/target" "-e" "CARGO_INCREMENTAL=0" "-e" "RUST_BACKTRACE=full" "-e" "RUSTFLAGS=--cap-lints=warn" "-e" "RUSTDOCFLAGS=--cap-lints=warn" "-w" "/opt/rustwide/workdir" "--user" "0:0" "885880d37a6de669a09a902d24b1c9de631a7e02d3cc8b84543011990101da3c" "/opt/rustwide/cargo-home/bin/cargo" "+1.99.0-beta.8" "test" "--frozen", kill_on_drop: false }`
[INFO] [stderr] warning: unused imports: `FrameIndexProjection as CoreFrameIndexProjection`, `SECTIONS_MASK_ENERGIES`, `SECTIONS_MASK_FORCES`, `SECTIONS_MASK_VELOCITIES`, `finite_energy`, `frame_composition_formula`, `frame_fmax`, and `sections_present_mask`
[INFO] [stderr]   --> src/frame_scalars.rs:8:5
[INFO] [stderr]    |
[INFO] [stderr]  8 |     finite_energy, frame_cell_volume, frame_composition_formula, frame_fmax, frame_total_mass,
[INFO] [stderr]    |     ^^^^^^^^^^^^^                     ^^^^^^^^^^^^^^^^^^^^^^^^^  ^^^^^^^^^^
[INFO] [stderr]  9 |     sections_present_mask, FrameIndexProjection as CoreFrameIndexProjection, SECTIONS_MASK_ENERGIES,
[INFO] [stderr]    |     ^^^^^^^^^^^^^^^^^^^^^  ^^^^^^^^^^^^^^^^^^^^^^^^^^^^^^^^^^^^^^^^^^^^^^^^  ^^^^^^^^^^^^^^^^^^^^^^
[INFO] [stderr] 10 |     SECTIONS_MASK_FORCES, SECTIONS_MASK_VELOCITIES,
[INFO] [stderr]    |     ^^^^^^^^^^^^^^^^^^^^  ^^^^^^^^^^^^^^^^^^^^^^^^
[INFO] [stderr]    |
[INFO] [stderr]    = note: `#[warn(unused_imports)]` (part of `#[warn(unused)]`) on by default
[INFO] [stderr] 
[INFO] [stderr] warning: method `index_frame` is never used
[INFO] [stderr]    --> src/corpus.rs:554:8
[INFO] [stderr]     |
[INFO] [stderr] 148 | impl ConCorpus {
[INFO] [stderr]     | -------------- method in this implementation
[INFO] [stderr] ...
[INFO] [stderr] 554 |     fn index_frame(
[INFO] [stderr]     |        ^^^^^^^^^^^
[INFO] [stderr]     |
[INFO] [stderr]     = note: `#[warn(dead_code)]` (part of `#[warn(unused)]`) on by default
[INFO] [stderr] 
[INFO] [stderr] warning: function `meta_channel_prefix` is never used
[INFO] [stderr]    --> src/keys.rs:248:15
[INFO] [stderr]     |
[INFO] [stderr] 248 | pub(crate) fn meta_channel_prefix(channel: u8) -> [u8; 1] {
[INFO] [stderr]     |               ^^^^^^^^^^^^^^^^^^^
[INFO] [stderr] 
[INFO] [stderr] warning: `readcon-db` (lib) generated 3 warnings (run `cargo fix --lib -p readcon-db` to apply 1 suggestion)
[INFO] [stderr] warning: unused import: `readcon_core::types::ConFrameBuilder`
[INFO] [stderr]     --> src/corpus.rs:2449:13
[INFO] [stderr]      |
[INFO] [stderr] 2449 |         use readcon_core::types::ConFrameBuilder;
[INFO] [stderr]      |             ^^^^^^^^^^^^^^^^^^^^^^^^^^^^^^^^^^^^
[INFO] [stderr]      |
[INFO] [stderr]      = note: `#[warn(unused_imports)]` (part of `#[warn(unused)]`) on by default
[INFO] [stderr] 
[INFO] [stderr] warning: unused imports: `FrameIndexProjection as CoreFrameIndexProjection`, `SECTIONS_MASK_ENERGIES`, `SECTIONS_MASK_FORCES`, `SECTIONS_MASK_VELOCITIES`, `finite_energy`, `frame_composition_formula`, `frame_fmax`, and `sections_present_mask`
[INFO] [stderr]   --> src/frame_scalars.rs:8:5
[INFO] [stderr]    |
[INFO] [stderr]  8 |     finite_energy, frame_cell_volume, frame_composition_formula, frame_fmax, frame_total_mass,
[INFO] [stderr]    |     ^^^^^^^^^^^^^                     ^^^^^^^^^^^^^^^^^^^^^^^^^  ^^^^^^^^^^
[INFO] [stderr]  9 |     sections_present_mask, FrameIndexProjection as CoreFrameIndexProjection, SECTIONS_MASK_ENERGIES,
[INFO] [stderr]    |     ^^^^^^^^^^^^^^^^^^^^^  ^^^^^^^^^^^^^^^^^^^^^^^^^^^^^^^^^^^^^^^^^^^^^^^^  ^^^^^^^^^^^^^^^^^^^^^^
[INFO] [stderr] 10 |     SECTIONS_MASK_FORCES, SECTIONS_MASK_VELOCITIES,
[INFO] [stderr]    |     ^^^^^^^^^^^^^^^^^^^^  ^^^^^^^^^^^^^^^^^^^^^^^^
[INFO] [stderr] 
[INFO] [stderr] warning: `readcon-db` (lib test) generated 4 warnings (2 duplicates) (run `cargo fix --lib -p readcon-db --tests` to apply 2 suggestions)
[INFO] [stderr] warning: variable `extract_sum` is assigned to, but never used
[INFO] [stderr]   --> examples/bench_corpus_ops.rs:43:13
[INFO] [stderr]    |
[INFO] [stderr] 43 |         let mut extract_sum = 0.0;
[INFO] [stderr]    |             ^^^^^^^^^^^^^^^
[INFO] [stderr]    |
[INFO] [stderr]    = note: consider using `_extract_sum` instead
[INFO] [stderr]    = note: `#[warn(unused_variables)]` (part of `#[warn(unused)]`) on by default
[INFO] [stderr] 
[INFO] [stderr] warning: value assigned to `extract_sum` is never read
[INFO] [stderr]   --> examples/bench_corpus_ops.rs:51:17
[INFO] [stderr]    |
[INFO] [stderr] 51 |                 extract_sum += fr.atom_data.len() as f64; // touch
[INFO] [stderr]    |                 ^^^^^^^^^^^^^^^^^^^^^^^^^^^^^^^^^^^^^^^^
[INFO] [stderr]    |
[INFO] [stderr]    = help: maybe it is overwritten before being read?
[INFO] [stderr]    = note: `#[warn(unused_assignments)]` (part of `#[warn(unused)]`) on by default
[INFO] [stderr] 
[INFO] [stderr] warning: `readcon-db` (example "bench_corpus_ops") generated 2 warnings
[INFO] [stderr]     Finished `test` profile [unoptimized + debuginfo] target(s) in 0.13s
[INFO] [stderr]      Running unittests src/lib.rs (/opt/rustwide/target/debug/deps/readcon_db-acc76e1255fe74d8)
[INFO] [stdout] 
[INFO] [stdout] running 115 tests
[INFO] [stdout] test cooked_soa::tests::bad_magic_rejected ... ok
[INFO] [stdout] test cooked_soa::tests::encode_decode_forces_fixture ... ok
[INFO] [stdout] test cooked_soa::tests::encode_decode_positions_fixture ... ok
[INFO] [stdout] test cooked_soa::tests::rcsb_batch_roundtrip ... ok
[INFO] [stdout] test cooked_soa::tests::encode_decode_velocities_fixture ... ok
[INFO] [stdout] test corpus::tests::annotate_permutation_shares_hex_broken_does_not ... ok
[INFO] [stdout] test archive::tests::append_rejects_wrong_length ... ok
[INFO] [stdout] test corpus::tests::annotate_without_seams_names_command ... ok
[INFO] [stdout] test corpus::tests::batch_touch_and_texts ... ok
[INFO] [stdout] test corpus::tests::ase_competitive_mass_volume_pbc_meta_charge ... ok
[INFO] [stdout] test corpus::tests::caller_units_canonical_in_con_metadata ... ok
[INFO] [stdout] test archive::tests::restart_continues_trajectory_ids ... ok
[INFO] [stdout] test corpus::tests::composition_and_fmax_indexes ... ok
[INFO] [stdout] test archive::tests::roundtrip_preserves_caller_order_and_energy ... ok
[INFO] [stdout] test corpus::tests::cooked_soa_cannot_replace_missing_frames_text ... ok
[INFO] [stdout] test corpus::tests::find_by_topology_without_params_errors ... ok
[INFO] [stdout] test corpus::tests::cooked_soa_roundtrip_and_authority ... ok
[INFO] [stdout] test corpus::tests::cooked_soa_forces_and_cook_on_ingest ... ok
[INFO] [stdout] test corpus::tests::cooked_soa_recook_all ... ok
[INFO] [stdout] test corpus::tests::extend_preserves_topology_fields ... ok
[INFO] [stdout] test corpus::tests::concurrent_writers_distinct_traj ... ok
[INFO] [stdout] test corpus::tests::extend_trajectory_path_creates_then_appends ... ok
[INFO] [stdout] test corpus::tests::ingest_directory_units_stamps_canonical ... ok
[INFO] [stdout] test corpus::tests::get_velocities_returns_native_convel ... ok
[INFO] [stdout] test corpus::tests::open_refuses_sharded_root ... ok
[INFO] [stdout] test corpus::tests::numeric_extract_valid_rcso_skips_con_parse ... ok
[INFO] [stdout] test corpus::tests::ingest_hash_dedup_and_select ... ok
[INFO] [stdout] test corpus::tests::readonly_missing_topo_select_is_empty ... ok
[INFO] [stdout] test corpus::tests::multiproc_cli_concurrent_select ... ok
[INFO] [stdout] test corpus::tests::metadata_indexes_forces_velocities_energy ... ok
[INFO] [stdout] test corpus::tests::numeric_fast_path_matches_con_twice ... ok
[INFO] [stdout] test corpus::tests::numeric_extract_velocities_match_con ... ok
[INFO] [stdout] test corpus::tests::traj_meta_old_json_loads_without_topo_fields ... ok
[INFO] [stdout] test corpus::tests::readonly_open_and_pack_roundtrip ... ok
[INFO] [stdout] test corpus::tests::select_topo_key_prefix_without_seams ... ok
[INFO] [stdout] test corpus::tests::reindex_and_append_frames ... ok
[INFO] [stdout] test corpus::tests::reindex_twice_stable ... ok
[INFO] [stdout] test corpus::tests::workflow_dedup_identical_ingest ... ok
[INFO] [stdout] test corpus::tests::reindex_without_annotation_leaves_idx_topo_empty ... ok
[INFO] [stdout] test corpus::tests::reindex_refuses_mixed_methods ... ok
[INFO] [stdout] test corpus::tests::reindex_rebuilds_idx_topo_when_params_agree ... ok
[INFO] [stdout] test export_h5md::tests::collect_h5md_boundary_none_from_pbc_false ... ok
[INFO] [stdout] test corpus::tests::workflow_metatrain_extxyz_export ... ok
[INFO] [stdout] test export_h5md::tests::collect_h5md_converts_force_via_core_units ... ok
[INFO] [stdout] test export_h5md::tests::collect_h5md_mixed_pbc_f_t_f ... ok
[INFO] [stdout] test export_h5md::tests::collect_h5md_after_cook_set_units_keeps_dest_vel ... ok
[INFO] [stdout] test export_h5md::tests::collect_h5md_lattice_vectors_win ... ok
[INFO] [stdout] test export_h5md::tests::collect_h5md_after_cook_and_set_units ... ok
[INFO] [stdout] test export_h5md::tests::collect_h5md_open_readonly ... ok
[INFO] [stdout] test export_h5md::tests::collect_h5md_ns_time_to_ps ... ok
[INFO] [stdout] test export_h5md::tests::collect_h5md_con_fallback_matches_rcso ... ok
[INFO] [stdout] test export_h5md::tests::collect_h5md_rejects_changing_pbc ... ok
[INFO] [stdout] test export_h5md::tests::collect_h5md_pads_mixed_velocities ... ok
[INFO] [stdout] test export_h5md::tests::collect_h5md_pads_mixed_forces ... ok
[INFO] [stdout] test export_h5md::tests::collect_h5md_species_z_cu_h ... ok
[INFO] [stdout] test export_h5md::tests::collect_h5md_rejects_changing_species_z ... ok
[INFO] [stdout] test export_h5md::tests::collect_h5md_rejects_changing_natoms ... ok
[INFO] [stdout] test export_h5md::tests::collect_h5md_scales_nm_length_to_angstrom ... ok
[INFO] [stdout] test export_h5md::tests::collect_h5md_set_units_converts_then_export_matches ... ok
[INFO] [stdout] test export_h5md::tests::collect_h5md_tn3_from_con ... ok
[INFO] [stdout] test export_h5md::tests::collect_h5md_two_frame_distinct_boxl ... ok
[INFO] [stdout] test export_h5md::tests::collect_h5md_triclinic_edges_from_angles ... ok
[INFO] [stdout] test export_h5md::tests::collect_h5md_undeclared_time_is_con_fs ... ok
[INFO] [stdout] test export_h5md::tests::collect_h5md_writes_velocities ... ok
[INFO] [stdout] test export_h5md::tests::collect_h5md_uses_con_time_and_fs_unit ... ok
[INFO] [stdout] test keys::tests::elem_count_roundtrip_parse ... ok
[INFO] [stdout] test frame_scalars::tests::mass_and_volume_from_fixture ... ok
[INFO] [stdout] test keys::tests::formula_canonical_order ... ok
[INFO] [stdout] test export_h5md::tests::collect_h5md_uses_i_times_timestep ... ok
[INFO] [stdout] test keys::tests::ordered_bits_monotone ... ok
[INFO] [stdout] test export_h5md::tests::export_extxyz_writes_pbc_and_triclinic_lattice ... ok
[INFO] [stdout] test keys::tests::topo_key_layout_hex_sep_frame ... ok
[INFO] [stdout] test shard::compaction_tests::drain_to_new_dest_rollback_on_dest_man_copy ... ok
[INFO] [stdout] test shard::compaction_tests::drain_to_new_dest_rollback_on_bad_src ... ok
[INFO] [stdout] test shard::compaction_tests::drain_to_new_dest_rollback_on_dest_man_copy_fail ... ok
[INFO] [stdout] test ffi::tests::c_abi_append_str_and_frame ... ok
[INFO] [stdout] test shard::compaction_tests::drain_to_new_dest_rollback_on_empty_src_manifest ... ok
[INFO] [stdout] test export_h5md::tests::extend_trajectory_path_units_stamps ... ok
[INFO] [stdout] test shard::compaction_tests::export_kinds_documented ... ok
[INFO] [stdout] test shard::compaction_tests::drain_to_n_shards_mismatch_refuses ... ok
[INFO] [stdout] test shard::compaction_tests::get_frame_text_missing_shard_does_not_mint ... ok
[INFO] [stdout] test shard::compaction_tests::join_corpus_dirs_missing_mdb_does_not_create_dest ... ok
[INFO] [stdout] test shard::compaction_tests::drain_to_failure_removes_shards_created_this_call ... ok
[INFO] [stdout] test shard::compaction_tests::join_corpus_dirs_duplicate_does_not_create_dest ... ok
[INFO] [stdout] test ffi::tests::c_abi_set_units_keeps_dest_vel_time_edges ... ok
[INFO] [stdout] test shard::compaction_tests::join_corpus_dirs_keeps_multi_frame_traj ... ok
[INFO] [stdout] test shard::compaction_tests::export_extxyz_removes_temp_join ... ok
[INFO] [stdout] test shard::compaction_tests::open_existing_error_is_missing_shards_json ... ok
[INFO] [stdout] test shard::compaction_tests::open_single_env_for_export_refuses_sharded_root ... ok
[INFO] [stdout] test shard::compaction_tests::join_drained_roots_keeps_multi_frame_traj ... ok
[INFO] [stdout] test shard::compaction_tests::select_skips_empty_shard_dir_without_data ... ok
[INFO] [stdout] test shard::compaction_tests::rollback_new_dest_removes_dir ... ok
[INFO] [stdout] test shard::compaction_tests::join_to_single_env_keeps_multi_frame_traj ... ok
[INFO] [stdout] test shard::compaction_tests::select_skips_missing_shard_dirs ... ok
[INFO] [stdout] test shard::compaction_tests::join_to_single_env_duplicate_traj_does_not_create_dest ... ok
[INFO] [stdout] test shard::compaction_tests::join_drained_roots_refuses_existing_dest ... ok
[INFO] [stdout] test shard::tests::join_drained_roots_missing_source_errors ... ok
[INFO] [stdout] test shard::tests::open_shard_for_traj_writes_manifest ... ok
[INFO] [stdout] test shard::tests::traj_routing_stable ... ok
[INFO] [stdout] test topology::tests::normalize_hex_rejects_garbage ... ok
[INFO] [stdout] test topology::tests::params_agree_requires_all_fields ... ok
[INFO] [stdout] test topology::tests::parse_json_object_per_frame ... ok
[INFO] [stdout] test topology::tests::parse_json_rejects_nonzero_status ... ok
[INFO] [stdout] test topology::tests::parse_json_stdout_two_frames ... ok
[INFO] [stdout] test topology::tests::parse_text_key_and_method ... ok
[INFO] [stdout] test topology::tests::parse_text_strips_ansi_and_normalizes_hex ... ok
[INFO] [stdout] test topology::tests::resolve_missing_seams_names_command ... ok
[INFO] [stdout] test units_canon::tests::aliases_to_preferred ... ok
[INFO] [stdout] test shard::compaction_tests::join_drained_roots_keeps_disjoint_trajs_same_shard ... ok
[INFO] [stdout] test shard::tests::drain_refuse_does_not_write_manifest ... ok
[INFO] [stdout] test ffi::tests::c_abi_append_units_canonical ... ok
[INFO] [stdout] test shard::tests::join_drained_duplicate_traj_does_not_create_dest ... ok
[INFO] [stdout] test shard::tests::multi_shard_writers_select_matches_single_env_baseline ... ok
[INFO] [stdout] test shard::compaction_tests::join_split_reversible_membership ... ok
[INFO] [stdout] test shard::tests::parallel_writers_different_shards ... ok
[INFO] [stdout] 
[INFO] [stdout] test result: ok. 115 passed; 0 failed; 0 ignored; 0 measured; 0 filtered out; finished in 0.43s
[INFO] [stdout] 
[INFO] [stderr]      Running unittests src/bin/readcon-db.rs (/opt/rustwide/target/debug/deps/readcon_db-004cf1a73fe195ee)
[INFO] [stdout] 
[INFO] [stderr]      Running tests/ci_gates.rs (/opt/rustwide/target/debug/deps/ci_gates-37744a8b1fa8be74)
[INFO] [stdout] running 0 tests
[INFO] [stdout] 
[INFO] [stdout] test result: ok. 0 passed; 0 failed; 0 ignored; 0 measured; 0 filtered out; finished in 0.00s
[INFO] [stdout] 
[INFO] [stdout] 
[INFO] [stdout] running 1 test
[INFO] [stdout] OK: Cargo.toml 0.21
[INFO] [stderr] ERROR: python/pyproject.toml does not contain version 0.21 (pattern version = "0.21")
[INFO] [stderr] ERROR: meson.build does not contain version 0.21 (pattern version: '0.21')
[INFO] [stderr] ERROR: pixi.toml does not contain version 0.21 (pattern version = "0.21")
[INFO] [stderr] ERROR: fortran/ReadConDb/fpm.toml does not contain version 0.21 (pattern ^version = "0.21")
[INFO] [stderr] ERROR: CITATION.cff does not contain version 0.21 (pattern ^version: 0.21$)
[INFO] [stderr] ERROR: docs/source/conf.py does not contain version 0.21 (pattern release = "0.21")
[INFO] [stderr] ERROR: Cargo.toml must pin readcon-core = "=0.14.8"
[INFO] [stderr] check_version_lockstep: FAILED
[INFO] [stdout] test language_package_versions_match_cargo ... FAILED
[INFO] [stdout] 
[INFO] [stdout] failures:
[INFO] [stdout] 
[INFO] [stdout] ---- language_package_versions_match_cargo stdout ----
[INFO] [stdout] 
[INFO] [stdout] thread 'language_package_versions_match_cargo' (1268) panicked at tests/ci_gates.rs:18:5:
[INFO] [stdout] scripts/check_version_lockstep.sh failed (exit Some(1))
[INFO] [stdout] stack backtrace:
[INFO] [stdout]    0:     0x5aabec26f991 - std[70759c8f55707aa4]::backtrace_rs::backtrace::libunwind::trace
[INFO] [stdout]                                at /rustc/dfb0accb7f508ae8be965d8629557221c889dd98/library/std/src/../../backtrace/src/backtrace/libunwind.rs:117:9
[INFO] [stdout]    1:     0x5aabec26f991 - std[70759c8f55707aa4]::backtrace_rs::backtrace::trace_unsynchronized::<std[70759c8f55707aa4]::sys::backtrace::_print_fmt::{closure#1}>
[INFO] [stdout]                                at /rustc/dfb0accb7f508ae8be965d8629557221c889dd98/library/std/src/../../backtrace/src/backtrace/mod.rs:66:14
[INFO] [stdout]    2:     0x5aabec26f991 - std[70759c8f55707aa4]::sys::backtrace::_print_fmt
[INFO] [stdout]                                at /rustc/dfb0accb7f508ae8be965d8629557221c889dd98/library/std/src/sys/backtrace.rs:74:9
[INFO] [stdout]    3:     0x5aabec26f991 - <<std[70759c8f55707aa4]::sys::backtrace::BacktraceLock>::print::DisplayBacktrace as core[df12db4294e9bfd3]::fmt::Display>::fmt
[INFO] [stdout]                                at /rustc/dfb0accb7f508ae8be965d8629557221c889dd98/library/std/src/sys/backtrace.rs:44:26
[INFO] [stdout]    4:     0x5aabec283b9a - <core[df12db4294e9bfd3]::fmt::rt::Argument>::fmt
[INFO] [stdout]                                at /rustc/dfb0accb7f508ae8be965d8629557221c889dd98/library/core/src/fmt/rt.rs:152:76
[INFO] [stdout]    5:     0x5aabec283b9a - core[df12db4294e9bfd3]::fmt::write
[INFO] [stdout]    6:     0x5aabec273e4c - core[df12db4294e9bfd3]::io::write::default_write_fmt::<alloc[2182bb758b4b3781]::vec::Vec<u8>>
[INFO] [stdout]                                at /rustc/dfb0accb7f508ae8be965d8629557221c889dd98/library/core/src/io/write.rs:402:11
[INFO] [stdout]    7:     0x5aabec273e4c - <alloc[2182bb758b4b3781]::vec::Vec<u8> as core[df12db4294e9bfd3]::io::write::Write>::write_fmt
[INFO] [stdout]                                at /rustc/dfb0accb7f508ae8be965d8629557221c889dd98/library/core/src/io/write.rs:335:13
[INFO] [stdout]    8:     0x5aabec24ba86 - <std[70759c8f55707aa4]::sys::backtrace::BacktraceLock>::print
[INFO] [stdout]                                at /rustc/dfb0accb7f508ae8be965d8629557221c889dd98/library/std/src/sys/backtrace.rs:47:9
[INFO] [stdout]    9:     0x5aabec24ba86 - std[70759c8f55707aa4]::panicking::default_hook::{closure#0}
[INFO] [stdout]                                at /rustc/dfb0accb7f508ae8be965d8629557221c889dd98/library/std/src/panicking.rs:292:27
[INFO] [stdout]   10:     0x5aabec2680f9 - std[70759c8f55707aa4]::panicking::default_hook
[INFO] [stdout]                                at /rustc/dfb0accb7f508ae8be965d8629557221c889dd98/library/std/src/panicking.rs:316:9
[INFO] [stdout]   11:     0x5aabec204030 - <alloc[2182bb758b4b3781]::boxed::Box<dyn for<'a, 'b> core[df12db4294e9bfd3]::ops::function::Fn<(&'a std[70759c8f55707aa4]::panic::PanicHookInfo<'b>,), Output = ()> + core[df12db4294e9bfd3]::marker::Send + core[df12db4294e9bfd3]::marker::Sync> as core[df12db4294e9bfd3]::ops::function::Fn<(&std[70759c8f55707aa4]::panic::PanicHookInfo,)>>::call
[INFO] [stdout]                                at /rustc/dfb0accb7f508ae8be965d8629557221c889dd98/library/alloc/src/boxed.rs:2334:9
[INFO] [stdout]   12:     0x5aabec204030 - test[9d35eded1c95d3be]::test_main_inner::<test[9d35eded1c95d3be]::test_main_static::{closure#0}>::{closure#0}
[INFO] [stdout]                                at /rustc/dfb0accb7f508ae8be965d8629557221c889dd98/library/test/src/lib.rs:155:21
[INFO] [stdout]   13:     0x5aabec2682b2 - <alloc[2182bb758b4b3781]::boxed::Box<dyn for<'a, 'b> core[df12db4294e9bfd3]::ops::function::Fn<(&'a std[70759c8f55707aa4]::panic::PanicHookInfo<'b>,), Output = ()> + core[df12db4294e9bfd3]::marker::Send + core[df12db4294e9bfd3]::marker::Sync> as core[df12db4294e9bfd3]::ops::function::Fn<(&std[70759c8f55707aa4]::panic::PanicHookInfo,)>>::call
[INFO] [stdout]                                at /rustc/dfb0accb7f508ae8be965d8629557221c889dd98/library/alloc/src/boxed.rs:2334:9
[INFO] [stdout]   14:     0x5aabec2682b2 - std[70759c8f55707aa4]::panicking::panic_with_hook
[INFO] [stdout]                                at /rustc/dfb0accb7f508ae8be965d8629557221c889dd98/library/std/src/panicking.rs:823:13
[INFO] [stdout]   15:     0x5aabec24bb32 - std[70759c8f55707aa4]::panicking::panic_handler::{closure#0}
[INFO] [stdout]                                at /rustc/dfb0accb7f508ae8be965d8629557221c889dd98/library/std/src/panicking.rs:688:13
[INFO] [stdout]   16:     0x5aabec2448b9 - std[70759c8f55707aa4]::sys::backtrace::__rust_end_short_backtrace::<std[70759c8f55707aa4]::panicking::panic_handler::{closure#0}, !>
[INFO] [stdout]                                at /rustc/dfb0accb7f508ae8be965d8629557221c889dd98/library/std/src/sys/backtrace.rs:182:18
[INFO] [stdout]   17:     0x5aabec24c72d - __rustc[8fa7c3cbc660c2b3]::rust_begin_unwind
[INFO] [stdout]                                at /rustc/dfb0accb7f508ae8be965d8629557221c889dd98/library/std/src/panicking.rs:679:5
[INFO] [stdout]   18:     0x5aabec2842cc - core[df12db4294e9bfd3]::panicking::panic_fmt
[INFO] [stdout]                                at /rustc/dfb0accb7f508ae8be965d8629557221c889dd98/library/core/src/panicking.rs:80:14
[INFO] [stdout]   19:     0x5aabec1f41b5 - ci_gates[e7e698d14797560b]::run_gate
[INFO] [stdout]                                at /opt/rustwide/workdir/tests/ci_gates.rs:18:5
[INFO] [stdout]   20:     0x5aabec1f4202 - ci_gates[e7e698d14797560b]::language_package_versions_match_cargo
[INFO] [stdout]                                at /opt/rustwide/workdir/tests/ci_gates.rs:27:5
[INFO] [stdout]   21:     0x5aabec1f3c27 - ci_gates[e7e698d14797560b]::language_package_versions_match_cargo::{closure#0}
[INFO] [stdout]                                at /opt/rustwide/workdir/tests/ci_gates.rs:26:43
[INFO] [stdout]   22:     0x5aabec1f7066 - <ci_gates[e7e698d14797560b]::language_package_versions_match_cargo::{closure#0} as core[df12db4294e9bfd3]::ops::function::FnOnce<()>>::call_once
[INFO] [stdout]                                at /rustc/dfb0accb7f508ae8be965d8629557221c889dd98/library/core/src/ops/function.rs:250:5
[INFO] [stdout]   23:     0x5aabec1f731b - <fn() -> core[df12db4294e9bfd3]::result::Result<(), alloc[2182bb758b4b3781]::string::String> as core[df12db4294e9bfd3]::ops::function::FnOnce<()>>::call_once
[INFO] [stdout]                                at /rustc/dfb0accb7f508ae8be965d8629557221c889dd98/library/core/src/ops/function.rs:250:5
[INFO] [stdout]   24:     0x5aabec1f731b - test[9d35eded1c95d3be]::__rust_begin_short_backtrace::<core[df12db4294e9bfd3]::result::Result<(), alloc[2182bb758b4b3781]::string::String>, fn() -> core[df12db4294e9bfd3]::result::Result<(), alloc[2182bb758b4b3781]::string::String>>
[INFO] [stdout]                                at /rustc/dfb0accb7f508ae8be965d8629557221c889dd98/library/test/src/lib.rs:733:18
[INFO] [stdout]   25:     0x5aabec204985 - test[9d35eded1c95d3be]::run_test_in_process::{closure#0}
[INFO] [stdout]                                at /rustc/dfb0accb7f508ae8be965d8629557221c889dd98/library/test/src/lib.rs:756:74
[INFO] [stdout]   26:     0x5aabec204985 - <core[df12db4294e9bfd3]::panic::unwind_safe::AssertUnwindSafe<test[9d35eded1c95d3be]::run_test_in_process::{closure#0}> as core[df12db4294e9bfd3]::ops::function::FnOnce<()>>::call_once
[INFO] [stdout]                                at /rustc/dfb0accb7f508ae8be965d8629557221c889dd98/library/core/src/panic/unwind_safe.rs:275:9
[INFO] [stdout]   27:     0x5aabec204985 - std[70759c8f55707aa4]::panicking::catch_unwind::do_call::<core[df12db4294e9bfd3]::panic::unwind_safe::AssertUnwindSafe<test[9d35eded1c95d3be]::run_test_in_process::{closure#0}>, core[df12db4294e9bfd3]::result::Result<(), alloc[2182bb758b4b3781]::string::String>>
[INFO] [stdout]                                at /rustc/dfb0accb7f508ae8be965d8629557221c889dd98/library/std/src/panicking.rs:576:43
[INFO] [stdout]   28:     0x5aabec204985 - std[70759c8f55707aa4]::panicking::catch_unwind::<core[df12db4294e9bfd3]::result::Result<(), alloc[2182bb758b4b3781]::string::String>, core[df12db4294e9bfd3]::panic::unwind_safe::AssertUnwindSafe<test[9d35eded1c95d3be]::run_test_in_process::{closure#0}>>
[INFO] [stdout]                                at /rustc/dfb0accb7f508ae8be965d8629557221c889dd98/library/std/src/panicking.rs:544:19
[INFO] [stdout]   29:     0x5aabec204985 - std[70759c8f55707aa4]::panic::catch_unwind::<core[df12db4294e9bfd3]::panic::unwind_safe::AssertUnwindSafe<test[9d35eded1c95d3be]::run_test_in_process::{closure#0}>, core[df12db4294e9bfd3]::result::Result<(), alloc[2182bb758b4b3781]::string::String>>
[INFO] [stdout]                                at /rustc/dfb0accb7f508ae8be965d8629557221c889dd98/library/std/src/panic.rs:359:14
[INFO] [stdout]   30:     0x5aabec204985 - test[9d35eded1c95d3be]::run_test_in_process
[INFO] [stdout]                                at /rustc/dfb0accb7f508ae8be965d8629557221c889dd98/library/test/src/lib.rs:756:27
[INFO] [stdout]   31:     0x5aabec204985 - test[9d35eded1c95d3be]::run_test::{closure#0}
[INFO] [stdout]                                at /rustc/dfb0accb7f508ae8be965d8629557221c889dd98/library/test/src/lib.rs:677:43
[INFO] [stdout]   32:     0x5aabec1fe244 - test[9d35eded1c95d3be]::run_test::{closure#1}
[INFO] [stdout]                                at /rustc/dfb0accb7f508ae8be965d8629557221c889dd98/library/test/src/lib.rs:707:41
[INFO] [stdout]   33:     0x5aabec1fe244 - std[70759c8f55707aa4]::sys::backtrace::__rust_begin_short_backtrace::<test[9d35eded1c95d3be]::run_test::{closure#1}, ()>
[INFO] [stdout]                                at /rustc/dfb0accb7f508ae8be965d8629557221c889dd98/library/std/src/sys/backtrace.rs:166:18
[INFO] [stdout]   34:     0x5aabec207ae2 - std[70759c8f55707aa4]::thread::lifecycle::spawn_unchecked::<test[9d35eded1c95d3be]::run_test::{closure#1}, ()>::{closure#1}::{closure#0}
[INFO] [stdout]                                at /rustc/dfb0accb7f508ae8be965d8629557221c889dd98/library/std/src/thread/lifecycle.rs:70:13
[INFO] [stdout]   35:     0x5aabec207ae2 - <core[df12db4294e9bfd3]::panic::unwind_safe::AssertUnwindSafe<std[70759c8f55707aa4]::thread::lifecycle::spawn_unchecked<test[9d35eded1c95d3be]::run_test::{closure#1}, ()>::{closure#1}::{closure#0}> as core[df12db4294e9bfd3]::ops::function::FnOnce<()>>::call_once
[INFO] [stdout]                                at /rustc/dfb0accb7f508ae8be965d8629557221c889dd98/library/core/src/panic/unwind_safe.rs:275:9
[INFO] [stdout]   36:     0x5aabec207ae2 - std[70759c8f55707aa4]::panicking::catch_unwind::do_call::<core[df12db4294e9bfd3]::panic::unwind_safe::AssertUnwindSafe<std[70759c8f55707aa4]::thread::lifecycle::spawn_unchecked<test[9d35eded1c95d3be]::run_test::{closure#1}, ()>::{closure#1}::{closure#0}>, ()>
[INFO] [stdout]                                at /rustc/dfb0accb7f508ae8be965d8629557221c889dd98/library/std/src/panicking.rs:576:43
[INFO] [stdout]   37:     0x5aabec207ae2 - std[70759c8f55707aa4]::panicking::catch_unwind::<(), core[df12db4294e9bfd3]::panic::unwind_safe::AssertUnwindSafe<std[70759c8f55707aa4]::thread::lifecycle::spawn_unchecked<test[9d35eded1c95d3be]::run_test::{closure#1}, ()>::{closure#1}::{closure#0}>>
[INFO] [stdout]                                at /rustc/dfb0accb7f508ae8be965d8629557221c889dd98/library/std/src/panicking.rs:544:19
[INFO] [stdout]   38:     0x5aabec207ae2 - std[70759c8f55707aa4]::panic::catch_unwind::<core[df12db4294e9bfd3]::panic::unwind_safe::AssertUnwindSafe<std[70759c8f55707aa4]::thread::lifecycle::spawn_unchecked<test[9d35eded1c95d3be]::run_test::{closure#1}, ()>::{closure#1}::{closure#0}>, ()>
[INFO] [stdout]                                at /rustc/dfb0accb7f508ae8be965d8629557221c889dd98/library/std/src/panic.rs:359:14
[INFO] [stdout]   39:     0x5aabec207ae2 - std[70759c8f55707aa4]::thread::lifecycle::spawn_unchecked::<test[9d35eded1c95d3be]::run_test::{closure#1}, ()>::{closure#1}
[INFO] [stdout]                                at /rustc/dfb0accb7f508ae8be965d8629557221c889dd98/library/std/src/thread/lifecycle.rs:68:26
[INFO] [stdout]   40:     0x5aabec207ae2 - <std[70759c8f55707aa4]::thread::lifecycle::spawn_unchecked<test[9d35eded1c95d3be]::run_test::{closure#1}, ()>::{closure#1} as core[df12db4294e9bfd3]::ops::function::FnOnce<()>>::call_once::{shim:vtable#0}
[INFO] [stdout]                                at /rustc/dfb0accb7f508ae8be965d8629557221c889dd98/library/core/src/ops/function.rs:250:5
[INFO] [stdout]   41:     0x5aabec26f269 - <alloc[2182bb758b4b3781]::boxed::Box<dyn core[df12db4294e9bfd3]::ops::function::FnOnce<(), Output = ()> + core[df12db4294e9bfd3]::marker::Send> as core[df12db4294e9bfd3]::ops::function::FnOnce<()>>::call_once
[INFO] [stdout]                                at /rustc/dfb0accb7f508ae8be965d8629557221c889dd98/library/alloc/src/boxed.rs:2320:9
[INFO] [stdout]   42:     0x5aabec26f269 - <std[70759c8f55707aa4]::sys::thread::unix::Thread>::new::thread_start
[INFO] [stdout]                                at /rustc/dfb0accb7f508ae8be965d8629557221c889dd98/library/std/src/sys/thread/unix.rs:123:17
[INFO] [stdout]   43:     0x7607195a6dfa - <unknown>
[INFO] [stdout]   44:     0x76071963a3d4 - clone
[INFO] [stdout]   45:                0x0 - <unknown>
[INFO] [stdout] 
[INFO] [stdout] 
[INFO] [stdout] failures:
[INFO] [stdout]     language_package_versions_match_cargo
[INFO] [stdout] 
[INFO] [stdout] test result: FAILED. 0 passed; 1 failed; 0 ignored; 0 measured; 0 filtered out; finished in 0.10s
[INFO] [stdout] 
[INFO] [stderr] error: test failed, to rerun pass `--test ci_gates`
[INFO] running `Command { std: "docker" "inspect" "885880d37a6de669a09a902d24b1c9de631a7e02d3cc8b84543011990101da3c", kill_on_drop: false }`
[INFO] running `Command { std: "docker" "rm" "-f" "885880d37a6de669a09a902d24b1c9de631a7e02d3cc8b84543011990101da3c", kill_on_drop: false }`
[INFO] [stdout] 885880d37a6de669a09a902d24b1c9de631a7e02d3cc8b84543011990101da3c
