[INFO] fetching crate readability-js 0.1.6...
[INFO] testing readability-js-0.1.6 against 1.99.0-beta.8 for beta-1.100-2
[INFO] extracting crate readability-js 0.1.6 into /workspace/builds/worker-1-tc1/source
[INFO] started tweaking crates.io crate readability-js 0.1.6
[INFO] finished tweaking crates.io crate readability-js 0.1.6
[INFO] tweaked toml for crates.io crate readability-js 0.1.6 written to /workspace/builds/worker-1-tc1/source/Cargo.toml
[INFO] validating manifest of crates.io crate readability-js 0.1.6 on toolchain 1.99.0-beta.8
[INFO] running `Command { std: CARGO_HOME="/workspace/cargo-home" RUSTUP_HOME="/workspace/rustup-home" "/workspace/cargo-home/bin/cargo" "+1.99.0-beta.8" "metadata" "--manifest-path" "Cargo.toml" "--no-deps", kill_on_drop: false }`
[INFO] crate crates.io crate readability-js 0.1.6 already has a lockfile, it will not be regenerated
[INFO] running `Command { std: CARGO_HOME="/workspace/cargo-home" RUSTUP_HOME="/workspace/rustup-home" "/workspace/cargo-home/bin/cargo" "+1.99.0-beta.8" "fetch" "--manifest-path" "Cargo.toml", kill_on_drop: false }`
[INFO] [stderr]     Updating crates.io index
[INFO] [stderr]  Downloading crates ...
[INFO] [stderr]   Downloaded find-msvc-tools v0.1.2
[INFO] [stderr]   Downloaded cc v1.2.38
[INFO] [stderr]   Downloaded rquickjs v0.9.0
[INFO] [stderr]   Downloaded criterion-plot v0.6.0
[INFO] [stderr]   Downloaded clap v4.5.48
[INFO] [stderr]   Downloaded criterion v0.7.0
[INFO] [stderr]   Downloaded rquickjs-core v0.9.0
[INFO] [stderr]   Downloaded clap_builder v4.5.48
[INFO] [stderr]   Downloaded rquickjs-sys v0.9.0
[INFO] running `Command { std: "docker" "create" "-v" "/var/lib/crater-agent-workspace/builds/worker-1-tc1/source:/opt/rustwide/workdir:ro,Z" "-v" "/var/lib/crater-agent-workspace/builds/worker-1-tc1/target:/opt/rustwide/target:rw,Z" "-v" "/var/lib/crater-agent-workspace/cargo-home:/opt/rustwide/cargo-home:ro,Z" "-v" "/var/lib/crater-agent-workspace/rustup-home:/opt/rustwide/rustup-home:ro,Z" "-m" "1610612736" "--network" "none" "ghcr.io/rust-lang/crates-build-env/linux@sha256:3111399a4047eeb3a02b7a90e478d715f38a8c6669b5c4b49d30a17385265909" "sleep" "infinity", kill_on_drop: false }`
[INFO] [stdout] eac6af5e698fe24412a82a0714f831ad36a688dac1f6ca8a10aa2d0c50eed876
[INFO] running `Command { std: "docker" "start" "eac6af5e698fe24412a82a0714f831ad36a688dac1f6ca8a10aa2d0c50eed876", kill_on_drop: false }`
[INFO] running `Command { std: "docker" "inspect" "eac6af5e698fe24412a82a0714f831ad36a688dac1f6ca8a10aa2d0c50eed876", kill_on_drop: false }`
[INFO] running `Command { std: "docker" "exec" "-e" "SOURCE_DIR=/opt/rustwide/workdir" "-e" "CARGO_HOME=/opt/rustwide/cargo-home" "-e" "RUSTUP_HOME=/opt/rustwide/rustup-home" "-e" "CARGO_TARGET_DIR=/opt/rustwide/target" "-w" "/opt/rustwide/workdir" "--user" "0:0" "eac6af5e698fe24412a82a0714f831ad36a688dac1f6ca8a10aa2d0c50eed876" "/opt/rustwide/cargo-home/bin/cargo" "+1.99.0-beta.8" "metadata" "--no-deps" "--format-version=1", kill_on_drop: false }`
[INFO] running `Command { std: "docker" "inspect" "eac6af5e698fe24412a82a0714f831ad36a688dac1f6ca8a10aa2d0c50eed876", kill_on_drop: false }`
[INFO] running `Command { std: "docker" "exec" "-e" "SOURCE_DIR=/opt/rustwide/workdir" "-e" "CARGO_HOME=/opt/rustwide/cargo-home" "-e" "RUSTUP_HOME=/opt/rustwide/rustup-home" "-e" "CARGO_TARGET_DIR=/opt/rustwide/target" "-e" "CARGO_INCREMENTAL=0" "-e" "RUST_BACKTRACE=full" "-e" "RUSTFLAGS=--cap-lints=warn" "-e" "RUSTDOCFLAGS=--cap-lints=warn" "-w" "/opt/rustwide/workdir" "--user" "0:0" "eac6af5e698fe24412a82a0714f831ad36a688dac1f6ca8a10aa2d0c50eed876" "/opt/rustwide/cargo-home/bin/cargo" "+1.99.0-beta.8" "build" "--frozen" "--message-format=json", kill_on_drop: false }`
[INFO] [stderr]    Compiling unicode-ident v1.0.19
[INFO] [stderr]    Compiling find-msvc-tools v0.1.2
[INFO] [stderr]    Compiling serde v1.0.228
[INFO] [stderr]    Compiling percent-encoding v2.3.2
[INFO] [stderr]    Compiling thiserror v2.0.16
[INFO] [stderr]    Compiling cc v1.2.38
[INFO] [stderr]    Compiling proc-macro2 v1.0.101
[INFO] [stderr]    Compiling form_urlencoded v1.2.2
[INFO] [stderr]    Compiling quote v1.0.40
[INFO] [stderr]    Compiling syn v2.0.106
[INFO] [stderr]    Compiling rquickjs-sys v0.9.0
[INFO] [stderr]    Compiling synstructure v0.13.2
[INFO] [stderr]    Compiling zerovec-derive v0.11.1
[INFO] [stderr]    Compiling displaydoc v0.2.5
[INFO] [stderr]    Compiling serde_derive v1.0.228
[INFO] [stderr]    Compiling thiserror-impl v2.0.16
[INFO] [stderr]    Compiling zerofrom-derive v0.1.6
[INFO] [stderr]    Compiling yoke-derive v0.8.0
[INFO] [stderr]    Compiling zerofrom v0.1.6
[INFO] [stderr]    Compiling yoke v0.8.0
[INFO] [stderr]    Compiling zerotrie v0.2.2
[INFO] [stderr]    Compiling zerovec v0.11.4
[INFO] [stderr]    Compiling tinystr v0.8.1
[INFO] [stderr]    Compiling potential_utf v0.1.3
[INFO] [stderr]    Compiling icu_collections v2.0.0
[INFO] [stderr]    Compiling icu_locale_core v2.0.0
[INFO] [stderr]    Compiling icu_provider v2.0.0
[INFO] [stderr]    Compiling icu_normalizer v2.0.0
[INFO] [stderr]    Compiling icu_properties v2.0.1
[INFO] [stderr]    Compiling idna_adapter v1.2.1
[INFO] [stderr]    Compiling idna v1.1.0
[INFO] [stderr]    Compiling url v2.5.7
[INFO] [stderr]    Compiling rquickjs-core v0.9.0
[INFO] [stderr]    Compiling rquickjs v0.9.0
[INFO] [stderr]    Compiling readability-js v0.1.6 (/opt/rustwide/workdir)
[INFO] [stderr]     Finished `dev` profile [unoptimized + debuginfo] target(s) in 18.34s
[INFO] running `Command { std: "docker" "inspect" "eac6af5e698fe24412a82a0714f831ad36a688dac1f6ca8a10aa2d0c50eed876", kill_on_drop: false }`
[INFO] running `Command { std: "docker" "exec" "-e" "SOURCE_DIR=/opt/rustwide/workdir" "-e" "CARGO_HOME=/opt/rustwide/cargo-home" "-e" "RUSTUP_HOME=/opt/rustwide/rustup-home" "-e" "CARGO_TARGET_DIR=/opt/rustwide/target" "-e" "CARGO_INCREMENTAL=0" "-e" "RUST_BACKTRACE=full" "-e" "RUSTFLAGS=--cap-lints=warn" "-e" "RUSTDOCFLAGS=--cap-lints=warn" "-w" "/opt/rustwide/workdir" "--user" "0:0" "eac6af5e698fe24412a82a0714f831ad36a688dac1f6ca8a10aa2d0c50eed876" "/opt/rustwide/cargo-home/bin/cargo" "+1.99.0-beta.8" "test" "--frozen" "--no-run" "--message-format=json", kill_on_drop: false }`
[INFO] [stderr]    Compiling crossbeam-utils v0.8.21
[INFO] [stderr]    Compiling serde_json v1.0.145
[INFO] [stderr]    Compiling memchr v2.7.5
[INFO] [stderr]    Compiling half v2.6.0
[INFO] [stderr]    Compiling clap_lex v0.7.5
[INFO] [stderr]    Compiling anstyle v1.0.11
[INFO] [stderr]    Compiling serde v1.0.228
[INFO] [stderr]    Compiling itertools v0.13.0
[INFO] [stderr]    Compiling plotters v0.3.7
[INFO] [stderr]    Compiling ciborium-ll v0.2.2
[INFO] [stderr]    Compiling clap_builder v4.5.48
[INFO] [stderr]    Compiling crossbeam-epoch v0.9.18
[INFO] [stderr]    Compiling url v2.5.7
[INFO] [stderr]    Compiling ciborium v0.2.2
[INFO] [stderr]    Compiling crossbeam-deque v0.8.6
[INFO] [stderr]    Compiling rayon-core v1.13.0
[INFO] [stderr]    Compiling rayon v1.11.0
[INFO] [stderr]    Compiling readability-js v0.1.6 (/opt/rustwide/workdir)
[INFO] [stderr]    Compiling criterion-plot v0.6.0
[INFO] [stderr]    Compiling clap v4.5.48
[INFO] [stderr]    Compiling tinytemplate v1.2.1
[INFO] [stderr]    Compiling criterion v0.7.0
[INFO] [stderr]     Finished `test` profile [unoptimized + debuginfo] target(s) in 15.56s
[INFO] running `Command { std: "docker" "inspect" "eac6af5e698fe24412a82a0714f831ad36a688dac1f6ca8a10aa2d0c50eed876", kill_on_drop: false }`
[INFO] running `Command { std: "docker" "exec" "-e" "SOURCE_DIR=/opt/rustwide/workdir" "-e" "CARGO_HOME=/opt/rustwide/cargo-home" "-e" "RUSTUP_HOME=/opt/rustwide/rustup-home" "-e" "CARGO_TARGET_DIR=/opt/rustwide/target" "-e" "CARGO_INCREMENTAL=0" "-e" "RUST_BACKTRACE=full" "-e" "RUSTFLAGS=--cap-lints=warn" "-e" "RUSTDOCFLAGS=--cap-lints=warn" "-w" "/opt/rustwide/workdir" "--user" "0:0" "eac6af5e698fe24412a82a0714f831ad36a688dac1f6ca8a10aa2d0c50eed876" "/opt/rustwide/cargo-home/bin/cargo" "+1.99.0-beta.8" "test" "--frozen", kill_on_drop: false }`
[INFO] [stderr]     Finished `test` profile [unoptimized + debuginfo] target(s) in 0.11s
[INFO] [stderr]      Running unittests src/lib.rs (/opt/rustwide/target/debug/deps/readability_js-d1305049586b00a3)
[INFO] [stdout] 
[INFO] [stdout] running 1 test
[INFO] [stdout] test readability::tests::test_basic_extraction ... ok
[INFO] [stdout] 
[INFO] [stdout] test result: ok. 1 passed; 0 failed; 0 ignored; 0 measured; 0 filtered out; finished in 0.29s
[INFO] [stdout] 
[INFO] [stderr]    Doc-tests readability_js
[INFO] [stdout] 
[INFO] [stdout] running 18 tests
[INFO] [stdout] test src/readability.rs - readability::ReadabilityError::InvalidOptions (line 555) ... FAILED
[INFO] [stdout] test src/lib.rs - (line 153) ... FAILED
[INFO] [stdout] test src/readability.rs - readability::ReadabilityError::JsEvaluation (line 526) ... FAILED
[INFO] [stdout] test src/lib.rs - (line 51) ... FAILED
[INFO] [stdout] test src/readability.rs - readability::Readability::parse_with_url (line 725) ... FAILED
[INFO] [stdout] test src/lib.rs - (line 39) ... FAILED
[INFO] [stdout] test src/lib.rs - (line 85) ... FAILED
[INFO] [stdout] test src/readability.rs - readability::Readability::parse_with_options (line 754) ... FAILED
[INFO] [stdout] test src/readability.rs - readability::ReadabilityError::ReadabilityCheckFailed (line 482) ... FAILED
[INFO] [stdout] test src/readability.rs - readability::ReadabilityError::ExtractionError (line 500) ... FAILED
[INFO] [stdout] test src/readability.rs - readability::Readability (line 590) ... FAILED
[INFO] [stdout] test src/lib.rs - (line 69) ... FAILED
[INFO] [stdout] test src/lib.rs - (line 136) ... FAILED
[INFO] [stdout] test src/lib.rs - (line 172) ... FAILED
[INFO] [stdout] test src/readability.rs - readability::ReadabilityOptions (line 226) ... ok
[INFO] [stdout] test src/readability.rs - readability::Readability::parse (line 674) ... FAILED
[INFO] [stdout] test src/lib.rs - (line 23) ... ok
[INFO] [stdout] test src/readability.rs - readability::ReadabilityError::HtmlParseError (line 459) ... ok
[INFO] [stdout] 
[INFO] [stdout] failures:
[INFO] [stdout] 
[INFO] [stdout] ---- src/readability.rs - readability::ReadabilityError::InvalidOptions (line 555) stdout ----
[INFO] [stdout] error[E0425]: cannot find value `html` in this scope
[INFO] [stdout]    --> src/readability.rs:560:37
[INFO] [stdout]     |
[INFO] [stdout] 560 | let result = reader.parse_with_url(&html, "javascript:alert('xss')");
[INFO] [stdout]     |                                     ^^^^ not found in this scope
[INFO] [stdout] 
[INFO] [stdout] error: aborting due to 1 previous error
[INFO] [stdout] 
[INFO] [stdout] For more information about this error, try `rustc --explain E0425`.
[INFO] [stdout] Couldn't compile the test.
[INFO] [stdout] ---- src/lib.rs - (line 153) stdout ----
[INFO] [stdout] error[E0425]: cannot find value `html` in this scope
[INFO] [stdout]    --> src/lib.rs:159:38
[INFO] [stdout]     |
[INFO] [stdout] 159 | let article = reader.parse_with_url(&html, "https://example.com/article")?;
[INFO] [stdout]     |                                      ^^^^ not found in this scope
[INFO] [stdout] 
[INFO] [stdout] error[E0425]: cannot find value `html` in this scope
[INFO] [stdout]    --> src/lib.rs:165:42
[INFO] [stdout]     |
[INFO] [stdout] 165 | let article = reader.parse_with_options(&html, None, Some(options))?;
[INFO] [stdout]     |                                          ^^^^ not found in this scope
[INFO] [stdout] 
[INFO] [stdout] error: aborting due to 2 previous errors
[INFO] [stdout] 
[INFO] [stdout] For more information about this error, try `rustc --explain E0425`.
[INFO] [stdout] Couldn't compile the test.
[INFO] [stdout] ---- src/readability.rs - readability::ReadabilityError::JsEvaluation (line 526) stdout ----
[INFO] [stdout] error[E0425]: cannot find value `html` in this scope
[INFO] [stdout]    --> src/readability.rs:530:21
[INFO] [stdout]     |
[INFO] [stdout] 530 | match reader.parse(&html) {
[INFO] [stdout]     |                     ^^^^ not found in this scope
[INFO] [stdout] 
[INFO] [stdout] error: aborting due to 1 previous error
[INFO] [stdout] 
[INFO] [stdout] For more information about this error, try `rustc --explain E0425`.
[INFO] [stdout] Couldn't compile the test.
[INFO] [stdout] ---- src/lib.rs - (line 51) stdout ----
[INFO] [stdout] error[E0425]: cannot find value `html` in this scope
[INFO] [stdout]   --> src/lib.rs:60:42
[INFO] [stdout]    |
[INFO] [stdout] 60 | let article = reader.parse_with_options(&html, Some("https://example.com"), Some(options))?;
[INFO] [stdout]    |                                          ^^^^ not found in this scope
[INFO] [stdout] 
[INFO] [stdout] error: aborting due to 1 previous error
[INFO] [stdout] 
[INFO] [stdout] For more information about this error, try `rustc --explain E0425`.
[INFO] [stdout] Couldn't compile the test.
[INFO] [stdout] ---- src/readability.rs - readability::Readability::parse_with_url (line 725) stdout ----
[INFO] [stdout] error[E0425]: cannot find value `html` in this scope
[INFO] [stdout]    --> src/readability.rs:730:37
[INFO] [stdout]     |
[INFO] [stdout] 730 | let article = reader.parse_with_url(html, "https://example.com/article")?;
[INFO] [stdout]     |                                     ^^^^ not found in this scope
[INFO] [stdout] 
[INFO] [stdout] error: aborting due to 1 previous error
[INFO] [stdout] 
[INFO] [stdout] For more information about this error, try `rustc --explain E0425`.
[INFO] [stdout] Couldn't compile the test.
[INFO] [stdout] ---- src/lib.rs - (line 39) stdout ----
[INFO] [stdout] error[E0425]: cannot find value `html` in this scope
[INFO] [stdout]   --> src/lib.rs:44:38
[INFO] [stdout]    |
[INFO] [stdout] 44 | let article = reader.parse_with_url(&html, "https://example.com/article")?;
[INFO] [stdout]    |                                      ^^^^ not found in this scope
[INFO] [stdout] 
[INFO] [stdout] error: aborting due to 1 previous error
[INFO] [stdout] 
[INFO] [stdout] For more information about this error, try `rustc --explain E0425`.
[INFO] [stdout] Couldn't compile the test.
[INFO] [stdout] ---- src/lib.rs - (line 85) stdout ----
[INFO] [stdout] error[E0425]: cannot find value `html` in this scope
[INFO] [stdout]   --> src/lib.rs:90:21
[INFO] [stdout]    |
[INFO] [stdout] 90 | match reader.parse(&html) {
[INFO] [stdout]    |                     ^^^^ not found in this scope
[INFO] [stdout] 
[INFO] [stdout] error[E0425]: cannot find value `html` in this scope
[INFO] [stdout]   --> src/lib.rs:95:50
[INFO] [stdout]    |
[INFO] [stdout] 95 |         let article = reader.parse_with_options(&html, None, Some(options))?;
[INFO] [stdout]    |                                                  ^^^^ not found in this scope
[INFO] [stdout] 
[INFO] [stdout] error: aborting due to 2 previous errors
[INFO] [stdout] 
[INFO] [stdout] For more information about this error, try `rustc --explain E0425`.
[INFO] [stdout] Couldn't compile the test.
[INFO] [stdout] ---- src/readability.rs - readability::Readability::parse_with_options (line 754) stdout ----
[INFO] [stdout] error[E0425]: cannot find value `html` in this scope
[INFO] [stdout]    --> src/readability.rs:762:41
[INFO] [stdout]     |
[INFO] [stdout] 762 | let article = reader.parse_with_options(html, Some("https://example.com"), Some(options))?;
[INFO] [stdout]     |                                         ^^^^ not found in this scope
[INFO] [stdout] 
[INFO] [stdout] error: aborting due to 1 previous error
[INFO] [stdout] 
[INFO] [stdout] For more information about this error, try `rustc --explain E0425`.
[INFO] [stdout] Couldn't compile the test.
[INFO] [stdout] ---- src/readability.rs - readability::ReadabilityError::ReadabilityCheckFailed (line 482) stdout ----
[INFO] [stdout] error[E0425]: cannot find value `html` in this scope
[INFO] [stdout]    --> src/readability.rs:487:42
[INFO] [stdout]     |
[INFO] [stdout] 487 | let article = reader.parse_with_options(&html, None, Some(options))?;
[INFO] [stdout]     |                                          ^^^^ not found in this scope
[INFO] [stdout] 
[INFO] [stdout] error: aborting due to 1 previous error
[INFO] [stdout] 
[INFO] [stdout] For more information about this error, try `rustc --explain E0425`.
[INFO] [stdout] Couldn't compile the test.
[INFO] [stdout] ---- src/readability.rs - readability::ReadabilityError::ExtractionError (line 500) stdout ----
[INFO] [stdout] error[E0425]: cannot find value `html` in this scope
[INFO] [stdout]    --> src/readability.rs:504:21
[INFO] [stdout]     |
[INFO] [stdout] 504 | match reader.parse(&html) {
[INFO] [stdout]     |                     ^^^^ not found in this scope
[INFO] [stdout] 
[INFO] [stdout] error: aborting due to 1 previous error
[INFO] [stdout] 
[INFO] [stdout] For more information about this error, try `rustc --explain E0425`.
[INFO] [stdout] Couldn't compile the test.
[INFO] [stdout] ---- src/readability.rs - readability::Readability (line 590) stdout ----
[INFO] [stdout] error[E0425]: cannot find value `html` in this scope
[INFO] [stdout]    --> src/readability.rs:598:30
[INFO] [stdout]     |
[INFO] [stdout] 598 | let article = reader.extract(html, Some("https://example.com"), None)?;
[INFO] [stdout]     |                              ^^^^ not found in this scope
[INFO] [stdout] 
[INFO] [stdout] error[E0425]: cannot find value `html` in this scope
[INFO] [stdout]    --> src/readability.rs:603:30
[INFO] [stdout]     |
[INFO] [stdout] 603 | let article = reader.extract(html, Some("https://example.com"), Some(options))?;
[INFO] [stdout]     |                              ^^^^ not found in this scope
[INFO] [stdout] 
[INFO] [stdout] error[E0624]: method `extract` is private
[INFO] [stdout]    --> src/readability.rs:598:22
[INFO] [stdout]     |
[INFO] [stdout] 598 |   let article = reader.extract(html, Some("https://example.com"), None)?;
[INFO] [stdout]     |                        ^^^^^^^ private method
[INFO] [stdout]     |
[INFO] [stdout]    ::: src/readability.rs:781:5
[INFO] [stdout]     |
[INFO] [stdout] 781 | /     fn extract(
[INFO] [stdout] 782 | |         &self,
[INFO] [stdout] 783 | |         html: &str,
[INFO] [stdout] 784 | |         base_url: Option<&str>,
[INFO] [stdout] 785 | |         options: Option<ReadabilityOptions>,
[INFO] [stdout] 786 | |     ) -> Result<Article> {
[INFO] [stdout]     | |________________________- private method defined here
[INFO] [stdout] 
[INFO] [stdout] error[E0624]: method `extract` is private
[INFO] [stdout]    --> src/readability.rs:603:22
[INFO] [stdout]     |
[INFO] [stdout] 603 |   let article = reader.extract(html, Some("https://example.com"), Some(options))?;
[INFO] [stdout]     |                        ^^^^^^^ private method
[INFO] [stdout]     |
[INFO] [stdout]    ::: src/readability.rs:781:5
[INFO] [stdout]     |
[INFO] [stdout] 781 | /     fn extract(
[INFO] [stdout] 782 | |         &self,
[INFO] [stdout] 783 | |         html: &str,
[INFO] [stdout] 784 | |         base_url: Option<&str>,
[INFO] [stdout] 785 | |         options: Option<ReadabilityOptions>,
[INFO] [stdout] 786 | |     ) -> Result<Article> {
[INFO] [stdout]     | |________________________- private method defined here
[INFO] [stdout] 
[INFO] [stdout] error: aborting due to 4 previous errors
[INFO] [stdout] 
[INFO] [stdout] Some errors have detailed explanations: E0425, E0624.
[INFO] [stdout] For more information about an error, try `rustc --explain E0425`.
[INFO] [stdout] Couldn't compile the test.
[INFO] [stdout] ---- src/lib.rs - (line 69) stdout ----
[INFO] [stdout] error[E0425]: cannot find value `documents` in this scope
[INFO] [stdout]   --> src/lib.rs:74:13
[INFO] [stdout]    |
[INFO] [stdout] 74 | for html in documents {
[INFO] [stdout]    |             ^^^^^^^^^ not found in this scope
[INFO] [stdout] 
[INFO] [stdout] error[E0277]: the size for values of type `str` cannot be known at compilation time
[INFO] [stdout]   --> src/lib.rs:74:5
[INFO] [stdout]    |
[INFO] [stdout] 74 | for html in documents {
[INFO] [stdout]    |     ^^^^ doesn't have a size known at compile-time
[INFO] [stdout]    |
[INFO] [stdout]    = help: the trait `Sized` is not implemented for `str`
[INFO] [stdout]    = note: all local variables must have a statically known size
[INFO] [stdout] 
[INFO] [stdout] error[E0277]: the size for values of type `str` cannot be known at compilation time
[INFO] [stdout]   --> src/lib.rs:74:1
[INFO] [stdout]    |
[INFO] [stdout] 74 | / for html in documents {
[INFO] [stdout] 75 | |     let article = reader.parse(&html)?;
[INFO] [stdout] 76 | |     process_article(article);
[INFO] [stdout] 77 | | }
[INFO] [stdout]    | |_^ doesn't have a size known at compile-time
[INFO] [stdout]    |
[INFO] [stdout]    = help: the trait `Sized` is not implemented for `str`
[INFO] [stdout] note: required by an implicit `Sized` bound in `Option`
[INFO] [stdout]   --> /rustc/dfb0accb7f508ae8be965d8629557221c889dd98/library/core/src/option.rs:598:0
[INFO] [stdout] 
[INFO] [stdout] error[E0425]: cannot find function `process_article` in this scope
[INFO] [stdout]   --> src/lib.rs:76:5
[INFO] [stdout]    |
[INFO] [stdout] 76 |     process_article(article);
[INFO] [stdout]    |     ^^^^^^^^^^^^^^^ not found in this scope
[INFO] [stdout] 
[INFO] [stdout] error: aborting due to 4 previous errors
[INFO] [stdout] 
[INFO] [stdout] Some errors have detailed explanations: E0277, E0425.
[INFO] [stdout] For more information about an error, try `rustc --explain E0277`.
[INFO] [stdout] Couldn't compile the test.
[INFO] [stdout] ---- src/lib.rs - (line 136) stdout ----
[INFO] [stdout] error[E0425]: cannot find value `html` in this scope
[INFO] [stdout]    --> src/lib.rs:146:42
[INFO] [stdout]     |
[INFO] [stdout] 146 | let article = reader.parse_with_options(&html, None, Some(options))?;
[INFO] [stdout]     |                                          ^^^^ not found in this scope
[INFO] [stdout] 
[INFO] [stdout] error: aborting due to 1 previous error
[INFO] [stdout] 
[INFO] [stdout] For more information about this error, try `rustc --explain E0425`.
[INFO] [stdout] Couldn't compile the test.
[INFO] [stdout] ---- src/lib.rs - (line 172) stdout ----
[INFO] [stdout] error[E0425]: cannot find value `html` in this scope
[INFO] [stdout]    --> src/lib.rs:181:42
[INFO] [stdout]     |
[INFO] [stdout] 181 | let article = reader.parse_with_options(&html, None, Some(options))?;
[INFO] [stdout]     |                                          ^^^^ not found in this scope
[INFO] [stdout] 
[INFO] [stdout] error: aborting due to 1 previous error
[INFO] [stdout] 
[INFO] [stdout] For more information about this error, try `rustc --explain E0425`.
[INFO] [stdout] Couldn't compile the test.
[INFO] [stdout] ---- src/readability.rs - readability::Readability::parse (line 674) stdout ----
[INFO] [stdout] Test executable failed (exit status: 101).
[INFO] [stdout] 
[INFO] [stdout] stderr:
[INFO] [stdout] 
[INFO] [stdout] thread 'main' (1086) panicked at src/readability.rs:23:1:
[INFO] [stdout] assertion `left == right` failed
[INFO] [stdout]   left: ""
[INFO] [stdout]  right: "Breaking News"
[INFO] [stdout] stack backtrace:
[INFO] [stdout]    0:     0x5731752bb951 - std[70759c8f55707aa4]::backtrace_rs::backtrace::libunwind::trace
[INFO] [stdout]                                at /rustc/dfb0accb7f508ae8be965d8629557221c889dd98/library/std/src/../../backtrace/src/backtrace/libunwind.rs:117:9
[INFO] [stdout]    1:     0x5731752bb951 - std[70759c8f55707aa4]::backtrace_rs::backtrace::trace_unsynchronized::<std[70759c8f55707aa4]::sys::backtrace::_print_fmt::{closure#1}>
[INFO] [stdout]                                at /rustc/dfb0accb7f508ae8be965d8629557221c889dd98/library/std/src/../../backtrace/src/backtrace/mod.rs:66:14
[INFO] [stdout]    2:     0x5731752bb951 - std[70759c8f55707aa4]::sys::backtrace::_print_fmt
[INFO] [stdout]                                at /rustc/dfb0accb7f508ae8be965d8629557221c889dd98/library/std/src/sys/backtrace.rs:74:9
[INFO] [stdout]    3:     0x5731752bb951 - <<std[70759c8f55707aa4]::sys::backtrace::BacktraceLock>::print::DisplayBacktrace as core[df12db4294e9bfd3]::fmt::Display>::fmt
[INFO] [stdout]                                at /rustc/dfb0accb7f508ae8be965d8629557221c889dd98/library/std/src/sys/backtrace.rs:44:26
[INFO] [stdout]    4:     0x5731752cdf1a - <core[df12db4294e9bfd3]::fmt::rt::Argument>::fmt
[INFO] [stdout]                                at /rustc/dfb0accb7f508ae8be965d8629557221c889dd98/library/core/src/fmt/rt.rs:152:76
[INFO] [stdout]    5:     0x5731752cdf1a - core[df12db4294e9bfd3]::fmt::write
[INFO] [stdout]    6:     0x5731752bee8c - core[df12db4294e9bfd3]::io::write::default_write_fmt::<std[70759c8f55707aa4]::sys::stdio::unix::Stderr>
[INFO] [stdout]                                at /rustc/dfb0accb7f508ae8be965d8629557221c889dd98/library/core/src/io/write.rs:402:11
[INFO] [stdout]    7:     0x5731752bee8c - <std[70759c8f55707aa4]::sys::stdio::unix::Stderr as core[df12db4294e9bfd3]::io::write::Write>::write_fmt
[INFO] [stdout]                                at /rustc/dfb0accb7f508ae8be965d8629557221c889dd98/library/core/src/io/write.rs:335:13
[INFO] [stdout]    8:     0x5731752a5556 - <std[70759c8f55707aa4]::sys::backtrace::BacktraceLock>::print
[INFO] [stdout]                                at /rustc/dfb0accb7f508ae8be965d8629557221c889dd98/library/std/src/sys/backtrace.rs:47:9
[INFO] [stdout]    9:     0x5731752a5556 - std[70759c8f55707aa4]::panicking::default_hook::{closure#0}
[INFO] [stdout]                                at /rustc/dfb0accb7f508ae8be965d8629557221c889dd98/library/std/src/panicking.rs:292:27
[INFO] [stdout]   10:     0x5731752b7c11 - std[70759c8f55707aa4]::panicking::default_hook
[INFO] [stdout]                                at /rustc/dfb0accb7f508ae8be965d8629557221c889dd98/library/std/src/panicking.rs:319:9
[INFO] [stdout]   11:     0x5731752b7f3b - std[70759c8f55707aa4]::panicking::panic_with_hook
[INFO] [stdout]                                at /rustc/dfb0accb7f508ae8be965d8629557221c889dd98/library/std/src/panicking.rs:815:13
[INFO] [stdout]   12:     0x5731752a5602 - std[70759c8f55707aa4]::panicking::panic_handler::{closure#0}
[INFO] [stdout]                                at /rustc/dfb0accb7f508ae8be965d8629557221c889dd98/library/std/src/panicking.rs:688:13
[INFO] [stdout]   13:     0x57317529e709 - std[70759c8f55707aa4]::sys::backtrace::__rust_end_short_backtrace::<std[70759c8f55707aa4]::panicking::panic_handler::{closure#0}, !>
[INFO] [stdout]                                at /rustc/dfb0accb7f508ae8be965d8629557221c889dd98/library/std/src/sys/backtrace.rs:182:18
[INFO] [stdout]   14:     0x5731752a5d9d - __rustc[8fa7c3cbc660c2b3]::rust_begin_unwind
[INFO] [stdout]                                at /rustc/dfb0accb7f508ae8be965d8629557221c889dd98/library/std/src/panicking.rs:679:5
[INFO] [stdout]   15:     0x5731752ce71c - core[df12db4294e9bfd3]::panicking::panic_fmt
[INFO] [stdout]                                at /rustc/dfb0accb7f508ae8be965d8629557221c889dd98/library/core/src/panicking.rs:80:14
[INFO] [stdout]   16:     0x5731752ce5a3 - core[df12db4294e9bfd3]::panicking::assert_failed_inner
[INFO] [stdout]                                at /rustc/dfb0accb7f508ae8be965d8629557221c889dd98/library/core/src/panicking.rs:452:17
[INFO] [stdout]   17:     0x573175141f4b - core[df12db4294e9bfd3]::panicking::assert_failed::<alloc[2182bb758b4b3781]::string::String, &str>
[INFO] [stdout]   18:     0x573175142ab3 - rust_out[fc2a76a7d39855e1]::main::_doctest_main_src_readability_rs_674_0
[INFO] [stdout]   19:     0x573175141fa1 - rust_out[fc2a76a7d39855e1]::main
[INFO] [stdout]   20:     0x573175143723 - <fn() as core[df12db4294e9bfd3]::ops::function::FnOnce<()>>::call_once
[INFO] [stdout]   21:     0x573175141f56 - std[70759c8f55707aa4]::sys::backtrace::__rust_begin_short_backtrace::<fn(), ()>
[INFO] [stdout]   22:     0x573175141f69 - std[70759c8f55707aa4]::rt::lang_start::<()>::{closure#0}
[INFO] [stdout]   23:     0x5731752b7369 - <&dyn core[df12db4294e9bfd3]::ops::function::Fn<(), Output = i32> + core[df12db4294e9bfd3]::panic::unwind_safe::RefUnwindSafe + core[df12db4294e9bfd3]::marker::Sync as core[df12db4294e9bfd3]::ops::function::FnOnce<()>>::call_once
[INFO] [stdout]                                at /rustc/dfb0accb7f508ae8be965d8629557221c889dd98/library/core/src/ops/function.rs:287:21
[INFO] [stdout]   24:     0x5731752b7369 - std[70759c8f55707aa4]::panicking::catch_unwind::do_call::<&dyn core[df12db4294e9bfd3]::ops::function::Fn<(), Output = i32> + core[df12db4294e9bfd3]::panic::unwind_safe::RefUnwindSafe + core[df12db4294e9bfd3]::marker::Sync, i32>
[INFO] [stdout]                                at /rustc/dfb0accb7f508ae8be965d8629557221c889dd98/library/std/src/panicking.rs:576:43
[INFO] [stdout]   25:     0x5731752b7369 - std[70759c8f55707aa4]::panicking::catch_unwind::<i32, &dyn core[df12db4294e9bfd3]::ops::function::Fn<(), Output = i32> + core[df12db4294e9bfd3]::panic::unwind_safe::RefUnwindSafe + core[df12db4294e9bfd3]::marker::Sync>
[INFO] [stdout]                                at /rustc/dfb0accb7f508ae8be965d8629557221c889dd98/library/std/src/panicking.rs:544:19
[INFO] [stdout]   26:     0x5731752b7369 - std[70759c8f55707aa4]::panic::catch_unwind::<&dyn core[df12db4294e9bfd3]::ops::function::Fn<(), Output = i32> + core[df12db4294e9bfd3]::panic::unwind_safe::RefUnwindSafe + core[df12db4294e9bfd3]::marker::Sync, i32>
[INFO] [stdout]                                at /rustc/dfb0accb7f508ae8be965d8629557221c889dd98/library/std/src/panic.rs:359:14
[INFO] [stdout]   27:     0x5731752b7369 - std[70759c8f55707aa4]::rt::lang_start_internal::{closure#0}
[INFO] [stdout]                                at /rustc/dfb0accb7f508ae8be965d8629557221c889dd98/library/std/src/rt.rs:175:24
[INFO] [stdout]   28:     0x5731752b7369 - std[70759c8f55707aa4]::panicking::catch_unwind::do_call::<std[70759c8f55707aa4]::rt::lang_start_internal::{closure#0}, isize>
[INFO] [stdout]                                at /rustc/dfb0accb7f508ae8be965d8629557221c889dd98/library/std/src/panicking.rs:576:43
[INFO] [stdout]   29:     0x5731752b7369 - std[70759c8f55707aa4]::panicking::catch_unwind::<isize, std[70759c8f55707aa4]::rt::lang_start_internal::{closure#0}>
[INFO] [stdout]                                at /rustc/dfb0accb7f508ae8be965d8629557221c889dd98/library/std/src/panicking.rs:544:19
[INFO] [stdout]   30:     0x5731752b7369 - std[70759c8f55707aa4]::panic::catch_unwind::<std[70759c8f55707aa4]::rt::lang_start_internal::{closure#0}, isize>
[INFO] [stdout]                                at /rustc/dfb0accb7f508ae8be965d8629557221c889dd98/library/std/src/panic.rs:359:14
[INFO] [stdout]   31:     0x5731752b7369 - std[70759c8f55707aa4]::rt::lang_start_internal
[INFO] [stdout]                                at /rustc/dfb0accb7f508ae8be965d8629557221c889dd98/library/std/src/rt.rs:171:5
[INFO] [stdout]   32:     0x573175141c61 - std[70759c8f55707aa4]::rt::lang_start::<()>
[INFO] [stdout]   33:     0x573175143765 - main
[INFO] [stdout]   34:     0x702ad297a601 - <unknown>
[INFO] [stdout]   35:     0x702ad297a718 - __libc_start_main
[INFO] [stdout]   36:     0x573175141b45 - _start
[INFO] [stdout]   37:                0x0 - <unknown>
[INFO] [stdout] 
[INFO] [stdout] 
[INFO] [stdout] 
[INFO] [stdout] failures:
[INFO] [stdout]     src/lib.rs - (line 136)
[INFO] [stdout]     src/lib.rs - (line 153)
[INFO] [stdout]     src/lib.rs - (line 172)
[INFO] [stdout]     src/lib.rs - (line 39)
[INFO] [stdout]     src/lib.rs - (line 51)
[INFO] [stdout]     src/lib.rs - (line 69)
[INFO] [stdout]     src/lib.rs - (line 85)
[INFO] [stdout]     src/readability.rs - readability::Readability (line 590)
[INFO] [stdout]     src/readability.rs - readability::Readability::parse (line 674)
[INFO] [stdout]     src/readability.rs - readability::Readability::parse_with_options (line 754)
[INFO] [stdout]     src/readability.rs - readability::Readability::parse_with_url (line 725)
[INFO] [stdout]     src/readability.rs - readability::ReadabilityError::ExtractionError (line 500)
[INFO] [stdout]     src/readability.rs - readability::ReadabilityError::InvalidOptions (line 555)
[INFO] [stdout]     src/readability.rs - readability::ReadabilityError::JsEvaluation (line 526)
[INFO] [stdout]     src/readability.rs - readability::ReadabilityError::ReadabilityCheckFailed (line 482)
[INFO] [stdout] 
[INFO] [stdout] test result: FAILED. 3 passed; 15 failed; 0 ignored; 0 measured; 0 filtered out; finished in 1.35s
[INFO] [stdout] 
[INFO] [stdout] all doctests ran in 1.52s; merged doctests compilation took 0.17s
[INFO] [stderr] error: doctest failed, to rerun pass `--doc`
[INFO] running `Command { std: "docker" "inspect" "eac6af5e698fe24412a82a0714f831ad36a688dac1f6ca8a10aa2d0c50eed876", kill_on_drop: false }`
[INFO] running `Command { std: "docker" "rm" "-f" "eac6af5e698fe24412a82a0714f831ad36a688dac1f6ca8a10aa2d0c50eed876", kill_on_drop: false }`
[INFO] [stdout] eac6af5e698fe24412a82a0714f831ad36a688dac1f6ca8a10aa2d0c50eed876
