[INFO] fetching crate re_arrow_util 0.38.1...
[INFO] testing re_arrow_util-0.38.1 against 1.99.0-beta.8 for beta-1.100-2
[INFO] extracting crate re_arrow_util 0.38.1 into /workspace/builds/worker-1-tc1/source
[INFO] started tweaking crates.io crate re_arrow_util 0.38.1
[INFO] finished tweaking crates.io crate re_arrow_util 0.38.1
[INFO] tweaked toml for crates.io crate re_arrow_util 0.38.1 written to /workspace/builds/worker-1-tc1/source/Cargo.toml
[INFO] validating manifest of crates.io crate re_arrow_util 0.38.1 on toolchain 1.99.0-beta.8
[INFO] running `Command { std: CARGO_HOME="/workspace/cargo-home" RUSTUP_HOME="/workspace/rustup-home" "/workspace/cargo-home/bin/cargo" "+1.99.0-beta.8" "metadata" "--manifest-path" "Cargo.toml" "--no-deps", kill_on_drop: false }`
[INFO] crate crates.io crate re_arrow_util 0.38.1 already has a lockfile, it will not be regenerated
[INFO] running `Command { std: CARGO_HOME="/workspace/cargo-home" RUSTUP_HOME="/workspace/rustup-home" "/workspace/cargo-home/bin/cargo" "+1.99.0-beta.8" "fetch" "--manifest-path" "Cargo.toml", kill_on_drop: false }`
[INFO] [stderr]     Blocking waiting for file lock on package cache
[INFO] [stderr]     Updating crates.io index
[INFO] [stderr]     Blocking waiting for file lock on package cache
[INFO] [stderr]  Downloading crates ...
[INFO] [stderr]   Downloaded unicode-ident v1.0.24
[INFO] [stderr]   Downloaded crossbeam v0.8.4
[INFO] [stderr]   Downloaded cfg-if v1.0.4
[INFO] [stderr]   Downloaded futures-sink v0.3.33
[INFO] [stderr]   Downloaded futures-macro v0.3.33
[INFO] [stderr]   Downloaded tinystr v0.8.3
[INFO] [stderr]   Downloaded thiserror v2.0.19
[INFO] [stderr]   Downloaded thiserror-impl v2.0.19
[INFO] [stderr]   Downloaded lock_api v0.4.14
[INFO] [stderr]   Downloaded litemap v0.8.2
[INFO] [stderr]   Downloaded re_tuid v0.38.1
[INFO] [stderr]   Downloaded re_byte_size v0.38.1
[INFO] [stderr]   Downloaded crossbeam-utils v0.8.22
[INFO] [stderr]   Downloaded windows-link v0.2.1
[INFO] [stderr]   Downloaded futures-core v0.3.33
[INFO] [stderr]   Downloaded crossbeam-queue v0.3.12
[INFO] [stderr]   Downloaded log v0.4.33
[INFO] [stderr]   Downloaded icu_locale_core v2.2.0
[INFO] [stderr]   Downloaded writeable v0.6.3
[INFO] [stderr]   Downloaded re_log v0.38.1
[INFO] [stderr]   Downloaded redox_syscall v0.5.18
[INFO] [stderr]   Downloaded scopeguard v1.2.0
[INFO] [stderr]   Downloaded crossbeam-deque v0.8.7
[INFO] [stderr]   Downloaded windows-interface v0.59.3
[INFO] [stderr]   Downloaded jobserver v0.1.35
[INFO] [stderr]   Downloaded const-random v0.1.18
[INFO] [stderr]   Downloaded re_byte_size_derive v0.38.1
[INFO] [stderr]   Downloaded const-random-macro v0.1.16
[INFO] [stderr]   Downloaded block-buffer v0.12.1
[INFO] [stderr]   Downloaded crunchy v0.2.4
[INFO] [stderr]   Downloaded iana-time-zone-haiku v0.1.2
[INFO] [stderr]   Downloaded equivalent v1.0.2
[INFO] [stderr]   Downloaded shlex v2.0.1
[INFO] [stderr]   Downloaded futures v0.3.33
[INFO] [stderr]   Downloaded futures-task v0.3.33
[INFO] [stderr]   Downloaded smallvec v1.15.2
[INFO] [stderr]   Downloaded windows-strings v0.5.1
[INFO] [stderr]   Downloaded itoa v1.0.18
[INFO] [stderr]   Downloaded proc-macro-crate v3.5.0
[INFO] [stderr]   Downloaded parking_lot_core v0.9.12
[INFO] [stderr]   Downloaded half v2.7.1
[INFO] [stderr]   Downloaded windows-result v0.4.1
[INFO] [stderr]   Downloaded datafusion-doc v54.1.0
[INFO] [stderr]   Downloaded wasm-bindgen-shared v0.2.126
[INFO] [stderr]   Downloaded futures-io v0.3.33
[INFO] [stderr]   Downloaded wasm-bindgen-macro v0.2.126
[INFO] [stderr]   Downloaded phf_shared v0.12.1
[INFO] [stderr]   Downloaded siphasher v1.0.1
[INFO] [stderr]   Downloaded phf v0.12.1
[INFO] [stderr]   Downloaded android_system_properties v0.1.5
[INFO] [stderr]   Downloaded zmij v1.0.23
[INFO] [stderr]   Downloaded num-complex v0.4.6
[INFO] [stderr]   Downloaded windows-implement v0.60.2
[INFO] [stderr]   Downloaded bytemuck_derive v1.11.0
[INFO] [stderr]   Downloaded pin-project-lite v0.2.17
[INFO] [stderr]   Downloaded autocfg v1.5.1
[INFO] [stderr]   Downloaded serde_json v1.0.151
[INFO] [stderr]   Downloaded foldhash v0.2.0
[INFO] [stderr]   Downloaded wasm-bindgen-macro-support v0.2.126
[INFO] [stderr]   Downloaded crossbeam-epoch v0.9.20
[INFO] [stderr]   Downloaded toml_parser v1.1.3+spec-1.1.0
[INFO] [stderr]   Downloaded toml_datetime v1.1.1+spec-1.1.0
[INFO] [stderr]   Downloaded num-integer v0.1.46
[INFO] [stderr]   Downloaded crossterm_winapi v0.9.1
[INFO] [stderr]   Downloaded hybrid-array v0.4.13
[INFO] [stderr]   Downloaded datafusion-session v54.1.0
[INFO] [stderr]   Downloaded datafusion-datasource-json v54.1.0
[INFO] [stderr]   Downloaded web-time v1.1.0
[INFO] [stderr]   Downloaded slab v0.4.12
[INFO] [stderr]   Downloaded futures-channel v0.3.33
[INFO] [stderr]   Downloaded tracing-core v0.1.36
[INFO] [stderr]   Downloaded tracing-attributes v0.1.31
[INFO] [stderr]   Downloaded parking_lot v0.12.5
[INFO] [stderr]   Downloaded vec1 v1.12.1
[INFO] [stderr]   Downloaded windows-core v0.62.2
[INFO] [stderr]   Downloaded tiny-keccak v2.0.2
[INFO] [stderr]   Downloaded arrow-row v58.3.0
[INFO] [stderr]   Downloaded serde_derive v1.0.229
[INFO] [stderr]   Downloaded wasm-bindgen v0.2.126
[INFO] [stderr]   Downloaded once_cell v1.21.4
[INFO] [stderr]   Downloaded cpufeatures v0.3.0
[INFO] [stderr]   Downloaded datafusion-common-runtime v54.1.0
[INFO] [stderr]   Downloaded datafusion-functions-window-common v54.1.0
[INFO] [stderr]   Downloaded datafusion-datasource-csv v54.1.0
[INFO] [stderr]   Downloaded datafusion-datasource-arrow v54.1.0
[INFO] [stderr]   Downloaded hex v0.4.3
[INFO] [stderr]   Downloaded subtle v2.6.1
[INFO] [stderr]   Downloaded crypto-common v0.1.6
[INFO] [stderr]   Downloaded sqlparser_derive v0.5.0
[INFO] [stderr]   Downloaded potential_utf v0.1.5
[INFO] [stderr]   Downloaded wasm-bindgen-futures v0.4.76
[INFO] [stderr]   Downloaded tokio-macros v2.7.2
[INFO] [stderr]   Downloaded datafusion-macros v54.1.0
[INFO] [stderr]   Downloaded crypto-common v0.2.2
[INFO] [stderr]   Downloaded same-file v1.0.6
[INFO] [stderr]   Downloaded form_urlencoded v1.2.2
[INFO] [stderr]   Downloaded winapi-util v0.1.11
[INFO] [stderr]   Downloaded datafusion-physical-expr-adapter v54.1.0
[INFO] [stderr]   Downloaded fixedbitset v0.5.7
[INFO] [stderr]   Downloaded windows-targets v0.52.6
[INFO] [stderr]   Downloaded zerofrom v0.1.8
[INFO] [stderr]   Downloaded zerofrom-derive v0.1.7
[INFO] [stderr]   Downloaded md-5 v0.11.0
[INFO] [stderr]   Downloaded wasi v0.11.1+wasi-snapshot-preview1
[INFO] [stderr]   Downloaded sha2 v0.11.0
[INFO] [stderr]   Downloaded datafusion-pruning v54.1.0
[INFO] [stderr]   Downloaded datafusion-functions-table v54.1.0
[INFO] [stderr]   Downloaded ahash v0.8.12
[INFO] [stderr]   Downloaded ppv-lite86 v0.2.21
[INFO] [stderr]   Downloaded allocator-api2 v0.2.21
[INFO] [stderr]   Downloaded bitflags v2.13.1
[INFO] [stderr]   Downloaded num-traits v0.2.19
[INFO] [stderr]   Downloaded bytemuck v1.25.2
[INFO] [stderr]   Downloaded arrow-data v58.3.0
[INFO] [stderr]   Downloaded iana-time-zone v0.1.65
[INFO] [stderr]   Downloaded r-efi v5.3.0
[INFO] [stderr]   Downloaded atoi v2.0.0
[INFO] [stderr]   Downloaded pkg-config v0.3.33
[INFO] [stderr]   Downloaded semver v1.0.28
[INFO] [stderr]   Downloaded either v1.17.0
[INFO] [stderr]   Downloaded byteorder v1.5.0
[INFO] [stderr]   Downloaded utf8_iter v1.0.4
[INFO] [stderr]   Downloaded idna_adapter v1.2.2
[INFO] [stderr]   Downloaded walkdir v2.5.0
[INFO] [stderr]   Downloaded humantime v2.3.0
[INFO] [stderr]   Downloaded async-trait v0.1.91
[INFO] [stderr]   Downloaded futures-executor v0.3.33
[INFO] [stderr]   Downloaded pin-project-internal v1.1.10
[INFO] [stderr]   Downloaded foldhash v0.1.5
[INFO] [stderr]   Downloaded rand_core v0.9.5
[INFO] [stderr]   Downloaded rand_chacha v0.9.0
[INFO] [stderr]   Downloaded dashmap v6.1.0
[INFO] [stderr]   Downloaded constant_time_eq v0.4.2
[INFO] [stderr]   Downloaded arrayvec v0.7.8
[INFO] [stderr]   Downloaded blake2 v0.10.6
[INFO] [stderr]   Downloaded glob v0.3.4
[INFO] [stderr]   Downloaded tokio-stream v0.1.19
[INFO] [stderr]   Downloaded datafusion-catalog-listing v54.1.0
[INFO] [stderr]   Downloaded serde_core v1.0.229
[INFO] [stderr]   Downloaded serde v1.0.229
[INFO] [stderr]   Downloaded crossbeam-channel v0.5.15
[INFO] [stderr]   Downloaded toml_edit v0.25.13+spec-1.1.0
[INFO] [stderr]   Downloaded arrow-string v58.3.0
[INFO] [stderr]   Downloaded arrow-buffer v58.3.0
[INFO] [stderr]   Downloaded bytes v1.12.1
[INFO] [stderr]   Downloaded cc v1.4.0
[INFO] [stderr]   Downloaded find-msvc-tools v0.1.9
[INFO] [stderr]   Downloaded core-foundation-sys v0.8.7
[INFO] [stderr]   Downloaded getrandom v0.2.17
[INFO] [stderr]   Downloaded ryu v1.0.23
[INFO] [stderr]   Downloaded lexical-parse-integer v1.0.6
[INFO] [stderr]   Downloaded re_span v0.38.1
[INFO] [stderr]   Downloaded similar v2.7.0
[INFO] [stderr]   Downloaded icu_properties v2.2.0
[INFO] [stderr]   Downloaded zerovec-derive v0.11.3
[INFO] [stderr]   Downloaded pin-project v1.1.10
[INFO] [stderr]   Downloaded datafusion-functions-aggregate-common v54.1.0
[INFO] [stderr]   Downloaded digest v0.11.3
[INFO] [stderr]   Downloaded const-oid v0.10.2
[INFO] [stderr]   Downloaded datafusion-functions-window v54.1.0
[INFO] [stderr]   Downloaded js-sys v0.3.103
[INFO] [stderr]   Downloaded arrow v58.3.0
[INFO] [stderr]   Downloaded arrow-schema v58.3.0
[INFO] [stderr]   Downloaded getrandom v0.4.3
[INFO] [stderr]   Downloaded getrandom v0.3.4
[INFO] [stderr]   Downloaded icu_collections v2.2.0
[INFO] [stderr]   Downloaded icu_normalizer v2.2.0
[INFO] [stderr]   Downloaded icu_normalizer_data v2.2.0
[INFO] [stderr]   Downloaded datafusion-physical-expr-common v54.1.0
[INFO] [stderr]   Downloaded datafusion-execution v54.1.0
[INFO] [stderr]   Downloaded rand v0.9.5
[INFO] [stderr]   Downloaded bigdecimal v0.4.8
[INFO] [stderr]   Downloaded datafusion-catalog v54.1.0
[INFO] [stderr]   Downloaded r-efi v6.0.0
[INFO] [stderr]   Downloaded wit-bindgen v0.57.1
[INFO] [stderr]   Downloaded synstructure v0.13.2
[INFO] [stderr]   Downloaded datafusion-expr-common v54.1.0
[INFO] [stderr]   Downloaded datafusion-physical-optimizer v54.1.0
[INFO] [stderr]   Downloaded document-features v0.2.12
[INFO] [stderr]   Downloaded url v2.5.8
[INFO] [stderr]   Downloaded http v1.5.0
[INFO] [stderr]   Downloaded wasip2 v1.0.4+wasi-0.2.12
[INFO] [stderr]   Downloaded zstd v0.13.3
[INFO] [stderr]   Downloaded zstd-safe v7.2.4
[INFO] [stderr]   Downloaded icu_properties_data v2.2.0
[INFO] [stderr]   Downloaded datafusion-functions-nested v54.1.0
[INFO] [stderr]   Downloaded datafusion-functions-aggregate v54.1.0
[INFO] [stderr]   Downloaded hashbrown v0.15.5
[INFO] [stderr]   Downloaded hashbrown v0.14.5
[INFO] [stderr]   Downloaded datafusion-datasource v54.1.0
[INFO] [stderr]   Downloaded tokio-util v0.7.19
[INFO] [stderr]   Downloaded litrs v1.0.0
[INFO] [stderr]   Downloaded arrow-ipc v58.3.0
[INFO] [stderr]   Downloaded csv-core v0.1.12
[INFO] [stderr]   Downloaded insta v1.48.0
[INFO] [stderr]   Downloaded yoke-derive v0.8.2
[INFO] [stderr]   Downloaded stable_deref_trait v1.2.1
[INFO] [stderr]   Downloaded rustc_version v0.4.1
[INFO] [stderr]   Downloaded quiver_types v0.6.1
[INFO] [stderr]   Downloaded re_tracing v0.38.1
[INFO] [stderr]   Downloaded memchr v2.8.3
[INFO] [stderr]   Downloaded indexmap v2.14.0
[INFO] [stderr]   Downloaded bumpalo v3.20.3
[INFO] [stderr]   Downloaded zerocopy-derive v0.8.55
[INFO] [stderr]   Downloaded arrow-select v58.3.0
[INFO] [stderr]   Downloaded lexical-core v1.0.6
[INFO] [stderr]   Downloaded blake3 v1.8.7
[INFO] [stderr]   Downloaded num-bigint v0.4.6
[INFO] [stderr]   Downloaded percent-encoding v2.3.2
[INFO] [stderr]   Downloaded simdutf8 v0.1.5
[INFO] [stderr]   Downloaded lexical-write-float v1.0.6
[INFO] [stderr]   Downloaded flatbuffers v25.12.19
[INFO] [stderr]   Downloaded arrow-arith v58.3.0
[INFO] [stderr]   Downloaded quiver v0.6.1
[INFO] [stderr]   Downloaded tempfile v3.27.0
[INFO] [stderr]   Downloaded fastrand v2.3.0
[INFO] [stderr]   Downloaded yoke v0.8.3
[INFO] [stderr]   Downloaded zerotrie v0.2.4
[INFO] [stderr]   Downloaded displaydoc v0.2.7
[INFO] [stderr]   Downloaded errno v0.3.14
[INFO] [stderr]   Downloaded twox-hash v2.1.2
[INFO] [stderr]   Downloaded puffin v0.20.0
[INFO] [stderr]   Downloaded icu_provider v2.2.0
[INFO] [stderr]   Downloaded datafusion-sql v54.1.0
[INFO] [stderr]   Downloaded datafusion-expr v54.1.0
[INFO] [stderr]   Downloaded hashbrown v0.17.1
[INFO] [stderr]   Downloaded libm v0.2.16
[INFO] [stderr]   Downloaded regex v1.13.1
[INFO] [stderr]   Downloaded aho-corasick v1.1.4
[INFO] [stderr]   Downloaded arrow-ord v58.3.0
[INFO] [stderr]   Downloaded comfy-table v7.2.2
[INFO] [stderr]   Downloaded base64 v0.22.1
[INFO] [stderr]   Downloaded lz4_flex v0.13.1
[INFO] [stderr]   Downloaded arrow-csv v58.3.0
[INFO] [stderr]   Downloaded console v0.16.4
[INFO] [stderr]   Downloaded datafusion v54.1.0
[INFO] [stderr]   Downloaded object_store v0.13.2
[INFO] [stderr]   Downloaded datafusion-common v54.1.0
[INFO] [stderr]   Downloaded datafusion-functions v54.1.0
[INFO] [stderr]   Downloaded datafusion-optimizer v54.1.0
[INFO] [stderr]   Downloaded uuid v1.24.0
[INFO] [stderr]   Downloaded datafusion-physical-expr v54.1.0
[INFO] [stderr]   Downloaded lexical-write-integer v1.0.6
[INFO] [stderr]   Downloaded anyhow v1.0.104
[INFO] [stderr]   Downloaded sqlparser v0.62.0
[INFO] [stderr]   Downloaded encode_unicode v1.0.0
[INFO] [stderr]   Downloaded windows_aarch64_gnullvm v0.52.6
[INFO] [stderr]   Downloaded zerovec v0.11.6
[INFO] [stderr]   Downloaded winnow v1.0.4
[INFO] [stderr]   Downloaded futures-util v0.3.33
[INFO] [stderr]   Downloaded unicode-segmentation v1.13.3
[INFO] [stderr]   Downloaded datafusion-physical-plan v54.1.0
[INFO] [stderr]   Downloaded petgraph v0.8.3
[INFO] [stderr]   Downloaded idna v1.1.0
[INFO] [stderr]   Downloaded tokio v1.53.1
[INFO] [stderr]   Downloaded arrow-json v58.3.0
[INFO] [stderr]   Downloaded lexical-parse-float v1.0.6
[INFO] [stderr]   Downloaded syn v3.0.3
[INFO] [stderr]   Downloaded lexical-util v1.0.7
[INFO] [stderr]   Downloaded csv v1.3.1
[INFO] [stderr]   Downloaded arrow-cast v58.3.0
[INFO] [stderr]   Downloaded chrono v0.4.45
[INFO] [stderr]   Downloaded itertools v0.15.0
[INFO] [stderr]   Downloaded itertools v0.14.0
[INFO] [stderr]   Downloaded crossterm v0.29.0
[INFO] [stderr]   Downloaded zerocopy v0.8.55
[INFO] [stderr]   Downloaded linux-raw-sys v0.12.1
[INFO] [stderr]   Downloaded arrow-array v58.3.0
[INFO] [stderr]   Downloaded regex-syntax v0.8.11
[INFO] [stderr]   Downloaded unicode-width v0.2.2
[INFO] [stderr]   Downloaded tracing v0.1.44
[INFO] [stderr]   Downloaded rustix v1.1.4
[INFO] [stderr]   Downloaded windows_x86_64_gnullvm v0.52.6
[INFO] [stderr]   Downloaded windows_i686_gnullvm v0.52.6
[INFO] [stderr]   Downloaded regex-automata v0.4.16
[INFO] [stderr]   Downloaded chrono-tz v0.10.4
[INFO] [stderr]   Downloaded windows_aarch64_msvc v0.52.6
[INFO] [stderr]   Downloaded zstd-sys v2.0.16+zstd.1.5.7
[INFO] [stderr]   Downloaded windows_x86_64_gnu v0.52.6
[INFO] [stderr]   Downloaded windows_x86_64_msvc v0.52.6
[INFO] [stderr]   Downloaded windows_i686_gnu v0.52.6
[INFO] [stderr]   Downloaded windows_i686_msvc v0.52.6
[INFO] [stderr]   Downloaded winapi v0.3.9
[INFO] [stderr]   Downloaded windows-sys v0.59.0
[INFO] [stderr]   Downloaded windows-sys v0.61.2
[INFO] [stderr]   Downloaded winapi-i686-pc-windows-gnu v0.4.0
[INFO] [stderr]   Downloaded winapi-x86_64-pc-windows-gnu v0.4.0
[INFO] running `Command { std: "docker" "create" "-v" "/var/lib/crater-agent-workspace/builds/worker-1-tc1/source:/opt/rustwide/workdir:ro,Z" "-v" "/var/lib/crater-agent-workspace/builds/worker-1-tc1/target:/opt/rustwide/target:rw,Z" "-v" "/var/lib/crater-agent-workspace/cargo-home:/opt/rustwide/cargo-home:ro,Z" "-v" "/var/lib/crater-agent-workspace/rustup-home:/opt/rustwide/rustup-home:ro,Z" "-m" "1610612736" "--network" "none" "ghcr.io/rust-lang/crates-build-env/linux@sha256:3111399a4047eeb3a02b7a90e478d715f38a8c6669b5c4b49d30a17385265909" "sleep" "infinity", kill_on_drop: false }`
[INFO] [stdout] 921454d3c3130154bfc6d9bf6c798b3ed80270d5784404e5a753c86e54140e5c
[INFO] running `Command { std: "docker" "start" "921454d3c3130154bfc6d9bf6c798b3ed80270d5784404e5a753c86e54140e5c", kill_on_drop: false }`
[INFO] running `Command { std: "docker" "inspect" "921454d3c3130154bfc6d9bf6c798b3ed80270d5784404e5a753c86e54140e5c", kill_on_drop: false }`
[INFO] running `Command { std: "docker" "exec" "-e" "SOURCE_DIR=/opt/rustwide/workdir" "-e" "CARGO_HOME=/opt/rustwide/cargo-home" "-e" "RUSTUP_HOME=/opt/rustwide/rustup-home" "-e" "CARGO_TARGET_DIR=/opt/rustwide/target" "-w" "/opt/rustwide/workdir" "--user" "0:0" "921454d3c3130154bfc6d9bf6c798b3ed80270d5784404e5a753c86e54140e5c" "/opt/rustwide/cargo-home/bin/cargo" "+1.99.0-beta.8" "metadata" "--no-deps" "--format-version=1", kill_on_drop: false }`
[INFO] running `Command { std: "docker" "inspect" "921454d3c3130154bfc6d9bf6c798b3ed80270d5784404e5a753c86e54140e5c", kill_on_drop: false }`
[INFO] running `Command { std: "docker" "exec" "-e" "SOURCE_DIR=/opt/rustwide/workdir" "-e" "CARGO_HOME=/opt/rustwide/cargo-home" "-e" "RUSTUP_HOME=/opt/rustwide/rustup-home" "-e" "CARGO_TARGET_DIR=/opt/rustwide/target" "-e" "CARGO_INCREMENTAL=0" "-e" "RUST_BACKTRACE=full" "-e" "RUSTFLAGS=--cap-lints=warn" "-e" "RUSTDOCFLAGS=--cap-lints=warn" "-w" "/opt/rustwide/workdir" "--user" "0:0" "921454d3c3130154bfc6d9bf6c798b3ed80270d5784404e5a753c86e54140e5c" "/opt/rustwide/cargo-home/bin/cargo" "+1.99.0-beta.8" "build" "--frozen" "--message-format=json", kill_on_drop: false }`
[INFO] [stderr]    Compiling proc-macro2 v1.0.107
[INFO] [stderr]    Compiling unicode-ident v1.0.24
[INFO] [stderr]    Compiling quote v1.0.47
[INFO] [stderr]    Compiling autocfg v1.5.1
[INFO] [stderr]    Compiling libm v0.2.16
[INFO] [stderr]    Compiling cfg-if v1.0.4
[INFO] [stderr]    Compiling libc v0.2.189
[INFO] [stderr]    Compiling bitflags v2.13.1
[INFO] [stderr]    Compiling zerocopy v0.8.55
[INFO] [stderr]    Compiling hashbrown v0.17.1
[INFO] [stderr]    Compiling serde_core v1.0.229
[INFO] [stderr]    Compiling once_cell v1.21.4
[INFO] [stderr]    Compiling getrandom v0.3.4
[INFO] [stderr]    Compiling version_check v0.9.5
[INFO] [stderr]    Compiling bytes v1.12.1
[INFO] [stderr]    Compiling iana-time-zone v0.1.65
[INFO] [stderr]    Compiling serde v1.0.229
[INFO] [stderr]    Compiling lexical-util v1.0.7
[INFO] [stderr]    Compiling arrow-schema v58.3.0
[INFO] [stderr]    Compiling memchr v2.8.3
[INFO] [stderr]    Compiling equivalent v1.0.2
[INFO] [stderr]    Compiling semver v1.0.28
[INFO] [stderr]    Compiling smallvec v1.15.2
[INFO] [stderr]    Compiling parking_lot_core v0.9.12
[INFO] [stderr]    Compiling zmij v1.0.23
[INFO] [stderr]    Compiling scopeguard v1.2.0
[INFO] [stderr]    Compiling ahash v0.8.12
[INFO] [stderr]    Compiling crossbeam-utils v0.8.22
[INFO] [stderr]    Compiling num-traits v0.2.19
[INFO] [stderr]    Compiling rustc_version v0.4.1
[INFO] [stderr]    Compiling serde_json v1.0.151
[INFO] [stderr]    Compiling regex-syntax v0.8.11
[INFO] [stderr]    Compiling lexical-write-integer v1.0.6
[INFO] [stderr]    Compiling lexical-parse-integer v1.0.6
[INFO] [stderr]    Compiling base64 v0.22.1
[INFO] [stderr]    Compiling aho-corasick v1.1.4
[INFO] [stderr]    Compiling lexical-parse-float v1.0.6
[INFO] [stderr]    Compiling flatbuffers v25.12.19
[INFO] [stderr]    Compiling lexical-write-float v1.0.6
[INFO] [stderr]    Compiling indexmap v2.14.0
[INFO] [stderr]    Compiling itoa v1.0.18
[INFO] [stderr]    Compiling ryu v1.0.23
[INFO] [stderr]    Compiling simdutf8 v0.1.5
[INFO] [stderr]    Compiling crossbeam-epoch v0.9.20
[INFO] [stderr]    Compiling syn v2.0.119
[INFO] [stderr]    Compiling syn v3.0.3
[INFO] [stderr]    Compiling lexical-core v1.0.6
[INFO] [stderr]    Compiling winnow v1.0.4
[INFO] [stderr]    Compiling crossbeam-deque v0.8.7
[INFO] [stderr]    Compiling toml_datetime v1.1.1+spec-1.1.0
[INFO] [stderr]    Compiling thiserror v2.0.19
[INFO] [stderr]    Compiling rustix v1.1.4
[INFO] [stderr]    Compiling either v1.17.0
[INFO] [stderr]    Compiling anyhow v1.0.104
[INFO] [stderr]    Compiling crossbeam-channel v0.5.15
[INFO] [stderr]    Compiling crossbeam-queue v0.3.12
[INFO] [stderr]    Compiling tracing-core v0.1.36
[INFO] [stderr]    Compiling linux-raw-sys v0.12.1
[INFO] [stderr]    Compiling pin-project-lite v0.2.17
[INFO] [stderr]    Compiling litrs v1.0.0
[INFO] [stderr]    Compiling crossbeam v0.8.4
[INFO] [stderr]    Compiling itertools v0.14.0
[INFO] [stderr]    Compiling log v0.4.33
[INFO] [stderr]    Compiling byteorder v1.5.0
[INFO] [stderr]    Compiling regex-automata v0.4.16
[INFO] [stderr]    Compiling web-time v1.1.0
[INFO] [stderr]    Compiling toml_parser v1.1.3+spec-1.1.0
[INFO] [stderr]    Compiling unicode-segmentation v1.13.3
[INFO] [stderr]    Compiling unicode-width v0.2.2
[INFO] [stderr]    Compiling num-integer v0.1.46
[INFO] [stderr]    Compiling num-complex v0.4.6
[INFO] [stderr]    Compiling chrono v0.4.45
[INFO] [stderr]    Compiling atoi v2.0.0
[INFO] [stderr]    Compiling document-features v0.2.12
[INFO] [stderr]    Compiling re_span v0.38.1
[INFO] [stderr]    Compiling itertools v0.15.0
[INFO] [stderr]    Compiling num-bigint v0.4.6
[INFO] [stderr]    Compiling toml_edit v0.25.13+spec-1.1.0
[INFO] [stderr]    Compiling serde_derive v1.0.229
[INFO] [stderr]    Compiling thiserror-impl v2.0.19
[INFO] [stderr]    Compiling proc-macro-crate v3.5.0
[INFO] [stderr]    Compiling regex v1.13.1
[INFO] [stderr]    Compiling re_byte_size_derive v0.38.1
[INFO] [stderr]    Compiling zerocopy-derive v0.8.55
[INFO] [stderr]    Compiling bytemuck_derive v1.11.0
[INFO] [stderr]    Compiling tracing-attributes v0.1.31
[INFO] [stderr]    Compiling tracing v0.1.44
[INFO] [stderr]    Compiling bytemuck v1.25.2
[INFO] [stderr]    Compiling lock_api v0.4.14
[INFO] [stderr]    Compiling vec1 v1.12.1
[INFO] [stderr]    Compiling parking_lot v0.12.5
[INFO] [stderr]    Compiling re_log v0.38.1
[INFO] [stderr]    Compiling puffin v0.20.0
[INFO] [stderr]    Compiling crossterm v0.29.0
[INFO] [stderr]    Compiling re_tracing v0.38.1
[INFO] [stderr]    Compiling comfy-table v7.2.2
[INFO] [stderr]    Compiling half v2.7.1
[INFO] [stderr]    Compiling arrow-buffer v58.3.0
[INFO] [stderr]    Compiling arrow-data v58.3.0
[INFO] [stderr]    Compiling arrow-array v58.3.0
[INFO] [stderr]    Compiling arrow-select v58.3.0
[INFO] [stderr]    Compiling arrow-arith v58.3.0
[INFO] [stderr]    Compiling arrow-row v58.3.0
[INFO] [stderr]    Compiling arrow-ord v58.3.0
[INFO] [stderr]    Compiling arrow-ipc v58.3.0
[INFO] [stderr]    Compiling arrow-string v58.3.0
[INFO] [stderr]    Compiling arrow-cast v58.3.0
[INFO] [stderr]    Compiling arrow-json v58.3.0
[INFO] [stderr]    Compiling arrow v58.3.0
[INFO] [stderr]    Compiling quiver_types v0.6.1
[INFO] [stderr]    Compiling re_byte_size v0.38.1
[INFO] [stderr]    Compiling quiver v0.6.1
[INFO] [stderr]    Compiling re_tuid v0.38.1
[INFO] [stderr]    Compiling re_arrow_util v0.38.1 (/opt/rustwide/workdir)
[INFO] [stderr]     Finished `dev` profile [unoptimized + debuginfo] target(s) in 59.82s
[INFO] running `Command { std: "docker" "inspect" "921454d3c3130154bfc6d9bf6c798b3ed80270d5784404e5a753c86e54140e5c", kill_on_drop: false }`
[INFO] running `Command { std: "docker" "exec" "-e" "SOURCE_DIR=/opt/rustwide/workdir" "-e" "CARGO_HOME=/opt/rustwide/cargo-home" "-e" "RUSTUP_HOME=/opt/rustwide/rustup-home" "-e" "CARGO_TARGET_DIR=/opt/rustwide/target" "-e" "CARGO_INCREMENTAL=0" "-e" "RUST_BACKTRACE=full" "-e" "RUSTFLAGS=--cap-lints=warn" "-e" "RUSTDOCFLAGS=--cap-lints=warn" "-w" "/opt/rustwide/workdir" "--user" "0:0" "921454d3c3130154bfc6d9bf6c798b3ed80270d5784404e5a753c86e54140e5c" "/opt/rustwide/cargo-home/bin/cargo" "+1.99.0-beta.8" "test" "--frozen" "--no-run" "--message-format=json", kill_on_drop: false }`
[INFO] [stderr]    Compiling rustix v1.1.4
[INFO] [stderr]    Compiling fastrand v2.3.0
[INFO] [stderr]    Compiling console v0.16.4
[INFO] [stderr]    Compiling similar v2.7.0
[INFO] [stderr]    Compiling crossterm v0.29.0
[INFO] [stderr]    Compiling tempfile v3.27.0
[INFO] [stderr]    Compiling insta v1.48.0
[INFO] [stderr]    Compiling comfy-table v7.2.2
[INFO] [stderr]    Compiling re_arrow_util v0.38.1 (/opt/rustwide/workdir)
[INFO] [stderr]     Finished `test` profile [unoptimized + debuginfo] target(s) in 11.72s
[INFO] running `Command { std: "docker" "inspect" "921454d3c3130154bfc6d9bf6c798b3ed80270d5784404e5a753c86e54140e5c", kill_on_drop: false }`
[INFO] running `Command { std: "docker" "exec" "-e" "SOURCE_DIR=/opt/rustwide/workdir" "-e" "CARGO_HOME=/opt/rustwide/cargo-home" "-e" "RUSTUP_HOME=/opt/rustwide/rustup-home" "-e" "CARGO_TARGET_DIR=/opt/rustwide/target" "-e" "CARGO_INCREMENTAL=0" "-e" "RUST_BACKTRACE=full" "-e" "RUSTFLAGS=--cap-lints=warn" "-e" "RUSTDOCFLAGS=--cap-lints=warn" "-w" "/opt/rustwide/workdir" "--user" "0:0" "921454d3c3130154bfc6d9bf6c798b3ed80270d5784404e5a753c86e54140e5c" "/opt/rustwide/cargo-home/bin/cargo" "+1.99.0-beta.8" "test" "--frozen", kill_on_drop: false }`
[INFO] [stderr]     Finished `test` profile [unoptimized + debuginfo] target(s) in 0.20s
[INFO] [stderr]      Running unittests src/lib.rs (/opt/rustwide/target/debug/deps/re_arrow_util-a1f22bfc061b20d8)
[INFO] [stdout] 
[INFO] [stdout] running 39 tests
[INFO] [stdout] test arrays::tests::canonicalize_component_list_array_normalizes_outer_field_only ... ok
[INFO] [stdout] test batches::tests::test_concat_horizontally_different_row_counts_fails ... ok
[INFO] [stdout] test batches::tests::get_column_error_messages ... ok
[INFO] [stdout] test arrays::blob_array_to_binary_reuses_buffers ... ok
[INFO] [stdout] test arrays::tests::downcast_error_message ... ok
[INFO] [stdout] test batches::tests::test_concat_horizontally_preserves_column_order ... ok
[INFO] [stdout] test batches::tests::make_nullable_basics ... ok
[INFO] [stdout] test batches::tests::concat_polymorphic_batches_incompatible ... ok
[INFO] [stdout] test batches::tests::test_concat_horizontally_basic ... ok
[INFO] [stdout] test batches::tests::test_filter_columns_preserves_metadata ... ok
[INFO] [stdout] test batches::tests::test_project_basic ... ok
[INFO] [stdout] test batches::tests::test_project_preserves_order ... ok
[INFO] [stdout] test batches::tests::test_concat_preserves_metadata ... ok
[INFO] [stdout] test batches::tests::test_concat_duplicate_field_names ... ok
[INFO] [stdout] test batches::tests::test_rename_columns_preserves_field_properties ... ok
[INFO] [stdout] test batches::tests::test_rename_columns_preserves_metadata ... ok
[INFO] [stdout] test batches::tests::test_rename_columns_nonexistent_column ... ok
[INFO] [stdout] test batches::tests::test_rename_columns_no_renames ... ok
[INFO] [stdout] test batches::tests::test_sort_columns_by_preserves_metadata ... ok
[INFO] [stdout] test batches::tests::test_sort_columns_by ... ok
[INFO] [stdout] test batches::tests::test_filter_columns_basic ... ok
[INFO] [stdout] test compare::test_almost_equal ... ok
[INFO] [stdout] test reject_unsupported_widenings_tests::plain_schema_accepted ... ok
[INFO] [stdout] test reject_unsupported_widenings_tests::top_level_union_rejected ... ok
[INFO] [stdout] test reject_unsupported_widenings_tests::union_nested_inside_list_rejected ... ok
[INFO] [stdout] test reject_unsupported_widenings_tests::union_over_rejected_when_only_a_sibling_widens ... ok
[INFO] [stdout] test batches::tests::test_filter_columns_empty_schema ... ok
[INFO] [stdout] test batches::tests::test_project_duplicate_column ... ok
[INFO] [stdout] test batches::tests::test_concat_conflicting_schema_metadata_fails ... ok
[INFO] [stdout] test batches::tests::test_rename_columns_basic ... ok
[INFO] [stdout] test batches::tests::test_concat_horizontally_empty_batches ... ok
[INFO] [stdout] test batches::tests::test_project_column_not_found ... ok
[INFO] [stdout] test arrays::test_wrap_in_list_array ... ok
[INFO] [stdout] test reject_unsupported_widenings_tests::union_nested_inside_struct_rejected ... ok
[INFO] [stdout] test batches::tests::test_project_preserves_metadata ... ok
[INFO] [stdout] test tests::test_widen_list_binary ... ok
[INFO] [stdout] test batches::tests::test_sort_columns_by_empty_batch ... ok
[INFO] [stdout] test batches::tests::concat_polymorphic_batches_basics ... ok
[INFO] [stdout] test arrays::tests::deep_slice ... FAILED
[INFO] [stdout] 
[INFO] [stdout] failures:
[INFO] [stdout] 
[INFO] [stdout] ---- arrays::tests::deep_slice stdout ----
[INFO] [stdout] ━━━━━━━━━━━━━━━━━━━━━━━━━━━━━━━ Snapshot Summary ━━━━━━━━━━━━━━━━━━━━━━━━━━━━━━━
[INFO] [stdout] Snapshot file: src/snapshots/re_arrow_util__arrays__tests__deep_slice_comparisons.snap
[INFO] [stdout] Snapshot: deep_slice_comparisons
[INFO] [stdout] Source: src/arrays.rs:1138
[INFO] [stdout] ────────────────────────────────────────────────────────────────────────────────
[INFO] [stdout] Expression: output
[INFO] [stdout] ────────────────────────────────────────────────────────────────────────────────
[INFO] [stdout] +new results
[INFO] [stdout] ────────────┬───────────────────────────────────────────────────────────────────
[INFO] [stdout]           1 │+int32:
[INFO] [stdout]           2 │+array[0..]:          len=    100000 array_size=    400096 buf_size=    400000 data.len=    100000 data.array_size=    400160 data.buf_size=    400000 data.slice_size=    400000 / IPC=412872
[INFO] [stdout]           3 │+slice[25000..75000]: len=     50000 array_size=    400096 buf_size=    400000 data.len=     50000 data.array_size=    400160 data.buf_size=    400000 data.slice_size=    200000 / IPC=206600
[INFO] [stdout]           4 │+ deep[25000..75000]: len=     50000 array_size=    200096 buf_size=    200000 data.len=     50000 data.array_size=    200160 data.buf_size=    200000 data.slice_size=    200000 / IPC=206600
[INFO] [stdout]           5 │+
[INFO] [stdout]           6 │+list[int32]:
[INFO] [stdout]           7 │+array[0..]:          len=    100000 array_size=    800212 buf_size=    800004 data.len=    100000 data.array_size=    800324 data.buf_size=    800004 data.slice_size=    800000 / IPC=825544
[INFO] [stdout]           8 │+slice[25000..75000]: len=     50000 array_size=    800212 buf_size=    800004 data.len=     50000 data.array_size=    800324 data.buf_size=    800004 data.slice_size=    600000 / IPC=413000
[INFO] [stdout]           9 │+ deep[25000..75000]: len=     50000 array_size=    400272 buf_size=    400064 data.len=     50000 data.array_size=    400384 data.buf_size=    400064 data.slice_size=    400000 / IPC=413000
[INFO] [stdout]          10 │+
[INFO] [stdout]          11 │+list[list[int32]]:
[INFO] [stdout]          12 │+array[0..]:          len=    100000 array_size=   1200328 buf_size=   1200008 data.len=    100000 data.array_size=   1200488 data.buf_size=   1200008 data.slice_size=   1200000 / IPC=1238280
[INFO] [stdout]          13 │+slice[ 5000.. 5005]: len=         5 array_size=   1200328 buf_size=   1200008 data.len=         5 data.array_size=   1200488 data.buf_size=   1200008 data.slice_size=    800020 / IPC=   904
[INFO] [stdout]          14 │+ deep[ 5000.. 5005]: len=         5 array_size=       512 buf_size=       192 data.len=         5 data.array_size=       672 data.buf_size=       192 data.slice_size=        60 / IPC=   904
[INFO] [stdout]          15 │+
[INFO] [stdout]          16 │+struct{int32}:
[INFO] [stdout]          17 │+array[0..]:          len=    100000 array_size=    400200 buf_size=    400000 data.len=    100000 data.array_size=    400296 data.buf_size=    400000 data.slice_size=    400000 / IPC=425480
[INFO] [stdout]          18 │+slice[25000..75000]: len=     50000 array_size=    400200 buf_size=    400000 data.len=     50000 data.array_size=    400296 data.buf_size=    400000 data.slice_size=    200000 / IPC=212936
[INFO] [stdout]          19 │+ deep[25000..75000]: len=     50000 array_size=    200200 buf_size=    200000 data.len=     50000 data.array_size=    200296 data.buf_size=    200000 data.slice_size=    200000 / IPC=212936
[INFO] [stdout]          20 │+
[INFO] [stdout]          21 │+list[struct{int32}]:
[INFO] [stdout]          22 │+array[0..]:          len=    100000 array_size=    800316 buf_size=    800004 data.len=    100000 data.array_size=    800460 data.buf_size=    800004 data.slice_size=    800000 / IPC=838216
[INFO] [stdout]          23 │+slice[25000..75000]: len=     50000 array_size=    800316 buf_size=    800004 data.len=     50000 data.array_size=    800460 data.buf_size=    800004 data.slice_size=    600000 / IPC=419400
[INFO] [stdout]          24 │+ deep[25000..75000]: len=     50000 array_size=    400376 buf_size=    400064 data.len=     50000 data.array_size=    400520 data.buf_size=    400064 data.slice_size=    400000 / IPC=419400
[INFO] [stdout]          25 │+
[INFO] [stdout]          26 │+union#dense{{u8,f32,i64}}::
[INFO] [stdout]          27 │+array[0..]:          len=    100000 array_size=   1000392 buf_size=   1000008 data.len=    100000 data.array_size=   1000672 data.buf_size=   1000008 data.slice_size=   1000008 / IPC=1021832
[INFO] [stdout]          28 │+slice[25000..75000]: len=     50000 array_size=   1000392 buf_size=   1000008 data.len=     50000 data.array_size=   1000672 data.buf_size=   1000008 data.slice_size=    750008 / IPC=771848
[INFO] [stdout]          29 │+ deep[25000..75000]: len=     50000 array_size=    900480 buf_size=    900096 data.len=     50000 data.array_size=    900760 data.buf_size=    900096 data.slice_size=    466670 / IPC=473864
[INFO] [stdout]          30 │+
[INFO] [stdout]          31 │+union#sparse{{u8,f32,i64}}::
[INFO] [stdout]          32 │+array[0..]:          len=    100000 array_size=   1400384 buf_size=   1400000 data.len=    100000 data.array_size=   1400640 data.buf_size=   1400000 data.slice_size=   1400000 / IPC=1438408
[INFO] [stdout]          33 │+slice[25000..75000]: len=     50000 array_size=   1400384 buf_size=   1400000 data.len=     50000 data.array_size=   1400640 data.buf_size=   1400000 data.slice_size=    700000 / IPC=719624
[INFO] [stdout]          34 │+ deep[25000..75000]: len=     50000 array_size=    700480 buf_size=    700096 data.len=     50000 data.array_size=    700736 data.buf_size=    700096 data.slice_size=    700000 / IPC=719624
[INFO] [stdout]          35 │+
[INFO] [stdout]          36 │+union#dense{{list[u8],list[f32],list[i64]}}::
[INFO] [stdout]          37 │+array[0..]:          len=        20 array_size=    650916 buf_size=    650196 data.len=        20 data.array_size=    651340 data.buf_size=    650196 data.slice_size=    650184 / IPC=469832
[INFO] [stdout]          38 │+slice[    5..   15]: len=        10 array_size=    650916 buf_size=    650196 data.len=        10 data.array_size=    651340 data.buf_size=    650196 data.slice_size=    650134 / IPC=469768
[INFO] [stdout]          39 │+ deep[    5..   15]: len=        10 array_size=    261392 buf_size=    260672 data.len=        10 data.array_size=    261816 data.buf_size=    260672 data.slice_size=    235090 / IPC=242952
[INFO] [stdout]          40 │+
[INFO] [stdout]          41 │+union#sparse{{list[u8],list[f32],list[i64]}}::
[INFO] [stdout]          42 │+array[0..]:          len=        20 array_size=   1300992 buf_size=   1300272 data.len=        20 data.array_size=   1301392 data.buf_size=   1300272 data.slice_size=   1300260 / IPC=1339272
[INFO] [stdout]          43 │+slice[    5..   15]: len=        10 array_size=   1300992 buf_size=   1300272 data.len=        10 data.array_size=   1301392 data.buf_size=   1300272 data.slice_size=   1300130 / IPC=670280
[INFO] [stdout]          44 │+ deep[    5..   15]: len=        10 array_size=    651024 buf_size=    650304 data.len=        10 data.array_size=    651424 data.buf_size=    650304 data.slice_size=    650130 / IPC=670280
[INFO] [stdout] ────────────┴───────────────────────────────────────────────────────────────────
[INFO] [stdout] 
[INFO] [stdout] thread 'arrays::tests::deep_slice' (2252) panicked at src/arrays.rs:1138:9:
[INFO] [stdout] called `Result::unwrap()` on an `Err` value: Os { code: 30, kind: ReadOnlyFilesystem, message: "Read-only file system" }
[INFO] [stdout] stack backtrace:
[INFO] [stdout]    0:     0x580e2c703961 - std[70759c8f55707aa4]::backtrace_rs::backtrace::libunwind::trace
[INFO] [stdout]                                at /rustc/dfb0accb7f508ae8be965d8629557221c889dd98/library/std/src/../../backtrace/src/backtrace/libunwind.rs:117:9
[INFO] [stdout]    1:     0x580e2c703961 - std[70759c8f55707aa4]::backtrace_rs::backtrace::trace_unsynchronized::<std[70759c8f55707aa4]::sys::backtrace::_print_fmt::{closure#1}>
[INFO] [stdout]                                at /rustc/dfb0accb7f508ae8be965d8629557221c889dd98/library/std/src/../../backtrace/src/backtrace/mod.rs:66:14
[INFO] [stdout]    2:     0x580e2c703961 - std[70759c8f55707aa4]::sys::backtrace::_print_fmt
[INFO] [stdout]                                at /rustc/dfb0accb7f508ae8be965d8629557221c889dd98/library/std/src/sys/backtrace.rs:74:9
[INFO] [stdout]    3:     0x580e2c703961 - <<std[70759c8f55707aa4]::sys::backtrace::BacktraceLock>::print::DisplayBacktrace as core[df12db4294e9bfd3]::fmt::Display>::fmt
[INFO] [stdout]                                at /rustc/dfb0accb7f508ae8be965d8629557221c889dd98/library/std/src/sys/backtrace.rs:44:26
[INFO] [stdout]    4:     0x580e2c71beba - <core[df12db4294e9bfd3]::fmt::rt::Argument>::fmt
[INFO] [stdout]                                at /rustc/dfb0accb7f508ae8be965d8629557221c889dd98/library/core/src/fmt/rt.rs:152:76
[INFO] [stdout]    5:     0x580e2c71beba - core[df12db4294e9bfd3]::fmt::write
[INFO] [stdout]    6:     0x580e2c70836c - core[df12db4294e9bfd3]::io::write::default_write_fmt::<alloc[2182bb758b4b3781]::vec::Vec<u8>>
[INFO] [stdout]                                at /rustc/dfb0accb7f508ae8be965d8629557221c889dd98/library/core/src/io/write.rs:402:11
[INFO] [stdout]    7:     0x580e2c70836c - <alloc[2182bb758b4b3781]::vec::Vec<u8> as core[df12db4294e9bfd3]::io::write::Write>::write_fmt
[INFO] [stdout]                                at /rustc/dfb0accb7f508ae8be965d8629557221c889dd98/library/core/src/io/write.rs:335:13
[INFO] [stdout]    8:     0x580e2c6dcbd6 - <std[70759c8f55707aa4]::sys::backtrace::BacktraceLock>::print
[INFO] [stdout]                                at /rustc/dfb0accb7f508ae8be965d8629557221c889dd98/library/std/src/sys/backtrace.rs:47:9
[INFO] [stdout]    9:     0x580e2c6dcbd6 - std[70759c8f55707aa4]::panicking::default_hook::{closure#0}
[INFO] [stdout]                                at /rustc/dfb0accb7f508ae8be965d8629557221c889dd98/library/std/src/panicking.rs:292:27
[INFO] [stdout]   10:     0x580e2c6fab39 - std[70759c8f55707aa4]::panicking::default_hook
[INFO] [stdout]                                at /rustc/dfb0accb7f508ae8be965d8629557221c889dd98/library/std/src/panicking.rs:316:9
[INFO] [stdout]   11:     0x580e2ba303b0 - <alloc[2182bb758b4b3781]::boxed::Box<dyn for<'a, 'b> core[df12db4294e9bfd3]::ops::function::Fn<(&'a std[70759c8f55707aa4]::panic::PanicHookInfo<'b>,), Output = ()> + core[df12db4294e9bfd3]::marker::Send + core[df12db4294e9bfd3]::marker::Sync> as core[df12db4294e9bfd3]::ops::function::Fn<(&std[70759c8f55707aa4]::panic::PanicHookInfo,)>>::call
[INFO] [stdout]                                at /rustc/dfb0accb7f508ae8be965d8629557221c889dd98/library/alloc/src/boxed.rs:2334:9
[INFO] [stdout]   12:     0x580e2ba303b0 - test[9d35eded1c95d3be]::test_main_inner::<test[9d35eded1c95d3be]::test_main_static::{closure#0}>::{closure#0}
[INFO] [stdout]                                at /rustc/dfb0accb7f508ae8be965d8629557221c889dd98/library/test/src/lib.rs:155:21
[INFO] [stdout]   13:     0x580e2c6facf2 - <alloc[2182bb758b4b3781]::boxed::Box<dyn for<'a, 'b> core[df12db4294e9bfd3]::ops::function::Fn<(&'a std[70759c8f55707aa4]::panic::PanicHookInfo<'b>,), Output = ()> + core[df12db4294e9bfd3]::marker::Send + core[df12db4294e9bfd3]::marker::Sync> as core[df12db4294e9bfd3]::ops::function::Fn<(&std[70759c8f55707aa4]::panic::PanicHookInfo,)>>::call
[INFO] [stdout]                                at /rustc/dfb0accb7f508ae8be965d8629557221c889dd98/library/alloc/src/boxed.rs:2334:9
[INFO] [stdout]   14:     0x580e2c6facf2 - std[70759c8f55707aa4]::panicking::panic_with_hook
[INFO] [stdout]                                at /rustc/dfb0accb7f508ae8be965d8629557221c889dd98/library/std/src/panicking.rs:823:13
[INFO] [stdout]   15:     0x580e2c6dcc82 - std[70759c8f55707aa4]::panicking::panic_handler::{closure#0}
[INFO] [stdout]                                at /rustc/dfb0accb7f508ae8be965d8629557221c889dd98/library/std/src/panicking.rs:688:13
[INFO] [stdout]   16:     0x580e2c6d5529 - std[70759c8f55707aa4]::sys::backtrace::__rust_end_short_backtrace::<std[70759c8f55707aa4]::panicking::panic_handler::{closure#0}, !>
[INFO] [stdout]                                at /rustc/dfb0accb7f508ae8be965d8629557221c889dd98/library/std/src/sys/backtrace.rs:182:18
[INFO] [stdout]   17:     0x580e2c6dd91d - __rustc[8fa7c3cbc660c2b3]::rust_begin_unwind
[INFO] [stdout]                                at /rustc/dfb0accb7f508ae8be965d8629557221c889dd98/library/std/src/panicking.rs:679:5
[INFO] [stdout]   18:     0x580e2c71c6dc - core[df12db4294e9bfd3]::panicking::panic_fmt
[INFO] [stdout]                                at /rustc/dfb0accb7f508ae8be965d8629557221c889dd98/library/core/src/panicking.rs:80:14
[INFO] [stdout]   19:     0x580e2c71c432 - core[df12db4294e9bfd3]::result::unwrap_failed
[INFO] [stdout]                                at /rustc/dfb0accb7f508ae8be965d8629557221c889dd98/library/core/src/result.rs:1871:5
[INFO] [stdout]   20:     0x580e2b8c75ee - <core[df12db4294e9bfd3]::result::Result<(), alloc[2182bb758b4b3781]::boxed::Box<dyn core[df12db4294e9bfd3]::error::Error>>>::unwrap
[INFO] [stdout]                                at /rustc/dfb0accb7f508ae8be965d8629557221c889dd98/library/core/src/result.rs:1232:23
[INFO] [stdout]   21:     0x580e2b8c75ee - re_arrow_util[2e74c52c2a7182ea]::arrays::tests::deep_slice
[INFO] [stdout]                                at /opt/rustwide/workdir/src/arrays.rs:1138:9
[INFO] [stdout]   22:     0x580e2b8bc457 - re_arrow_util[2e74c52c2a7182ea]::arrays::tests::deep_slice::{closure#0}
[INFO] [stdout]                                at /opt/rustwide/workdir/src/arrays.rs:800:20
[INFO] [stdout]   23:     0x580e2b8d1956 - <re_arrow_util[2e74c52c2a7182ea]::arrays::tests::deep_slice::{closure#0} as core[df12db4294e9bfd3]::ops::function::FnOnce<()>>::call_once
[INFO] [stdout]                                at /rustc/dfb0accb7f508ae8be965d8629557221c889dd98/library/core/src/ops/function.rs:250:5
[INFO] [stdout]   24:     0x580e2ba2369b - <fn() -> core[df12db4294e9bfd3]::result::Result<(), alloc[2182bb758b4b3781]::string::String> as core[df12db4294e9bfd3]::ops::function::FnOnce<()>>::call_once
[INFO] [stdout]                                at /rustc/dfb0accb7f508ae8be965d8629557221c889dd98/library/core/src/ops/function.rs:250:5
[INFO] [stdout]   25:     0x580e2ba2369b - test[9d35eded1c95d3be]::__rust_begin_short_backtrace::<core[df12db4294e9bfd3]::result::Result<(), alloc[2182bb758b4b3781]::string::String>, fn() -> core[df12db4294e9bfd3]::result::Result<(), alloc[2182bb758b4b3781]::string::String>>
[INFO] [stdout]                                at /rustc/dfb0accb7f508ae8be965d8629557221c889dd98/library/test/src/lib.rs:733:18
[INFO] [stdout]   26:     0x580e2ba30d05 - test[9d35eded1c95d3be]::run_test_in_process::{closure#0}
[INFO] [stdout]                                at /rustc/dfb0accb7f508ae8be965d8629557221c889dd98/library/test/src/lib.rs:756:74
[INFO] [stdout]   27:     0x580e2ba30d05 - <core[df12db4294e9bfd3]::panic::unwind_safe::AssertUnwindSafe<test[9d35eded1c95d3be]::run_test_in_process::{closure#0}> as core[df12db4294e9bfd3]::ops::function::FnOnce<()>>::call_once
[INFO] [stdout]                                at /rustc/dfb0accb7f508ae8be965d8629557221c889dd98/library/core/src/panic/unwind_safe.rs:275:9
[INFO] [stdout]   28:     0x580e2ba30d05 - std[70759c8f55707aa4]::panicking::catch_unwind::do_call::<core[df12db4294e9bfd3]::panic::unwind_safe::AssertUnwindSafe<test[9d35eded1c95d3be]::run_test_in_process::{closure#0}>, core[df12db4294e9bfd3]::result::Result<(), alloc[2182bb758b4b3781]::string::String>>
[INFO] [stdout]                                at /rustc/dfb0accb7f508ae8be965d8629557221c889dd98/library/std/src/panicking.rs:576:43
[INFO] [stdout]   29:     0x580e2ba30d05 - std[70759c8f55707aa4]::panicking::catch_unwind::<core[df12db4294e9bfd3]::result::Result<(), alloc[2182bb758b4b3781]::string::String>, core[df12db4294e9bfd3]::panic::unwind_safe::AssertUnwindSafe<test[9d35eded1c95d3be]::run_test_in_process::{closure#0}>>
[INFO] [stdout]                                at /rustc/dfb0accb7f508ae8be965d8629557221c889dd98/library/std/src/panicking.rs:544:19
[INFO] [stdout]   30:     0x580e2ba30d05 - std[70759c8f55707aa4]::panic::catch_unwind::<core[df12db4294e9bfd3]::panic::unwind_safe::AssertUnwindSafe<test[9d35eded1c95d3be]::run_test_in_process::{closure#0}>, core[df12db4294e9bfd3]::result::Result<(), alloc[2182bb758b4b3781]::string::String>>
[INFO] [stdout]                                at /rustc/dfb0accb7f508ae8be965d8629557221c889dd98/library/std/src/panic.rs:359:14
[INFO] [stdout]   31:     0x580e2ba30d05 - test[9d35eded1c95d3be]::run_test_in_process
[INFO] [stdout]                                at /rustc/dfb0accb7f508ae8be965d8629557221c889dd98/library/test/src/lib.rs:756:27
[INFO] [stdout]   32:     0x580e2ba30d05 - test[9d35eded1c95d3be]::run_test::{closure#0}
[INFO] [stdout]                                at /rustc/dfb0accb7f508ae8be965d8629557221c889dd98/library/test/src/lib.rs:677:43
[INFO] [stdout]   33:     0x580e2ba2a5c4 - test[9d35eded1c95d3be]::run_test::{closure#1}
[INFO] [stdout]                                at /rustc/dfb0accb7f508ae8be965d8629557221c889dd98/library/test/src/lib.rs:707:41
[INFO] [stdout]   34:     0x580e2ba2a5c4 - std[70759c8f55707aa4]::sys::backtrace::__rust_begin_short_backtrace::<test[9d35eded1c95d3be]::run_test::{closure#1}, ()>
[INFO] [stdout]                                at /rustc/dfb0accb7f508ae8be965d8629557221c889dd98/library/std/src/sys/backtrace.rs:166:18
[INFO] [stdout]   35:     0x580e2ba33e62 - std[70759c8f55707aa4]::thread::lifecycle::spawn_unchecked::<test[9d35eded1c95d3be]::run_test::{closure#1}, ()>::{closure#1}::{closure#0}
[INFO] [stdout]                                at /rustc/dfb0accb7f508ae8be965d8629557221c889dd98/library/std/src/thread/lifecycle.rs:70:13
[INFO] [stdout]   36:     0x580e2ba33e62 - <core[df12db4294e9bfd3]::panic::unwind_safe::AssertUnwindSafe<std[70759c8f55707aa4]::thread::lifecycle::spawn_unchecked<test[9d35eded1c95d3be]::run_test::{closure#1}, ()>::{closure#1}::{closure#0}> as core[df12db4294e9bfd3]::ops::function::FnOnce<()>>::call_once
[INFO] [stdout]                                at /rustc/dfb0accb7f508ae8be965d8629557221c889dd98/library/core/src/panic/unwind_safe.rs:275:9
[INFO] [stdout]   37:     0x580e2ba33e62 - std[70759c8f55707aa4]::panicking::catch_unwind::do_call::<core[df12db4294e9bfd3]::panic::unwind_safe::AssertUnwindSafe<std[70759c8f55707aa4]::thread::lifecycle::spawn_unchecked<test[9d35eded1c95d3be]::run_test::{closure#1}, ()>::{closure#1}::{closure#0}>, ()>
[INFO] [stdout]                                at /rustc/dfb0accb7f508ae8be965d8629557221c889dd98/library/std/src/panicking.rs:576:43
[INFO] [stdout]   38:     0x580e2ba33e62 - std[70759c8f55707aa4]::panicking::catch_unwind::<(), core[df12db4294e9bfd3]::panic::unwind_safe::AssertUnwindSafe<std[70759c8f55707aa4]::thread::lifecycle::spawn_unchecked<test[9d35eded1c95d3be]::run_test::{closure#1}, ()>::{closure#1}::{closure#0}>>
[INFO] [stdout]                                at /rustc/dfb0accb7f508ae8be965d8629557221c889dd98/library/std/src/panicking.rs:544:19
[INFO] [stdout]   39:     0x580e2ba33e62 - std[70759c8f55707aa4]::panic::catch_unwind::<core[df12db4294e9bfd3]::panic::unwind_safe::AssertUnwindSafe<std[70759c8f55707aa4]::thread::lifecycle::spawn_unchecked<test[9d35eded1c95d3be]::run_test::{closure#1}, ()>::{closure#1}::{closure#0}>, ()>
[INFO] [stdout]                                at /rustc/dfb0accb7f508ae8be965d8629557221c889dd98/library/std/src/panic.rs:359:14
[INFO] [stdout]   40:     0x580e2ba33e62 - std[70759c8f55707aa4]::thread::lifecycle::spawn_unchecked::<test[9d35eded1c95d3be]::run_test::{closure#1}, ()>::{closure#1}
[INFO] [stdout]                                at /rustc/dfb0accb7f508ae8be965d8629557221c889dd98/library/std/src/thread/lifecycle.rs:68:26
[INFO] [stdout]   41:     0x580e2ba33e62 - <std[70759c8f55707aa4]::thread::lifecycle::spawn_unchecked<test[9d35eded1c95d3be]::run_test::{closure#1}, ()>::{closure#1} as core[df12db4294e9bfd3]::ops::function::FnOnce<()>>::call_once::{shim:vtable#0}
[INFO] [stdout]                                at /rustc/dfb0accb7f508ae8be965d8629557221c889dd98/library/core/src/ops/function.rs:250:5
[INFO] [stdout]   42:     0x580e2c702989 - <alloc[2182bb758b4b3781]::boxed::Box<dyn core[df12db4294e9bfd3]::ops::function::FnOnce<(), Output = ()> + core[df12db4294e9bfd3]::marker::Send> as core[df12db4294e9bfd3]::ops::function::FnOnce<()>>::call_once
[INFO] [stdout]                                at /rustc/dfb0accb7f508ae8be965d8629557221c889dd98/library/alloc/src/boxed.rs:2320:9
[INFO] [stdout]   43:     0x580e2c702989 - <std[70759c8f55707aa4]::sys::thread::unix::Thread>::new::thread_start
[INFO] [stdout]                                at /rustc/dfb0accb7f508ae8be965d8629557221c889dd98/library/std/src/sys/thread/unix.rs:123:17
[INFO] [stdout]   44:     0x708083592dfa - <unknown>
[INFO] [stdout]   45:     0x7080836263d4 - clone
[INFO] [stdout]   46:                0x0 - <unknown>
[INFO] [stdout] 
[INFO] [stdout] 
[INFO] [stdout] failures:
[INFO] [stdout]     arrays::tests::deep_slice
[INFO] [stdout] 
[INFO] [stdout] test result: FAILED. 38 passed; 1 failed; 0 ignored; 0 measured; 0 filtered out; finished in 0.68s
[INFO] [stdout] 
[INFO] [stderr] error: test failed, to rerun pass `--lib`
[INFO] running `Command { std: "docker" "inspect" "921454d3c3130154bfc6d9bf6c798b3ed80270d5784404e5a753c86e54140e5c", kill_on_drop: false }`
[INFO] running `Command { std: "docker" "rm" "-f" "921454d3c3130154bfc6d9bf6c798b3ed80270d5784404e5a753c86e54140e5c", kill_on_drop: false }`
[INFO] [stdout] 921454d3c3130154bfc6d9bf6c798b3ed80270d5784404e5a753c86e54140e5c
