[INFO] fetching crate rdevin 0.1.0...
[INFO] testing rdevin-0.1.0 against 1.100.0-beta.1 for beta-1.100-2
[INFO] extracting crate rdevin 0.1.0 into /workspace/builds/worker-6-tc2/source
[INFO] started tweaking crates.io crate rdevin 0.1.0
[INFO] removed 0 missing examples
[INFO] removed 0 missing tests
[INFO] finished tweaking crates.io crate rdevin 0.1.0
[INFO] tweaked toml for crates.io crate rdevin 0.1.0 written to /workspace/builds/worker-6-tc2/source/Cargo.toml
[INFO] validating manifest of crates.io crate rdevin 0.1.0 on toolchain 1.100.0-beta.1
[INFO] running `Command { std: CARGO_HOME="/workspace/cargo-home" RUSTUP_HOME="/workspace/rustup-home" "/workspace/cargo-home/bin/cargo" "+1.100.0-beta.1" "metadata" "--manifest-path" "Cargo.toml" "--no-deps", kill_on_drop: false }`
[INFO] crate crates.io crate rdevin 0.1.0 already has a lockfile, it will not be regenerated
[INFO] running `Command { std: CARGO_HOME="/workspace/cargo-home" RUSTUP_HOME="/workspace/rustup-home" "/workspace/cargo-home/bin/cargo" "+1.100.0-beta.1" "fetch" "--manifest-path" "Cargo.toml", kill_on_drop: false }`
[INFO] [stderr] warning: `package.homepage` is redundant with `package.repository`
[INFO] [stderr]    --> Cargo.toml:103:12
[INFO] [stderr]     |
[INFO] [stderr] 103 | homepage = "https://github.com/justdeeevin/rdevin"
[INFO] [stderr]     |            ^^^^^^^^^^^^^^^^^^^^^^^^^^^^^^^^^^^^^^^
[INFO] [stderr] ...
[INFO] [stderr] 108 | repository = "https://github.com/justdeeevin/rdevin"
[INFO] [stderr]     |              ---------------------------------------
[INFO] [stderr]     |
[INFO] [stderr]     = note: `cargo::redundant_homepage` is set to `warn` by default
[INFO] [stderr] help: consider removing `package.homepage`
[INFO] [stderr] warning: `rdevin` (manifest) generated 1 warning
[INFO] running `Command { std: "docker" "create" "-v" "/var/lib/crater-agent-workspace/builds/worker-6-tc2/source:/opt/rustwide/workdir:ro,Z" "-v" "/var/lib/crater-agent-workspace/builds/worker-6-tc2/target:/opt/rustwide/target:rw,Z" "-v" "/var/lib/crater-agent-workspace/cargo-home:/opt/rustwide/cargo-home:ro,Z" "-v" "/var/lib/crater-agent-workspace/rustup-home:/opt/rustwide/rustup-home:ro,Z" "-m" "1610612736" "--network" "none" "ghcr.io/rust-lang/crates-build-env/linux@sha256:3111399a4047eeb3a02b7a90e478d715f38a8c6669b5c4b49d30a17385265909" "sleep" "infinity", kill_on_drop: false }`
[INFO] [stdout] 9d461cbd18d959071ecd0c28eb839853e5dc8a618687f4bea46c7c93bb7d3238
[INFO] running `Command { std: "docker" "start" "9d461cbd18d959071ecd0c28eb839853e5dc8a618687f4bea46c7c93bb7d3238", kill_on_drop: false }`
[INFO] running `Command { std: "docker" "inspect" "9d461cbd18d959071ecd0c28eb839853e5dc8a618687f4bea46c7c93bb7d3238", kill_on_drop: false }`
[INFO] running `Command { std: "docker" "exec" "-e" "SOURCE_DIR=/opt/rustwide/workdir" "-e" "CARGO_HOME=/opt/rustwide/cargo-home" "-e" "RUSTUP_HOME=/opt/rustwide/rustup-home" "-e" "CARGO_TARGET_DIR=/opt/rustwide/target" "-w" "/opt/rustwide/workdir" "--user" "0:0" "9d461cbd18d959071ecd0c28eb839853e5dc8a618687f4bea46c7c93bb7d3238" "/opt/rustwide/cargo-home/bin/cargo" "+1.100.0-beta.1" "metadata" "--no-deps" "--format-version=1", kill_on_drop: false }`
[INFO] running `Command { std: "docker" "inspect" "9d461cbd18d959071ecd0c28eb839853e5dc8a618687f4bea46c7c93bb7d3238", kill_on_drop: false }`
[INFO] running `Command { std: "docker" "exec" "-e" "SOURCE_DIR=/opt/rustwide/workdir" "-e" "CARGO_HOME=/opt/rustwide/cargo-home" "-e" "RUSTUP_HOME=/opt/rustwide/rustup-home" "-e" "CARGO_TARGET_DIR=/opt/rustwide/target" "-e" "CARGO_INCREMENTAL=0" "-e" "RUST_BACKTRACE=full" "-e" "RUSTFLAGS=--cap-lints=warn" "-e" "RUSTDOCFLAGS=--cap-lints=warn" "-w" "/opt/rustwide/workdir" "--user" "0:0" "9d461cbd18d959071ecd0c28eb839853e5dc8a618687f4bea46c7c93bb7d3238" "/opt/rustwide/cargo-home/bin/cargo" "+1.100.0-beta.1" "build" "--frozen" "--message-format=json", kill_on_drop: false }`
[INFO] [stderr] warning: `package.homepage` is redundant with `package.repository`
[INFO] [stderr]    --> Cargo.toml:103:12
[INFO] [stderr]     |
[INFO] [stderr] 103 | homepage = "https://github.com/justdeeevin/rdevin"
[INFO] [stderr]     |            ^^^^^^^^^^^^^^^^^^^^^^^^^^^^^^^^^^^^^^^
[INFO] [stderr] ...
[INFO] [stderr] 108 | repository = "https://github.com/justdeeevin/rdevin"
[INFO] [stderr]     |              ---------------------------------------
[INFO] [stderr]     |
[INFO] [stderr]     = note: `cargo::redundant_homepage` is set to `warn` by default
[INFO] [stderr] help: consider removing `package.homepage`
[INFO] [stderr] warning: `rdevin` (manifest) generated 1 warning
[INFO] [stderr]    Compiling proc-macro2 v1.0.95
[INFO] [stderr]    Compiling unicode-ident v1.0.18
[INFO] [stderr]    Compiling libc v0.2.172
[INFO] [stderr]    Compiling rustversion v1.0.20
[INFO] [stderr]    Compiling thiserror v2.0.12
[INFO] [stderr]    Compiling bitflags v1.3.2
[INFO] [stderr]    Compiling log v0.4.27
[INFO] [stderr]    Compiling bitflags v2.9.0
[INFO] [stderr]    Compiling widestring v1.2.0
[INFO] [stderr]    Compiling x11 v2.21.0
[INFO] [stderr]    Compiling quote v1.0.40
[INFO] [stderr]    Compiling inotify-sys v0.1.5
[INFO] [stderr]    Compiling epoll v4.3.3
[INFO] [stderr]    Compiling mio v0.8.11
[INFO] [stderr]    Compiling inotify v0.10.2
[INFO] [stderr]    Compiling syn v2.0.100
[INFO] [stderr]    Compiling syn v1.0.109
[INFO] [stderr]    Compiling thiserror-impl v2.0.12
[INFO] [stderr]    Compiling enum-map-derive v0.17.0
[INFO] [stderr]    Compiling strum_macros v0.24.3
[INFO] [stderr]    Compiling enum-map v2.7.3
[INFO] [stderr]    Compiling strum v0.24.1
[INFO] [stderr]    Compiling rdevin v0.1.0 (/opt/rustwide/workdir)
[INFO] [stderr] warning: unused dependency `enum-map`
[INFO] [stderr]  --> Cargo.toml:1:15
[INFO] [stderr]   |
[INFO] [stderr] 1 | [dependencies.enum-map]
[INFO] [stderr]   |               ^^^^^^^^^
[INFO] [stderr]   |
[INFO] [stderr]   = note: `cargo::unused_dependencies` is set to `warn` by default
[INFO] [stderr] help: consider removing the dependency on `enum-map`
[INFO] [stderr] warning: unused dependency `epoll`
[INFO] [stderr]    --> Cargo.toml:111:49
[INFO] [stderr]     |
[INFO] [stderr] 111 | [target.'cfg(target_os = "linux")'.dependencies.epoll]
[INFO] [stderr]     |                                                 ^^^^^^
[INFO] [stderr]     |
[INFO] [stderr] help: consider removing the dependency on `epoll`
[INFO] [stderr] warning: unused dependency `inotify`
[INFO] [stderr]    --> Cargo.toml:114:49
[INFO] [stderr]     |
[INFO] [stderr] 114 | [target.'cfg(target_os = "linux")'.dependencies.inotify]
[INFO] [stderr]     |                                                 ^^^^^^^^
[INFO] [stderr]     |
[INFO] [stderr] help: consider removing the dependency on `inotify`
[INFO] [stderr] warning: unused dependency `widestring`
[INFO] [stderr]   --> Cargo.toml:22:15
[INFO] [stderr]    |
[INFO] [stderr] 22 | [dependencies.widestring]
[INFO] [stderr]    |               ^^^^^^^^^^^
[INFO] [stderr]    |
[INFO] [stderr] help: consider removing the dependency on `widestring`
[INFO] [stderr] warning: `rdevin` (manifest) generated 4 warnings
[INFO] [stderr]     Finished `dev` profile [unoptimized + debuginfo] target(s) in 12.08s
[INFO] running `Command { std: "docker" "inspect" "9d461cbd18d959071ecd0c28eb839853e5dc8a618687f4bea46c7c93bb7d3238", kill_on_drop: false }`
[INFO] running `Command { std: "docker" "exec" "-e" "SOURCE_DIR=/opt/rustwide/workdir" "-e" "CARGO_HOME=/opt/rustwide/cargo-home" "-e" "RUSTUP_HOME=/opt/rustwide/rustup-home" "-e" "CARGO_TARGET_DIR=/opt/rustwide/target" "-e" "CARGO_INCREMENTAL=0" "-e" "RUST_BACKTRACE=full" "-e" "RUSTFLAGS=--cap-lints=warn" "-e" "RUSTDOCFLAGS=--cap-lints=warn" "-w" "/opt/rustwide/workdir" "--user" "0:0" "9d461cbd18d959071ecd0c28eb839853e5dc8a618687f4bea46c7c93bb7d3238" "/opt/rustwide/cargo-home/bin/cargo" "+1.100.0-beta.1" "test" "--frozen" "--no-run" "--message-format=json", kill_on_drop: false }`
[INFO] [stderr] warning: `package.homepage` is redundant with `package.repository`
[INFO] [stderr]    --> Cargo.toml:103:12
[INFO] [stderr]     |
[INFO] [stderr] 103 | homepage = "https://github.com/justdeeevin/rdevin"
[INFO] [stderr]     |            ^^^^^^^^^^^^^^^^^^^^^^^^^^^^^^^^^^^^^^^
[INFO] [stderr] ...
[INFO] [stderr] 108 | repository = "https://github.com/justdeeevin/rdevin"
[INFO] [stderr]     |              ---------------------------------------
[INFO] [stderr]     |
[INFO] [stderr]     = note: `cargo::redundant_homepage` is set to `warn` by default
[INFO] [stderr] help: consider removing `package.homepage`
[INFO] [stderr] warning: `rdevin` (manifest) generated 1 warning
[INFO] [stderr]    Compiling autocfg v1.4.0
[INFO] [stderr]    Compiling futures-sink v0.3.31
[INFO] [stderr]    Compiling memchr v2.7.4
[INFO] [stderr]    Compiling futures-core v0.3.31
[INFO] [stderr]    Compiling futures-io v0.3.31
[INFO] [stderr]    Compiling futures-task v0.3.31
[INFO] [stderr]    Compiling proc-macro-error-attr v1.0.4
[INFO] [stderr]    Compiling proc-macro-error v1.0.4
[INFO] [stderr]    Compiling parking_lot_core v0.9.10
[INFO] [stderr]    Compiling serde v1.0.219
[INFO] [stderr]    Compiling smallvec v1.15.0
[INFO] [stderr]    Compiling serde_json v1.0.140
[INFO] [stderr]    Compiling tokio-macros v2.5.0
[INFO] [stderr]    Compiling futures-channel v0.3.31
[INFO] [stderr]    Compiling slab v0.4.9
[INFO] [stderr]    Compiling lock_api v0.4.12
[INFO] [stderr]    Compiling tokio v1.44.2
[INFO] [stderr]    Compiling serial_test_derive v0.8.0
[INFO] [stderr]    Compiling futures-util v0.3.31
[INFO] [stderr]    Compiling parking_lot v0.12.3
[INFO] [stderr]    Compiling futures-executor v0.3.31
[INFO] [stderr]    Compiling futures v0.3.31
[INFO] [stderr]    Compiling serial_test v0.8.0
[INFO] [stderr]    Compiling rdevin v0.1.0 (/opt/rustwide/workdir)
[INFO] [stdout] warning: unused variable: `SimulateError`
[INFO] [stdout]  --> examples/simulate.rs:8:13
[INFO] [stdout]   |
[INFO] [stdout] 8 |         Err(SimulateError) => {
[INFO] [stdout]   |             ^^^^^^^^^^^^^ help: if this is intentional, prefix it with an underscore: `_SimulateError`
[INFO] [stdout]   |
[INFO] [stdout]   = note: `#[warn(unused_variables)]` (part of `#[warn(unused)]`) on by default
[INFO] [stdout] 
[INFO] [stdout] 
[INFO] [stdout] warning: function `simulate_combination` is never used
[INFO] [stdout]    --> examples/simulate.rs:120:4
[INFO] [stdout]     |
[INFO] [stdout] 120 | fn simulate_combination() -> Result<(), SimulateError> {
[INFO] [stdout]     |    ^^^^^^^^^^^^^^^^^^^^
[INFO] [stdout]     |
[INFO] [stdout]     = note: `#[warn(dead_code)]` (part of `#[warn(unused)]`) on by default
[INFO] [stdout] 
[INFO] [stdout] 
[INFO] [stdout] warning: variable `SimulateError` should have a snake case name
[INFO] [stdout]  --> examples/simulate.rs:8:13
[INFO] [stdout]   |
[INFO] [stdout] 8 |         Err(SimulateError) => {
[INFO] [stdout]   |             ^^^^^^^^^^^^^ help: convert the identifier to snake case: `simulate_error`
[INFO] [stdout]   |
[INFO] [stdout]   = note: `#[warn(non_snake_case)]` (part of `#[warn(nonstandard_style)]`) on by default
[INFO] [stdout] 
[INFO] [stdout] 
[INFO] [stdout] warning: function `ungrab_key` is never used
[INFO] [stdout]   --> examples/test.rs:51:4
[INFO] [stdout]    |
[INFO] [stdout] 51 | fn ungrab_key(display: *mut Display, grab_window: u64, keycode: i32) {
[INFO] [stdout]    |    ^^^^^^^^^^
[INFO] [stdout]    |
[INFO] [stdout]    = note: `#[warn(dead_code)]` (part of `#[warn(unused)]`) on by default
[INFO] [stdout] 
[INFO] [stdout] 
[INFO] [stdout] warning: function `ungrab_keys` is never used
[INFO] [stdout]   --> examples/test.rs:58:4
[INFO] [stdout]    |
[INFO] [stdout] 58 | fn ungrab_keys(display: *mut Display, grab_window: u64) {
[INFO] [stdout]    |    ^^^^^^^^^^^
[INFO] [stdout] 
[INFO] [stdout] 
[INFO] [stdout] warning: function `send_key` is never used
[INFO] [stdout]    --> examples/test.rs:109:4
[INFO] [stdout]     |
[INFO] [stdout] 109 | fn send_key(key: RdevKey, is_press: bool) {
[INFO] [stdout]     |    ^^^^^^^^
[INFO] [stdout] 
[INFO] [stdout] 
[INFO] [stderr] warning: unused dependency `enum-map`
[INFO] [stderr]  --> Cargo.toml:1:15
[INFO] [stderr]   |
[INFO] [stderr] 1 | [dependencies.enum-map]
[INFO] [stderr]   |               ^^^^^^^^^
[INFO] [stderr]   |
[INFO] [stderr]   = note: `cargo::unused_dependencies` is set to `warn` by default
[INFO] [stderr] help: consider removing the dependency on `enum-map`
[INFO] [stderr] warning: unused dependency `epoll`
[INFO] [stderr]    --> Cargo.toml:111:49
[INFO] [stderr]     |
[INFO] [stderr] 111 | [target.'cfg(target_os = "linux")'.dependencies.epoll]
[INFO] [stderr]     |                                                 ^^^^^^
[INFO] [stderr]     |
[INFO] [stderr] help: consider removing the dependency on `epoll`
[INFO] [stderr] warning: unused dependency `inotify`
[INFO] [stderr]    --> Cargo.toml:114:49
[INFO] [stderr]     |
[INFO] [stderr] 114 | [target.'cfg(target_os = "linux")'.dependencies.inotify]
[INFO] [stderr]     |                                                 ^^^^^^^^
[INFO] [stderr]     |
[INFO] [stderr] help: consider removing the dependency on `inotify`
[INFO] [stderr] warning: unused dependency `widestring`
[INFO] [stderr]   --> Cargo.toml:22:15
[INFO] [stderr]    |
[INFO] [stderr] 22 | [dependencies.widestring]
[INFO] [stderr]    |               ^^^^^^^^^^^
[INFO] [stderr]    |
[INFO] [stderr] help: consider removing the dependency on `widestring`
[INFO] [stderr] warning: `rdevin` (manifest) generated 4 warnings
[INFO] [stderr]     Finished `test` profile [unoptimized + debuginfo] target(s) in 12.16s
[INFO] running `Command { std: "docker" "inspect" "9d461cbd18d959071ecd0c28eb839853e5dc8a618687f4bea46c7c93bb7d3238", kill_on_drop: false }`
[INFO] running `Command { std: "docker" "exec" "-e" "SOURCE_DIR=/opt/rustwide/workdir" "-e" "CARGO_HOME=/opt/rustwide/cargo-home" "-e" "RUSTUP_HOME=/opt/rustwide/rustup-home" "-e" "CARGO_TARGET_DIR=/opt/rustwide/target" "-e" "CARGO_INCREMENTAL=0" "-e" "RUST_BACKTRACE=full" "-e" "RUSTFLAGS=--cap-lints=warn" "-e" "RUSTDOCFLAGS=--cap-lints=warn" "-w" "/opt/rustwide/workdir" "--user" "0:0" "9d461cbd18d959071ecd0c28eb839853e5dc8a618687f4bea46c7c93bb7d3238" "/opt/rustwide/cargo-home/bin/cargo" "+1.100.0-beta.1" "test" "--frozen", kill_on_drop: false }`
[INFO] [stderr] warning: `package.homepage` is redundant with `package.repository`
[INFO] [stderr]    --> Cargo.toml:103:12
[INFO] [stderr]     |
[INFO] [stderr] 103 | homepage = "https://github.com/justdeeevin/rdevin"
[INFO] [stderr]     |            ^^^^^^^^^^^^^^^^^^^^^^^^^^^^^^^^^^^^^^^
[INFO] [stderr] ...
[INFO] [stderr] 108 | repository = "https://github.com/justdeeevin/rdevin"
[INFO] [stderr]     |              ---------------------------------------
[INFO] [stderr]     |
[INFO] [stderr]     = note: `cargo::redundant_homepage` is set to `warn` by default
[INFO] [stderr] help: consider removing `package.homepage`
[INFO] [stderr] warning: `rdevin` (manifest) generated 1 warning
[INFO] [stderr] warning: function `ungrab_key` is never used
[INFO] [stderr]   --> examples/test.rs:51:4
[INFO] [stderr]    |
[INFO] [stderr] 51 | fn ungrab_key(display: *mut Display, grab_window: u64, keycode: i32) {
[INFO] [stderr]    |    ^^^^^^^^^^
[INFO] [stderr]    |
[INFO] [stderr]    = note: `#[warn(dead_code)]` (part of `#[warn(unused)]`) on by default
[INFO] [stderr] 
[INFO] [stderr] warning: function `ungrab_keys` is never used
[INFO] [stderr]   --> examples/test.rs:58:4
[INFO] [stderr]    |
[INFO] [stderr] 58 | fn ungrab_keys(display: *mut Display, grab_window: u64) {
[INFO] [stderr]    |    ^^^^^^^^^^^
[INFO] [stderr] 
[INFO] [stderr] warning: function `send_key` is never used
[INFO] [stderr]    --> examples/test.rs:109:4
[INFO] [stderr]     |
[INFO] [stderr] 109 | fn send_key(key: RdevKey, is_press: bool) {
[INFO] [stderr]     |    ^^^^^^^^
[INFO] [stderr] 
[INFO] [stderr] warning: unused variable: `SimulateError`
[INFO] [stderr]  --> examples/simulate.rs:8:13
[INFO] [stderr]   |
[INFO] [stderr] 8 |         Err(SimulateError) => {
[INFO] [stderr]   |             ^^^^^^^^^^^^^ help: if this is intentional, prefix it with an underscore: `_SimulateError`
[INFO] [stderr]   |
[INFO] [stderr]   = note: `#[warn(unused_variables)]` (part of `#[warn(unused)]`) on by default
[INFO] [stderr] 
[INFO] [stderr] warning: function `simulate_combination` is never used
[INFO] [stderr]    --> examples/simulate.rs:120:4
[INFO] [stderr]     |
[INFO] [stderr] 120 | fn simulate_combination() -> Result<(), SimulateError> {
[INFO] [stderr]     |    ^^^^^^^^^^^^^^^^^^^^
[INFO] [stderr]     |
[INFO] [stderr]     = note: `#[warn(dead_code)]` (part of `#[warn(unused)]`) on by default
[INFO] [stderr] 
[INFO] [stderr] warning: variable `SimulateError` should have a snake case name
[INFO] [stderr]  --> examples/simulate.rs:8:13
[INFO] [stderr]   |
[INFO] [stderr] 8 |         Err(SimulateError) => {
[INFO] [stderr]   |             ^^^^^^^^^^^^^ help: convert the identifier to snake case: `simulate_error`
[INFO] [stderr]   |
[INFO] [stderr]   = note: `#[warn(non_snake_case)]` (part of `#[warn(nonstandard_style)]`) on by default
[INFO] [stderr] 
[INFO] [stderr] warning: `rdevin` (example "test") generated 3 warnings
[INFO] [stderr] warning: `rdevin` (example "simulate") generated 3 warnings (run `cargo fix --example "simulate" -p rdevin` to apply 1 suggestion)
[INFO] [stderr] warning: unused dependency `enum-map`
[INFO] [stderr]  --> Cargo.toml:1:15
[INFO] [stderr]   |
[INFO] [stderr] 1 | [dependencies.enum-map]
[INFO] [stderr]   |               ^^^^^^^^^
[INFO] [stderr]   |
[INFO] [stderr]   = note: `cargo::unused_dependencies` is set to `warn` by default
[INFO] [stderr] help: consider removing the dependency on `enum-map`
[INFO] [stderr] warning: unused dependency `epoll`
[INFO] [stderr]    --> Cargo.toml:111:49
[INFO] [stderr]     |
[INFO] [stderr] 111 | [target.'cfg(target_os = "linux")'.dependencies.epoll]
[INFO] [stderr]     |                                                 ^^^^^^
[INFO] [stderr]     |
[INFO] [stderr] help: consider removing the dependency on `epoll`
[INFO] [stderr] warning: unused dependency `inotify`
[INFO] [stderr]    --> Cargo.toml:114:49
[INFO] [stderr]     |
[INFO] [stderr] 114 | [target.'cfg(target_os = "linux")'.dependencies.inotify]
[INFO] [stderr]     |                                                 ^^^^^^^^
[INFO] [stderr]     |
[INFO] [stderr] help: consider removing the dependency on `inotify`
[INFO] [stderr] warning: unused dependency `widestring`
[INFO] [stderr]   --> Cargo.toml:22:15
[INFO] [stderr]    |
[INFO] [stderr] 22 | [dependencies.widestring]
[INFO] [stderr]    |               ^^^^^^^^^^^
[INFO] [stderr]    |
[INFO] [stderr] help: consider removing the dependency on `widestring`
[INFO] [stderr] warning: `rdevin` (manifest) generated 4 warnings
[INFO] [stderr]     Finished `test` profile [unoptimized + debuginfo] target(s) in 0.10s
[INFO] [stderr]      Running unittests src/lib.rs (/opt/rustwide/target/debug/build/rdevin/862c693e46e95b39/out/rdevin-862c693e46e95b39)
[INFO] [stdout] 
[INFO] [stdout] running 11 tests
[INFO] [stdout] test linux::keyboard::tests::test_thread_safety ... ignored
[INFO] [stdout] test linux::keyboard::tests::test_thread_safety_2 ... ignored
[INFO] [stdout] test codes_conv::test::test_usb_hid_code_to_macos_code ... ok
[INFO] [stdout] test keycodes::linux::test::test_reversible ... ok
[INFO] [stdout] test keycodes::chrome::test::test_reversible ... ok
[INFO] [stdout] test keycodes::android::test::test_reversible ... ok
[INFO] [stdout] test codes_conv::test::test_usb_hid_code_to_linux_key_code ... ok
[INFO] [stdout] test codes_conv::test::test_usb_hid_code_to_windows_scan_code ... ok
[INFO] [stdout] test keycodes::usb_hid::test::test_reversible ... ok
[INFO] [stdout] test keycodes::windows::test::test_reversible ... ok
[INFO] [stdout] test keycodes::macos::test::test_reversible ... ok
[INFO] [stdout] 
[INFO] [stdout] test result: ok. 9 passed; 0 failed; 2 ignored; 0 measured; 0 filtered out; finished in 0.01s
[INFO] [stdout] 
[INFO] [stderr]      Running tests/grab.rs (/opt/rustwide/target/debug/build/rdevin/a326e29908e4183f/out/grab-a326e29908e4183f)
[INFO] [stderr]      Running tests/keycode.rs (/opt/rustwide/target/debug/build/rdevin/ff68dc7bbec31e0f/out/keycode-ff68dc7bbec31e0f)
[INFO] [stdout] 
[INFO] [stdout] running 0 tests
[INFO] [stdout] 
[INFO] [stdout] test result: ok. 0 passed; 0 failed; 0 ignored; 0 measured; 0 filtered out; finished in 0.00s
[INFO] [stdout] 
[INFO] [stdout] 
[INFO] [stdout] running 1 test
[INFO] [stdout] test test_convet_keycode ... ok
[INFO] [stdout] 
[INFO] [stdout] test result: ok. 1 passed; 0 failed; 0 ignored; 0 measured; 0 filtered out; finished in 0.00s
[INFO] [stdout] 
[INFO] [stderr]      Running tests/listen_and_simulate.rs (/opt/rustwide/target/debug/build/rdevin/0d1bf2c3bf159677/out/listen_and_simulate-0d1bf2c3bf159677)
[INFO] [stdout] 
[INFO] [stdout] running 1 test
[INFO] [stdout] test test_listen_and_simulate ... FAILED
[INFO] [stderr] error: test failed, to rerun pass `--test listen_and_simulate`
[INFO] [stdout] 
[INFO] [stdout] failures:
[INFO] [stdout] 
[INFO] [stdout] ---- test_listen_and_simulate stdout ----
[INFO] [stdout] 
[INFO] [stdout] thread '<unnamed>' (1425) panicked at tests/listen_and_simulate.rs:30:28:
[INFO] [stdout] Could not listen: NoDisplays
[INFO] [stdout] stack backtrace:
[INFO] [stdout]    0:     0x5da6dfc95e81 - std[617be2ca0a6fd877]::backtrace_rs::backtrace::libunwind::trace
[INFO] [stdout]                                at /rustc/e3feeb59cd1bdd011a2bfcc0747b55125d9b8527/library/std/src/../../backtrace/src/backtrace/libunwind.rs:117:9
[INFO] [stdout]    1:     0x5da6dfc95e81 - std[617be2ca0a6fd877]::backtrace_rs::backtrace::trace_unsynchronized::<std[617be2ca0a6fd877]::sys::backtrace::_print_fmt::{closure#1}>
[INFO] [stdout]                                at /rustc/e3feeb59cd1bdd011a2bfcc0747b55125d9b8527/library/std/src/../../backtrace/src/backtrace/mod.rs:66:14
[INFO] [stdout]    2:     0x5da6dfc95e81 - std[617be2ca0a6fd877]::sys::backtrace::_print_fmt
[INFO] [stdout]                                at /rustc/e3feeb59cd1bdd011a2bfcc0747b55125d9b8527/library/std/src/sys/backtrace.rs:74:9
[INFO] [stdout]    3:     0x5da6dfc95e81 - <<std[617be2ca0a6fd877]::sys::backtrace::BacktraceLock>::print::DisplayBacktrace as core[a373ad73a504971]::fmt::Display>::fmt
[INFO] [stdout]                                at /rustc/e3feeb59cd1bdd011a2bfcc0747b55125d9b8527/library/std/src/sys/backtrace.rs:44:26
[INFO] [stdout]    4:     0x5da6dfcaa4aa - <core[a373ad73a504971]::fmt::rt::Argument>::fmt
[INFO] [stdout]                                at /rustc/e3feeb59cd1bdd011a2bfcc0747b55125d9b8527/library/core/src/fmt/rt.rs:152:76
[INFO] [stdout]    5:     0x5da6dfcaa4aa - core[a373ad73a504971]::fmt::write
[INFO] [stdout]    6:     0x5da6dfc9a14c - core[a373ad73a504971]::io::write::default_write_fmt::<alloc[2e1b2a31b91974c5]::vec::Vec<u8>>
[INFO] [stdout]                                at /rustc/e3feeb59cd1bdd011a2bfcc0747b55125d9b8527/library/core/src/io/write.rs:402:11
[INFO] [stdout]    7:     0x5da6dfc9a14c - <alloc[2e1b2a31b91974c5]::vec::Vec<u8> as core[a373ad73a504971]::io::write::Write>::write_fmt
[INFO] [stdout]                                at /rustc/e3feeb59cd1bdd011a2bfcc0747b55125d9b8527/library/core/src/io/write.rs:335:13
[INFO] [stdout]    8:     0x5da6dfc721a6 - <std[617be2ca0a6fd877]::sys::backtrace::BacktraceLock>::print
[INFO] [stdout]                                at /rustc/e3feeb59cd1bdd011a2bfcc0747b55125d9b8527/library/std/src/sys/backtrace.rs:47:9
[INFO] [stdout]    9:     0x5da6dfc721a6 - std[617be2ca0a6fd877]::panicking::default_hook::{closure#0}
[INFO] [stdout]                                at /rustc/e3feeb59cd1bdd011a2bfcc0747b55125d9b8527/library/std/src/panicking.rs:289:27
[INFO] [stdout]   10:     0x5da6dfc8e3d9 - std[617be2ca0a6fd877]::panicking::default_hook
[INFO] [stdout]                                at /rustc/e3feeb59cd1bdd011a2bfcc0747b55125d9b8527/library/std/src/panicking.rs:313:9
[INFO] [stdout]   11:     0x5da6dfbfb140 - <alloc[2e1b2a31b91974c5]::boxed::Box<dyn for<'a, 'b> core[a373ad73a504971]::ops::function::Fn<(&'a std[617be2ca0a6fd877]::panic::PanicHookInfo<'b>,), Output = ()> + core[a373ad73a504971]::marker::Sync + core[a373ad73a504971]::marker::Send> as core[a373ad73a504971]::ops::function::Fn<(&std[617be2ca0a6fd877]::panic::PanicHookInfo,)>>::call
[INFO] [stdout]                                at /rustc/e3feeb59cd1bdd011a2bfcc0747b55125d9b8527/library/alloc/src/boxed.rs:2328:9
[INFO] [stdout]   12:     0x5da6dfbfb140 - test[aada8e7e76ba119b]::test_main_inner::{closure#0}
[INFO] [stdout]                                at /rustc/e3feeb59cd1bdd011a2bfcc0747b55125d9b8527/library/test/src/lib.rs:137:21
[INFO] [stdout]   13:     0x5da6dfc8e592 - <alloc[2e1b2a31b91974c5]::boxed::Box<dyn for<'a, 'b> core[a373ad73a504971]::ops::function::Fn<(&'a std[617be2ca0a6fd877]::panic::PanicHookInfo<'b>,), Output = ()> + core[a373ad73a504971]::marker::Sync + core[a373ad73a504971]::marker::Send> as core[a373ad73a504971]::ops::function::Fn<(&std[617be2ca0a6fd877]::panic::PanicHookInfo,)>>::call
[INFO] [stdout]                                at /rustc/e3feeb59cd1bdd011a2bfcc0747b55125d9b8527/library/alloc/src/boxed.rs:2328:9
[INFO] [stdout]   14:     0x5da6dfc8e592 - std[617be2ca0a6fd877]::panicking::panic_with_hook
[INFO] [stdout]                                at /rustc/e3feeb59cd1bdd011a2bfcc0747b55125d9b8527/library/std/src/panicking.rs:819:13
[INFO] [stdout]   15:     0x5da6dfc72252 - std[617be2ca0a6fd877]::panicking::panic_handler::{closure#0}
[INFO] [stdout]                                at /rustc/e3feeb59cd1bdd011a2bfcc0747b55125d9b8527/library/std/src/panicking.rs:685:13
[INFO] [stdout]   16:     0x5da6dfc6af39 - std[617be2ca0a6fd877]::sys::backtrace::__rust_end_short_backtrace::<std[617be2ca0a6fd877]::panicking::panic_handler::{closure#0}, !>
[INFO] [stdout]                                at /rustc/e3feeb59cd1bdd011a2bfcc0747b55125d9b8527/library/std/src/sys/backtrace.rs:182:18
[INFO] [stdout]   17:     0x5da6dfc72e5d - __rustc[ea4f61d10b84890b]::rust_begin_unwind
[INFO] [stdout]                                at /rustc/e3feeb59cd1bdd011a2bfcc0747b55125d9b8527/library/std/src/panicking.rs:676:5
[INFO] [stdout]   18:     0x5da6dfcaaccc - core[a373ad73a504971]::panicking::panic_fmt
[INFO] [stdout]                                at /rustc/e3feeb59cd1bdd011a2bfcc0747b55125d9b8527/library/core/src/panicking.rs:80:14
[INFO] [stdout]   19:     0x5da6dfcaaa22 - core[a373ad73a504971]::result::unwrap_failed
[INFO] [stdout]                                at /rustc/e3feeb59cd1bdd011a2bfcc0747b55125d9b8527/library/core/src/result.rs:1870:5
[INFO] [stdout]   20:     0x5da6dfbeaef5 - <core[a373ad73a504971]::result::Result<(), rdevin[dcba6a8fbca4dce6]::linux::listen::ListenError>>::expect
[INFO] [stdout]                                at /rustc/e3feeb59cd1bdd011a2bfcc0747b55125d9b8527/library/core/src/result.rs:1184:23
[INFO] [stdout]   21:     0x5da6dfbe9f31 - listen_and_simulate[db1ff161e04c5e8d]::sim_then_listen::{closure#0}
[INFO] [stdout]                                at /opt/rustwide/workdir/tests/listen_and_simulate.rs:30:28
[INFO] [stdout]   22:     0x5da6dfbe7e76 - std[617be2ca0a6fd877]::sys::backtrace::__rust_begin_short_backtrace::<listen_and_simulate[db1ff161e04c5e8d]::sim_then_listen::{closure#0}, ()>
[INFO] [stdout]                                at /rustc/e3feeb59cd1bdd011a2bfcc0747b55125d9b8527/library/std/src/sys/backtrace.rs:166:18
[INFO] [stdout]   23:     0x5da6dfbe9e8d - std[617be2ca0a6fd877]::thread::lifecycle::spawn_unchecked::<listen_and_simulate[db1ff161e04c5e8d]::sim_then_listen::{closure#0}, ()>::{closure#1}::{closure#0}
[INFO] [stdout]                                at /rustc/e3feeb59cd1bdd011a2bfcc0747b55125d9b8527/library/std/src/thread/lifecycle.rs:70:13
[INFO] [stdout]   24:     0x5da6dfbedd21 - <core[a373ad73a504971]::panic::unwind_safe::AssertUnwindSafe<std[617be2ca0a6fd877]::thread::lifecycle::spawn_unchecked<listen_and_simulate[db1ff161e04c5e8d]::sim_then_listen::{closure#0}, ()>::{closure#1}::{closure#0}> as core[a373ad73a504971]::ops::function::FnOnce<()>>::call_once
[INFO] [stdout]                                at /rustc/e3feeb59cd1bdd011a2bfcc0747b55125d9b8527/library/core/src/panic/unwind_safe.rs:275:9
[INFO] [stdout]   25:     0x5da6dfbe9526 - std[617be2ca0a6fd877]::panicking::catch_unwind::do_call::<core[a373ad73a504971]::panic::unwind_safe::AssertUnwindSafe<std[617be2ca0a6fd877]::thread::lifecycle::spawn_unchecked<listen_and_simulate[db1ff161e04c5e8d]::sim_then_listen::{closure#0}, ()>::{closure#1}::{closure#0}>, ()>
[INFO] [stdout]                                at /rustc/e3feeb59cd1bdd011a2bfcc0747b55125d9b8527/library/std/src/panicking.rs:573:43
[INFO] [stdout]   26:     0x5da6dfbee51b - __rust_try
[INFO] [stdout]   27:     0x5da6dfbe9b1e - std[617be2ca0a6fd877]::panicking::catch_unwind::<(), core[a373ad73a504971]::panic::unwind_safe::AssertUnwindSafe<std[617be2ca0a6fd877]::thread::lifecycle::spawn_unchecked<listen_and_simulate[db1ff161e04c5e8d]::sim_then_listen::{closure#0}, ()>::{closure#1}::{closure#0}>>
[INFO] [stdout]                                at /rustc/e3feeb59cd1bdd011a2bfcc0747b55125d9b8527/library/std/src/panicking.rs:541:19
[INFO] [stdout]   28:     0x5da6dfbe9b1e - std[617be2ca0a6fd877]::panic::catch_unwind::<core[a373ad73a504971]::panic::unwind_safe::AssertUnwindSafe<std[617be2ca0a6fd877]::thread::lifecycle::spawn_unchecked<listen_and_simulate[db1ff161e04c5e8d]::sim_then_listen::{closure#0}, ()>::{closure#1}::{closure#0}>, ()>
[INFO] [stdout]                                at /rustc/e3feeb59cd1bdd011a2bfcc0747b55125d9b8527/library/std/src/panic.rs:359:14
[INFO] [stdout]   29:     0x5da6dfbe9b1e - std[617be2ca0a6fd877]::thread::lifecycle::spawn_unchecked::<listen_and_simulate[db1ff161e04c5e8d]::sim_then_listen::{closure#0}, ()>::{closure#1}
[INFO] [stdout]                                at /rustc/e3feeb59cd1bdd011a2bfcc0747b55125d9b8527/library/std/src/thread/lifecycle.rs:68:26
[INFO] [stdout]   30:     0x5da6dfbea56e - <std[617be2ca0a6fd877]::thread::lifecycle::spawn_unchecked<listen_and_simulate[db1ff161e04c5e8d]::sim_then_listen::{closure#0}, ()>::{closure#1} as core[a373ad73a504971]::ops::function::FnOnce<()>>::call_once::{shim:vtable#0}
[INFO] [stdout]                                at /rustc/e3feeb59cd1bdd011a2bfcc0747b55125d9b8527/library/core/src/ops/function.rs:250:5
[INFO] [stdout]   31:     0x5da6dfc956df - <alloc[2e1b2a31b91974c5]::boxed::Box<dyn core[a373ad73a504971]::ops::function::FnOnce<(), Output = ()> + core[a373ad73a504971]::marker::Send> as core[a373ad73a504971]::ops::function::FnOnce<()>>::call_once
[INFO] [stdout]                                at /rustc/e3feeb59cd1bdd011a2bfcc0747b55125d9b8527/library/alloc/src/boxed.rs:2314:9
[INFO] [stdout]   32:     0x5da6dfc956df - <std[617be2ca0a6fd877]::sys::thread::unix::Thread>::new::thread_start
[INFO] [stdout]                                at /rustc/e3feeb59cd1bdd011a2bfcc0747b55125d9b8527/library/std/src/sys/thread/unix.rs:127:17
[INFO] [stdout]   33:     0x772082853dfa - <unknown>
[INFO] [stdout]   34:     0x7720828e73d4 - clone
[INFO] [stdout]   35:                0x0 - <unknown>
[INFO] [stdout] Error: NoDisplay
[INFO] [stdout] 
[INFO] [stdout] 
[INFO] [stdout] failures:
[INFO] [stdout]     test_listen_and_simulate
[INFO] [stdout] 
[INFO] [stdout] test result: FAILED. 0 passed; 1 failed; 0 ignored; 0 measured; 0 filtered out; finished in 1.05s
[INFO] [stdout] 
[INFO] running `Command { std: "docker" "inspect" "9d461cbd18d959071ecd0c28eb839853e5dc8a618687f4bea46c7c93bb7d3238", kill_on_drop: false }`
[INFO] running `Command { std: "docker" "rm" "-f" "9d461cbd18d959071ecd0c28eb839853e5dc8a618687f4bea46c7c93bb7d3238", kill_on_drop: false }`
[INFO] [stdout] 9d461cbd18d959071ecd0c28eb839853e5dc8a618687f4bea46c7c93bb7d3238
