[INFO] fetching crate rcman 0.2.3...
[INFO] testing rcman-0.2.3 against 1.99.0-beta.8 for beta-1.100-2
[INFO] extracting crate rcman 0.2.3 into /workspace/builds/worker-1-tc1/source
[INFO] removed /workspace/builds/worker-1-tc1/source/rust-toolchain.toml
[INFO] started tweaking crates.io crate rcman 0.2.3
[INFO] removed 0 missing examples
[INFO] removed 0 missing tests
[INFO] finished tweaking crates.io crate rcman 0.2.3
[INFO] tweaked toml for crates.io crate rcman 0.2.3 written to /workspace/builds/worker-1-tc1/source/Cargo.toml
[INFO] validating manifest of crates.io crate rcman 0.2.3 on toolchain 1.99.0-beta.8
[INFO] running `Command { std: CARGO_HOME="/workspace/cargo-home" RUSTUP_HOME="/workspace/rustup-home" "/workspace/cargo-home/bin/cargo" "+1.99.0-beta.8" "metadata" "--manifest-path" "Cargo.toml" "--no-deps", kill_on_drop: false }`
[INFO] crate crates.io crate rcman 0.2.3 already has a lockfile, it will not be regenerated
[INFO] running `Command { std: CARGO_HOME="/workspace/cargo-home" RUSTUP_HOME="/workspace/rustup-home" "/workspace/cargo-home/bin/cargo" "+1.99.0-beta.8" "fetch" "--manifest-path" "Cargo.toml", kill_on_drop: false }`
[INFO] [stderr]     Blocking waiting for file lock on package cache
[INFO] [stderr]     Updating crates.io index
[INFO] [stderr]     Blocking waiting for file lock on package cache
[INFO] [stderr]  Downloading crates ...
[INFO] [stderr]   Downloaded zopfli v0.8.3
[INFO] [stderr]   Downloaded simd-adler32 v0.3.10
[INFO] [stderr]   Downloaded cfg-if v1.0.4
[INFO] [stderr]   Downloaded crc32fast v1.5.0
[INFO] [stderr]   Downloaded log v0.4.33
[INFO] [stderr]   Downloaded powerfmt v0.2.0
[INFO] [stderr]   Downloaded futures-task v0.3.34
[INFO] [stderr]   Downloaded wasm-bindgen-shared v0.2.127
[INFO] [stderr]   Downloaded inout v0.2.2
[INFO] [stderr]   Downloaded windows-numerics v0.3.1
[INFO] [stderr]   Downloaded wasm-bindgen-macro v0.2.127
[INFO] [stderr]   Downloaded futures-core v0.3.34
[INFO] [stderr]   Downloaded windows-result v0.4.1
[INFO] [stderr]   Downloaded zeroize_derive v1.5.0
[INFO] [stderr]   Downloaded time-macros v0.2.32
[INFO] [stderr]   Downloaded rustversion v1.0.23
[INFO] [stderr]   Downloaded slab v0.4.12
[INFO] [stderr]   Downloaded windows-interface v0.59.3
[INFO] [stderr]   Downloaded once_cell v1.21.4
[INFO] [stderr]   Downloaded pin-project-lite v0.2.17
[INFO] [stderr]   Downloaded sha1 v0.11.0
[INFO] [stderr]   Downloaded windows-implement v0.60.2
[INFO] [stderr]   Downloaded fastrand v2.5.0
[INFO] [stderr]   Downloaded cpubits v0.1.1
[INFO] [stderr]   Downloaded time-core v0.1.9
[INFO] [stderr]   Downloaded cpufeatures v0.3.0
[INFO] [stderr]   Downloaded windows-strings v0.5.1
[INFO] [stderr]   Downloaded serde_spanned v1.1.1
[INFO] [stderr]   Downloaded num-conv v0.2.2
[INFO] [stderr]   Downloaded digest v0.11.3
[INFO] [stderr]   Downloaded block-buffer v0.12.1
[INFO] [stderr]   Downloaded equivalent v1.0.2
[INFO] [stderr]   Downloaded adler2 v2.0.1
[INFO] [stderr]   Downloaded windows-link v0.2.1
[INFO] [stderr]   Downloaded windows-threading v0.2.1
[INFO] [stderr]   Downloaded windows-collections v0.3.2
[INFO] [stderr]   Downloaded crypto-common v0.2.2
[INFO] [stderr]   Downloaded r-efi v6.0.0
[INFO] [stderr]   Downloaded tempfile v3.27.0
[INFO] [stderr]   Downloaded errno v0.3.14
[INFO] [stderr]   Downloaded subtle v2.6.1
[INFO] [stderr]   Downloaded wasm-bindgen v0.2.127
[INFO] [stderr]   Downloaded cipher v0.5.2
[INFO] [stderr]   Downloaded byteorder v1.5.0
[INFO] [stderr]   Downloaded windows-future v0.3.2
[INFO] [stderr]   Downloaded thiserror v2.0.20
[INFO] [stderr]   Downloaded deranged v0.5.8
[INFO] [stderr]   Downloaded pbkdf2 v0.13.0
[INFO] [stderr]   Downloaded toml_datetime v1.1.1+spec-1.1.0
[INFO] [stderr]   Downloaded zmij v1.0.23
[INFO] [stderr]   Downloaded zeroize v1.9.0
[INFO] [stderr]   Downloaded cmov v0.5.4
[INFO] [stderr]   Downloaded hybrid-array v0.4.14
[INFO] [stderr]   Downloaded rand_core v0.10.1
[INFO] [stderr]   Downloaded windows-native-keyring-store v1.1.0
[INFO] [stderr]   Downloaded toml_writer v1.1.2+spec-1.1.0
[INFO] [stderr]   Downloaded sha2 v0.11.0
[INFO] [stderr]   Downloaded block-buffer v0.10.4
[INFO] [stderr]   Downloaded hmac v0.13.0
[INFO] [stderr]   Downloaded redox_users v0.5.2
[INFO] [stderr]   Downloaded dbus-secret-service-keyring-store v1.0.1
[INFO] [stderr]   Downloaded ctutils v0.4.2
[INFO] [stderr]   Downloaded windows-core v0.62.2
[INFO] [stderr]   Downloaded thiserror-impl v2.0.20
[INFO] [stderr]   Downloaded blake2 v0.10.6
[INFO] [stderr]   Downloaded wasm-bindgen-macro-support v0.2.127
[INFO] [stderr]   Downloaded constant_time_eq v0.4.2
[INFO] [stderr]   Downloaded keyring-core v1.0.0
[INFO] [stderr]   Downloaded toml_parser v1.1.3+spec-1.1.0
[INFO] [stderr]   Downloaded bitflags v2.13.1
[INFO] [stderr]   Downloaded unsafe-libyaml v0.2.11
[INFO] [stderr]   Downloaded ryu v1.0.23
[INFO] [stderr]   Downloaded rusqlite v0.32.1
[INFO] [stderr]   Downloaded option-ext v0.2.0
[INFO] [stderr]   Downloaded autocfg v1.5.1
[INFO] [stderr]   Downloaded block-padding v0.3.3
[INFO] [stderr]   Downloaded serde_core v1.0.229
[INFO] [stderr]   Downloaded serde_derive v1.0.229
[INFO] [stderr]   Downloaded toml v1.1.4+spec-1.1.0
[INFO] [stderr]   Downloaded zip v8.6.0
[INFO] [stderr]   Downloaded js-sys v0.3.104
[INFO] [stderr]   Downloaded const-oid v0.10.2
[INFO] [stderr]   Downloaded getrandom v0.4.3
[INFO] [stderr]   Downloaded serde_yaml v0.9.34+deprecated
[INFO] [stderr]   Downloaded inout v0.1.4
[INFO] [stderr]   Downloaded miniz_oxide v0.8.9
[INFO] [stderr]   Downloaded libredox v0.1.20
[INFO] [stderr]   Downloaded num-rational v0.4.2
[INFO] [stderr]   Downloaded serde v1.0.229
[INFO] [stderr]   Downloaded colorchoice v1.0.5
[INFO] [stderr]   Downloaded fallible-streaming-iterator v0.1.9
[INFO] [stderr]   Downloaded ndk-context v0.1.1
[INFO] [stderr]   Downloaded utf8parse v0.2.2
[INFO] [stderr]   Downloaded anstyle-wincon v3.0.11
[INFO] [stderr]   Downloaded same-file v1.0.6
[INFO] [stderr]   Downloaded security-framework-sys v2.17.0
[INFO] [stderr]   Downloaded apple-native-keyring-store v1.0.2
[INFO] [stderr]   Downloaded flate2 v1.1.9
[INFO] [stderr]   Downloaded memchr v2.8.3
[INFO] [stderr]   Downloaded getrandom v0.2.17
[INFO] [stderr]   Downloaded num-iter v0.1.46
[INFO] [stderr]   Downloaded bumpalo v3.20.3
[INFO] [stderr]   Downloaded typenum v1.20.1
[INFO] [stderr]   Downloaded aes v0.9.2
[INFO] [stderr]   Downloaded indexmap v2.14.0
[INFO] [stderr]   Downloaded find-msvc-tools v0.1.11
[INFO] [stderr]   Downloaded is_terminal_polyfill v1.70.2
[INFO] [stderr]   Downloaded once_cell_polyfill v1.70.2
[INFO] [stderr]   Downloaded rand_core v0.6.4
[INFO] [stderr]   Downloaded argon2 v0.5.3
[INFO] [stderr]   Downloaded core-foundation-sys v0.8.7
[INFO] [stderr]   Downloaded core-foundation v0.10.1
[INFO] [stderr]   Downloaded ghash v0.5.1
[INFO] [stderr]   Downloaded opaque-debug v0.3.1
[INFO] [stderr]   Downloaded typed-path v0.12.3
[INFO] [stderr]   Downloaded futures-util v0.3.34
[INFO] [stderr]   Downloaded serde_json v1.0.151
[INFO] [stderr]   Downloaded crypto-common v0.1.7
[INFO] [stderr]   Downloaded num-complex v0.4.6
[INFO] [stderr]   Downloaded hashbrown v0.17.1
[INFO] [stderr]   Downloaded regex v1.13.1
[INFO] [stderr]   Downloaded aho-corasick v1.1.5
[INFO] [stderr]   Downloaded winnow v1.0.4
[INFO] [stderr]   Downloaded filetime v0.2.29
[INFO] [stderr]   Downloaded sha2 v0.10.9
[INFO] [stderr]   Downloaded digest v0.10.7
[INFO] [stderr]   Downloaded dbus v0.9.12
[INFO] [stderr]   Downloaded zlib-rs v0.6.7
[INFO] [stderr]   Downloaded dbus-secret-service v4.1.0
[INFO] [stderr]   Downloaded aes v0.8.4
[INFO] [stderr]   Downloaded base64 v0.22.1
[INFO] [stderr]   Downloaded num-bigint v0.4.8
[INFO] [stderr]   Downloaded time v0.3.55
[INFO] [stderr]   Downloaded syn v3.0.3
[INFO] [stderr]   Downloaded kqueue-sys v1.1.2
[INFO] [stderr]   Downloaded dirs v6.0.0
[INFO] [stderr]   Downloaded cesu8 v1.1.0
[INFO] [stderr]   Downloaded wasi v0.11.1+wasi-snapshot-preview1
[INFO] [stderr]   Downloaded kqueue v1.2.1
[INFO] [stderr]   Downloaded dirs-sys v0.5.0
[INFO] [stderr]   Downloaded jni-sys-macros v0.4.1
[INFO] [stderr]   Downloaded jni-sys v0.3.1
[INFO] [stderr]   Downloaded universal-hash v0.5.1
[INFO] [stderr]   Downloaded regex-syntax v0.8.11
[INFO] [stderr]   Downloaded inotify-sys v0.1.8
[INFO] [stderr]   Downloaded defmt-parser v1.0.0
[INFO] [stderr]   Downloaded anstyle-query v1.1.5
[INFO] [stderr]   Downloaded rustix v1.1.4
[INFO] [stderr]   Downloaded aead v0.5.2
[INFO] [stderr]   Downloaded fsevent-sys v4.1.0
[INFO] [stderr]   Downloaded jiff-static v0.2.35
[INFO] [stderr]   Downloaded windows-targets v0.42.2
[INFO] [stderr]   Downloaded windows-targets v0.48.5
[INFO] [stderr]   Downloaded cbc v0.1.2
[INFO] [stderr]   Downloaded jni-sys v0.4.1
[INFO] [stderr]   Downloaded regex-automata v0.4.18
[INFO] [stderr]   Downloaded generic-array v0.14.7
[INFO] [stderr]   Downloaded num v0.4.3
[INFO] [stderr]   Downloaded winapi-util v0.1.11
[INFO] [stderr]   Downloaded cpufeatures v0.2.17
[INFO] [stderr]   Downloaded anstyle v1.0.14
[INFO] [stderr]   Downloaded anstream v1.0.0
[INFO] [stderr]   Downloaded num-integer v0.1.47
[INFO] [stderr]   Downloaded cipher v0.4.4
[INFO] [stderr]   Downloaded password-hash v0.5.0
[INFO] [stderr]   Downloaded base64ct v1.8.3
[INFO] [stderr]   Downloaded num-traits v0.2.19
[INFO] [stderr]   Downloaded libc v0.2.189
[INFO] [stderr]   Downloaded hmac v0.12.1
[INFO] [stderr]   Downloaded env_filter v2.0.0
[INFO] [stderr]   Downloaded notify v6.1.1
[INFO] [stderr]   Downloaded inotify v0.9.6
[INFO] [stderr]   Downloaded foldhash v0.2.0
[INFO] [stderr]   Downloaded anstyle-parse v1.0.0
[INFO] [stderr]   Downloaded hkdf v0.12.4
[INFO] [stderr]   Downloaded env_logger v0.11.11
[INFO] [stderr]   Downloaded defmt-macros v1.1.1
[INFO] [stderr]   Downloaded shlex v2.0.1
[INFO] [stderr]   Downloaded hashlink v0.9.1
[INFO] [stderr]   Downloaded fallible-iterator v0.3.0
[INFO] [stderr]   Downloaded walkdir v2.5.0
[INFO] [stderr]   Downloaded bitflags v1.3.2
[INFO] [stderr]   Downloaded lru v0.16.4
[INFO] [stderr]   Downloaded security-framework v3.7.0
[INFO] [stderr]   Downloaded bytes v1.12.1
[INFO] [stderr]   Downloaded ctr v0.9.2
[INFO] [stderr]   Downloaded polyval v0.6.2
[INFO] [stderr]   Downloaded ahash v0.8.12
[INFO] [stderr]   Downloaded defmt v1.1.1
[INFO] [stderr]   Downloaded android-native-keyring-store v1.0.0
[INFO] [stderr]   Downloaded tracing-attributes v0.1.31
[INFO] [stderr]   Downloaded rcman-derive v0.2.3
[INFO] [stderr]   Downloaded crossbeam-utils v0.8.22
[INFO] [stderr]   Downloaded chacha20 v0.10.1
[INFO] [stderr]   Downloaded allocator-api2 v0.2.21
[INFO] [stderr]   Downloaded portable-atomic-util v0.2.7
[INFO] [stderr]   Downloaded smallvec v1.15.2
[INFO] [stderr]   Downloaded pkg-config v0.3.34
[INFO] [stderr]   Downloaded tracing-core v0.1.36
[INFO] [stderr]   Downloaded jni v0.21.1
[INFO] [stderr]   Downloaded zerocopy-derive v0.8.56
[INFO] [stderr]   Downloaded cc v1.4.3
[INFO] [stderr]   Downloaded mio v0.8.11
[INFO] [stderr]   Downloaded rand v0.10.2
[INFO] [stderr]   Downloaded crossbeam-channel v0.5.16
[INFO] [stderr]   Downloaded libdbus-sys v0.2.7
[INFO] [stderr]   Downloaded windows-sys v0.61.2
[INFO] [stderr]   Downloaded linux-raw-sys v0.12.1
[INFO] [stderr]   Downloaded combine v4.6.7
[INFO] [stderr]   Downloaded hashbrown v0.14.5
[INFO] [stderr]   Downloaded jiff-core v0.1.0
[INFO] [stderr]   Downloaded hashbrown v0.16.1
[INFO] [stderr]   Downloaded aes-gcm v0.10.3
[INFO] [stderr]   Downloaded vcpkg v0.2.15
[INFO] [stderr]   Downloaded portable-atomic v1.15.0
[INFO] [stderr]   Downloaded zerocopy v0.8.56
[INFO] [stderr]   Downloaded windows_aarch64_gnullvm v0.42.2
[INFO] [stderr]   Downloaded windows_x86_64_gnullvm v0.42.2
[INFO] [stderr]   Downloaded windows_x86_64_gnullvm v0.48.5
[INFO] [stderr]   Downloaded tracing v0.1.44
[INFO] [stderr]   Downloaded windows_aarch64_gnullvm v0.48.5
[INFO] [stderr]   Downloaded jiff v0.2.35
[INFO] [stderr]   Downloaded windows_x86_64_msvc v0.42.2
[INFO] [stderr]   Downloaded windows_aarch64_msvc v0.42.2
[INFO] [stderr]   Downloaded windows_i686_gnu v0.42.2
[INFO] [stderr]   Downloaded windows_i686_msvc v0.42.2
[INFO] [stderr]   Downloaded windows_x86_64_gnu v0.42.2
[INFO] [stderr]   Downloaded windows_aarch64_msvc v0.48.5
[INFO] [stderr]   Downloaded windows_x86_64_msvc v0.48.5
[INFO] [stderr]   Downloaded windows_x86_64_gnu v0.48.5
[INFO] [stderr]   Downloaded windows_i686_gnu v0.48.5
[INFO] [stderr]   Downloaded windows_i686_msvc v0.48.5
[INFO] [stderr]   Downloaded windows v0.62.2
[INFO] [stderr]   Downloaded windows-sys v0.45.0
[INFO] [stderr]   Downloaded windows-sys v0.48.0
[INFO] [stderr]   Downloaded libsqlite3-sys v0.30.1
[INFO] running `Command { std: "docker" "create" "-v" "/var/lib/crater-agent-workspace/builds/worker-1-tc1/source:/opt/rustwide/workdir:ro,Z" "-v" "/var/lib/crater-agent-workspace/builds/worker-1-tc1/target:/opt/rustwide/target:rw,Z" "-v" "/var/lib/crater-agent-workspace/cargo-home:/opt/rustwide/cargo-home:ro,Z" "-v" "/var/lib/crater-agent-workspace/rustup-home:/opt/rustwide/rustup-home:ro,Z" "-m" "1610612736" "--network" "none" "ghcr.io/rust-lang/crates-build-env/linux@sha256:3111399a4047eeb3a02b7a90e478d715f38a8c6669b5c4b49d30a17385265909" "sleep" "infinity", kill_on_drop: false }`
[INFO] [stdout] 3c23fad70b134b8d697268ffd8cfc8f0a739d5c3fdfbc0a3675ab7d01e4539cc
[INFO] running `Command { std: "docker" "start" "3c23fad70b134b8d697268ffd8cfc8f0a739d5c3fdfbc0a3675ab7d01e4539cc", kill_on_drop: false }`
[INFO] running `Command { std: "docker" "inspect" "3c23fad70b134b8d697268ffd8cfc8f0a739d5c3fdfbc0a3675ab7d01e4539cc", kill_on_drop: false }`
[INFO] running `Command { std: "docker" "exec" "-e" "SOURCE_DIR=/opt/rustwide/workdir" "-e" "CARGO_HOME=/opt/rustwide/cargo-home" "-e" "RUSTUP_HOME=/opt/rustwide/rustup-home" "-e" "CARGO_TARGET_DIR=/opt/rustwide/target" "-w" "/opt/rustwide/workdir" "--user" "0:0" "3c23fad70b134b8d697268ffd8cfc8f0a739d5c3fdfbc0a3675ab7d01e4539cc" "/opt/rustwide/cargo-home/bin/cargo" "+1.99.0-beta.8" "metadata" "--no-deps" "--format-version=1", kill_on_drop: false }`
[INFO] running `Command { std: "docker" "inspect" "3c23fad70b134b8d697268ffd8cfc8f0a739d5c3fdfbc0a3675ab7d01e4539cc", kill_on_drop: false }`
[INFO] running `Command { std: "docker" "exec" "-e" "SOURCE_DIR=/opt/rustwide/workdir" "-e" "CARGO_HOME=/opt/rustwide/cargo-home" "-e" "RUSTUP_HOME=/opt/rustwide/rustup-home" "-e" "CARGO_TARGET_DIR=/opt/rustwide/target" "-e" "CARGO_INCREMENTAL=0" "-e" "RUST_BACKTRACE=full" "-e" "RUSTFLAGS=--cap-lints=warn" "-e" "RUSTDOCFLAGS=--cap-lints=warn" "-w" "/opt/rustwide/workdir" "--user" "0:0" "3c23fad70b134b8d697268ffd8cfc8f0a739d5c3fdfbc0a3675ab7d01e4539cc" "/opt/rustwide/cargo-home/bin/cargo" "+1.99.0-beta.8" "build" "--frozen" "--message-format=json", kill_on_drop: false }`
[INFO] [stderr]    Compiling typenum v1.20.1
[INFO] [stderr]    Compiling proc-macro2 v1.0.107
[INFO] [stderr]    Compiling serde_core v1.0.229
[INFO] [stderr]    Compiling unicode-ident v1.0.24
[INFO] [stderr]    Compiling cmov v0.5.4
[INFO] [stderr]    Compiling quote v1.0.47
[INFO] [stderr]    Compiling libc v0.2.189
[INFO] [stderr]    Compiling zeroize v1.9.0
[INFO] [stderr]    Compiling cfg-if v1.0.4
[INFO] [stderr]    Compiling const-oid v0.10.2
[INFO] [stderr]    Compiling memchr v2.8.3
[INFO] [stderr]    Compiling getrandom v0.4.3
[INFO] [stderr]    Compiling equivalent v1.0.2
[INFO] [stderr]    Compiling cpufeatures v0.3.0
[INFO] [stderr]    Compiling crc32fast v1.5.0
[INFO] [stderr]    Compiling zmij v1.0.23
[INFO] [stderr]    Compiling rustix v1.1.4
[INFO] [stderr]    Compiling time-core v0.1.9
[INFO] [stderr]    Compiling num-conv v0.2.2
[INFO] [stderr]    Compiling linux-raw-sys v0.12.1
[INFO] [stderr]    Compiling bitflags v2.13.1
[INFO] [stderr]    Compiling serde_json v1.0.151
[INFO] [stderr]    Compiling ctutils v0.4.2
[INFO] [stderr]    Compiling thiserror v2.0.20
[INFO] [stderr]    Compiling serde v1.0.229
[INFO] [stderr]    Compiling option-ext v0.2.0
[INFO] [stderr]    Compiling log v0.4.33
[INFO] [stderr]    Compiling regex-syntax v0.8.11
[INFO] [stderr]    Compiling time-macros v0.2.32
[INFO] [stderr]    Compiling foldhash v0.2.0
[INFO] [stderr]    Compiling hashbrown v0.17.1
[INFO] [stderr]    Compiling allocator-api2 v0.2.21
[INFO] [stderr]    Compiling powerfmt v0.2.0
[INFO] [stderr]    Compiling cpubits v0.1.1
[INFO] [stderr]    Compiling zlib-rs v0.6.7
[INFO] [stderr]    Compiling bumpalo v3.20.3
[INFO] [stderr]    Compiling simd-adler32 v0.3.10
[INFO] [stderr]    Compiling once_cell v1.21.4
[INFO] [stderr]    Compiling fastrand v2.5.0
[INFO] [stderr]    Compiling zopfli v0.8.3
[INFO] [stderr]    Compiling hashbrown v0.16.1
[INFO] [stderr]    Compiling aho-corasick v1.1.5
[INFO] [stderr]    Compiling itoa v1.0.18
[INFO] [stderr]    Compiling syn v3.0.3
[INFO] [stderr]    Compiling constant_time_eq v0.4.2
[INFO] [stderr]    Compiling hybrid-array v0.4.14
[INFO] [stderr]    Compiling typed-path v0.12.3
[INFO] [stderr]    Compiling lru v0.16.4
[INFO] [stderr]    Compiling crypto-common v0.2.2
[INFO] [stderr]    Compiling block-buffer v0.12.1
[INFO] [stderr]    Compiling inout v0.2.2
[INFO] [stderr]    Compiling dirs-sys v0.5.0
[INFO] [stderr]    Compiling dirs v6.0.0
[INFO] [stderr]    Compiling regex-automata v0.4.18
[INFO] [stderr]    Compiling deranged v0.5.8
[INFO] [stderr]    Compiling indexmap v2.14.0
[INFO] [stderr]    Compiling digest v0.11.3
[INFO] [stderr]    Compiling cipher v0.5.2
[INFO] [stderr]    Compiling tempfile v3.27.0
[INFO] [stderr]    Compiling aes v0.9.2
[INFO] [stderr]    Compiling hmac v0.13.0
[INFO] [stderr]    Compiling sha1 v0.11.0
[INFO] [stderr]    Compiling sha2 v0.11.0
[INFO] [stderr]    Compiling pbkdf2 v0.13.0
[INFO] [stderr]    Compiling serde_derive v1.0.229
[INFO] [stderr]    Compiling thiserror-impl v2.0.20
[INFO] [stderr]    Compiling time v0.3.55
[INFO] [stderr]    Compiling regex v1.13.1
[INFO] [stderr]    Compiling flate2 v1.1.9
[INFO] [stderr]    Compiling zip v8.6.0
[INFO] [stderr]    Compiling rcman v0.2.3 (/opt/rustwide/workdir)
[INFO] [stderr]     Finished `dev` profile [unoptimized + debuginfo] target(s) in 15.82s
[INFO] running `Command { std: "docker" "inspect" "3c23fad70b134b8d697268ffd8cfc8f0a739d5c3fdfbc0a3675ab7d01e4539cc", kill_on_drop: false }`
[INFO] running `Command { std: "docker" "exec" "-e" "SOURCE_DIR=/opt/rustwide/workdir" "-e" "CARGO_HOME=/opt/rustwide/cargo-home" "-e" "RUSTUP_HOME=/opt/rustwide/rustup-home" "-e" "CARGO_TARGET_DIR=/opt/rustwide/target" "-e" "CARGO_INCREMENTAL=0" "-e" "RUST_BACKTRACE=full" "-e" "RUSTFLAGS=--cap-lints=warn" "-e" "RUSTDOCFLAGS=--cap-lints=warn" "-w" "/opt/rustwide/workdir" "--user" "0:0" "3c23fad70b134b8d697268ffd8cfc8f0a739d5c3fdfbc0a3675ab7d01e4539cc" "/opt/rustwide/cargo-home/bin/cargo" "+1.99.0-beta.8" "test" "--frozen" "--no-run" "--message-format=json", kill_on_drop: false }`
[INFO] [stderr]    Compiling log v0.4.33
[INFO] [stderr]    Compiling utf8parse v0.2.2
[INFO] [stderr]    Compiling anstyle-query v1.1.5
[INFO] [stderr]    Compiling is_terminal_polyfill v1.70.2
[INFO] [stderr]    Compiling colorchoice v1.0.5
[INFO] [stderr]    Compiling anstyle v1.0.14
[INFO] [stderr]    Compiling jiff-core v0.1.0
[INFO] [stderr]    Compiling anstyle-parse v1.0.0
[INFO] [stderr]    Compiling zopfli v0.8.3
[INFO] [stderr]    Compiling env_filter v2.0.0
[INFO] [stderr]    Compiling anstream v1.0.0
[INFO] [stderr]    Compiling zip v8.6.0
[INFO] [stderr]    Compiling jiff v0.2.35
[INFO] [stderr]    Compiling rcman v0.2.3 (/opt/rustwide/workdir)
[INFO] [stderr]    Compiling env_logger v0.11.11
[INFO] [stderr]     Finished `test` profile [unoptimized + debuginfo] target(s) in 19.80s
[INFO] running `Command { std: "docker" "inspect" "3c23fad70b134b8d697268ffd8cfc8f0a739d5c3fdfbc0a3675ab7d01e4539cc", kill_on_drop: false }`
[INFO] running `Command { std: "docker" "exec" "-e" "SOURCE_DIR=/opt/rustwide/workdir" "-e" "CARGO_HOME=/opt/rustwide/cargo-home" "-e" "RUSTUP_HOME=/opt/rustwide/rustup-home" "-e" "CARGO_TARGET_DIR=/opt/rustwide/target" "-e" "CARGO_INCREMENTAL=0" "-e" "RUST_BACKTRACE=full" "-e" "RUSTFLAGS=--cap-lints=warn" "-e" "RUSTDOCFLAGS=--cap-lints=warn" "-w" "/opt/rustwide/workdir" "--user" "0:0" "3c23fad70b134b8d697268ffd8cfc8f0a739d5c3fdfbc0a3675ab7d01e4539cc" "/opt/rustwide/cargo-home/bin/cargo" "+1.99.0-beta.8" "test" "--frozen", kill_on_drop: false }`
[INFO] [stderr]     Finished `test` profile [unoptimized + debuginfo] target(s) in 0.16s
[INFO] [stderr]      Running unittests src/lib.rs (/opt/rustwide/target/debug/deps/rcman-df72ca8054d6369a)
[INFO] [stdout] 
[INFO] [stdout] running 67 tests
[INFO] [stdout] test backup::operations::tests::test_sanitize_filename ... ok
[INFO] [stdout] test backup::restore::tests::restore_result_reports_conflicts_and_reason_counts ... ok
[INFO] [stdout] test backup::archive::tests::test_calculate_file_hash ... ok
[INFO] [stdout] test backup::operations::tests::test_validate_password ... ok
[INFO] [stdout] test backup::archive::tests::test_read_file_from_zip ... ok
[INFO] [stdout] test backup::restore::tests::restore_result_returns_ids_by_reason ... ok
[INFO] [stdout] test config::docs::tests::test_generate_docs ... ok
[INFO] [stdout] test config::schema::tests::test_schema_validation ... ok
[INFO] [stdout] test config::schema::tests::test_file_setting ... ok
[INFO] [stdout] test config::schema::tests::test_custom_metadata ... ok
[INFO] [stdout] test config::schema::tests::test_list_setting ... ok
[INFO] [stdout] test config::schema::tests::test_list_validation ... ok
[INFO] [stdout] test config::schema::tests::test_path_setting ... ok
[INFO] [stdout] test config::schema::tests::test_select_validation ... ok
[INFO] [stdout] test config::docs::tests::test_hide_advanced ... ok
[INFO] [stdout] test config::types::tests::test_builder_basic ... ok
[INFO] [stdout] test config::schema::tests::test_serialization ... ok
[INFO] [stdout] test config::schema::tests::test_setting_metadata_builder ... ok
[INFO] [stdout] test config::types::tests::test_builder_with_options ... ok
[INFO] [stdout] test credentials::memory::tests::test_memory_remove ... ok
[INFO] [stdout] test manager::builder::tests::test_builder_with_credentials_config ... ok
[INFO] [stdout] test backup::operations::tests::test_create_full_backup ... ok
[INFO] [stdout] test config::schema::tests::test_nullable_validation ... ok
[INFO] [stdout] test config::schema::tests::test_select_setting ... ok
[INFO] [stdout] test config::schema::tests::test_number_setting_with_range ... ok
[INFO] [stdout] test config::schema::tests::test_number_validation ... ok
[INFO] [stdout] test config::schema::tests::test_reserved_list_validation ... ok
[INFO] [stdout] test credentials::memory::tests::test_memory_list_keys ... ok
[INFO] [stdout] test credentials::memory::tests::test_memory_store_and_get ... ok
[INFO] [stdout] test config::schema::tests::test_toggle_validation ... ok
[INFO] [stdout] test manager::builder::tests::test_builder_with_storage_instance ... ok
[INFO] [stdout] test manager::events::tests::test_validator ... ok
[INFO] [stdout] test storage::tests::test_json_serialize_compact ... ok
[INFO] [stdout] test manager::events::tests::test_global_listener ... ok
[INFO] [stdout] test manager::events::tests::test_key_specific_listener ... ok
[INFO] [stdout] test backup::archive::tests::test_create_and_extract_zip ... ok
[INFO] [stdout] test sub_settings::single_file::tests::test_set_null_missing_key_does_not_write ... ok
[INFO] [stdout] test storage::tests::test_json_roundtrip_sync ... ok
[INFO] [stdout] test sub_settings::single_file::tests::test_set_same_value_does_not_rewrite_file ... ok
[INFO] [stdout] test storage::tests::test_json_serialize_pretty ... ok
[INFO] [stdout] test sub_settings::tests::test_exists_on_scalar_sentinel ... ok
[INFO] [stdout] test sub_settings::tests::test_get_value_returns_scalar_string_unchanged ... ok
[INFO] [stdout] test sub_settings::single_file::tests::test_scalar_string_value_round_trips ... ok
[INFO] [stdout] test utils::security::tests::test_secure_dir_permissions ... ok
[INFO] [stdout] test utils::value::tests::test_deep_merge ... ok
[INFO] [stdout] test utils::value::tests::test_deep_merge_does_not_clobber_default_when_stored_has_null ... ok
[INFO] [stdout] test utils::value::tests::test_get_path ... ok
[INFO] [stdout] test utils::value::tests::test_remove_path ... ok
[INFO] [stdout] test sub_settings::tests::test_delete_scalar_sentinel ... ok
[INFO] [stdout] test utils::value::tests::test_remove_path_on_scalar_root_returns_none ... ok
[INFO] [stdout] test utils::value::tests::test_set_path ... ok
[INFO] [stdout] test utils::value::tests::test_strip_nulls ... ok
[INFO] [stdout] test sub_settings::multi_file::tests::test_multifile_lru_eviction ... ok
[INFO] [stdout] test backup::operations::tests::test_analyze_backup ... ok
[INFO] [stdout] test utils::security::tests::test_secure_file_permissions ... ok
[INFO] [stdout] test sub_settings::tests::test_scalar_sentinel_persists_on_disk ... ok
[INFO] [stdout] test utils::value::tests::test_set_path_on_scalar_root_replaces_with_object ... ok
[INFO] [stdout] test sub_settings::tests::test_scalar_and_object_entries_coexist ... ok
[INFO] [stdout] test config::schema::tests::test_text_pattern_validation ... ok
[INFO] [stdout] test backup::operations::tests::test_partial_backup_logic ... ok
[INFO] [stdout] test storage::tests::test_read_nonexistent_file ... ok
[INFO] [stdout] test storage::tests::test_json_roundtrip_async ... ok
[INFO] [stdout] test sub_settings::tests::test_list_includes_scalar_sentinel ... ok
[INFO] [stdout] test sub_settings::multi_file::tests::test_multifile_caching_eliminates_disk_io ... ok
[INFO] [stdout] test sub_settings::single_file::tests::test_mixed_object_and_scalar_entries_all_preserved ... ok
[INFO] [stdout] test credentials::memory::tests::test_memory_reports_poisoned_lock_errors ... ok
[INFO] [stdout] test manager::events::tests::test_handles_poisoned_locks_without_panicking ... ok
[INFO] [stdout] 
[INFO] [stdout] test result: ok. 67 passed; 0 failed; 0 ignored; 0 measured; 0 filtered out; finished in 0.29s
[INFO] [stdout] 
[INFO] [stderr]      Running tests/backup/main.rs (/opt/rustwide/target/debug/deps/backup-a14a26a5d8a18bf4)
[INFO] [stdout] 
[INFO] [stdout] running 29 tests
[INFO] [stdout] test external_configs::test_get_external_config_from_backup_by_id ... ok
[INFO] [stdout] test external_configs::test_full_backup_with_explicit_external_list_filters_provider_configs ... ok
[INFO] [stdout] test external_configs::test_full_backup_deduplicates_duplicate_external_ids_static_first ... ok
[INFO] [stdout] test external_configs::test_full_backup_with_explicit_external_list_filters_registered_configs ... ok
[INFO] [stdout] test external_configs::test_restore_external_unknown_config_reports_pending_reason ... ok
[INFO] [stdout] test external_configs::test_full_backup_auto_includes_registered_external_configs ... ok
[INFO] [stdout] test external_configs::test_full_backup_auto_includes_provider_configs_when_external_list_empty ... ok
[INFO] [stdout] test create_analyze::test_create_backup_with_note ... ok
[INFO] [stdout] test create_analyze::test_analyze_backup_contents ... ok
[INFO] [stdout] test external_configs::test_restore_external_configs_with_sub_settings_filter ... ok
[INFO] [stdout] test external_configs::test_restore_external_exists_conflict_reports_skip_reason ... ok
[INFO] [stdout] test secret_policy::test_encrypted_only_redacts_without_credentials_backend ... ok
[INFO] [stdout] test secret_policy::test_encrypted_only_redacts_subsettings_secret_fields_without_password ... ok
[INFO] [stdout] test create_analyze::test_create_unencrypted_backup ... ok
[INFO] [stdout] test sub_settings::test_multiple_secrets_per_connection ... ok
[INFO] [stdout] test sub_settings::test_remote_secrets_excluded ... ok
[INFO] [stdout] test restore_modes::test_restore_overwrite_existing ... ok
[INFO] [stdout] test restore_modes::test_restore_skip_existing ... ok
[INFO] [stdout] test restore_modes::test_backup_includes_sub_settings ... ok
[INFO] [stdout] test sub_settings::test_sub_settings_secrets_excluded ... ok
[INFO] [stdout] test restore_modes::test_restore_backup ... ok
[INFO] [stdout] test sub_settings::test_sub_settings_secrets_encrypted_with_password ... ok
[INFO] [stdout] test sub_settings::test_remote_secrets_encrypted ... ok
[INFO] [stdout] test sub_settings::test_mixed_secrets_in_connections ... ok
[INFO] [stdout] test create_analyze::test_analyze_encrypted_backup ... ok
[INFO] [stdout] test create_analyze::test_create_encrypted_backup ... ok
[INFO] [stdout] test restore_modes::test_restore_without_password_when_encrypted_fails ... ok
[INFO] [stdout] test restore_modes::test_restore_wrong_password_fails ... ok
[INFO] [stdout] test restore_modes::test_restore_encrypted_backup ... ok
[INFO] [stdout] 
[INFO] [stdout] test result: ok. 29 passed; 0 failed; 0 ignored; 0 measured; 0 filtered out; finished in 1.19s
[INFO] [stdout] 
[INFO] [stderr]      Running tests/backup_restore_test.rs (/opt/rustwide/target/debug/deps/backup_restore_test-e8cc5a1d97fc5ab7)
[INFO] [stdout] 
[INFO] [stdout] running 23 tests
[INFO] [stdout] test external_configs_tests::test_full_backup_auto_includes_provider_configs_when_external_list_empty ... ok
[INFO] [stdout] test external_configs_tests::test_full_backup_deduplicates_duplicate_external_ids_static_first ... ok
[INFO] [stdout] test create_analyze_tests::test_analyze_backup_contents ... ok
[INFO] [stdout] test external_configs_tests::test_restore_external_unknown_config_reports_pending_reason ... ok
[INFO] [stdout] test create_analyze_tests::test_create_backup_with_note ... ok
[INFO] [stdout] test external_configs_tests::test_full_backup_with_explicit_external_list_filters_registered_configs ... ok
[INFO] [stdout] test create_analyze_tests::test_create_unencrypted_backup ... ok
[INFO] [stdout] test external_configs_tests::test_restore_external_exists_conflict_reports_skip_reason ... ok
[INFO] [stdout] test external_configs_tests::test_get_external_config_from_backup_by_id ... ok
[INFO] [stdout] test restore_modes_tests::test_restore_backup ... ok
[INFO] [stdout] test external_configs_tests::test_full_backup_auto_includes_registered_external_configs ... ok
[INFO] [stdout] test external_configs_tests::test_full_backup_with_explicit_external_list_filters_provider_configs ... ok
[INFO] [stdout] test external_configs_tests::test_restore_external_configs_with_sub_settings_filter ... ok
[INFO] [stdout] test secret_policy_tests::test_encrypted_only_redacts_subsettings_secret_fields_without_password ... ok
[INFO] [stdout] test restore_modes_tests::test_restore_skip_existing ... ok
[INFO] [stdout] test secret_policy_tests::test_encrypted_only_redacts_without_credentials_backend ... ok
[INFO] [stdout] test restore_modes_tests::test_backup_includes_sub_settings ... ok
[INFO] [stdout] test restore_modes_tests::test_restore_overwrite_existing ... ok
[INFO] [stdout] test restore_modes_tests::test_restore_wrong_password_fails ... ok
[INFO] [stdout] test create_analyze_tests::test_create_encrypted_backup ... ok
[INFO] [stdout] test create_analyze_tests::test_analyze_encrypted_backup ... ok
[INFO] [stdout] test restore_modes_tests::test_restore_encrypted_backup ... ok
[INFO] [stdout] test restore_modes_tests::test_restore_without_password_when_encrypted_fails ... ok
[INFO] [stdout] 
[INFO] [stdout] test result: ok. 23 passed; 0 failed; 0 ignored; 0 measured; 0 filtered out; finished in 0.54s
[INFO] [stdout] 
[INFO] [stderr]      Running tests/backup_secrets_subsettings_test.rs (/opt/rustwide/target/debug/deps/backup_secrets_subsettings_test-2754c96d628b7e07)
[INFO] [stdout] 
[INFO] [stdout] running 6 tests
[INFO] [stdout] test test_remote_secrets_excluded ... ok
[INFO] [stdout] test test_sub_settings_secrets_excluded ... ok
[INFO] [stdout] test test_multiple_secrets_per_connection ... ok
[INFO] [stdout] test test_sub_settings_secrets_encrypted_with_password ... ok
[INFO] [stdout] test test_remote_secrets_encrypted ... ok
[INFO] [stdout] test test_mixed_secrets_in_connections ... ok
[INFO] [stdout] 
[INFO] [stdout] test result: ok. 6 passed; 0 failed; 0 ignored; 0 measured; 0 filtered out; finished in 0.16s
[INFO] [stdout] 
[INFO] [stderr]      Running tests/credentials.rs (/opt/rustwide/target/debug/deps/credentials-2c30d26fc970f92a)
[INFO] [stdout] 
[INFO] [stdout] running 9 tests
[INFO] [stdout] test test_multiple_secrets ... ignored, Requires Secret Service daemon (not available in CI)
[INFO] [stdout] test test_reset_all_clears_secrets ... ignored, Requires Secret Service daemon (not available in CI)
[INFO] [stdout] test test_reset_secret_clears_value ... ignored, Requires Secret Service daemon (not available in CI)
[INFO] [stdout] test test_secret_default_not_stored ... ignored, Requires Secret Service daemon (not available in CI)
[INFO] [stdout] test test_secret_not_in_json_file ... ignored, Requires Secret Service daemon (not available in CI)
[INFO] [stdout] test test_secret_persists_across_sessions ... ignored, Requires Secret Service daemon (not available in CI)
[INFO] [stdout] test test_secret_retrieved_correctly ... ignored, Requires Secret Service daemon (not available in CI)
[INFO] [stdout] test test_secret_has_correct_metadata ... ok
[INFO] [stdout] test test_secret_password_source_helpers ... ok
[INFO] [stdout] 
[INFO] [stdout] test result: ok. 2 passed; 0 failed; 7 ignored; 0 measured; 0 filtered out; finished in 0.03s
[INFO] [stdout] 
[INFO] [stderr]      Running tests/edge_cases.rs (/opt/rustwide/target/debug/deps/edge_cases-1524b8293f991fa5)
[INFO] [stdout] 
[INFO] [stdout] running 28 tests
[INFO] [stdout] test test_env_override_type_mismatch ... ok
[INFO] [stdout] test test_env_override_invalid_value ... ok
[INFO] [stdout] test test_deeply_nested_invalid_path ... ok
[INFO] [stdout] test test_save_infinity ... ok
[INFO] [stdout] test test_save_invalid_top_level_key ... ok
[INFO] [stdout] test test_load_corrupted_json ... ok
[INFO] [stdout] test test_number_out_of_range ... ok
[INFO] [stdout] test test_save_invalid_nested_key ... ok
[INFO] [stdout] test test_save_negative_number ... ok
[INFO] [stdout] test test_save_wrong_type_for_boolean ... ok
[INFO] [stdout] test test_select_invalid_option ... ok
[INFO] [stdout] test test_concurrent_writes_different_keys ... ok
[INFO] [stdout] test test_save_null_value ... ok
[INFO] [stdout] test test_save_very_large_number ... ok
[INFO] [stdout] test test_env_override_basic ... ok
[INFO] [stdout] test test_save_very_long_string ... ok
[INFO] [stdout] test test_reset_nonexistent_key ... ok
[INFO] [stdout] test test_env_override_precedence_over_saved ... ok
[INFO] [stdout] test test_concurrent_writes_same_key ... ok
[INFO] [stdout] test test_reset_all_empty_settings ... ok
[INFO] [stdout] test test_save_wrong_type_for_number ... ok
[INFO] [stdout] test test_concurrent_reads ... ok
[INFO] [stdout] test test_sub_settings_empty_key ... ok
[INFO] [stdout] test test_sub_settings_invalid_key_with_dots ... ok
[INFO] [stdout] test test_sub_settings_concurrent_access ... ok
[INFO] [stdout] test test_load_truncated_json ... ok
[INFO] [stdout] test test_save_to_readonly_directory ... FAILED
[INFO] [stdout] test test_concurrent_save_and_reset_all_interactions ... ok
[INFO] [stdout] 
[INFO] [stdout] failures:
[INFO] [stdout] 
[INFO] [stdout] ---- test_save_to_readonly_directory stdout ----
[INFO] [stdout] 
[INFO] [stdout] thread 'test_save_to_readonly_directory' (2071) panicked at tests/edge_cases.rs:406:9:
[INFO] [stdout] Save should fail when directory is readonly
[INFO] [stdout] stack backtrace:
[INFO] [stdout]    0:     0x58aa042900c1 - std[70759c8f55707aa4]::backtrace_rs::backtrace::libunwind::trace
[INFO] [stdout]                                at /rustc/dfb0accb7f508ae8be965d8629557221c889dd98/library/std/src/../../backtrace/src/backtrace/libunwind.rs:117:9
[INFO] [stdout]    1:     0x58aa042900c1 - std[70759c8f55707aa4]::backtrace_rs::backtrace::trace_unsynchronized::<std[70759c8f55707aa4]::sys::backtrace::_print_fmt::{closure#1}>
[INFO] [stdout]                                at /rustc/dfb0accb7f508ae8be965d8629557221c889dd98/library/std/src/../../backtrace/src/backtrace/mod.rs:66:14
[INFO] [stdout]    2:     0x58aa042900c1 - std[70759c8f55707aa4]::sys::backtrace::_print_fmt
[INFO] [stdout]                                at /rustc/dfb0accb7f508ae8be965d8629557221c889dd98/library/std/src/sys/backtrace.rs:74:9
[INFO] [stdout]    3:     0x58aa042900c1 - <<std[70759c8f55707aa4]::sys::backtrace::BacktraceLock>::print::DisplayBacktrace as core[df12db4294e9bfd3]::fmt::Display>::fmt
[INFO] [stdout]                                at /rustc/dfb0accb7f508ae8be965d8629557221c889dd98/library/std/src/sys/backtrace.rs:44:26
[INFO] [stdout]    4:     0x58aa042a72ba - <core[df12db4294e9bfd3]::fmt::rt::Argument>::fmt
[INFO] [stdout]                                at /rustc/dfb0accb7f508ae8be965d8629557221c889dd98/library/core/src/fmt/rt.rs:152:76
[INFO] [stdout]    5:     0x58aa042a72ba - core[df12db4294e9bfd3]::fmt::write
[INFO] [stdout]    6:     0x58aa0429486c - core[df12db4294e9bfd3]::io::write::default_write_fmt::<alloc[2182bb758b4b3781]::vec::Vec<u8>>
[INFO] [stdout]                                at /rustc/dfb0accb7f508ae8be965d8629557221c889dd98/library/core/src/io/write.rs:402:11
[INFO] [stdout]    7:     0x58aa0429486c - <alloc[2182bb758b4b3781]::vec::Vec<u8> as core[df12db4294e9bfd3]::io::write::Write>::write_fmt
[INFO] [stdout]                                at /rustc/dfb0accb7f508ae8be965d8629557221c889dd98/library/core/src/io/write.rs:335:13
[INFO] [stdout]    8:     0x58aa0426a1b6 - <std[70759c8f55707aa4]::sys::backtrace::BacktraceLock>::print
[INFO] [stdout]                                at /rustc/dfb0accb7f508ae8be965d8629557221c889dd98/library/std/src/sys/backtrace.rs:47:9
[INFO] [stdout]    9:     0x58aa0426a1b6 - std[70759c8f55707aa4]::panicking::default_hook::{closure#0}
[INFO] [stdout]                                at /rustc/dfb0accb7f508ae8be965d8629557221c889dd98/library/std/src/panicking.rs:292:27
[INFO] [stdout]   10:     0x58aa04287629 - std[70759c8f55707aa4]::panicking::default_hook
[INFO] [stdout]                                at /rustc/dfb0accb7f508ae8be965d8629557221c889dd98/library/std/src/panicking.rs:316:9
[INFO] [stdout]   11:     0x58aa03f4fd80 - <alloc[2182bb758b4b3781]::boxed::Box<dyn for<'a, 'b> core[df12db4294e9bfd3]::ops::function::Fn<(&'a std[70759c8f55707aa4]::panic::PanicHookInfo<'b>,), Output = ()> + core[df12db4294e9bfd3]::marker::Send + core[df12db4294e9bfd3]::marker::Sync> as core[df12db4294e9bfd3]::ops::function::Fn<(&std[70759c8f55707aa4]::panic::PanicHookInfo,)>>::call
[INFO] [stdout]                                at /rustc/dfb0accb7f508ae8be965d8629557221c889dd98/library/alloc/src/boxed.rs:2334:9
[INFO] [stdout]   12:     0x58aa03f4fd80 - test[9d35eded1c95d3be]::test_main_inner::<test[9d35eded1c95d3be]::test_main_static::{closure#0}>::{closure#0}
[INFO] [stdout]                                at /rustc/dfb0accb7f508ae8be965d8629557221c889dd98/library/test/src/lib.rs:155:21
[INFO] [stdout]   13:     0x58aa042877e2 - <alloc[2182bb758b4b3781]::boxed::Box<dyn for<'a, 'b> core[df12db4294e9bfd3]::ops::function::Fn<(&'a std[70759c8f55707aa4]::panic::PanicHookInfo<'b>,), Output = ()> + core[df12db4294e9bfd3]::marker::Send + core[df12db4294e9bfd3]::marker::Sync> as core[df12db4294e9bfd3]::ops::function::Fn<(&std[70759c8f55707aa4]::panic::PanicHookInfo,)>>::call
[INFO] [stdout]                                at /rustc/dfb0accb7f508ae8be965d8629557221c889dd98/library/alloc/src/boxed.rs:2334:9
[INFO] [stdout]   14:     0x58aa042877e2 - std[70759c8f55707aa4]::panicking::panic_with_hook
[INFO] [stdout]                                at /rustc/dfb0accb7f508ae8be965d8629557221c889dd98/library/std/src/panicking.rs:823:13
[INFO] [stdout]   15:     0x58aa0426a294 - std[70759c8f55707aa4]::panicking::panic_handler::{closure#0}
[INFO] [stdout]                                at /rustc/dfb0accb7f508ae8be965d8629557221c889dd98/library/std/src/panicking.rs:681:13
[INFO] [stdout]   16:     0x58aa04262c39 - std[70759c8f55707aa4]::sys::backtrace::__rust_end_short_backtrace::<std[70759c8f55707aa4]::panicking::panic_handler::{closure#0}, !>
[INFO] [stdout]                                at /rustc/dfb0accb7f508ae8be965d8629557221c889dd98/library/std/src/sys/backtrace.rs:182:18
[INFO] [stdout]   17:     0x58aa0426b00d - __rustc[8fa7c3cbc660c2b3]::rust_begin_unwind
[INFO] [stdout]                                at /rustc/dfb0accb7f508ae8be965d8629557221c889dd98/library/std/src/panicking.rs:679:5
[INFO] [stdout]   18:     0x58aa042a7b8c - core[df12db4294e9bfd3]::panicking::panic_fmt
[INFO] [stdout]                                at /rustc/dfb0accb7f508ae8be965d8629557221c889dd98/library/core/src/panicking.rs:80:14
[INFO] [stdout]   19:     0x58aa03f33bb8 - edge_cases[1f3e49ad514ad9b1]::test_save_to_readonly_directory
[INFO] [stdout]                                at /opt/rustwide/workdir/tests/edge_cases.rs:406:9
[INFO] [stdout]   20:     0x58aa03f2b657 - edge_cases[1f3e49ad514ad9b1]::test_save_to_readonly_directory::{closure#0}
[INFO] [stdout]                                at /opt/rustwide/workdir/tests/edge_cases.rs:364:37
[INFO] [stdout]   21:     0x58aa03f2a816 - <edge_cases[1f3e49ad514ad9b1]::test_save_to_readonly_directory::{closure#0} as core[df12db4294e9bfd3]::ops::function::FnOnce<()>>::call_once
[INFO] [stdout]                                at /rustc/dfb0accb7f508ae8be965d8629557221c889dd98/library/core/src/ops/function.rs:250:5
[INFO] [stdout]   22:     0x58aa03f4306b - <fn() -> core[df12db4294e9bfd3]::result::Result<(), alloc[2182bb758b4b3781]::string::String> as core[df12db4294e9bfd3]::ops::function::FnOnce<()>>::call_once
[INFO] [stdout]                                at /rustc/dfb0accb7f508ae8be965d8629557221c889dd98/library/core/src/ops/function.rs:250:5
[INFO] [stdout]   23:     0x58aa03f4306b - test[9d35eded1c95d3be]::__rust_begin_short_backtrace::<core[df12db4294e9bfd3]::result::Result<(), alloc[2182bb758b4b3781]::string::String>, fn() -> core[df12db4294e9bfd3]::result::Result<(), alloc[2182bb758b4b3781]::string::String>>
[INFO] [stdout]                                at /rustc/dfb0accb7f508ae8be965d8629557221c889dd98/library/test/src/lib.rs:733:18
[INFO] [stdout]   24:     0x58aa03f506d5 - test[9d35eded1c95d3be]::run_test_in_process::{closure#0}
[INFO] [stdout]                                at /rustc/dfb0accb7f508ae8be965d8629557221c889dd98/library/test/src/lib.rs:756:74
[INFO] [stdout]   25:     0x58aa03f506d5 - <core[df12db4294e9bfd3]::panic::unwind_safe::AssertUnwindSafe<test[9d35eded1c95d3be]::run_test_in_process::{closure#0}> as core[df12db4294e9bfd3]::ops::function::FnOnce<()>>::call_once
[INFO] [stdout]                                at /rustc/dfb0accb7f508ae8be965d8629557221c889dd98/library/core/src/panic/unwind_safe.rs:275:9
[INFO] [stdout]   26:     0x58aa03f506d5 - std[70759c8f55707aa4]::panicking::catch_unwind::do_call::<core[df12db4294e9bfd3]::panic::unwind_safe::AssertUnwindSafe<test[9d35eded1c95d3be]::run_test_in_process::{closure#0}>, core[df12db4294e9bfd3]::result::Result<(), alloc[2182bb758b4b3781]::string::String>>
[INFO] [stdout]                                at /rustc/dfb0accb7f508ae8be965d8629557221c889dd98/library/std/src/panicking.rs:576:43
[INFO] [stdout]   27:     0x58aa03f506d5 - std[70759c8f55707aa4]::panicking::catch_unwind::<core[df12db4294e9bfd3]::result::Result<(), alloc[2182bb758b4b3781]::string::String>, core[df12db4294e9bfd3]::panic::unwind_safe::AssertUnwindSafe<test[9d35eded1c95d3be]::run_test_in_process::{closure#0}>>
[INFO] [stdout]                                at /rustc/dfb0accb7f508ae8be965d8629557221c889dd98/library/std/src/panicking.rs:544:19
[INFO] [stdout]   28:     0x58aa03f506d5 - std[70759c8f55707aa4]::panic::catch_unwind::<core[df12db4294e9bfd3]::panic::unwind_safe::AssertUnwindSafe<test[9d35eded1c95d3be]::run_test_in_process::{closure#0}>, core[df12db4294e9bfd3]::result::Result<(), alloc[2182bb758b4b3781]::string::String>>
[INFO] [stdout]                                at /rustc/dfb0accb7f508ae8be965d8629557221c889dd98/library/std/src/panic.rs:359:14
[INFO] [stdout]   29:     0x58aa03f506d5 - test[9d35eded1c95d3be]::run_test_in_process
[INFO] [stdout]                                at /rustc/dfb0accb7f508ae8be965d8629557221c889dd98/library/test/src/lib.rs:756:27
[INFO] [stdout]   30:     0x58aa03f506d5 - test[9d35eded1c95d3be]::run_test::{closure#0}
[INFO] [stdout]                                at /rustc/dfb0accb7f508ae8be965d8629557221c889dd98/library/test/src/lib.rs:677:43
[INFO] [stdout]   31:     0x58aa03f49f94 - test[9d35eded1c95d3be]::run_test::{closure#1}
[INFO] [stdout]                                at /rustc/dfb0accb7f508ae8be965d8629557221c889dd98/library/test/src/lib.rs:707:41
[INFO] [stdout]   32:     0x58aa03f49f94 - std[70759c8f55707aa4]::sys::backtrace::__rust_begin_short_backtrace::<test[9d35eded1c95d3be]::run_test::{closure#1}, ()>
[INFO] [stdout]                                at /rustc/dfb0accb7f508ae8be965d8629557221c889dd98/library/std/src/sys/backtrace.rs:166:18
[INFO] [stdout]   33:     0x58aa03f53832 - std[70759c8f55707aa4]::thread::lifecycle::spawn_unchecked::<test[9d35eded1c95d3be]::run_test::{closure#1}, ()>::{closure#1}::{closure#0}
[INFO] [stdout]                                at /rustc/dfb0accb7f508ae8be965d8629557221c889dd98/library/std/src/thread/lifecycle.rs:70:13
[INFO] [stdout]   34:     0x58aa03f53832 - <core[df12db4294e9bfd3]::panic::unwind_safe::AssertUnwindSafe<std[70759c8f55707aa4]::thread::lifecycle::spawn_unchecked<test[9d35eded1c95d3be]::run_test::{closure#1}, ()>::{closure#1}::{closure#0}> as core[df12db4294e9bfd3]::ops::function::FnOnce<()>>::call_once
[INFO] [stdout]                                at /rustc/dfb0accb7f508ae8be965d8629557221c889dd98/library/core/src/panic/unwind_safe.rs:275:9
[INFO] [stdout]   35:     0x58aa03f53832 - std[70759c8f55707aa4]::panicking::catch_unwind::do_call::<core[df12db4294e9bfd3]::panic::unwind_safe::AssertUnwindSafe<std[70759c8f55707aa4]::thread::lifecycle::spawn_unchecked<test[9d35eded1c95d3be]::run_test::{closure#1}, ()>::{closure#1}::{closure#0}>, ()>
[INFO] [stdout]                                at /rustc/dfb0accb7f508ae8be965d8629557221c889dd98/library/std/src/panicking.rs:576:43
[INFO] [stdout]   36:     0x58aa03f53832 - std[70759c8f55707aa4]::panicking::catch_unwind::<(), core[df12db4294e9bfd3]::panic::unwind_safe::AssertUnwindSafe<std[70759c8f55707aa4]::thread::lifecycle::spawn_unchecked<test[9d35eded1c95d3be]::run_test::{closure#1}, ()>::{closure#1}::{closure#0}>>
[INFO] [stdout]                                at /rustc/dfb0accb7f508ae8be965d8629557221c889dd98/library/std/src/panicking.rs:544:19
[INFO] [stdout]   37:     0x58aa03f53832 - std[70759c8f55707aa4]::panic::catch_unwind::<core[df12db4294e9bfd3]::panic::unwind_safe::AssertUnwindSafe<std[70759c8f55707aa4]::thread::lifecycle::spawn_unchecked<test[9d35eded1c95d3be]::run_test::{closure#1}, ()>::{closure#1}::{closure#0}>, ()>
[INFO] [stdout]                                at /rustc/dfb0accb7f508ae8be965d8629557221c889dd98/library/std/src/panic.rs:359:14
[INFO] [stdout]   38:     0x58aa03f53832 - std[70759c8f55707aa4]::thread::lifecycle::spawn_unchecked::<test[9d35eded1c95d3be]::run_test::{closure#1}, ()>::{closure#1}
[INFO] [stdout]                                at /rustc/dfb0accb7f508ae8be965d8629557221c889dd98/library/std/src/thread/lifecycle.rs:68:26
[INFO] [stdout]   39:     0x58aa03f53832 - <std[70759c8f55707aa4]::thread::lifecycle::spawn_unchecked<test[9d35eded1c95d3be]::run_test::{closure#1}, ()>::{closure#1} as core[df12db4294e9bfd3]::ops::function::FnOnce<()>>::call_once::{shim:vtable#0}
[INFO] [stdout]                                at /rustc/dfb0accb7f508ae8be965d8629557221c889dd98/library/core/src/ops/function.rs:250:5
[INFO] [stdout]   40:     0x58aa0428f439 - <alloc[2182bb758b4b3781]::boxed::Box<dyn core[df12db4294e9bfd3]::ops::function::FnOnce<(), Output = ()> + core[df12db4294e9bfd3]::marker::Send> as core[df12db4294e9bfd3]::ops::function::FnOnce<()>>::call_once
[INFO] [stdout]                                at /rustc/dfb0accb7f508ae8be965d8629557221c889dd98/library/alloc/src/boxed.rs:2320:9
[INFO] [stdout]   41:     0x58aa0428f439 - <std[70759c8f55707aa4]::sys::thread::unix::Thread>::new::thread_start
[INFO] [stdout]                                at /rustc/dfb0accb7f508ae8be965d8629557221c889dd98/library/std/src/sys/thread/unix.rs:123:17
[INFO] [stdout]   42:     0x7219b330cdfa - <unknown>
[INFO] [stdout]   43:     0x7219b33a03d4 - clone
[INFO] [stdout]   44:                0x0 - <unknown>
[INFO] [stdout] 
[INFO] [stdout] 
[INFO] [stdout] failures:
[INFO] [stdout]     test_save_to_readonly_directory
[INFO] [stdout] 
[INFO] [stdout] test result: FAILED. 27 passed; 1 failed; 0 ignored; 0 measured; 0 filtered out; finished in 0.24s
[INFO] [stdout] 
[INFO] [stderr] error: test failed, to rerun pass `--test edge_cases`
[INFO] running `Command { std: "docker" "inspect" "3c23fad70b134b8d697268ffd8cfc8f0a739d5c3fdfbc0a3675ab7d01e4539cc", kill_on_drop: false }`
[INFO] running `Command { std: "docker" "rm" "-f" "3c23fad70b134b8d697268ffd8cfc8f0a739d5c3fdfbc0a3675ab7d01e4539cc", kill_on_drop: false }`
[INFO] [stdout] 3c23fad70b134b8d697268ffd8cfc8f0a739d5c3fdfbc0a3675ab7d01e4539cc
