[INFO] fetching crate rastdp 0.4.2...
[INFO] testing rastdp-0.4.2 against 1.99.0-beta.8 for beta-1.100-2
[INFO] extracting crate rastdp 0.4.2 into /workspace/builds/worker-4-tc1/source
[INFO] removed /workspace/builds/worker-4-tc1/source/.cargo/config.toml
[INFO] started tweaking crates.io crate rastdp 0.4.2
[INFO] removed 0 missing tests
[INFO] finished tweaking crates.io crate rastdp 0.4.2
[INFO] tweaked toml for crates.io crate rastdp 0.4.2 written to /workspace/builds/worker-4-tc1/source/Cargo.toml
[INFO] validating manifest of crates.io crate rastdp 0.4.2 on toolchain 1.99.0-beta.8
[INFO] running `Command { std: CARGO_HOME="/workspace/cargo-home" RUSTUP_HOME="/workspace/rustup-home" "/workspace/cargo-home/bin/cargo" "+1.99.0-beta.8" "metadata" "--manifest-path" "Cargo.toml" "--no-deps", kill_on_drop: false }`
[INFO] running `Command { std: CARGO_HOME="/workspace/cargo-home" RUSTUP_HOME="/workspace/rustup-home" "/workspace/cargo-home/bin/cargo" "+1.99.0-beta.8" "generate-lockfile" "--manifest-path" "Cargo.toml", kill_on_drop: false }`
[INFO] [stderr]     Updating crates.io index
[INFO] [stderr]      Locking 94 packages to highest compatible versions
[INFO] [stderr]       Adding rand v0.8.8 (available: v0.10.3)
[INFO] running `Command { std: CARGO_HOME="/workspace/cargo-home" RUSTUP_HOME="/workspace/rustup-home" "/workspace/cargo-home/bin/cargo" "+1.99.0-beta.8" "fetch" "--manifest-path" "Cargo.toml", kill_on_drop: false }`
[INFO] [stderr]  Downloading crates ...
[INFO] [stderr]   Downloaded jiff-static v0.2.38
[INFO] [stderr]   Downloaded async-lazy v0.1.2
[INFO] [stderr]   Downloaded jiff-core v0.1.1
[INFO] [stderr]   Downloaded jiff v0.2.38
[INFO] running `Command { std: "docker" "create" "-v" "/var/lib/crater-agent-workspace/builds/worker-4-tc1/source:/opt/rustwide/workdir:ro,Z" "-v" "/var/lib/crater-agent-workspace/builds/worker-4-tc1/target:/opt/rustwide/target:rw,Z" "-v" "/var/lib/crater-agent-workspace/cargo-home:/opt/rustwide/cargo-home:ro,Z" "-v" "/var/lib/crater-agent-workspace/rustup-home:/opt/rustwide/rustup-home:ro,Z" "-m" "1610612736" "--network" "none" "ghcr.io/rust-lang/crates-build-env/linux@sha256:3111399a4047eeb3a02b7a90e478d715f38a8c6669b5c4b49d30a17385265909" "sleep" "infinity", kill_on_drop: false }`
[INFO] [stdout] d470af1253a9ed1184307e23ffab76069928f1be66ac4515748a8b91d7fbf3f5
[INFO] running `Command { std: "docker" "start" "d470af1253a9ed1184307e23ffab76069928f1be66ac4515748a8b91d7fbf3f5", kill_on_drop: false }`
[INFO] running `Command { std: "docker" "inspect" "d470af1253a9ed1184307e23ffab76069928f1be66ac4515748a8b91d7fbf3f5", kill_on_drop: false }`
[INFO] running `Command { std: "docker" "exec" "-e" "SOURCE_DIR=/opt/rustwide/workdir" "-e" "CARGO_HOME=/opt/rustwide/cargo-home" "-e" "RUSTUP_HOME=/opt/rustwide/rustup-home" "-e" "CARGO_TARGET_DIR=/opt/rustwide/target" "-w" "/opt/rustwide/workdir" "--user" "0:0" "d470af1253a9ed1184307e23ffab76069928f1be66ac4515748a8b91d7fbf3f5" "/opt/rustwide/cargo-home/bin/cargo" "+1.99.0-beta.8" "metadata" "--no-deps" "--format-version=1", kill_on_drop: false }`
[INFO] running `Command { std: "docker" "inspect" "d470af1253a9ed1184307e23ffab76069928f1be66ac4515748a8b91d7fbf3f5", kill_on_drop: false }`
[INFO] running `Command { std: "docker" "exec" "-e" "SOURCE_DIR=/opt/rustwide/workdir" "-e" "CARGO_HOME=/opt/rustwide/cargo-home" "-e" "RUSTUP_HOME=/opt/rustwide/rustup-home" "-e" "CARGO_TARGET_DIR=/opt/rustwide/target" "-e" "CARGO_INCREMENTAL=0" "-e" "RUST_BACKTRACE=full" "-e" "RUSTFLAGS=--cap-lints=warn" "-e" "RUSTDOCFLAGS=--cap-lints=warn" "-w" "/opt/rustwide/workdir" "--user" "0:0" "d470af1253a9ed1184307e23ffab76069928f1be66ac4515748a8b91d7fbf3f5" "/opt/rustwide/cargo-home/bin/cargo" "+1.99.0-beta.8" "build" "--frozen" "--message-format=json", kill_on_drop: false }`
[INFO] [stderr]    Compiling zerocopy v0.8.60
[INFO] [stderr]    Compiling smallvec v1.16.2
[INFO] [stderr]    Compiling getrandom v0.4.3
[INFO] [stderr]    Compiling getrandom v0.2.17
[INFO] [stderr]    Compiling portable-atomic v1.15.0
[INFO] [stderr]    Compiling crossbeam-epoch v0.9.21
[INFO] [stderr]    Compiling syn v3.0.6
[INFO] [stderr]    Compiling errno v0.3.14
[INFO] [stderr]    Compiling signal-hook-registry v1.4.8
[INFO] [stderr]    Compiling rand_core v0.6.4
[INFO] [stderr]    Compiling uuid v1.27.0
[INFO] [stderr]    Compiling parking_lot_core v0.9.12
[INFO] [stderr]    Compiling getrandom v0.3.4
[INFO] [stderr]    Compiling tagptr v0.2.0
[INFO] [stderr]    Compiling parking_lot v0.12.5
[INFO] [stderr]    Compiling dashmap v6.2.1
[INFO] [stderr]    Compiling moka v0.12.16
[INFO] [stderr]    Compiling tokio-macros v2.7.2
[INFO] [stderr]    Compiling tokio v1.53.2
[INFO] [stderr]    Compiling ppv-lite86 v0.2.21
[INFO] [stderr]    Compiling ahash v0.8.12
[INFO] [stderr]    Compiling rand_chacha v0.3.1
[INFO] [stderr]    Compiling rand v0.8.8
[INFO] [stderr]    Compiling rastdp v0.4.2 (/opt/rustwide/workdir)
[INFO] [stdout] warning: use of deprecated module `std::u64`: all constants in this module replaced by associated constants on the type
[INFO] [stdout]  --> src/receiver/mod.rs:1:38
[INFO] [stdout]   |
[INFO] [stdout] 1 | use std::{future::Future, sync::Arc, u64};
[INFO] [stdout]   |                                      ^^^
[INFO] [stdout]   |
[INFO] [stdout]   = note: `#[warn(deprecated)]` on by default
[INFO] [stdout] 
[INFO] [stdout] 
[INFO] [stdout] warning: fields `message_status` and `compressed` are never read
[INFO] [stdout]   --> src/receiver/helpers.rs:9:16
[INFO] [stdout]    |
[INFO] [stdout]  5 | pub(crate) struct IncomingPacketInfo {
[INFO] [stdout]    |                   ------------------ fields in this struct
[INFO] [stdout] ...
[INFO] [stdout]  9 |     pub(crate) message_status: MessageStatus,
[INFO] [stdout]    |                ^^^^^^^^^^^^^^
[INFO] [stdout] 10 |     pub(crate) compressed: bool, 
[INFO] [stdout]    |                ^^^^^^^^^^
[INFO] [stdout]    |
[INFO] [stdout]    = note: `#[warn(dead_code)]` (part of `#[warn(unused)]`) on by default
[INFO] [stdout] 
[INFO] [stdout] 
[INFO] [stderr]     Finished `dev` profile [unoptimized + debuginfo] target(s) in 24.30s
[INFO] running `Command { std: "docker" "inspect" "d470af1253a9ed1184307e23ffab76069928f1be66ac4515748a8b91d7fbf3f5", kill_on_drop: false }`
[INFO] running `Command { std: "docker" "exec" "-e" "SOURCE_DIR=/opt/rustwide/workdir" "-e" "CARGO_HOME=/opt/rustwide/cargo-home" "-e" "RUSTUP_HOME=/opt/rustwide/rustup-home" "-e" "CARGO_TARGET_DIR=/opt/rustwide/target" "-e" "CARGO_INCREMENTAL=0" "-e" "RUST_BACKTRACE=full" "-e" "RUSTFLAGS=--cap-lints=warn" "-e" "RUSTDOCFLAGS=--cap-lints=warn" "-w" "/opt/rustwide/workdir" "--user" "0:0" "d470af1253a9ed1184307e23ffab76069928f1be66ac4515748a8b91d7fbf3f5" "/opt/rustwide/cargo-home/bin/cargo" "+1.99.0-beta.8" "test" "--frozen" "--no-run" "--message-format=json", kill_on_drop: false }`
[INFO] [stderr]    Compiling aho-corasick v1.1.5
[INFO] [stderr]    Compiling regex-syntax v0.8.11
[INFO] [stderr]    Compiling utf8parse v0.2.2
[INFO] [stderr]    Compiling log v0.4.34
[INFO] [stderr]    Compiling jiff-core v0.1.1
[INFO] [stderr]    Compiling is_terminal_polyfill v1.70.2
[INFO] [stderr]    Compiling colorchoice v1.0.5
[INFO] [stderr]    Compiling anstyle-query v1.1.5
[INFO] [stderr]    Compiling anstyle-parse v1.0.0
[INFO] [stderr]    Compiling anstyle v1.0.14
[INFO] [stderr]    Compiling async-lazy v0.1.2
[INFO] [stderr]    Compiling rastdp v0.4.2 (/opt/rustwide/workdir)
[INFO] [stderr]    Compiling anstream v1.0.0
[INFO] [stdout] warning: use of deprecated module `std::u64`: all constants in this module replaced by associated constants on the type
[INFO] [stdout]  --> src/receiver/mod.rs:1:38
[INFO] [stdout]   |
[INFO] [stdout] 1 | use std::{future::Future, sync::Arc, u64};
[INFO] [stdout]   |                                      ^^^
[INFO] [stdout]   |
[INFO] [stdout]   = note: `#[warn(deprecated)]` on by default
[INFO] [stdout] 
[INFO] [stdout] 
[INFO] [stdout] warning: fields `message_status` and `compressed` are never read
[INFO] [stdout]   --> src/receiver/helpers.rs:9:16
[INFO] [stdout]    |
[INFO] [stdout]  5 | pub(crate) struct IncomingPacketInfo {
[INFO] [stdout]    |                   ------------------ fields in this struct
[INFO] [stdout] ...
[INFO] [stdout]  9 |     pub(crate) message_status: MessageStatus,
[INFO] [stdout]    |                ^^^^^^^^^^^^^^
[INFO] [stdout] 10 |     pub(crate) compressed: bool, 
[INFO] [stdout]    |                ^^^^^^^^^^
[INFO] [stdout]    |
[INFO] [stdout]    = note: `#[warn(dead_code)]` (part of `#[warn(unused)]`) on by default
[INFO] [stdout] 
[INFO] [stdout] 
[INFO] [stderr]    Compiling jiff v0.2.38
[INFO] [stderr]    Compiling regex-automata v0.4.18
[INFO] [stderr]    Compiling regex v1.13.1
[INFO] [stderr]    Compiling env_filter v2.0.0
[INFO] [stderr]    Compiling env_logger v0.11.11
[INFO] [stdout] warning: use of deprecated module `std::u64`: all constants in this module replaced by associated constants on the type
[INFO] [stdout]  --> src/receiver/mod.rs:1:38
[INFO] [stdout]   |
[INFO] [stdout] 1 | use std::{future::Future, sync::Arc, u64};
[INFO] [stdout]   |                                      ^^^
[INFO] [stdout]   |
[INFO] [stdout]   = note: `#[warn(deprecated)]` on by default
[INFO] [stdout] 
[INFO] [stdout] 
[INFO] [stdout] warning: use of deprecated associated function `async_lazy::Lazy::<T, Fut, F>::const_new`: use `new` instead
[INFO] [stdout]  --> tests/default.rs:6:70
[INFO] [stdout]   |
[INFO] [stdout] 6 | static RECEIVER: async_lazy::Lazy<Arc<Receiver>> = async_lazy::Lazy::const_new(|| Box::pin(async {
[INFO] [stdout]   |                                                                      ^^^^^^^^^
[INFO] [stdout]   |
[INFO] [stdout]   = note: `#[warn(deprecated)]` on by default
[INFO] [stdout] 
[INFO] [stdout] 
[INFO] [stdout] warning: use of deprecated associated function `async_lazy::Lazy::<T, Fut, F>::const_new`: use `new` instead
[INFO] [stdout]   --> tests/default.rs:11:66
[INFO] [stdout]    |
[INFO] [stdout] 11 | static SENDER: async_lazy::Lazy<Arc<Sender>> = async_lazy::Lazy::const_new(|| Box::pin(async {
[INFO] [stdout]    |                                                                  ^^^^^^^^^
[INFO] [stdout] 
[INFO] [stdout] 
[INFO] [stdout] warning: fields `message_status` and `compressed` are never read
[INFO] [stdout]   --> src/receiver/helpers.rs:9:16
[INFO] [stdout]    |
[INFO] [stdout]  5 | pub(crate) struct IncomingPacketInfo {
[INFO] [stdout]    |                   ------------------ fields in this struct
[INFO] [stdout] ...
[INFO] [stdout]  9 |     pub(crate) message_status: MessageStatus,
[INFO] [stdout]    |                ^^^^^^^^^^^^^^
[INFO] [stdout] 10 |     pub(crate) compressed: bool, 
[INFO] [stdout]    |                ^^^^^^^^^^
[INFO] [stdout]    |
[INFO] [stdout]    = note: `#[warn(dead_code)]` (part of `#[warn(unused)]`) on by default
[INFO] [stdout] 
[INFO] [stdout] 
[INFO] [stderr]     Finished `test` profile [unoptimized + debuginfo] target(s) in 18.98s
[INFO] running `Command { std: "docker" "inspect" "d470af1253a9ed1184307e23ffab76069928f1be66ac4515748a8b91d7fbf3f5", kill_on_drop: false }`
[INFO] running `Command { std: "docker" "exec" "-e" "SOURCE_DIR=/opt/rustwide/workdir" "-e" "CARGO_HOME=/opt/rustwide/cargo-home" "-e" "RUSTUP_HOME=/opt/rustwide/rustup-home" "-e" "CARGO_TARGET_DIR=/opt/rustwide/target" "-e" "CARGO_INCREMENTAL=0" "-e" "RUST_BACKTRACE=full" "-e" "RUSTFLAGS=--cap-lints=warn" "-e" "RUSTDOCFLAGS=--cap-lints=warn" "-w" "/opt/rustwide/workdir" "--user" "0:0" "d470af1253a9ed1184307e23ffab76069928f1be66ac4515748a8b91d7fbf3f5" "/opt/rustwide/cargo-home/bin/cargo" "+1.99.0-beta.8" "test" "--frozen", kill_on_drop: false }`
[INFO] [stderr] warning: use of deprecated module `std::u64`: all constants in this module replaced by associated constants on the type
[INFO] [stderr]  --> src/receiver/mod.rs:1:38
[INFO] [stderr]   |
[INFO] [stderr] 1 | use std::{future::Future, sync::Arc, u64};
[INFO] [stderr]   |                                      ^^^
[INFO] [stderr]   |
[INFO] [stderr]   = note: `#[warn(deprecated)]` on by default
[INFO] [stderr] 
[INFO] [stderr] warning: fields `message_status` and `compressed` are never read
[INFO] [stderr]   --> src/receiver/helpers.rs:9:16
[INFO] [stderr]    |
[INFO] [stderr]  5 | pub(crate) struct IncomingPacketInfo {
[INFO] [stderr]    |                   ------------------ fields in this struct
[INFO] [stderr] ...
[INFO] [stderr]  9 |     pub(crate) message_status: MessageStatus,
[INFO] [stderr]    |                ^^^^^^^^^^^^^^
[INFO] [stderr] 10 |     pub(crate) compressed: bool, 
[INFO] [stderr]    |                ^^^^^^^^^^
[INFO] [stderr]    |
[INFO] [stderr]    = note: `#[warn(dead_code)]` (part of `#[warn(unused)]`) on by default
[INFO] [stderr] 
[INFO] [stderr] warning: `rastdp` (lib) generated 2 warnings
[INFO] [stderr] warning: use of deprecated associated function `async_lazy::Lazy::<T, Fut, F>::const_new`: use `new` instead
[INFO] [stderr]  --> tests/default.rs:6:70
[INFO] [stderr]   |
[INFO] [stderr] 6 | static RECEIVER: async_lazy::Lazy<Arc<Receiver>> = async_lazy::Lazy::const_new(|| Box::pin(async {
[INFO] [stderr]   |                                                                      ^^^^^^^^^
[INFO] [stderr]   |
[INFO] [stderr]   = note: `#[warn(deprecated)]` on by default
[INFO] [stderr] 
[INFO] [stderr] warning: use of deprecated associated function `async_lazy::Lazy::<T, Fut, F>::const_new`: use `new` instead
[INFO] [stderr]   --> tests/default.rs:11:66
[INFO] [stderr]    |
[INFO] [stderr] 11 | static SENDER: async_lazy::Lazy<Arc<Sender>> = async_lazy::Lazy::const_new(|| Box::pin(async {
[INFO] [stderr]    |                                                                  ^^^^^^^^^
[INFO] [stderr] 
[INFO] [stderr] warning: `rastdp` (test "default") generated 2 warnings
[INFO] [stderr] warning: `rastdp` (lib test) generated 2 warnings (2 duplicates)
[INFO] [stderr]     Finished `test` profile [unoptimized + debuginfo] target(s) in 0.14s
[INFO] [stderr]      Running unittests src/lib.rs (/opt/rustwide/target/debug/deps/rastdp-44fb549586c8e77a)
[INFO] [stderr]      Running tests/default.rs (/opt/rustwide/target/debug/deps/default-b3e5761d07aff828)
[INFO] [stdout] 
[INFO] [stdout] running 0 tests
[INFO] [stdout] 
[INFO] [stdout] test result: ok. 0 passed; 0 failed; 0 ignored; 0 measured; 0 filtered out; finished in 0.00s
[INFO] [stdout] 
[INFO] [stdout] 
[INFO] [stdout] running 0 tests
[INFO] [stdout] 
[INFO] [stdout] test result: ok. 0 passed; 0 failed; 0 ignored; 0 measured; 0 filtered out; finished in 0.00s
[INFO] [stdout] 
[INFO] [stderr]    Doc-tests rastdp
[INFO] [stdout] 
[INFO] [stdout] running 2 tests
[INFO] [stdout] test src/lib.rs - sender (line 40) ... FAILED
[INFO] [stdout] test src/lib.rs - receiver (line 1) ... FAILED
[INFO] [stdout] 
[INFO] [stdout] failures:
[INFO] [stdout] 
[INFO] [stdout] ---- src/lib.rs - sender (line 40) stdout ----
[INFO] [stdout] error[E0425]: cannot find type `Arc` in this scope
[INFO] [stdout]   --> src/lib.rs:41:33
[INFO] [stdout]    |
[INFO] [stdout] 41 | static SENDER: async_lazy::Lazy<Arc<Sender>> = async_lazy::Lazy::const_new(|| Box::pin(async {
[INFO] [stdout]    |                                 ^^^ not found in this scope
[INFO] [stdout]    |
[INFO] [stdout] help: consider importing this struct
[INFO] [stdout]    |
[INFO] [stdout] 41 + use std::sync::Arc;
[INFO] [stdout]    |
[INFO] [stdout] 
[INFO] [stdout] error[E0425]: cannot find type `Sender` in this scope
[INFO] [stdout]   --> src/lib.rs:41:37
[INFO] [stdout]    |
[INFO] [stdout] 41 | static SENDER: async_lazy::Lazy<Arc<Sender>> = async_lazy::Lazy::const_new(|| Box::pin(async {
[INFO] [stdout]    |                                     ^^^^^^
[INFO] [stdout]    |
[INFO] [stdout]   --> /rustc/dfb0accb7f508ae8be965d8629557221c889dd98/library/core/src/marker.rs:92:0
[INFO] [stdout]    |
[INFO] [stdout]    = note: similarly named trait `Send` defined here
[INFO] [stdout] help: a trait with a similar name exists
[INFO] [stdout]    |
[INFO] [stdout] 41 - static SENDER: async_lazy::Lazy<Arc<Sender>> = async_lazy::Lazy::const_new(|| Box::pin(async {
[INFO] [stdout] 41 + static SENDER: async_lazy::Lazy<Arc<Send>> = async_lazy::Lazy::const_new(|| Box::pin(async {
[INFO] [stdout]    |
[INFO] [stdout] help: consider importing this struct
[INFO] [stdout]    |
[INFO] [stdout] 41 + use std::sync::mpsc::Sender;
[INFO] [stdout]    |
[INFO] [stdout] 
[INFO] [stdout] error[E0433]: cannot find type `Sender` in this scope
[INFO] [stdout]   --> src/lib.rs:42:18
[INFO] [stdout]    |
[INFO] [stdout] 42 |     let sender = Sender::new("127.0.0.1:8080".to_string()).await.unwrap();
[INFO] [stdout]    |                  ^^^^^^ use of undeclared type `Sender`
[INFO] [stdout]    |
[INFO] [stdout] help: a trait with a similar name exists
[INFO] [stdout]    |
[INFO] [stdout] 42 -     let sender = Sender::new("127.0.0.1:8080".to_string()).await.unwrap();
[INFO] [stdout] 42 +     let sender = Send::new("127.0.0.1:8080".to_string()).await.unwrap();
[INFO] [stdout]    |
[INFO] [stdout] help: consider importing this struct
[INFO] [stdout]    |
[INFO] [stdout] 41 + use std::sync::mpsc::Sender;
[INFO] [stdout]    |
[INFO] [stdout] 
[INFO] [stdout] error[E0433]: cannot find type `Arc` in this scope
[INFO] [stdout]   --> src/lib.rs:43:5
[INFO] [stdout]    |
[INFO] [stdout] 43 |     Arc::new(sender)
[INFO] [stdout]    |     ^^^ use of undeclared type `Arc`
[INFO] [stdout]    |
[INFO] [stdout] help: consider importing this struct
[INFO] [stdout]    |
[INFO] [stdout] 41 + use std::sync::Arc;
[INFO] [stdout]    |
[INFO] [stdout] 
[INFO] [stdout] error[E0433]: cannot find module or crate `io` in this scope
[INFO] [stdout]   --> src/lib.rs:47:20
[INFO] [stdout]    |
[INFO] [stdout] 47 | async fn main() -> io::Result<()> {
[INFO] [stdout]    |                    ^^ use of unresolved module or unlinked crate `io`
[INFO] [stdout]    |
[INFO] [stdout]    = help: if you wanted to use a crate named `io`, use `cargo add io` to add it to your `Cargo.toml`
[INFO] [stdout] help: a builtin type with a similar name exists
[INFO] [stdout]    |
[INFO] [stdout] 47 - async fn main() -> io::Result<()> {
[INFO] [stdout] 47 + async fn main() -> i8::Result<()> {
[INFO] [stdout]    |
[INFO] [stdout] help: consider importing this module
[INFO] [stdout]    |
[INFO] [stdout] 41 + use std::io;
[INFO] [stdout]    |
[INFO] [stdout] 
[INFO] [stdout] warning: use of deprecated associated function `async_lazy::Lazy::<T, Fut, F>::const_new`: use `new` instead
[INFO] [stdout]   --> src/lib.rs:41:66
[INFO] [stdout]    |
[INFO] [stdout] 41 | static SENDER: async_lazy::Lazy<Arc<Sender>> = async_lazy::Lazy::const_new(|| Box::pin(async {
[INFO] [stdout]    |                                                                  ^^^^^^^^^
[INFO] [stdout]    |
[INFO] [stdout]    = note: `#[warn(deprecated)]` on by default
[INFO] [stdout] 
[INFO] [stdout] error: aborting due to 5 previous errors; 1 warning emitted
[INFO] [stdout] 
[INFO] [stdout] Some errors have detailed explanations: E0425, E0433.
[INFO] [stdout] For more information about an error, try `rustc --explain E0425`.
[INFO] [stdout] Couldn't compile the test.
[INFO] [stdout] ---- src/lib.rs - receiver (line 1) stdout ----
[INFO] [stdout] error[E0425]: cannot find type `Arc` in this scope
[INFO] [stdout]  --> src/lib.rs:2:35
[INFO] [stdout]   |
[INFO] [stdout] 2 | static RECEIVER: async_lazy::Lazy<Arc<Receiver>> = async_lazy::Lazy::const_new(|| Box::pin(async {
[INFO] [stdout]   |                                   ^^^ not found in this scope
[INFO] [stdout]   |
[INFO] [stdout] help: consider importing this struct
[INFO] [stdout]   |
[INFO] [stdout] 2 + use std::sync::Arc;
[INFO] [stdout]   |
[INFO] [stdout] 
[INFO] [stdout] error[E0425]: cannot find type `Receiver` in this scope
[INFO] [stdout]  --> src/lib.rs:2:39
[INFO] [stdout]   |
[INFO] [stdout] 2 | static RECEIVER: async_lazy::Lazy<Arc<Receiver>> = async_lazy::Lazy::const_new(|| Box::pin(async {
[INFO] [stdout]   |                                       ^^^^^^^^ not found in this scope
[INFO] [stdout]   |
[INFO] [stdout] help: consider importing this struct
[INFO] [stdout]   |
[INFO] [stdout] 2 + use std::sync::mpsc::Receiver;
[INFO] [stdout]   |
[INFO] [stdout] 
[INFO] [stdout] error[E0433]: cannot find type `Receiver` in this scope
[INFO] [stdout]  --> src/lib.rs:3:20
[INFO] [stdout]   |
[INFO] [stdout] 3 |     let receiver = Receiver::new("127.0.0.1:8080").await.unwrap();
[INFO] [stdout]   |                    ^^^^^^^^ use of undeclared type `Receiver`
[INFO] [stdout]   |
[INFO] [stdout] help: consider importing this struct
[INFO] [stdout]   |
[INFO] [stdout] 2 + use std::sync::mpsc::Receiver;
[INFO] [stdout]   |
[INFO] [stdout] 
[INFO] [stdout] error[E0433]: cannot find type `Arc` in this scope
[INFO] [stdout]  --> src/lib.rs:4:5
[INFO] [stdout]   |
[INFO] [stdout] 4 |     Arc::new(receiver)
[INFO] [stdout]   |     ^^^ use of undeclared type `Arc`
[INFO] [stdout]   |
[INFO] [stdout] help: consider importing this struct
[INFO] [stdout]   |
[INFO] [stdout] 2 + use std::sync::Arc;
[INFO] [stdout]   |
[INFO] [stdout] 
[INFO] [stdout] error[E0433]: cannot find module or crate `io` in this scope
[INFO] [stdout]  --> src/lib.rs:8:20
[INFO] [stdout]   |
[INFO] [stdout] 8 | async fn main() -> io::Result<()> {
[INFO] [stdout]   |                    ^^ use of unresolved module or unlinked crate `io`
[INFO] [stdout]   |
[INFO] [stdout]   = help: if you wanted to use a crate named `io`, use `cargo add io` to add it to your `Cargo.toml`
[INFO] [stdout] help: a builtin type with a similar name exists
[INFO] [stdout]   |
[INFO] [stdout] 8 - async fn main() -> io::Result<()> {
[INFO] [stdout] 8 + async fn main() -> i8::Result<()> {
[INFO] [stdout]   |
[INFO] [stdout] help: consider importing this module
[INFO] [stdout]   |
[INFO] [stdout] 2 + use std::io;
[INFO] [stdout]   |
[INFO] [stdout] 
[INFO] [stdout] warning: use of deprecated associated function `async_lazy::Lazy::<T, Fut, F>::const_new`: use `new` instead
[INFO] [stdout]  --> src/lib.rs:2:70
[INFO] [stdout]   |
[INFO] [stdout] 2 | static RECEIVER: async_lazy::Lazy<Arc<Receiver>> = async_lazy::Lazy::const_new(|| Box::pin(async {
[INFO] [stdout]   |                                                                      ^^^^^^^^^
[INFO] [stdout]   |
[INFO] [stdout]   = note: `#[warn(deprecated)]` on by default
[INFO] [stdout] 
[INFO] [stdout] error: aborting due to 5 previous errors; 1 warning emitted
[INFO] [stdout] 
[INFO] [stdout] Some errors have detailed explanations: E0425, E0433.
[INFO] [stdout] For more information about an error, try `rustc --explain E0425`.
[INFO] [stdout] Couldn't compile the test.
[INFO] [stdout] 
[INFO] [stdout] failures:
[INFO] [stdout]     src/lib.rs - receiver (line 1)
[INFO] [stdout]     src/lib.rs - sender (line 40)
[INFO] [stdout] 
[INFO] [stdout] test result: FAILED. 0 passed; 2 failed; 0 ignored; 0 measured; 0 filtered out; finished in 0.38s
[INFO] [stdout] 
[INFO] [stderr] error: doctest failed, to rerun pass `--doc`
[INFO] running `Command { std: "docker" "inspect" "d470af1253a9ed1184307e23ffab76069928f1be66ac4515748a8b91d7fbf3f5", kill_on_drop: false }`
[INFO] running `Command { std: "docker" "rm" "-f" "d470af1253a9ed1184307e23ffab76069928f1be66ac4515748a8b91d7fbf3f5", kill_on_drop: false }`
[INFO] [stdout] d470af1253a9ed1184307e23ffab76069928f1be66ac4515748a8b91d7fbf3f5
