[INFO] fetching crate raskell 0.1.1...
[INFO] testing raskell-0.1.1 against 1.99.0-beta.8 for beta-1.100-2
[INFO] extracting crate raskell 0.1.1 into /workspace/builds/worker-7-tc1/source
[INFO] started tweaking crates.io crate raskell 0.1.1
[INFO] removed 0 missing examples
[INFO] removed 0 missing tests
[INFO] finished tweaking crates.io crate raskell 0.1.1
[INFO] tweaked toml for crates.io crate raskell 0.1.1 written to /workspace/builds/worker-7-tc1/source/Cargo.toml
[INFO] validating manifest of crates.io crate raskell 0.1.1 on toolchain 1.99.0-beta.8
[INFO] running `Command { std: CARGO_HOME="/workspace/cargo-home" RUSTUP_HOME="/workspace/rustup-home" "/workspace/cargo-home/bin/cargo" "+1.99.0-beta.8" "metadata" "--manifest-path" "Cargo.toml" "--no-deps", kill_on_drop: false }`
[INFO] crate crates.io crate raskell 0.1.1 already has a lockfile, it will not be regenerated
[INFO] running `Command { std: CARGO_HOME="/workspace/cargo-home" RUSTUP_HOME="/workspace/rustup-home" "/workspace/cargo-home/bin/cargo" "+1.99.0-beta.8" "fetch" "--manifest-path" "Cargo.toml", kill_on_drop: false }`
[INFO] [stderr]     Updating crates.io index
[INFO] [stderr]  Downloading crates ...
[INFO] [stderr]   Downloaded toml_writer v1.1.2+spec-1.1.0
[INFO] [stderr]   Downloaded trybuild v1.0.120
[INFO] [stderr]   Downloaded pollster v1.0.1
[INFO] [stderr]   Downloaded target-triple v1.0.1
[INFO] [stderr]   Downloaded raskell-macros v0.1.1
[INFO] [stderr]   Downloaded toml v1.1.4+spec-1.1.0
[INFO] [stderr]   Downloaded toml_edit v0.25.13+spec-1.1.0
[INFO] [stderr]   Downloaded indexmap v2.14.1
[INFO] [stderr]   Downloaded syn v3.0.4
[INFO] running `Command { std: "docker" "create" "-v" "/var/lib/crater-agent-workspace/builds/worker-7-tc1/source:/opt/rustwide/workdir:ro,Z" "-v" "/var/lib/crater-agent-workspace/builds/worker-7-tc1/target:/opt/rustwide/target:rw,Z" "-v" "/var/lib/crater-agent-workspace/cargo-home:/opt/rustwide/cargo-home:ro,Z" "-v" "/var/lib/crater-agent-workspace/rustup-home:/opt/rustwide/rustup-home:ro,Z" "-m" "1610612736" "--network" "none" "ghcr.io/rust-lang/crates-build-env/linux@sha256:3111399a4047eeb3a02b7a90e478d715f38a8c6669b5c4b49d30a17385265909" "sleep" "infinity", kill_on_drop: false }`
[INFO] [stdout] 224fd71d15e107453877b4d8808e2cd36a931704e21294efba2cb5262a9be0e8
[INFO] running `Command { std: "docker" "start" "224fd71d15e107453877b4d8808e2cd36a931704e21294efba2cb5262a9be0e8", kill_on_drop: false }`
[INFO] running `Command { std: "docker" "inspect" "224fd71d15e107453877b4d8808e2cd36a931704e21294efba2cb5262a9be0e8", kill_on_drop: false }`
[INFO] running `Command { std: "docker" "exec" "-e" "SOURCE_DIR=/opt/rustwide/workdir" "-e" "CARGO_HOME=/opt/rustwide/cargo-home" "-e" "RUSTUP_HOME=/opt/rustwide/rustup-home" "-e" "CARGO_TARGET_DIR=/opt/rustwide/target" "-w" "/opt/rustwide/workdir" "--user" "0:0" "224fd71d15e107453877b4d8808e2cd36a931704e21294efba2cb5262a9be0e8" "/opt/rustwide/cargo-home/bin/cargo" "+1.99.0-beta.8" "metadata" "--no-deps" "--format-version=1", kill_on_drop: false }`
[INFO] running `Command { std: "docker" "inspect" "224fd71d15e107453877b4d8808e2cd36a931704e21294efba2cb5262a9be0e8", kill_on_drop: false }`
[INFO] running `Command { std: "docker" "exec" "-e" "SOURCE_DIR=/opt/rustwide/workdir" "-e" "CARGO_HOME=/opt/rustwide/cargo-home" "-e" "RUSTUP_HOME=/opt/rustwide/rustup-home" "-e" "CARGO_TARGET_DIR=/opt/rustwide/target" "-e" "CARGO_INCREMENTAL=0" "-e" "RUST_BACKTRACE=full" "-e" "RUSTFLAGS=--cap-lints=warn" "-e" "RUSTDOCFLAGS=--cap-lints=warn" "-w" "/opt/rustwide/workdir" "--user" "0:0" "224fd71d15e107453877b4d8808e2cd36a931704e21294efba2cb5262a9be0e8" "/opt/rustwide/cargo-home/bin/cargo" "+1.99.0-beta.8" "build" "--frozen" "--message-format=json", kill_on_drop: false }`
[INFO] [stderr]    Compiling proc-macro2 v1.0.107
[INFO] [stderr]    Compiling hashbrown v0.17.1
[INFO] [stderr]    Compiling equivalent v1.0.2
[INFO] [stderr]    Compiling winnow v1.0.4
[INFO] [stderr]    Compiling quote v1.0.47
[INFO] [stderr]    Compiling toml_datetime v1.1.1+spec-1.1.0
[INFO] [stderr]    Compiling indexmap v2.14.1
[INFO] [stderr]    Compiling syn v2.0.119
[INFO] [stderr]    Compiling toml_parser v1.1.3+spec-1.1.0
[INFO] [stderr]    Compiling toml_edit v0.25.13+spec-1.1.0
[INFO] [stderr]    Compiling proc-macro-crate v3.5.0
[INFO] [stderr]    Compiling raskell-macros v0.1.1
[INFO] [stderr]    Compiling raskell v0.1.1 (/opt/rustwide/workdir)
[INFO] [stderr]     Finished `dev` profile [unoptimized + debuginfo] target(s) in 11.17s
[INFO] running `Command { std: "docker" "inspect" "224fd71d15e107453877b4d8808e2cd36a931704e21294efba2cb5262a9be0e8", kill_on_drop: false }`
[INFO] running `Command { std: "docker" "exec" "-e" "SOURCE_DIR=/opt/rustwide/workdir" "-e" "CARGO_HOME=/opt/rustwide/cargo-home" "-e" "RUSTUP_HOME=/opt/rustwide/rustup-home" "-e" "CARGO_TARGET_DIR=/opt/rustwide/target" "-e" "CARGO_INCREMENTAL=0" "-e" "RUST_BACKTRACE=full" "-e" "RUSTFLAGS=--cap-lints=warn" "-e" "RUSTDOCFLAGS=--cap-lints=warn" "-w" "/opt/rustwide/workdir" "--user" "0:0" "224fd71d15e107453877b4d8808e2cd36a931704e21294efba2cb5262a9be0e8" "/opt/rustwide/cargo-home/bin/cargo" "+1.99.0-beta.8" "test" "--frozen" "--no-run" "--message-format=json", kill_on_drop: false }`
[INFO] [stderr]    Compiling serde_core v1.0.229
[INFO] [stderr]    Compiling zmij v1.0.23
[INFO] [stderr]    Compiling winnow v1.0.4
[INFO] [stderr]    Compiling target-triple v1.0.1
[INFO] [stderr]    Compiling serde v1.0.229
[INFO] [stderr]    Compiling serde_json v1.0.151
[INFO] [stderr]    Compiling syn v3.0.4
[INFO] [stderr]    Compiling memchr v2.8.3
[INFO] [stderr]    Compiling toml_writer v1.1.2+spec-1.1.0
[INFO] [stderr]    Compiling termcolor v1.4.1
[INFO] [stderr]    Compiling glob v0.3.4
[INFO] [stderr]    Compiling pollster v1.0.1
[INFO] [stderr]    Compiling toml_parser v1.1.3+spec-1.1.0
[INFO] [stderr]    Compiling serde_derive v1.0.229
[INFO] [stderr]    Compiling toml_datetime v1.1.1+spec-1.1.0
[INFO] [stderr]    Compiling serde_spanned v1.1.1
[INFO] [stderr]    Compiling toml v1.1.4+spec-1.1.0
[INFO] [stderr]    Compiling trybuild v1.0.120
[INFO] [stderr]    Compiling raskell v0.1.1 (/opt/rustwide/workdir)
[INFO] [stderr]     Finished `test` profile [unoptimized + debuginfo] target(s) in 23.08s
[INFO] running `Command { std: "docker" "inspect" "224fd71d15e107453877b4d8808e2cd36a931704e21294efba2cb5262a9be0e8", kill_on_drop: false }`
[INFO] running `Command { std: "docker" "exec" "-e" "SOURCE_DIR=/opt/rustwide/workdir" "-e" "CARGO_HOME=/opt/rustwide/cargo-home" "-e" "RUSTUP_HOME=/opt/rustwide/rustup-home" "-e" "CARGO_TARGET_DIR=/opt/rustwide/target" "-e" "CARGO_INCREMENTAL=0" "-e" "RUST_BACKTRACE=full" "-e" "RUSTFLAGS=--cap-lints=warn" "-e" "RUSTDOCFLAGS=--cap-lints=warn" "-w" "/opt/rustwide/workdir" "--user" "0:0" "224fd71d15e107453877b4d8808e2cd36a931704e21294efba2cb5262a9be0e8" "/opt/rustwide/cargo-home/bin/cargo" "+1.99.0-beta.8" "test" "--frozen", kill_on_drop: false }`
[INFO] [stderr]     Finished `test` profile [unoptimized + debuginfo] target(s) in 0.07s
[INFO] [stderr]      Running unittests src/lib.rs (/opt/rustwide/target/debug/deps/raskell-5002bdc3d537a5f1)
[INFO] [stdout] 
[INFO] [stdout] running 1 test
[INFO] [stdout] test tests::hdo_works_inside_the_support_crate ... ok
[INFO] [stdout] 
[INFO] [stdout] test result: ok. 1 passed; 0 failed; 0 ignored; 0 measured; 0 filtered out; finished in 0.00s
[INFO] [stdout] 
[INFO] [stderr]      Running tests/async_hdo.rs (/opt/rustwide/target/debug/deps/async_hdo-3d21518f436d3bba)
[INFO] [stdout] 
[INFO] [stdout] running 20 tests
[INFO] [stdout] test a_sync_block_nests_inside_an_async_one ... ok
[INFO] [stdout] test items_and_typed_lets_survive_expansion ... ok
[INFO] [stdout] test nothing_after_a_failure_is_awaited ... ok
[INFO] [stdout] test awaits_inside_every_position ... ok
[INFO] [stdout] test action_short_circuits ... ok
[INFO] [stdout] test an_async_block_without_binds_still_wraps_pure ... ok
[INFO] [stdout] test ascription_pins_the_bound_type ... ok
[INFO] [stdout] test guard_throws ... ok
[INFO] [stdout] test option_block ... ok
[INFO] [stdout] test option_block_short_circuits ... ok
[INFO] [stdout] test refutable_pattern_with_throw ... ok
[INFO] [stdout] test the_block_is_a_plain_future ... ok
[INFO] [stdout] test short_circuits_on_err ... ok
[INFO] [stdout] test option_actions_short_circuit ... ok
[INFO] [stdout] test refutable_pattern_in_option_block ... ok
[INFO] [stdout] test the_future_is_send_and_static ... ok
[INFO] [stdout] test unit_statements_do_not_short_circuit ... ok
[INFO] [stdout] test user_bindings_named_like_the_expansion_are_untouched ... ok
[INFO] [stdout] test try_bind_converts_error ... ok
[INFO] [stdout] test try_bind_with_a_refutable_pattern ... ok
[INFO] [stdout] 
[INFO] [stdout] test result: ok. 20 passed; 0 failed; 0 ignored; 0 measured; 0 filtered out; finished in 0.02s
[INFO] [stdout] 
[INFO] [stderr]      Running tests/features.rs (/opt/rustwide/target/debug/deps/features-d2f7b5012634e9ad)
[INFO] [stdout] 
[INFO] [stdout] running 11 tests
[INFO] [stdout] test list_guard_filters ... ok
[INFO] [stdout] test list_let_and_nested_guard ... ok
[INFO] [stdout] test statement_expression_semantics_are_monadic ... ok
[INFO] [stdout] test try_bind_converts_error ... ok
[INFO] [stdout] test try_bind_nested_in_plain_bind ... ok
[INFO] [stdout] test empty_list_short_circuits ... ok
[INFO] [stdout] test try_bind_with_ascription ... ok
[INFO] [stdout] test try_bind_passes_value_through ... ok
[INFO] [stdout] test discarding_an_action_keeps_it_out_of_the_chain ... ok
[INFO] [stdout] test list_bind_is_a_cartesian_product ... ok
[INFO] [stdout] test try_bind_with_refutable_pattern ... ok
[INFO] [stdout] 
[INFO] [stdout] test result: ok. 11 passed; 0 failed; 0 ignored; 0 measured; 0 filtered out; finished in 0.01s
[INFO] [stdout] 
[INFO] [stdout] 
[INFO] [stdout] running 26 tests
[INFO] [stderr]      Running tests/hdo.rs (/opt/rustwide/target/debug/deps/hdo-6b05d254ce996eb8)
[INFO] [stdout] test bare_result_action_short_circuits ... ok
[INFO] [stdout] test bind_type_ascription_on_option_pattern ... ok
[INFO] [stdout] test bind_type_ascription_on_reference ... ok
[INFO] [stdout] test bind_type_ascription_on_irrefutable_pattern ... ok
[INFO] [stdout] test let_type_ascription_works ... ok
[INFO] [stdout] test option_bind ... ok
[INFO] [stdout] test bind_type_ascription_on_tuple ... ok
[INFO] [stdout] test multiple_typed_binds_chain ... ok
[INFO] [stdout] test option_guard_passes ... ok
[INFO] [stdout] test bind_type_ascription_with_nested_generics ... ok
[INFO] [stdout] test let_bindings_work ... ok
[INFO] [stdout] test bind_type_ascription_pins_untyped_expression ... ok
[INFO] [stdout] test option_guard_stops ... ok
[INFO] [stdout] test option_refutable_pattern_fails ... ok
[INFO] [stdout] test option_refutable_pattern_matches ... ok
[INFO] [stdout] test result_guard_passes ... ok
[INFO] [stdout] test result_guard_throws ... ok
[INFO] [stdout] test ordinary_rust_statements_work ... ok
[INFO] [stdout] test option_short_circuits_on_none ... ok
[INFO] [stdout] test result_bind ... ok
[INFO] [stdout] test result_refutable_pattern_matches ... ok
[INFO] [stdout] test result_refutable_pattern_mismatch_throws ... ok
[INFO] [stdout] test typed_bind_still_short_circuits_on_error ... ok
[INFO] [stdout] test result_refutable_pattern_preserves_error ... ok
[INFO] [stdout] test typed_bind_without_ascription_still_works ... ok
[INFO] [stdout] test typed_bind_throws_on_pattern_mismatch ... ok
[INFO] [stdout] 
[INFO] [stdout] test result: ok. 26 passed; 0 failed; 0 ignored; 0 measured; 0 filtered out; finished in 0.03s
[INFO] [stdout] 
[INFO] [stderr]      Running tests/semantics.rs (/opt/rustwide/target/debug/deps/semantics-708250fdd466d9de)
[INFO] [stdout] 
[INFO] [stdout] running 14 tests
[INFO] [stdout] test a_list_bind_evaluates_the_rest_once_per_element ... ok
[INFO] [stdout] test a_wildcard_bind_discards_the_value ... ok
[INFO] [stdout] test a_leading_guard_short_circuits ... ok
[INFO] [stdout] test blocks_work_inside_generic_functions ... ok
[INFO] [stdout] test an_empty_list_stops_evaluation ... ok
[INFO] [stdout] test non_copy_values_move_through_the_block ... ok
[INFO] [stdout] test nothing_after_an_err_is_evaluated ... ok
[INFO] [stdout] test a_thrown_guard_stops_evaluation ... ok
[INFO] [stdout] test blocks_nest ... ok
[INFO] [stdout] test a_block_with_only_pure_is_a_plain_value ... ok
[INFO] [stdout] test user_bindings_named_like_the_expansion_are_untouched ... ok
[INFO] [stdout] test a_failed_guard_stops_evaluation ... ok
[INFO] [stdout] test a_block_without_binds_is_a_plain_value ... ok
[INFO] [stdout] test nothing_after_a_none_is_evaluated ... ok
[INFO] [stdout] 
[INFO] [stdout] test result: ok. 14 passed; 0 failed; 0 ignored; 0 measured; 0 filtered out; finished in 0.01s
[INFO] [stdout] 
[INFO] [stderr]      Running tests/tail.rs (/opt/rustwide/target/debug/deps/tail-aff713407cf12a1d)
[INFO] [stdout] 
[INFO] [stdout] running 18 tests
[INFO] [stdout] test async_short_circuits_before_the_tail ... ok
[INFO] [stdout] test async_pure_still_works ... ok
[INFO] [stdout] test option_tail ... ok
[INFO] [stdout] test async_tail ... ok
[INFO] [stdout] test async_tail_awaits ... ok
[INFO] [stdout] test option_tail_can_fail ... ok
[INFO] [stdout] test option_tail_short_circuits_before_running ... ok
[INFO] [stdout] test pure_with_a_trailing_semicolon_still_works ... ok
[INFO] [stdout] test result_tail ... ok
[INFO] [stdout] test list_tail ... ok
[INFO] [stdout] test pure_still_works ... ok
[INFO] [stdout] test async_tail_propagates_its_error ... ok
[INFO] [stdout] test list_tail_can_be_empty ... ok
[INFO] [stdout] test tail_follows_every_other_statement ... ok
[INFO] [stdout] test tail_after_a_try_bind ... ok
[INFO] [stdout] test result_tail_propagates_its_error ... ok
[INFO] [stdout] test tail_after_a_typed_bind ... ok
[INFO] [stdout] test tail_after_a_refutable_bind ... ok
[INFO] [stdout] 
[INFO] [stdout] test result: ok. 18 passed; 0 failed; 0 ignored; 0 measured; 0 filtered out; finished in 0.01s
[INFO] [stdout] 
[INFO] [stderr]      Running tests/ui.rs (/opt/rustwide/target/debug/deps/ui-5085c37e3c74c1e5)
[INFO] [stdout] 
[INFO] [stdout] running 1 test
[INFO] [stderr]    Compiling proc-macro2 v1.0.107
[INFO] [stderr]    Compiling winnow v1.0.4
[INFO] [stderr]    Compiling quote v1.0.47
[INFO] [stderr]    Compiling hashbrown v0.17.1
[INFO] [stderr]    Compiling equivalent v1.0.2
[INFO] [stderr]    Compiling unicode-ident v1.0.24
[INFO] [stderr]    Compiling toml_datetime v1.1.1+spec-1.1.0
[INFO] [stderr]    Compiling pollster v1.0.1
[INFO] [stderr]    Compiling indexmap v2.14.1
[INFO] [stderr]    Compiling syn v2.0.119
[INFO] [stderr]    Compiling toml_parser v1.1.3+spec-1.1.0
[INFO] [stderr]    Compiling toml_edit v0.25.13+spec-1.1.0
[INFO] [stderr]    Compiling proc-macro-crate v3.5.0
[INFO] [stderr]    Compiling raskell-macros v0.1.1
[INFO] [stderr]    Compiling raskell v0.1.1 (/opt/rustwide/workdir)
[INFO] [stderr]    Compiling raskell-tests v0.0.0 (/opt/rustwide/target/tests/trybuild/raskell)
[INFO] [stderr]     Finished `dev` profile [unoptimized + debuginfo] target(s) in 15.31s
[INFO] [stderr] 
[INFO] [stderr] 
[INFO] [stderr] test tests/ui/fail/async_bind_without_await.rs [should fail to compile] ... ok
[INFO] [stderr] test tests/ui/fail/async_list_bind.rs [should fail to compile] ... ok
[INFO] [stderr] test tests/ui/fail/async_tail_is_a_plain_value.rs [should fail to compile] ... ok
[INFO] [stderr] test tests/ui/fail/async_trailing_tokens.rs [should fail to compile] ... ok
[INFO] [stderr] test tests/ui/fail/guard_missing_semicolon.rs [should fail to compile] ... ok
[INFO] [stderr] test tests/ui/fail/guard_without_throw_in_result.rs [should fail to compile] ... mismatch
[INFO] [stderr] 
[INFO] [stderr] EXPECTED:
[INFO] [stderr] ┈┈┈┈┈┈┈┈┈┈┈┈┈┈┈┈┈┈┈┈┈┈┈┈┈┈┈┈┈┈┈┈┈┈┈┈┈┈┈┈┈┈┈┈┈┈┈┈┈┈┈┈┈┈┈┈┈┈┈┈
[INFO] [stderr] error[E0277]: `Option<i32>` cannot be used as the rest of a `Result` block in `hdo!`
[INFO] [stderr]   --> tests/ui/fail/guard_without_throw_in_result.rs:13:33
[INFO] [stderr]    |
[INFO] [stderr] 13 |       let _: Result<i32, Error> = hdo! {
[INFO] [stderr]    |  _________________________________^
[INFO] [stderr] 14 | |         x <- source();
[INFO] [stderr] 15 | |
[INFO] [stderr] 16 | |         guard x > 5;
[INFO] [stderr] 17 | |
[INFO] [stderr] 18 | |         pure x
[INFO] [stderr] 19 | |     };
[INFO] [stderr]    | |     ^
[INFO] [stderr]    | |     |
[INFO] [stderr]    | |_____expected `Result<_, Error>` or `pure`
[INFO] [stderr]    |       required by a bound introduced by this call
[INFO] [stderr]    |
[INFO] [stderr]    = help: the trait `raskell::__private::ResultContinuation<Error>` is not implemented for `Option<i32>`
[INFO] [stderr]    = note: `guard condition;` produces `Option`; inside a `Result` block write `guard condition throw MyError;`
[INFO] [stderr]    = note: to bind a `Result` with a different error type, use `<-?`, which converts through `From`
[INFO] [stderr] help: the trait `raskell::__private::ResultContinuation<E>` is implemented for `Result<T, E>`
[INFO] [stderr]   --> src/__private.rs
[INFO] [stderr]    |
[INFO] [stderr]    | impl<T, E> ResultContinuation<E> for Result<T, E> {
[INFO] [stderr]    | ^^^^^^^^^^^^^^^^^^^^^^^^^^^^^^^^^^^^^^^^^^^^^^^^^
[INFO] [stderr]    = note: required for `Result<i32, Error>` to implement `raskell::__private::HdoBind<{closure@$DIR/tests/ui/fail/guard_without_throw_in_result.rs:13:33: 19:6}>`
[INFO] [stderr] ┈┈┈┈┈┈┈┈┈┈┈┈┈┈┈┈┈┈┈┈┈┈┈┈┈┈┈┈┈┈┈┈┈┈┈┈┈┈┈┈┈┈┈┈┈┈┈┈┈┈┈┈┈┈┈┈┈┈┈┈
[INFO] [stderr] 
[INFO] [stderr] ACTUAL OUTPUT:
[INFO] [stderr] ┈┈┈┈┈┈┈┈┈┈┈┈┈┈┈┈┈┈┈┈┈┈┈┈┈┈┈┈┈┈┈┈┈┈┈┈┈┈┈┈┈┈┈┈┈┈┈┈┈┈┈┈┈┈┈┈┈┈┈┈
[INFO] [stderr] error[E0277]: `Option<i32>` cannot be used as the rest of a `Result` block in `hdo!`
[INFO] [stderr]   --> tests/ui/fail/guard_without_throw_in_result.rs:13:33
[INFO] [stderr]    |
[INFO] [stderr] 13 |       let _: Result<i32, Error> = hdo! {
[INFO] [stderr]    |  _________________________________^
[INFO] [stderr] 14 | |         x <- source();
[INFO] [stderr] 15 | |
[INFO] [stderr] 16 | |         guard x > 5;
[INFO] [stderr] 17 | |
[INFO] [stderr] 18 | |         pure x
[INFO] [stderr] 19 | |     };
[INFO] [stderr]    | |     ^
[INFO] [stderr]    | |     |
[INFO] [stderr]    | |_____expected `Result<_, Error>` or `pure`
[INFO] [stderr]    |       required by a bound introduced by this call
[INFO] [stderr]    |
[INFO] [stderr]    = help: the trait `raskell::__private::ResultContinuation<Error>` is not implemented for `Option<i32>`
[INFO] [stderr]    = note: `guard condition;` produces `Option`; inside a `Result` block write `guard condition throw MyError;`
[INFO] [stderr]    = note: to bind a `Result` with a different error type, use `<-?`, which converts through `From`
[INFO] [stderr] help: the trait `raskell::__private::ResultContinuation<E>` is implemented for `Result<T, E>`
[INFO] [stderr]   --> src/__private.rs
[INFO] [stderr]    |
[INFO] [stderr]    | impl<T, E> ResultContinuation<E> for Result<T, E> {
[INFO] [stderr]    | ^^^^^^^^^^^^^^^^^^^^^^^^^^^^^^^^^^^^^^^^^^^^^^^^^
[INFO] [stderr]    = note: required for `Result<i32, Error>` to implement `raskell::__private::HdoBind<_>`
[INFO] [stderr] 
[INFO] [stderr] error[E0277]: `Option<i32>` cannot be used as the rest of a `Result` block in `hdo!`
[INFO] [stderr]   --> tests/ui/fail/guard_without_throw_in_result.rs:13:33
[INFO] [stderr]    |
[INFO] [stderr] 13 |       let _: Result<i32, Error> = hdo! {
[INFO] [stderr]    |  _________________________________^
[INFO] [stderr] 14 | |         x <- source();
[INFO] [stderr] 15 | |
[INFO] [stderr] 16 | |         guard x > 5;
[INFO] [stderr] 17 | |
[INFO] [stderr] 18 | |         pure x
[INFO] [stderr] 19 | |     };
[INFO] [stderr]    | |_____^ expected `Result<_, Error>` or `pure`
[INFO] [stderr]    |
[INFO] [stderr]    = help: the trait `raskell::__private::ResultContinuation<Error>` is not implemented for `Option<i32>`
[INFO] [stderr]    = note: `guard condition;` produces `Option`; inside a `Result` block write `guard condition throw MyError;`
[INFO] [stderr]    = note: to bind a `Result` with a different error type, use `<-?`, which converts through `From`
[INFO] [stderr] help: the trait `raskell::__private::ResultContinuation<E>` is implemented for `Result<T, E>`
[INFO] [stderr]   --> src/__private.rs
[INFO] [stderr]    |
[INFO] [stderr]    | impl<T, E> ResultContinuation<E> for Result<T, E> {
[INFO] [stderr]    | ^^^^^^^^^^^^^^^^^^^^^^^^^^^^^^^^^^^^^^^^^^^^^^^^^
[INFO] [stderr]    = note: required for `Result<i32, Error>` to implement `raskell::__private::HdoBind<{closure@$DIR/tests/ui/fail/guard_without_throw_in_result.rs:13:33: 19:6}>`
[INFO] [stderr]    = note: this error originates in the macro `hdo` (in Nightly builds, run with -Z macro-backtrace for more info)
[INFO] [stderr] ┈┈┈┈┈┈┈┈┈┈┈┈┈┈┈┈┈┈┈┈┈┈┈┈┈┈┈┈┈┈┈┈┈┈┈┈┈┈┈┈┈┈┈┈┈┈┈┈┈┈┈┈┈┈┈┈┈┈┈┈
[INFO] [stderr] note: If the actual output is the correct output you can bless it by rerunning
[INFO] [stderr]       your test with the environment variable TRYBUILD=overwrite
[INFO] [stderr] 
[INFO] [stderr] test tests/ui/fail/list_refutable_pattern.rs [should fail to compile] ... ok
[INFO] [stderr] test tests/ui/fail/missing_pure.rs [should fail to compile] ... ok
[INFO] [stderr] test tests/ui/fail/pure_not_last.rs [should fail to compile] ... ok
[INFO] [stderr] test tests/ui/fail/result_pattern_without_throw.rs [should fail to compile] ... ok
[INFO] [stderr] test tests/ui/fail/tail_is_a_plain_value.rs [should fail to compile] ... mismatch
[INFO] [stderr] 
[INFO] [stderr] EXPECTED:
[INFO] [stderr] ┈┈┈┈┈┈┈┈┈┈┈┈┈┈┈┈┈┈┈┈┈┈┈┈┈┈┈┈┈┈┈┈┈┈┈┈┈┈┈┈┈┈┈┈┈┈┈┈┈┈┈┈┈┈┈┈┈┈┈┈
[INFO] [stderr] error[E0277]: `{integer}` cannot be used as the rest of an `Option` block in `hdo!`
[INFO] [stderr]  --> tests/ui/fail/tail_is_a_plain_value.rs:4:26
[INFO] [stderr]   |
[INFO] [stderr] 4 |       let _: Option<i32> = hdo! {
[INFO] [stderr]   |  __________________________^
[INFO] [stderr] 5 | |         x <- Some(10);
[INFO] [stderr] 6 | |
[INFO] [stderr] 7 | |         x + 1
[INFO] [stderr] 8 | |     };
[INFO] [stderr]   | |     ^
[INFO] [stderr]   | |     |
[INFO] [stderr]   | |_____expected `Option` or `pure`
[INFO] [stderr]   |       required by a bound introduced by this call
[INFO] [stderr]   |
[INFO] [stderr]   = help: the trait `raskell::__private::OptionContinuation` is not implemented for `{integer}`
[INFO] [stderr]   = note: every statement after an `Option` bind must produce `Option` or end in `pure`
[INFO] [stderr] help: the trait `raskell::__private::OptionContinuation` is implemented for `Option<T>`
[INFO] [stderr]  --> src/__private.rs
[INFO] [stderr]   |
[INFO] [stderr]   | impl<T> OptionContinuation for Option<T> {
[INFO] [stderr]   | ^^^^^^^^^^^^^^^^^^^^^^^^^^^^^^^^^^^^^^^^
[INFO] [stderr]   = note: required for `Option<{integer}>` to implement `raskell::__private::HdoBind<{closure@$DIR/tests/ui/fail/tail_is_a_plain_value.rs:4:26: 8:6}>`
[INFO] [stderr] ┈┈┈┈┈┈┈┈┈┈┈┈┈┈┈┈┈┈┈┈┈┈┈┈┈┈┈┈┈┈┈┈┈┈┈┈┈┈┈┈┈┈┈┈┈┈┈┈┈┈┈┈┈┈┈┈┈┈┈┈
[INFO] [stderr] 
[INFO] [stderr] ACTUAL OUTPUT:
[INFO] [stderr] ┈┈┈┈┈┈┈┈┈┈┈┈┈┈┈┈┈┈┈┈┈┈┈┈┈┈┈┈┈┈┈┈┈┈┈┈┈┈┈┈┈┈┈┈┈┈┈┈┈┈┈┈┈┈┈┈┈┈┈┈
[INFO] [stderr] error[E0277]: `{integer}` cannot be used as the rest of an `Option` block in `hdo!`
[INFO] [stderr]  --> tests/ui/fail/tail_is_a_plain_value.rs:4:26
[INFO] [stderr]   |
[INFO] [stderr] 4 |       let _: Option<i32> = hdo! {
[INFO] [stderr]   |  __________________________^
[INFO] [stderr] 5 | |         x <- Some(10);
[INFO] [stderr] 6 | |
[INFO] [stderr] 7 | |         x + 1
[INFO] [stderr] 8 | |     };
[INFO] [stderr]   | |     ^
[INFO] [stderr]   | |     |
[INFO] [stderr]   | |_____expected `Option` or `pure`
[INFO] [stderr]   |       required by a bound introduced by this call
[INFO] [stderr]   |
[INFO] [stderr]   = help: the trait `raskell::__private::OptionContinuation` is not implemented for `{integer}`
[INFO] [stderr]   = note: every statement after an `Option` bind must produce `Option` or end in `pure`
[INFO] [stderr] help: the trait `raskell::__private::OptionContinuation` is implemented for `Option<T>`
[INFO] [stderr]  --> src/__private.rs
[INFO] [stderr]   |
[INFO] [stderr]   | impl<T> OptionContinuation for Option<T> {
[INFO] [stderr]   | ^^^^^^^^^^^^^^^^^^^^^^^^^^^^^^^^^^^^^^^^
[INFO] [stderr]   = note: required for `Option<{integer}>` to implement `raskell::__private::HdoBind<_>`
[INFO] [stderr] 
[INFO] [stderr] error[E0277]: `{integer}` cannot be used as the rest of an `Option` block in `hdo!`
[INFO] [stderr]  --> tests/ui/fail/tail_is_a_plain_value.rs:4:26
[INFO] [stderr]   |
[INFO] [stderr] 4 |       let _: Option<i32> = hdo! {
[INFO] [stderr]   |  __________________________^
[INFO] [stderr] 5 | |         x <- Some(10);
[INFO] [stderr] 6 | |
[INFO] [stderr] 7 | |         x + 1
[INFO] [stderr] 8 | |     };
[INFO] [stderr]   | |_____^ expected `Option` or `pure`
[INFO] [stderr]   |
[INFO] [stderr]   = help: the trait `raskell::__private::OptionContinuation` is not implemented for `{integer}`
[INFO] [stderr]   = note: every statement after an `Option` bind must produce `Option` or end in `pure`
[INFO] [stderr] help: the trait `raskell::__private::OptionContinuation` is implemented for `Option<T>`
[INFO] [stderr]  --> src/__private.rs
[INFO] [stderr]   |
[INFO] [stderr]   | impl<T> OptionContinuation for Option<T> {
[INFO] [stderr]   | ^^^^^^^^^^^^^^^^^^^^^^^^^^^^^^^^^^^^^^^^
[INFO] [stderr]   = note: required for `Option<{integer}>` to implement `raskell::__private::HdoBind<{closure@$DIR/tests/ui/fail/tail_is_a_plain_value.rs:4:26: 8:6}>`
[INFO] [stderr]   = note: this error originates in the macro `hdo` (in Nightly builds, run with -Z macro-backtrace for more info)
[INFO] [stderr] ┈┈┈┈┈┈┈┈┈┈┈┈┈┈┈┈┈┈┈┈┈┈┈┈┈┈┈┈┈┈┈┈┈┈┈┈┈┈┈┈┈┈┈┈┈┈┈┈┈┈┈┈┈┈┈┈┈┈┈┈
[INFO] [stderr] note: If the actual output is the correct output you can bless it by rerunning
[INFO] [stderr]       your test with the environment variable TRYBUILD=overwrite
[INFO] [stderr] 
[INFO] [stderr] test tests/ui/fail/tail_with_semicolon.rs [should fail to compile] ... ok
[INFO] [stderr] test tests/ui/fail/try_bind_on_option.rs [should fail to compile] ... ok
[INFO] [stderr] test tests/ui/fail/try_bind_refutable_without_throw.rs [should fail to compile] ... ok
[INFO] [stderr] test tests/ui/fail/unsupported_monad.rs [should fail to compile] ... ok
[INFO] [stderr] test tests/ui/pass/basic.rs [should pass] ... ok
[INFO] [stderr] 
[INFO] [stderr] 
[INFO] [stdout] test ui ... FAILED
[INFO] [stdout] 
[INFO] [stdout] failures:
[INFO] [stdout] 
[INFO] [stdout] ---- ui stdout ----
[INFO] [stdout] 
[INFO] [stdout] thread 'ui' (875) panicked at /opt/rustwide/cargo-home/registry/src/index.crates.io-1949cf8c6b5b557f/trybuild-1.0.120/src/run.rs:103:13:
[INFO] [stdout] 2 of 16 tests failed
[INFO] [stdout] stack backtrace:
[INFO] [stdout]    0:     0x61278a5a4291 - std[70759c8f55707aa4]::backtrace_rs::backtrace::libunwind::trace
[INFO] [stdout]                                at /rustc/dfb0accb7f508ae8be965d8629557221c889dd98/library/std/src/../../backtrace/src/backtrace/libunwind.rs:117:9
[INFO] [stdout]    1:     0x61278a5a4291 - std[70759c8f55707aa4]::backtrace_rs::backtrace::trace_unsynchronized::<std[70759c8f55707aa4]::sys::backtrace::_print_fmt::{closure#1}>
[INFO] [stdout]                                at /rustc/dfb0accb7f508ae8be965d8629557221c889dd98/library/std/src/../../backtrace/src/backtrace/mod.rs:66:14
[INFO] [stdout]    2:     0x61278a5a4291 - std[70759c8f55707aa4]::sys::backtrace::_print_fmt
[INFO] [stdout]                                at /rustc/dfb0accb7f508ae8be965d8629557221c889dd98/library/std/src/sys/backtrace.rs:74:9
[INFO] [stdout]    3:     0x61278a5a4291 - <<std[70759c8f55707aa4]::sys::backtrace::BacktraceLock>::print::DisplayBacktrace as core[df12db4294e9bfd3]::fmt::Display>::fmt
[INFO] [stdout]                                at /rustc/dfb0accb7f508ae8be965d8629557221c889dd98/library/std/src/sys/backtrace.rs:44:26
[INFO] [stdout]    4:     0x61278a5baa9a - <core[df12db4294e9bfd3]::fmt::rt::Argument>::fmt
[INFO] [stdout]                                at /rustc/dfb0accb7f508ae8be965d8629557221c889dd98/library/core/src/fmt/rt.rs:152:76
[INFO] [stdout]    5:     0x61278a5baa9a - core[df12db4294e9bfd3]::fmt::write
[INFO] [stdout]    6:     0x61278a5a8d5c - core[df12db4294e9bfd3]::io::write::default_write_fmt::<alloc[2182bb758b4b3781]::vec::Vec<u8>>
[INFO] [stdout]                                at /rustc/dfb0accb7f508ae8be965d8629557221c889dd98/library/core/src/io/write.rs:402:11
[INFO] [stdout]    7:     0x61278a5a8d5c - <alloc[2182bb758b4b3781]::vec::Vec<u8> as core[df12db4294e9bfd3]::io::write::Write>::write_fmt
[INFO] [stdout]                                at /rustc/dfb0accb7f508ae8be965d8629557221c889dd98/library/core/src/io/write.rs:335:13
[INFO] [stdout]    8:     0x61278a57d776 - <std[70759c8f55707aa4]::sys::backtrace::BacktraceLock>::print
[INFO] [stdout]                                at /rustc/dfb0accb7f508ae8be965d8629557221c889dd98/library/std/src/sys/backtrace.rs:47:9
[INFO] [stdout]    9:     0x61278a57d776 - std[70759c8f55707aa4]::panicking::default_hook::{closure#0}
[INFO] [stdout]                                at /rustc/dfb0accb7f508ae8be965d8629557221c889dd98/library/std/src/panicking.rs:292:27
[INFO] [stdout]   10:     0x61278a59b909 - std[70759c8f55707aa4]::panicking::default_hook
[INFO] [stdout]                                at /rustc/dfb0accb7f508ae8be965d8629557221c889dd98/library/std/src/panicking.rs:316:9
[INFO] [stdout]   11:     0x61278a534be0 - <alloc[2182bb758b4b3781]::boxed::Box<dyn for<'a, 'b> core[df12db4294e9bfd3]::ops::function::Fn<(&'a std[70759c8f55707aa4]::panic::PanicHookInfo<'b>,), Output = ()> + core[df12db4294e9bfd3]::marker::Send + core[df12db4294e9bfd3]::marker::Sync> as core[df12db4294e9bfd3]::ops::function::Fn<(&std[70759c8f55707aa4]::panic::PanicHookInfo,)>>::call
[INFO] [stdout]                                at /rustc/dfb0accb7f508ae8be965d8629557221c889dd98/library/alloc/src/boxed.rs:2334:9
[INFO] [stdout]   12:     0x61278a534be0 - test[9d35eded1c95d3be]::test_main_inner::<test[9d35eded1c95d3be]::test_main_static::{closure#0}>::{closure#0}
[INFO] [stdout]                                at /rustc/dfb0accb7f508ae8be965d8629557221c889dd98/library/test/src/lib.rs:155:21
[INFO] [stdout]   13:     0x61278a59bac2 - <alloc[2182bb758b4b3781]::boxed::Box<dyn for<'a, 'b> core[df12db4294e9bfd3]::ops::function::Fn<(&'a std[70759c8f55707aa4]::panic::PanicHookInfo<'b>,), Output = ()> + core[df12db4294e9bfd3]::marker::Send + core[df12db4294e9bfd3]::marker::Sync> as core[df12db4294e9bfd3]::ops::function::Fn<(&std[70759c8f55707aa4]::panic::PanicHookInfo,)>>::call
[INFO] [stdout]                                at /rustc/dfb0accb7f508ae8be965d8629557221c889dd98/library/alloc/src/boxed.rs:2334:9
[INFO] [stdout]   14:     0x61278a59bac2 - std[70759c8f55707aa4]::panicking::panic_with_hook
[INFO] [stdout]                                at /rustc/dfb0accb7f508ae8be965d8629557221c889dd98/library/std/src/panicking.rs:823:13
[INFO] [stdout]   15:     0x61278a57d822 - std[70759c8f55707aa4]::panicking::panic_handler::{closure#0}
[INFO] [stdout]                                at /rustc/dfb0accb7f508ae8be965d8629557221c889dd98/library/std/src/panicking.rs:688:13
[INFO] [stdout]   16:     0x61278a5760e9 - std[70759c8f55707aa4]::sys::backtrace::__rust_end_short_backtrace::<std[70759c8f55707aa4]::panicking::panic_handler::{closure#0}, !>
[INFO] [stdout]                                at /rustc/dfb0accb7f508ae8be965d8629557221c889dd98/library/std/src/sys/backtrace.rs:182:18
[INFO] [stdout]   17:     0x61278a57e41d - __rustc[8fa7c3cbc660c2b3]::rust_begin_unwind
[INFO] [stdout]                                at /rustc/dfb0accb7f508ae8be965d8629557221c889dd98/library/std/src/panicking.rs:679:5
[INFO] [stdout]   18:     0x61278a5bb28c - core[df12db4294e9bfd3]::panicking::panic_fmt
[INFO] [stdout]                                at /rustc/dfb0accb7f508ae8be965d8629557221c889dd98/library/core/src/panicking.rs:80:14
[INFO] [stdout]   19:     0x61278a310e24 - <trybuild[a57d437646b74112]::Runner>::run
[INFO] [stdout]                                at /opt/rustwide/cargo-home/registry/src/index.crates.io-1949cf8c6b5b557f/trybuild-1.0.120/src/run.rs:103:13
[INFO] [stdout]   20:     0x61278a31c358 - <trybuild[a57d437646b74112]::TestCases as core[df12db4294e9bfd3]::ops::drop::Drop>::drop
[INFO] [stdout]                                at /opt/rustwide/cargo-home/registry/src/index.crates.io-1949cf8c6b5b557f/trybuild-1.0.120/src/lib.rs:342:38
[INFO] [stdout]   21:     0x61278a309e47 - core[df12db4294e9bfd3]::ptr::drop_glue::<trybuild[a57d437646b74112]::TestCases>
[INFO] [stdout]                                at /rustc/dfb0accb7f508ae8be965d8629557221c889dd98/library/core/src/ptr/mod.rs:847:1
[INFO] [stdout]   22:     0x61278a30a06b - ui[d6fa3787435de337]::ui
[INFO] [stdout]                                at /opt/rustwide/workdir/tests/ui.rs:6:1
[INFO] [stdout]   23:     0x61278a309fa7 - ui[d6fa3787435de337]::ui::{closure#0}
[INFO] [stdout]                                at /opt/rustwide/workdir/tests/ui.rs:2:8
[INFO] [stdout]   24:     0x61278a30a4c6 - <ui[d6fa3787435de337]::ui::{closure#0} as core[df12db4294e9bfd3]::ops::function::FnOnce<()>>::call_once
[INFO] [stdout]                                at /rustc/dfb0accb7f508ae8be965d8629557221c889dd98/library/core/src/ops/function.rs:250:5
[INFO] [stdout]   25:     0x61278a527ecb - <fn() -> core[df12db4294e9bfd3]::result::Result<(), alloc[2182bb758b4b3781]::string::String> as core[df12db4294e9bfd3]::ops::function::FnOnce<()>>::call_once
[INFO] [stdout]                                at /rustc/dfb0accb7f508ae8be965d8629557221c889dd98/library/core/src/ops/function.rs:250:5
[INFO] [stdout]   26:     0x61278a527ecb - test[9d35eded1c95d3be]::__rust_begin_short_backtrace::<core[df12db4294e9bfd3]::result::Result<(), alloc[2182bb758b4b3781]::string::String>, fn() -> core[df12db4294e9bfd3]::result::Result<(), alloc[2182bb758b4b3781]::string::String>>
[INFO] [stdout]                                at /rustc/dfb0accb7f508ae8be965d8629557221c889dd98/library/test/src/lib.rs:733:18
[INFO] [stdout]   27:     0x61278a535535 - test[9d35eded1c95d3be]::run_test_in_process::{closure#0}
[INFO] [stdout]                                at /rustc/dfb0accb7f508ae8be965d8629557221c889dd98/library/test/src/lib.rs:756:74
[INFO] [stdout]   28:     0x61278a535535 - <core[df12db4294e9bfd3]::panic::unwind_safe::AssertUnwindSafe<test[9d35eded1c95d3be]::run_test_in_process::{closure#0}> as core[df12db4294e9bfd3]::ops::function::FnOnce<()>>::call_once
[INFO] [stdout]                                at /rustc/dfb0accb7f508ae8be965d8629557221c889dd98/library/core/src/panic/unwind_safe.rs:275:9
[INFO] [stdout]   29:     0x61278a535535 - std[70759c8f55707aa4]::panicking::catch_unwind::do_call::<core[df12db4294e9bfd3]::panic::unwind_safe::AssertUnwindSafe<test[9d35eded1c95d3be]::run_test_in_process::{closure#0}>, core[df12db4294e9bfd3]::result::Result<(), alloc[2182bb758b4b3781]::string::String>>
[INFO] [stdout]                                at /rustc/dfb0accb7f508ae8be965d8629557221c889dd98/library/std/src/panicking.rs:576:43
[INFO] [stdout]   30:     0x61278a535535 - std[70759c8f55707aa4]::panicking::catch_unwind::<core[df12db4294e9bfd3]::result::Result<(), alloc[2182bb758b4b3781]::string::String>, core[df12db4294e9bfd3]::panic::unwind_safe::AssertUnwindSafe<test[9d35eded1c95d3be]::run_test_in_process::{closure#0}>>
[INFO] [stdout]                                at /rustc/dfb0accb7f508ae8be965d8629557221c889dd98/library/std/src/panicking.rs:544:19
[INFO] [stdout]   31:     0x61278a535535 - std[70759c8f55707aa4]::panic::catch_unwind::<core[df12db4294e9bfd3]::panic::unwind_safe::AssertUnwindSafe<test[9d35eded1c95d3be]::run_test_in_process::{closure#0}>, core[df12db4294e9bfd3]::result::Result<(), alloc[2182bb758b4b3781]::string::String>>
[INFO] [stdout]                                at /rustc/dfb0accb7f508ae8be965d8629557221c889dd98/library/std/src/panic.rs:359:14
[INFO] [stdout]   32:     0x61278a535535 - test[9d35eded1c95d3be]::run_test_in_process
[INFO] [stdout]                                at /rustc/dfb0accb7f508ae8be965d8629557221c889dd98/library/test/src/lib.rs:756:27
[INFO] [stdout]   33:     0x61278a535535 - test[9d35eded1c95d3be]::run_test::{closure#0}
[INFO] [stdout]                                at /rustc/dfb0accb7f508ae8be965d8629557221c889dd98/library/test/src/lib.rs:677:43
[INFO] [stdout]   34:     0x61278a52edf4 - test[9d35eded1c95d3be]::run_test::{closure#1}
[INFO] [stdout]                                at /rustc/dfb0accb7f508ae8be965d8629557221c889dd98/library/test/src/lib.rs:707:41
[INFO] [stdout]   35:     0x61278a52edf4 - std[70759c8f55707aa4]::sys::backtrace::__rust_begin_short_backtrace::<test[9d35eded1c95d3be]::run_test::{closure#1}, ()>
[INFO] [stdout]                                at /rustc/dfb0accb7f508ae8be965d8629557221c889dd98/library/std/src/sys/backtrace.rs:166:18
[INFO] [stdout]   36:     0x61278a538692 - std[70759c8f55707aa4]::thread::lifecycle::spawn_unchecked::<test[9d35eded1c95d3be]::run_test::{closure#1}, ()>::{closure#1}::{closure#0}
[INFO] [stdout]                                at /rustc/dfb0accb7f508ae8be965d8629557221c889dd98/library/std/src/thread/lifecycle.rs:70:13
[INFO] [stdout]   37:     0x61278a538692 - <core[df12db4294e9bfd3]::panic::unwind_safe::AssertUnwindSafe<std[70759c8f55707aa4]::thread::lifecycle::spawn_unchecked<test[9d35eded1c95d3be]::run_test::{closure#1}, ()>::{closure#1}::{closure#0}> as core[df12db4294e9bfd3]::ops::function::FnOnce<()>>::call_once
[INFO] [stdout]                                at /rustc/dfb0accb7f508ae8be965d8629557221c889dd98/library/core/src/panic/unwind_safe.rs:275:9
[INFO] [stdout]   38:     0x61278a538692 - std[70759c8f55707aa4]::panicking::catch_unwind::do_call::<core[df12db4294e9bfd3]::panic::unwind_safe::AssertUnwindSafe<std[70759c8f55707aa4]::thread::lifecycle::spawn_unchecked<test[9d35eded1c95d3be]::run_test::{closure#1}, ()>::{closure#1}::{closure#0}>, ()>
[INFO] [stdout]                                at /rustc/dfb0accb7f508ae8be965d8629557221c889dd98/library/std/src/panicking.rs:576:43
[INFO] [stdout]   39:     0x61278a538692 - std[70759c8f55707aa4]::panicking::catch_unwind::<(), core[df12db4294e9bfd3]::panic::unwind_safe::AssertUnwindSafe<std[70759c8f55707aa4]::thread::lifecycle::spawn_unchecked<test[9d35eded1c95d3be]::run_test::{closure#1}, ()>::{closure#1}::{closure#0}>>
[INFO] [stdout]                                at /rustc/dfb0accb7f508ae8be965d8629557221c889dd98/library/std/src/panicking.rs:544:19
[INFO] [stdout]   40:     0x61278a538692 - std[70759c8f55707aa4]::panic::catch_unwind::<core[df12db4294e9bfd3]::panic::unwind_safe::AssertUnwindSafe<std[70759c8f55707aa4]::thread::lifecycle::spawn_unchecked<test[9d35eded1c95d3be]::run_test::{closure#1}, ()>::{closure#1}::{closure#0}>, ()>
[INFO] [stdout]                                at /rustc/dfb0accb7f508ae8be965d8629557221c889dd98/library/std/src/panic.rs:359:14
[INFO] [stdout]   41:     0x61278a538692 - std[70759c8f55707aa4]::thread::lifecycle::spawn_unchecked::<test[9d35eded1c95d3be]::run_test::{closure#1}, ()>::{closure#1}
[INFO] [stdout]                                at /rustc/dfb0accb7f508ae8be965d8629557221c889dd98/library/std/src/thread/lifecycle.rs:68:26
[INFO] [stdout]   42:     0x61278a538692 - <std[70759c8f55707aa4]::thread::lifecycle::spawn_unchecked<test[9d35eded1c95d3be]::run_test::{closure#1}, ()>::{closure#1} as core[df12db4294e9bfd3]::ops::function::FnOnce<()>>::call_once::{shim:vtable#0}
[INFO] [stdout]                                at /rustc/dfb0accb7f508ae8be965d8629557221c889dd98/library/core/src/ops/function.rs:250:5
[INFO] [stdout]   43:     0x61278a5a3549 - <alloc[2182bb758b4b3781]::boxed::Box<dyn core[df12db4294e9bfd3]::ops::function::FnOnce<(), Output = ()> + core[df12db4294e9bfd3]::marker::Send> as core[df12db4294e9bfd3]::ops::function::FnOnce<()>>::call_once
[INFO] [stdout]                                at /rustc/dfb0accb7f508ae8be965d8629557221c889dd98/library/alloc/src/boxed.rs:2320:9
[INFO] [stdout]   44:     0x61278a5a3549 - <std[70759c8f55707aa4]::sys::thread::unix::Thread>::new::thread_start
[INFO] [stdout]                                at /rustc/dfb0accb7f508ae8be965d8629557221c889dd98/library/std/src/sys/thread/unix.rs:123:17
[INFO] [stdout]   45:     0x79ecc9363dfa - <unknown>
[INFO] [stdout]   46:     0x79ecc93f73d4 - clone
[INFO] [stdout]   47:                0x0 - <unknown>
[INFO] [stdout] 
[INFO] [stdout] 
[INFO] [stdout] failures:
[INFO] [stdout]     ui
[INFO] [stdout] 
[INFO] [stdout] test result: FAILED. 0 passed; 1 failed; 0 ignored; 0 measured; 0 filtered out; finished in 19.78s
[INFO] [stdout] 
[INFO] [stderr] error: test failed, to rerun pass `--test ui`
[INFO] running `Command { std: "docker" "inspect" "224fd71d15e107453877b4d8808e2cd36a931704e21294efba2cb5262a9be0e8", kill_on_drop: false }`
[INFO] running `Command { std: "docker" "rm" "-f" "224fd71d15e107453877b4d8808e2cd36a931704e21294efba2cb5262a9be0e8", kill_on_drop: false }`
[INFO] [stdout] 224fd71d15e107453877b4d8808e2cd36a931704e21294efba2cb5262a9be0e8
