[INFO] fetching crate rashmin_rustbook_ch14 0.1.2...
[INFO] testing rashmin_rustbook_ch14-0.1.2 against 1.100.0-beta.1 for beta-1.100-2
[INFO] extracting crate rashmin_rustbook_ch14 0.1.2 into /workspace/builds/worker-3-tc2/source
[INFO] started tweaking crates.io crate rashmin_rustbook_ch14 0.1.2
[INFO] finished tweaking crates.io crate rashmin_rustbook_ch14 0.1.2
[INFO] tweaked toml for crates.io crate rashmin_rustbook_ch14 0.1.2 written to /workspace/builds/worker-3-tc2/source/Cargo.toml
[INFO] validating manifest of crates.io crate rashmin_rustbook_ch14 0.1.2 on toolchain 1.100.0-beta.1
[INFO] running `Command { std: CARGO_HOME="/workspace/cargo-home" RUSTUP_HOME="/workspace/rustup-home" "/workspace/cargo-home/bin/cargo" "+1.100.0-beta.1" "metadata" "--manifest-path" "Cargo.toml" "--no-deps", kill_on_drop: false }`
[INFO] crate crates.io crate rashmin_rustbook_ch14 0.1.2 already has a lockfile, it will not be regenerated
[INFO] running `Command { std: CARGO_HOME="/workspace/cargo-home" RUSTUP_HOME="/workspace/rustup-home" "/workspace/cargo-home/bin/cargo" "+1.100.0-beta.1" "fetch" "--manifest-path" "Cargo.toml", kill_on_drop: false }`
[INFO] running `Command { std: "docker" "create" "-v" "/var/lib/crater-agent-workspace/builds/worker-3-tc2/source:/opt/rustwide/workdir:ro,Z" "-v" "/var/lib/crater-agent-workspace/builds/worker-3-tc2/target:/opt/rustwide/target:rw,Z" "-v" "/var/lib/crater-agent-workspace/cargo-home:/opt/rustwide/cargo-home:ro,Z" "-v" "/var/lib/crater-agent-workspace/rustup-home:/opt/rustwide/rustup-home:ro,Z" "-m" "1610612736" "--network" "none" "ghcr.io/rust-lang/crates-build-env/linux@sha256:3111399a4047eeb3a02b7a90e478d715f38a8c6669b5c4b49d30a17385265909" "sleep" "infinity", kill_on_drop: false }`
[INFO] [stdout] 6c996829a1f1fcb87f64d06b66a72f2b95a90d8f371b3a487c86b99b8ca532f9
[INFO] running `Command { std: "docker" "start" "6c996829a1f1fcb87f64d06b66a72f2b95a90d8f371b3a487c86b99b8ca532f9", kill_on_drop: false }`
[INFO] running `Command { std: "docker" "inspect" "6c996829a1f1fcb87f64d06b66a72f2b95a90d8f371b3a487c86b99b8ca532f9", kill_on_drop: false }`
[INFO] running `Command { std: "docker" "exec" "-e" "SOURCE_DIR=/opt/rustwide/workdir" "-e" "CARGO_HOME=/opt/rustwide/cargo-home" "-e" "RUSTUP_HOME=/opt/rustwide/rustup-home" "-e" "CARGO_TARGET_DIR=/opt/rustwide/target" "-w" "/opt/rustwide/workdir" "--user" "0:0" "6c996829a1f1fcb87f64d06b66a72f2b95a90d8f371b3a487c86b99b8ca532f9" "/opt/rustwide/cargo-home/bin/cargo" "+1.100.0-beta.1" "metadata" "--no-deps" "--format-version=1", kill_on_drop: false }`
[INFO] running `Command { std: "docker" "inspect" "6c996829a1f1fcb87f64d06b66a72f2b95a90d8f371b3a487c86b99b8ca532f9", kill_on_drop: false }`
[INFO] running `Command { std: "docker" "exec" "-e" "SOURCE_DIR=/opt/rustwide/workdir" "-e" "CARGO_HOME=/opt/rustwide/cargo-home" "-e" "RUSTUP_HOME=/opt/rustwide/rustup-home" "-e" "CARGO_TARGET_DIR=/opt/rustwide/target" "-e" "CARGO_INCREMENTAL=0" "-e" "RUST_BACKTRACE=full" "-e" "RUSTFLAGS=--cap-lints=warn" "-e" "RUSTDOCFLAGS=--cap-lints=warn" "-w" "/opt/rustwide/workdir" "--user" "0:0" "6c996829a1f1fcb87f64d06b66a72f2b95a90d8f371b3a487c86b99b8ca532f9" "/opt/rustwide/cargo-home/bin/cargo" "+1.100.0-beta.1" "build" "--frozen" "--message-format=json", kill_on_drop: false }`
[INFO] [stderr]    Compiling rashmin_rustbook_ch14 v0.1.2 (/opt/rustwide/workdir)
[INFO] [stderr]     Finished `dev` profile [optimized + debuginfo] target(s) in 0.51s
[INFO] running `Command { std: "docker" "inspect" "6c996829a1f1fcb87f64d06b66a72f2b95a90d8f371b3a487c86b99b8ca532f9", kill_on_drop: false }`
[INFO] running `Command { std: "docker" "exec" "-e" "SOURCE_DIR=/opt/rustwide/workdir" "-e" "CARGO_HOME=/opt/rustwide/cargo-home" "-e" "RUSTUP_HOME=/opt/rustwide/rustup-home" "-e" "CARGO_TARGET_DIR=/opt/rustwide/target" "-e" "CARGO_INCREMENTAL=0" "-e" "RUST_BACKTRACE=full" "-e" "RUSTFLAGS=--cap-lints=warn" "-e" "RUSTDOCFLAGS=--cap-lints=warn" "-w" "/opt/rustwide/workdir" "--user" "0:0" "6c996829a1f1fcb87f64d06b66a72f2b95a90d8f371b3a487c86b99b8ca532f9" "/opt/rustwide/cargo-home/bin/cargo" "+1.100.0-beta.1" "test" "--frozen" "--no-run" "--message-format=json", kill_on_drop: false }`
[INFO] [stderr]    Compiling rashmin_rustbook_ch14 v0.1.2 (/opt/rustwide/workdir)
[INFO] [stderr]     Finished `test` profile [optimized + debuginfo] target(s) in 0.40s
[INFO] running `Command { std: "docker" "inspect" "6c996829a1f1fcb87f64d06b66a72f2b95a90d8f371b3a487c86b99b8ca532f9", kill_on_drop: false }`
[INFO] running `Command { std: "docker" "exec" "-e" "SOURCE_DIR=/opt/rustwide/workdir" "-e" "CARGO_HOME=/opt/rustwide/cargo-home" "-e" "RUSTUP_HOME=/opt/rustwide/rustup-home" "-e" "CARGO_TARGET_DIR=/opt/rustwide/target" "-e" "CARGO_INCREMENTAL=0" "-e" "RUST_BACKTRACE=full" "-e" "RUSTFLAGS=--cap-lints=warn" "-e" "RUSTDOCFLAGS=--cap-lints=warn" "-w" "/opt/rustwide/workdir" "--user" "0:0" "6c996829a1f1fcb87f64d06b66a72f2b95a90d8f371b3a487c86b99b8ca532f9" "/opt/rustwide/cargo-home/bin/cargo" "+1.100.0-beta.1" "test" "--frozen", kill_on_drop: false }`
[INFO] [stderr]     Finished `test` profile [optimized + debuginfo] target(s) in 0.04s
[INFO] [stderr]      Running unittests src/lib.rs (/opt/rustwide/target/debug/build/rashmin_rustbook_ch14/111fa2c47958ae8d/out/rashmin_rustbook_ch14-111fa2c47958ae8d)
[INFO] [stdout] 
[INFO] [stdout] running 2 tests
[INFO] [stdout] test tests::test_add_two ... ok
[INFO] [stdout] test tests::test_add_one ... ok
[INFO] [stdout] 
[INFO] [stdout] test result: ok. 2 passed; 0 failed; 0 ignored; 0 measured; 0 filtered out; finished in 0.00s
[INFO] [stdout] 
[INFO] [stdout] 
[INFO] [stderr]      Running unittests src/main.rs (/opt/rustwide/target/debug/build/rashmin_rustbook_ch14/a3c5da2c6df32ef1/out/rashmin_rustbook_ch14-a3c5da2c6df32ef1)
[INFO] [stdout] running 0 tests
[INFO] [stderr]    Doc-tests rashmin_rustbook_ch14
[INFO] [stdout] 
[INFO] [stdout] test result: ok. 0 passed; 0 failed; 0 ignored; 0 measured; 0 filtered out; finished in 0.00s
[INFO] [stdout] 
[INFO] [stdout] 
[INFO] [stdout] running 5 tests
[INFO] [stdout] test src/lib.rs - add_custom (line 88) ... FAILED
[INFO] [stdout] test src/lib.rs - (line 13) ... FAILED
[INFO] [stdout] test src/lib.rs - add_one (line 47) ... FAILED
[INFO] [stdout] test src/lib.rs - add_two (line 71) ... FAILED
[INFO] [stdout] test src/lib.rs - add_one (line 36) ... FAILED
[INFO] [stdout] 
[INFO] [stdout] failures:
[INFO] [stdout] 
[INFO] [stdout] ---- src/lib.rs - add_custom (line 88) stdout ----
[INFO] [stdout] error[E0432]: unresolved import `my_crate`
[INFO] [stdout]   --> src/lib.rs:89:5
[INFO] [stdout]    |
[INFO] [stdout] 89 | use my_crate::add_custom;
[INFO] [stdout]    |     ^^^^^^^^ use of unresolved module or unlinked crate `my_crate`
[INFO] [stdout]    |
[INFO] [stdout]    = help: if you wanted to use a crate named `my_crate`, use `cargo add my_crate` to add it to your `Cargo.toml`
[INFO] [stdout] 
[INFO] [stdout] error: aborting due to 1 previous error
[INFO] [stdout] 
[INFO] [stdout] For more information about this error, try `rustc --explain E0432`.
[INFO] [stdout] Couldn't compile the test.
[INFO] [stdout] ---- src/lib.rs - (line 13) stdout ----
[INFO] [stdout] error[E0432]: unresolved import `my_crate`
[INFO] [stdout]   --> src/lib.rs:14:5
[INFO] [stdout]    |
[INFO] [stdout] 14 | use my_crate::add_one;
[INFO] [stdout]    |     ^^^^^^^^ use of unresolved module or unlinked crate `my_crate`
[INFO] [stdout]    |
[INFO] [stdout]    = help: if you wanted to use a crate named `my_crate`, use `cargo add my_crate` to add it to your `Cargo.toml`
[INFO] [stdout] 
[INFO] [stdout] error: aborting due to 1 previous error
[INFO] [stdout] 
[INFO] [stdout] For more information about this error, try `rustc --explain E0432`.
[INFO] [stdout] Couldn't compile the test.
[INFO] [stdout] ---- src/lib.rs - add_one (line 47) stdout ----
[INFO] [stdout] error[E0432]: unresolved import `my_crate`
[INFO] [stdout]   --> src/lib.rs:48:5
[INFO] [stdout]    |
[INFO] [stdout] 48 | use my_crate::add_one;
[INFO] [stdout]    |     ^^^^^^^^ use of unresolved module or unlinked crate `my_crate`
[INFO] [stdout]    |
[INFO] [stdout]    = help: if you wanted to use a crate named `my_crate`, use `cargo add my_crate` to add it to your `Cargo.toml`
[INFO] [stdout] 
[INFO] [stdout] error: aborting due to 1 previous error
[INFO] [stdout] 
[INFO] [stdout] For more information about this error, try `rustc --explain E0432`.
[INFO] [stdout] Couldn't compile the test.
[INFO] [stdout] ---- src/lib.rs - add_two (line 71) stdout ----
[INFO] [stdout] error[E0432]: unresolved import `my_crate`
[INFO] [stdout]   --> src/lib.rs:72:5
[INFO] [stdout]    |
[INFO] [stdout] 72 | use my_crate::add_two;
[INFO] [stdout]    |     ^^^^^^^^ use of unresolved module or unlinked crate `my_crate`
[INFO] [stdout]    |
[INFO] [stdout]    = help: if you wanted to use a crate named `my_crate`, use `cargo add my_crate` to add it to your `Cargo.toml`
[INFO] [stdout] 
[INFO] [stdout] error: aborting due to 1 previous error
[INFO] [stdout] 
[INFO] [stdout] For more information about this error, try `rustc --explain E0432`.
[INFO] [stdout] Couldn't compile the test.
[INFO] [stdout] ---- src/lib.rs - add_one (line 36) stdout ----
[INFO] [stdout] error[E0432]: unresolved import `my_crate`
[INFO] [stdout]   --> src/lib.rs:37:5
[INFO] [stdout]    |
[INFO] [stdout] 37 | use my_crate::add_one;
[INFO] [stdout]    |     ^^^^^^^^ use of unresolved module or unlinked crate `my_crate`
[INFO] [stdout]    |
[INFO] [stdout]    = help: if you wanted to use a crate named `my_crate`, use `cargo add my_crate` to add it to your `Cargo.toml`
[INFO] [stdout] 
[INFO] [stdout] error: aborting due to 1 previous error
[INFO] [stdout] 
[INFO] [stdout] For more information about this error, try `rustc --explain E0432`.
[INFO] [stdout] Couldn't compile the test.
[INFO] [stdout] 
[INFO] [stdout] failures:
[INFO] [stdout]     src/lib.rs - (line 13)
[INFO] [stdout]     src/lib.rs - add_custom (line 88)
[INFO] [stdout]     src/lib.rs - add_one (line 36)
[INFO] [stdout]     src/lib.rs - add_one (line 47)
[INFO] [stdout]     src/lib.rs - add_two (line 71)
[INFO] [stdout] 
[INFO] [stdout] test result: FAILED. 0 passed; 5 failed; 0 ignored; 0 measured; 0 filtered out; finished in 0.19s
[INFO] [stdout] 
[INFO] [stdout] all doctests ran in 0.28s; merged doctests compilation took 0.08s
[INFO] [stderr] error: doctest failed, to rerun pass `--doc`
[INFO] running `Command { std: "docker" "inspect" "6c996829a1f1fcb87f64d06b66a72f2b95a90d8f371b3a487c86b99b8ca532f9", kill_on_drop: false }`
[INFO] running `Command { std: "docker" "rm" "-f" "6c996829a1f1fcb87f64d06b66a72f2b95a90d8f371b3a487c86b99b8ca532f9", kill_on_drop: false }`
[INFO] [stdout] 6c996829a1f1fcb87f64d06b66a72f2b95a90d8f371b3a487c86b99b8ca532f9
